[INFO] cloning repository https://github.com/igankevich/human-units
[INFO] running `Command { std: "git" "-c" "credential.helper=" "-c" "credential.helper=/workspace/cargo-home/bin/git-credential-null" "clone" "--bare" "https://github.com/igankevich/human-units" "/workspace/cache/git-repos/https%3A%2F%2Fgithub.com%2Figankevich%2Fhuman-units", kill_on_drop: false }`
[INFO] [stderr] Cloning into bare repository '/workspace/cache/git-repos/https%3A%2F%2Fgithub.com%2Figankevich%2Fhuman-units'...
[INFO] running `Command { std: "git" "rev-parse" "HEAD", kill_on_drop: false }`
[INFO] [stdout] 40f71d921adf085af96baf443b46b535aeeeb8c1
[INFO] testing igankevich/human-units against 1.83.0 for beta-1.84.0-4-retry
[INFO] running `Command { std: "git" "clone" "/workspace/cache/git-repos/https%3A%2F%2Fgithub.com%2Figankevich%2Fhuman-units" "/workspace/builds/worker-5-tc1/source", kill_on_drop: false }`
[INFO] [stderr] Cloning into '/workspace/builds/worker-5-tc1/source'...
[INFO] [stderr] done.
[INFO] validating manifest of git repo https://github.com/igankevich/human-units on toolchain 1.83.0
[INFO] running `Command { std: CARGO_HOME="/workspace/cargo-home" RUSTUP_HOME="/workspace/rustup-home" "/workspace/cargo-home/bin/cargo" "+1.83.0" "metadata" "--manifest-path" "Cargo.toml" "--no-deps", kill_on_drop: false }`
[INFO] started tweaking git repo https://github.com/igankevich/human-units
[INFO] finished tweaking git repo https://github.com/igankevich/human-units
[INFO] tweaked toml for git repo https://github.com/igankevich/human-units written to /workspace/builds/worker-5-tc1/source/Cargo.toml
[INFO] crate git repo https://github.com/igankevich/human-units already has a lockfile, it will not be regenerated
[INFO] running `Command { std: CARGO_HOME="/workspace/cargo-home" RUSTUP_HOME="/workspace/rustup-home" "/workspace/cargo-home/bin/cargo" "+1.83.0" "fetch" "--manifest-path" "Cargo.toml", kill_on_drop: false }`
[INFO] [stderr]     Updating crates.io index
[INFO] [stderr]  Downloading crates ...
[INFO] [stderr]   Downloaded derive_arbitrary v1.3.2
[INFO] [stderr]   Downloaded arbitrary v1.3.2
[INFO] [stderr]   Downloaded arbtest v0.3.1
[INFO] [stderr]   Downloaded human_bytes v0.4.3
[INFO] [stderr]   Downloaded human-repr v1.1.0
[INFO] running `Command { std: "docker" "create" "-v" "/var/lib/crater-agent-workspace/builds/worker-5-tc1/target:/opt/rustwide/target:rw,Z" "-v" "/var/lib/crater-agent-workspace/builds/worker-5-tc1/source:/opt/rustwide/workdir:ro,Z" "-v" "/var/lib/crater-agent-workspace/cargo-home:/opt/rustwide/cargo-home:ro,Z" "-v" "/var/lib/crater-agent-workspace/rustup-home:/opt/rustwide/rustup-home:ro,Z" "-e" "SOURCE_DIR=/opt/rustwide/workdir" "-e" "CARGO_TARGET_DIR=/opt/rustwide/target" "-e" "CARGO_HOME=/opt/rustwide/cargo-home" "-e" "RUSTUP_HOME=/opt/rustwide/rustup-home" "-w" "/opt/rustwide/workdir" "-m" "1610612736" "--user" "0:0" "--network" "none" "ghcr.io/rust-lang/crates-build-env/linux@sha256:f3a9d4ad9d972b27faf3965f35b62e55ba32bbce8f20bc8fe909558a86702fde" "/opt/rustwide/cargo-home/bin/cargo" "+1.83.0" "metadata" "--no-deps" "--format-version=1", kill_on_drop: false }`
[INFO] [stdout] 288674d55fd9d4a313aa00e0b201876c59d245b5c8ec656dbed506b906c070d9
[INFO] running `Command { std: "docker" "start" "-a" "288674d55fd9d4a313aa00e0b201876c59d245b5c8ec656dbed506b906c070d9", kill_on_drop: false }`
[INFO] running `Command { std: "docker" "inspect" "288674d55fd9d4a313aa00e0b201876c59d245b5c8ec656dbed506b906c070d9", kill_on_drop: false }`
[INFO] running `Command { std: "docker" "rm" "-f" "288674d55fd9d4a313aa00e0b201876c59d245b5c8ec656dbed506b906c070d9", kill_on_drop: false }`
[INFO] [stdout] 288674d55fd9d4a313aa00e0b201876c59d245b5c8ec656dbed506b906c070d9
[INFO] running `Command { std: "docker" "create" "-v" "/var/lib/crater-agent-workspace/builds/worker-5-tc1/target:/opt/rustwide/target:rw,Z" "-v" "/var/lib/crater-agent-workspace/builds/worker-5-tc1/source:/opt/rustwide/workdir:ro,Z" "-v" "/var/lib/crater-agent-workspace/cargo-home:/opt/rustwide/cargo-home:ro,Z" "-v" "/var/lib/crater-agent-workspace/rustup-home:/opt/rustwide/rustup-home:ro,Z" "-e" "SOURCE_DIR=/opt/rustwide/workdir" "-e" "CARGO_TARGET_DIR=/opt/rustwide/target" "-e" "CARGO_INCREMENTAL=0" "-e" "RUST_BACKTRACE=full" "-e" "RUSTFLAGS=--cap-lints=warn" "-e" "RUSTDOCFLAGS=--cap-lints=warn" "-e" "CARGO_HOME=/opt/rustwide/cargo-home" "-e" "RUSTUP_HOME=/opt/rustwide/rustup-home" "-w" "/opt/rustwide/workdir" "-m" "1610612736" "--user" "0:0" "--network" "none" "ghcr.io/rust-lang/crates-build-env/linux@sha256:f3a9d4ad9d972b27faf3965f35b62e55ba32bbce8f20bc8fe909558a86702fde" "/opt/rustwide/cargo-home/bin/cargo" "+1.83.0" "build" "--frozen" "--message-format=json", kill_on_drop: false }`
[INFO] [stdout] ba6023c9efd08297105485de69eba50f9631df480fce82bb488d69366053b198
[INFO] running `Command { std: "docker" "start" "-a" "ba6023c9efd08297105485de69eba50f9631df480fce82bb488d69366053b198", kill_on_drop: false }`
[INFO] [stderr]    Compiling human-units v0.2.0 (/opt/rustwide/workdir)
[INFO] [stderr]     Finished `dev` profile [unoptimized + debuginfo] target(s) in 0.31s
[INFO] running `Command { std: "docker" "inspect" "ba6023c9efd08297105485de69eba50f9631df480fce82bb488d69366053b198", kill_on_drop: false }`
[INFO] running `Command { std: "docker" "rm" "-f" "ba6023c9efd08297105485de69eba50f9631df480fce82bb488d69366053b198", kill_on_drop: false }`
[INFO] [stdout] ba6023c9efd08297105485de69eba50f9631df480fce82bb488d69366053b198
[INFO] running `Command { std: "docker" "create" "-v" "/var/lib/crater-agent-workspace/builds/worker-5-tc1/target:/opt/rustwide/target:rw,Z" "-v" "/var/lib/crater-agent-workspace/builds/worker-5-tc1/source:/opt/rustwide/workdir:ro,Z" "-v" "/var/lib/crater-agent-workspace/cargo-home:/opt/rustwide/cargo-home:ro,Z" "-v" "/var/lib/crater-agent-workspace/rustup-home:/opt/rustwide/rustup-home:ro,Z" "-e" "SOURCE_DIR=/opt/rustwide/workdir" "-e" "CARGO_TARGET_DIR=/opt/rustwide/target" "-e" "CARGO_INCREMENTAL=0" "-e" "RUST_BACKTRACE=full" "-e" "RUSTFLAGS=--cap-lints=warn" "-e" "RUSTDOCFLAGS=--cap-lints=warn" "-e" "CARGO_HOME=/opt/rustwide/cargo-home" "-e" "RUSTUP_HOME=/opt/rustwide/rustup-home" "-w" "/opt/rustwide/workdir" "-m" "1610612736" "--user" "0:0" "--network" "none" "ghcr.io/rust-lang/crates-build-env/linux@sha256:f3a9d4ad9d972b27faf3965f35b62e55ba32bbce8f20bc8fe909558a86702fde" "/opt/rustwide/cargo-home/bin/cargo" "+1.83.0" "test" "--frozen" "--no-run" "--message-format=json", kill_on_drop: false }`
[INFO] [stdout] e18e40cee692f9261de03a497c9edba0d2637c500c5d8a814118c1a395d9c7f1
[INFO] running `Command { std: "docker" "start" "-a" "e18e40cee692f9261de03a497c9edba0d2637c500c5d8a814118c1a395d9c7f1", kill_on_drop: false }`
[INFO] [stderr]    Compiling proc-macro2 v1.0.86
[INFO] [stderr]    Compiling unicode-ident v1.0.13
[INFO] [stderr]    Compiling serde v1.0.210
[INFO] [stderr]    Compiling hashbrown v0.14.5
[INFO] [stderr]    Compiling utf8parse v0.2.2
[INFO] [stderr]    Compiling equivalent v1.0.1
[INFO] [stderr]    Compiling anstyle-query v1.1.1
[INFO] [stderr]    Compiling ryu v1.0.18
[INFO] [stderr]    Compiling colorchoice v1.0.2
[INFO] [stderr]    Compiling anstyle v1.0.8
[INFO] [stderr]    Compiling is_terminal_polyfill v1.70.1
[INFO] [stderr]    Compiling clap_lex v0.7.2
[INFO] [stderr]    Compiling heck v0.5.0
[INFO] [stderr]    Compiling strsim v0.11.1
[INFO] [stderr]    Compiling winnow v0.6.18
[INFO] [stderr]    Compiling itoa v1.0.11
[INFO] [stderr]    Compiling anstyle-parse v0.2.5
[INFO] [stderr]    Compiling serde_json v1.0.128
[INFO] [stderr]    Compiling lazy_static v1.5.0
[INFO] [stderr]    Compiling unsafe-libyaml v0.2.11
[INFO] [stderr]    Compiling memchr v2.7.4
[INFO] [stderr]    Compiling human-repr v1.1.0
[INFO] [stderr]    Compiling colored v2.1.0
[INFO] [stderr]    Compiling human_bytes v0.4.3
[INFO] [stderr]    Compiling anstream v0.6.15
[INFO] [stderr]    Compiling clap_builder v4.5.17
[INFO] [stderr]    Compiling indexmap v2.5.0
[INFO] [stderr]    Compiling quote v1.0.37
[INFO] [stderr]    Compiling syn v2.0.77
[INFO] [stderr]    Compiling serde_derive v1.0.210
[INFO] [stderr]    Compiling derive_arbitrary v1.3.2
[INFO] [stderr]    Compiling clap_derive v4.5.13
[INFO] [stderr]    Compiling arbitrary v1.3.2
[INFO] [stderr]    Compiling clap v4.5.17
[INFO] [stderr]    Compiling arbtest v0.3.1
[INFO] [stderr]    Compiling serde_spanned v0.6.7
[INFO] [stderr]    Compiling toml_datetime v0.6.8
[INFO] [stderr]    Compiling serde_yaml v0.9.34+deprecated
[INFO] [stderr]    Compiling toml_edit v0.22.21
[INFO] [stderr]    Compiling toml v0.8.19
[INFO] [stderr]    Compiling human-units v0.2.0 (/opt/rustwide/workdir)
[INFO] [stderr]     Finished `test` profile [unoptimized + debuginfo] target(s) in 26.24s
[INFO] running `Command { std: "docker" "inspect" "e18e40cee692f9261de03a497c9edba0d2637c500c5d8a814118c1a395d9c7f1", kill_on_drop: false }`
[INFO] running `Command { std: "docker" "rm" "-f" "e18e40cee692f9261de03a497c9edba0d2637c500c5d8a814118c1a395d9c7f1", kill_on_drop: false }`
[INFO] [stdout] e18e40cee692f9261de03a497c9edba0d2637c500c5d8a814118c1a395d9c7f1
[INFO] running `Command { std: "docker" "create" "-v" "/var/lib/crater-agent-workspace/builds/worker-5-tc1/target:/opt/rustwide/target:rw,Z" "-v" "/var/lib/crater-agent-workspace/builds/worker-5-tc1/source:/opt/rustwide/workdir:ro,Z" "-v" "/var/lib/crater-agent-workspace/cargo-home:/opt/rustwide/cargo-home:ro,Z" "-v" "/var/lib/crater-agent-workspace/rustup-home:/opt/rustwide/rustup-home:ro,Z" "-e" "SOURCE_DIR=/opt/rustwide/workdir" "-e" "CARGO_TARGET_DIR=/opt/rustwide/target" "-e" "CARGO_INCREMENTAL=0" "-e" "RUST_BACKTRACE=full" "-e" "RUSTFLAGS=--cap-lints=warn" "-e" "RUSTDOCFLAGS=--cap-lints=warn" "-e" "CARGO_HOME=/opt/rustwide/cargo-home" "-e" "RUSTUP_HOME=/opt/rustwide/rustup-home" "-w" "/opt/rustwide/workdir" "-m" "1610612736" "--user" "0:0" "--network" "none" "ghcr.io/rust-lang/crates-build-env/linux@sha256:f3a9d4ad9d972b27faf3965f35b62e55ba32bbce8f20bc8fe909558a86702fde" "/opt/rustwide/cargo-home/bin/cargo" "+1.83.0" "test" "--frozen", kill_on_drop: false }`
[INFO] [stdout] 1b20b429d2ed93ca4b0607d99edc973ab876d6833765fdb188bc11096bfba49f
[INFO] running `Command { std: "docker" "start" "-a" "1b20b429d2ed93ca4b0607d99edc973ab876d6833765fdb188bc11096bfba49f", kill_on_drop: false }`
[INFO] [stderr]     Finished `test` profile [unoptimized + debuginfo] target(s) in 0.13s
[INFO] [stdout] 
[INFO] [stderr]      Running unittests src/lib.rs (/opt/rustwide/target/debug/deps/human_units-6cec48f7b530e3e7)
[INFO] [stdout] running 20 tests
[INFO] [stdout] test duration::tests::test_duration_parse ... ok
[INFO] [stdout] test duration::tests::test_duration_display ... ok
[INFO] [stdout] test duration::tests::test_deref ... ok
[INFO] [stdout] test duration::tests::test_from_into ... ok
[INFO] [stdout] test size::tests::test_display ... ok
[INFO] [stdout] test size::tests::test_from_into ... ok
[INFO] [stdout] test size::tests::test_deref ... ok
[INFO] [stdout] test size_format::tests::test_format_bytes ... ok
[INFO] [stdout] test size::tests::test_parse ... ok
[INFO] [stdout] test duration_format::tests::test_format_duration ... ok
[INFO] [stdout] test duration::tests::parse_display_symmetry ... ok
[INFO] [stdout] test duration::tests::display_parse_symmetry ... ok
[INFO] [stdout] test size::tests::display_parse_symmetry ... ok
[INFO] [stdout] test size_format::tests::test_shift_division ... ok
[INFO] [stdout] test duration_format::tests::test_format_duration_arbitrary ... ok
[INFO] [stdout] test size_format::tests::test_format_bytes_arbitrary ... ok
[INFO] [stdout] test size::tests::parse_display_symmetry ... ok
[INFO] [stdout] test duration_format::tests::test_formatted_duration_io ... ok
[INFO] [stdout] test size_format::tests::test_formatted_size_io ... ok
[INFO] [stdout] test size_format::tests::test_shift_remainder ... ok
[INFO] [stdout] 
[INFO] [stdout] test result: ok. 20 passed; 0 failed; 0 ignored; 0 measured; 0 filtered out; finished in 0.14s
[INFO] [stderr]    Doc-tests human_units
[INFO] [stdout] 
[INFO] [stdout] 
[INFO] [stdout] running 5 tests
[INFO] [stdout] test src/../README.md - (line 75) ... FAILED
[INFO] [stdout] test src/../README.md - (line 32) ... ok
[INFO] [stdout] test src/../README.md - (line 51) ... ok
[INFO] [stdout] test src/../README.md - (line 42) ... ok
[INFO] [stdout] test src/../README.md - (line 90) ... ok
[INFO] [stdout] 
[INFO] [stdout] failures:
[INFO] [stdout] 
[INFO] [stdout] ---- src/../README.md - (line 75) stdout ----
[INFO] [stdout] error[E0277]: the trait bound `Size: Serialize` is not satisfied
[INFO] [stdout]     --> src/../README.md:80:10
[INFO] [stdout]      |
[INFO] [stdout] 8    | #[derive(Serialize, PartialEq, Eq, Debug)]
[INFO] [stdout]      |          ^^^^^^^^^ the trait `Serialize` is not implemented for `Size`
[INFO] [stdout] 9    | struct SizeWrapper {
[INFO] [stdout] 10   |     size: Size,
[INFO] [stdout]      |     ---- required by a bound introduced by this call
[INFO] [stdout]      |
[INFO] [stdout]      = note: for local types consider adding `#[derive(serde::Serialize)]` to your `Size` type
[INFO] [stdout]      = note: for types from other crates check whether the crate offers a `serde` feature flag
[INFO] [stdout]      = help: the following other types implement trait `Serialize`:
[INFO] [stdout]                &'a T
[INFO] [stdout]                &'a mut T
[INFO] [stdout]                ()
[INFO] [stdout]                (T,)
[INFO] [stdout]                (T0, T1)
[INFO] [stdout]                (T0, T1, T2)
[INFO] [stdout]                (T0, T1, T2, T3)
[INFO] [stdout]                (T0, T1, T2, T3, T4)
[INFO] [stdout]              and 136 others
[INFO] [stdout] note: required by a bound in `_serde::ser::SerializeStruct::serialize_field`
[INFO] [stdout]     --> /opt/rustwide/cargo-home/registry/src/index.crates.io-6f17d22bba15001f/serde-1.0.210/src/ser/mod.rs:1867:21
[INFO] [stdout]      |
[INFO] [stdout] 1865 |     fn serialize_field<T>(&mut self, key: &'static str, value: &T) -> Result<(), Self::Error>
[INFO] [stdout]      |        --------------- required by a bound in this associated function
[INFO] [stdout] 1866 |     where
[INFO] [stdout] 1867 |         T: ?Sized + Serialize;
[INFO] [stdout]      |                     ^^^^^^^^^ required by this bound in `SerializeStruct::serialize_field`
[INFO] [stdout]      = note: this error originates in the derive macro `Serialize` (in Nightly builds, run with -Z macro-backtrace for more info)
[INFO] [stdout] 
[INFO] [stdout] error: aborting due to 1 previous error
[INFO] [stdout] 
[INFO] [stdout] For more information about this error, try `rustc --explain E0277`.
[INFO] [stdout] Couldn't compile the test.
[INFO] [stdout] 
[INFO] [stdout] failures:
[INFO] [stdout]     src/../README.md - (line 75)
[INFO] [stdout] 
[INFO] [stdout] test result: FAILED. 4 passed; 1 failed; 0 ignored; 0 measured; 0 filtered out; finished in 1.62s
[INFO] [stdout] 
[INFO] [stderr] error: doctest failed, to rerun pass `--doc`
[INFO] running `Command { std: "docker" "inspect" "1b20b429d2ed93ca4b0607d99edc973ab876d6833765fdb188bc11096bfba49f", kill_on_drop: false }`
[INFO] running `Command { std: "docker" "rm" "-f" "1b20b429d2ed93ca4b0607d99edc973ab876d6833765fdb188bc11096bfba49f", kill_on_drop: false }`
[INFO] [stdout] 1b20b429d2ed93ca4b0607d99edc973ab876d6833765fdb188bc11096bfba49f
