[INFO] cloning repository https://github.com/ifiokjr/wallet_standard
[INFO] running `Command { std: "git" "-c" "credential.helper=" "-c" "credential.helper=/workspace/cargo-home/bin/git-credential-null" "clone" "--bare" "https://github.com/ifiokjr/wallet_standard" "/workspace/cache/git-repos/https%3A%2F%2Fgithub.com%2Fifiokjr%2Fwallet_standard", kill_on_drop: false }`
[INFO] [stderr] Cloning into bare repository '/workspace/cache/git-repos/https%3A%2F%2Fgithub.com%2Fifiokjr%2Fwallet_standard'...
[INFO] running `Command { std: "git" "rev-parse" "HEAD", kill_on_drop: false }`
[INFO] [stdout] fde9a91fb650072248393a9d765dacb67717b118
[INFO] testing ifiokjr/wallet_standard against 1.83.0 for beta-1.84.0-4-retry
[INFO] running `Command { std: "git" "clone" "/workspace/cache/git-repos/https%3A%2F%2Fgithub.com%2Fifiokjr%2Fwallet_standard" "/workspace/builds/worker-0-tc1/source", kill_on_drop: false }`
[INFO] [stderr] Cloning into '/workspace/builds/worker-0-tc1/source'...
[INFO] [stderr] done.
[INFO] validating manifest of git repo https://github.com/ifiokjr/wallet_standard on toolchain 1.83.0
[INFO] running `Command { std: CARGO_HOME="/workspace/cargo-home" RUSTUP_HOME="/workspace/rustup-home" "/workspace/cargo-home/bin/cargo" "+1.83.0" "metadata" "--manifest-path" "Cargo.toml" "--no-deps", kill_on_drop: false }`
[INFO] removed /workspace/builds/worker-0-tc1/source/.cargo/config.toml
[INFO] removed /workspace/builds/worker-0-tc1/source/rust-toolchain.toml
[INFO] started tweaking git repo https://github.com/ifiokjr/wallet_standard
[INFO] finished tweaking git repo https://github.com/ifiokjr/wallet_standard
[INFO] tweaked toml for git repo https://github.com/ifiokjr/wallet_standard written to /workspace/builds/worker-0-tc1/source/Cargo.toml
[INFO] crate git repo https://github.com/ifiokjr/wallet_standard already has a lockfile, it will not be regenerated
[INFO] running `Command { std: CARGO_HOME="/workspace/cargo-home" RUSTUP_HOME="/workspace/rustup-home" "/workspace/cargo-home/bin/cargo" "+1.83.0" "fetch" "--manifest-path" "Cargo.toml", kill_on_drop: false }`
[INFO] [stderr] warning: /workspace/builds/worker-0-tc1/source/crates/wallet_standard_browser/Cargo.toml: unused manifest key: package.tags
[INFO] [stderr] warning: /workspace/builds/worker-0-tc1/source/crates/wallet_standard/Cargo.toml: unused manifest key: package.tags
[INFO] [stderr]     Updating crates.io index
[INFO] [stderr]  Downloading crates ...
[INFO] [stderr]   Downloaded wasm-bindgen v0.2.99
[INFO] [stderr]   Downloaded wasm-bindgen-macro v0.2.99
[INFO] [stderr]   Downloaded solana-slot-history v2.1.5
[INFO] [stderr]   Downloaded solana-short-vec v2.1.5
[INFO] [stderr]   Downloaded solana-native-token v2.1.5
[INFO] [stderr]   Downloaded solana-program-error v2.1.5
[INFO] [stderr]   Downloaded solana-derivation-path v2.1.5
[INFO] [stderr]   Downloaded solana-inflation v2.1.5
[INFO] [stderr]   Downloaded solana-last-restart-slot v2.1.5
[INFO] [stderr]   Downloaded solana-account-info v2.1.5
[INFO] [stderr]   Downloaded solana-bincode v2.1.5
[INFO] [stderr]   Downloaded solana-account v2.1.5
[INFO] [stderr]   Downloaded solana-packet v2.1.5
[INFO] [stderr]   Downloaded pest_generator v2.7.15
[INFO] [stderr]   Downloaded siphasher v0.3.11
[INFO] [stderr]   Downloaded serde-wasm-bindgen v0.6.5
[INFO] [stderr]   Downloaded borsh v0.10.4
[INFO] [stderr]   Downloaded ucd-trie v0.1.7
[INFO] [stderr]   Downloaded derive_more-impl v1.0.0
[INFO] [stderr]   Downloaded insta v1.41.1
[INFO] [stderr]   Downloaded solana-sdk v2.1.5
[INFO] [stderr]   Downloaded derive_more v1.0.0
[INFO] [stderr]   Downloaded pest v2.7.15
[INFO] [stderr]   Downloaded serde_with v3.11.0
[INFO] [stderr]   Downloaded blake3 v1.5.5
[INFO] [stderr]   Downloaded solana-program v2.1.5
[INFO] [stderr]   Downloaded borsh v1.5.3
[INFO] [stderr]   Downloaded pest_meta v2.7.15
[INFO] [stderr]   Downloaded chrono v0.4.39
[INFO] [stderr]   Downloaded pest_derive v2.7.15
[INFO] [stderr]   Downloaded curve25519-dalek v4.1.3
[INFO] [stderr]   Downloaded serde_with_macros v3.11.0
[INFO] [stderr]   Downloaded js-sys v0.3.76
[INFO] [stderr]   Downloaded borsh-derive v1.5.3
[INFO] [stderr]   Downloaded solana-bn254 v2.1.5
[INFO] [stderr]   Downloaded redox_syscall v0.5.8
[INFO] [stderr]   Downloaded typed-builder-macro v0.20.0
[INFO] [stderr]   Downloaded typed-builder v0.20.0
[INFO] [stderr]   Downloaded wasm-bindgen-backend v0.2.99
[INFO] [stderr]   Downloaded fiat-crypto v0.2.9
[INFO] [stderr]   Downloaded cfg_eval v0.1.2
[INFO] [stderr]   Downloaded solana-feature-set v2.1.5
[INFO] [stderr]   Downloaded web-sys v0.3.76
[INFO] [stderr]   Downloaded solana-pubkey v2.1.5
[INFO] [stderr]   Downloaded wasm-bindgen-macro-support v0.2.99
[INFO] [stderr]   Downloaded solana-program-entrypoint v2.1.5
[INFO] [stderr]   Downloaded solana-slot-hashes v2.1.5
[INFO] [stderr]   Downloaded solana-signature v2.1.5
[INFO] [stderr]   Downloaded curve25519-dalek-derive v0.1.1
[INFO] [stderr]   Downloaded rustc_version v0.4.1
[INFO] [stderr]   Downloaded bytemuck_derive v1.8.0
[INFO] [stderr]   Downloaded solana-instruction v2.1.5
[INFO] [stderr]   Downloaded solana-borsh v2.1.5
[INFO] [stderr]   Downloaded solana-cpi v2.1.5
[INFO] [stderr]   Downloaded solana-fee-calculator v2.1.5
[INFO] [stderr]   Downloaded solana-msg v2.1.5
[INFO] [stderr]   Downloaded tokio v1.42.0
[INFO] [stderr]   Downloaded borsh-derive v0.10.4
[INFO] [stderr]   Downloaded wasm-bindgen-futures v0.4.49
[INFO] [stderr]   Downloaded solana-program-option v2.1.5
[INFO] [stderr]   Downloaded solana-hash v2.1.5
[INFO] [stderr]   Downloaded solana-rent v2.1.5
[INFO] [stderr]   Downloaded solana-serialize-utils v2.1.5
[INFO] [stderr]   Downloaded solana-program-pack v2.1.5
[INFO] [stderr]   Downloaded solana-stable-layout v2.1.5
[INFO] [stderr]   Downloaded solana-program-memory v2.1.5
[INFO] [stderr]   Downloaded borsh-schema-derive-internal v0.10.4
[INFO] [stderr]   Downloaded five8_core v0.1.1
[INFO] [stderr]   Downloaded solana-decode-error v2.1.5
[INFO] [stderr]   Downloaded solana-define-syscall v2.1.5
[INFO] [stderr]   Downloaded wasm-bindgen-shared v0.2.99
[INFO] [stderr]   Downloaded solana-secp256k1-recover v2.1.5
[INFO] [stderr]   Downloaded solana-clock v2.1.5
[INFO] [stderr]   Downloaded solana-sdk-macro v2.1.5
[INFO] [stderr]   Downloaded solana-sysvar-id v2.1.5
[INFO] [stderr]   Downloaded solana-epoch-schedule v2.1.5
[INFO] [stderr]   Downloaded solana-precompile-error v2.1.5
[INFO] [stderr]   Downloaded solana-secp256r1-program v2.1.5
[INFO] [stderr]   Downloaded solana-serde-varint v2.1.5
[INFO] [stderr]   Downloaded borsh-derive-internal v0.10.4
[INFO] [stderr]   Downloaded five8_const v0.1.3
[INFO] [stderr]   Downloaded solana-atomic-u64 v2.1.5
[INFO] [stderr]   Downloaded solana-sha256-hasher v2.1.5
[INFO] [stderr]   Downloaded solana-sanitize v2.1.5
[INFO] [stderr]   Downloaded solana-transaction-error v2.1.5
[INFO] running `Command { std: "docker" "create" "-v" "/var/lib/crater-agent-workspace/builds/worker-0-tc1/target:/opt/rustwide/target:rw,Z" "-v" "/var/lib/crater-agent-workspace/builds/worker-0-tc1/source:/opt/rustwide/workdir:ro,Z" "-v" "/var/lib/crater-agent-workspace/cargo-home:/opt/rustwide/cargo-home:ro,Z" "-v" "/var/lib/crater-agent-workspace/rustup-home:/opt/rustwide/rustup-home:ro,Z" "-e" "SOURCE_DIR=/opt/rustwide/workdir" "-e" "CARGO_TARGET_DIR=/opt/rustwide/target" "-e" "CARGO_HOME=/opt/rustwide/cargo-home" "-e" "RUSTUP_HOME=/opt/rustwide/rustup-home" "-w" "/opt/rustwide/workdir" "-m" "1610612736" "--user" "0:0" "--network" "none" "ghcr.io/rust-lang/crates-build-env/linux@sha256:f3a9d4ad9d972b27faf3965f35b62e55ba32bbce8f20bc8fe909558a86702fde" "/opt/rustwide/cargo-home/bin/cargo" "+1.83.0" "metadata" "--no-deps" "--format-version=1", kill_on_drop: false }`
[INFO] [stdout] 9c0ae1e5a295b1aacdf9ba39cf669fe66b1a07923c68174452ff99cfeaf3683d
[INFO] running `Command { std: "docker" "start" "-a" "9c0ae1e5a295b1aacdf9ba39cf669fe66b1a07923c68174452ff99cfeaf3683d", kill_on_drop: false }`
[INFO] running `Command { std: "docker" "inspect" "9c0ae1e5a295b1aacdf9ba39cf669fe66b1a07923c68174452ff99cfeaf3683d", kill_on_drop: false }`
[INFO] running `Command { std: "docker" "rm" "-f" "9c0ae1e5a295b1aacdf9ba39cf669fe66b1a07923c68174452ff99cfeaf3683d", kill_on_drop: false }`
[INFO] [stdout] 9c0ae1e5a295b1aacdf9ba39cf669fe66b1a07923c68174452ff99cfeaf3683d
[INFO] running `Command { std: "docker" "create" "-v" "/var/lib/crater-agent-workspace/builds/worker-0-tc1/target:/opt/rustwide/target:rw,Z" "-v" "/var/lib/crater-agent-workspace/builds/worker-0-tc1/source:/opt/rustwide/workdir:ro,Z" "-v" "/var/lib/crater-agent-workspace/cargo-home:/opt/rustwide/cargo-home:ro,Z" "-v" "/var/lib/crater-agent-workspace/rustup-home:/opt/rustwide/rustup-home:ro,Z" "-e" "SOURCE_DIR=/opt/rustwide/workdir" "-e" "CARGO_TARGET_DIR=/opt/rustwide/target" "-e" "CARGO_INCREMENTAL=0" "-e" "RUST_BACKTRACE=full" "-e" "RUSTFLAGS=--cap-lints=warn" "-e" "RUSTDOCFLAGS=--cap-lints=warn" "-e" "CARGO_HOME=/opt/rustwide/cargo-home" "-e" "RUSTUP_HOME=/opt/rustwide/rustup-home" "-w" "/opt/rustwide/workdir" "-m" "1610612736" "--user" "0:0" "--network" "none" "ghcr.io/rust-lang/crates-build-env/linux@sha256:f3a9d4ad9d972b27faf3965f35b62e55ba32bbce8f20bc8fe909558a86702fde" "/opt/rustwide/cargo-home/bin/cargo" "+1.83.0" "build" "--frozen" "--message-format=json", kill_on_drop: false }`
[INFO] [stdout] 303967d3b1fbef801e7538f5209d952b874f838850292068151e45dc42dc588f
[INFO] running `Command { std: "docker" "start" "-a" "303967d3b1fbef801e7538f5209d952b874f838850292068151e45dc42dc588f", kill_on_drop: false }`
[INFO] [stderr] warning: /opt/rustwide/workdir/crates/wallet_standard/Cargo.toml: unused manifest key: package.tags
[INFO] [stderr] warning: /opt/rustwide/workdir/crates/wallet_standard_browser/Cargo.toml: unused manifest key: package.tags
[INFO] [stderr] warning: profile package spec `example_program` in profile `release` did not match any packages
[INFO] [stderr]    Compiling proc-macro2 v1.0.92
[INFO] [stderr]    Compiling unicode-ident v1.0.14
[INFO] [stderr]    Compiling wasm-bindgen-shared v0.2.99
[INFO] [stderr]    Compiling log v0.4.22
[INFO] [stderr]    Compiling bumpalo v3.16.0
[INFO] [stderr]    Compiling autocfg v1.4.0
[INFO] [stderr]    Compiling wasm-bindgen v0.2.99
[INFO] [stderr]    Compiling once_cell v1.20.2
[INFO] [stderr]    Compiling cfg-if v1.0.0
[INFO] [stderr]    Compiling futures-core v0.3.31
[INFO] [stderr]    Compiling futures-sink v0.3.31
[INFO] [stderr]    Compiling serde v1.0.216
[INFO] [stderr]    Compiling pin-project-lite v0.2.15
[INFO] [stderr]    Compiling pin-utils v0.1.0
[INFO] [stderr]    Compiling futures-task v0.3.31
[INFO] [stderr]    Compiling memchr v2.7.4
[INFO] [stderr]    Compiling futures-io v0.3.31
[INFO] [stderr]    Compiling thiserror v2.0.6
[INFO] [stderr]    Compiling tokio v1.42.0
[INFO] [stderr]    Compiling futures-channel v0.3.31
[INFO] [stderr]    Compiling slab v0.4.9
[INFO] [stderr]    Compiling quote v1.0.37
[INFO] [stderr]    Compiling syn v2.0.90
[INFO] [stderr]    Compiling wasm-bindgen-backend v0.2.99
[INFO] [stderr]    Compiling serde_derive v1.0.216
[INFO] [stderr]    Compiling futures-macro v0.3.31
[INFO] [stderr]    Compiling thiserror-impl v2.0.6
[INFO] [stderr]    Compiling typed-builder-macro v0.20.0
[INFO] [stderr]    Compiling derive_more-impl v1.0.0
[INFO] [stderr]    Compiling async-trait v0.1.83
[INFO] [stderr]    Compiling wasm-bindgen-macro-support v0.2.99
[INFO] [stderr]    Compiling futures-util v0.3.31
[INFO] [stderr]    Compiling wasm-bindgen-macro v0.2.99
[INFO] [stderr]    Compiling typed-builder v0.20.0
[INFO] [stderr]    Compiling derive_more v1.0.0
[INFO] [stderr]    Compiling js-sys v0.3.76
[INFO] [stderr]    Compiling futures-executor v0.3.31
[INFO] [stderr]    Compiling futures v0.3.31
[INFO] [stderr]    Compiling serde_bytes v0.11.15
[INFO] [stderr]    Compiling serde-wasm-bindgen v0.6.5
[INFO] [stderr]    Compiling wasm-bindgen-futures v0.4.49
[INFO] [stderr]    Compiling web-sys v0.3.76
[INFO] [stderr]    Compiling wallet_standard v0.4.3 (/opt/rustwide/workdir/crates/wallet_standard)
[INFO] [stderr]    Compiling wallet_standard_browser v0.4.3 (/opt/rustwide/workdir/crates/wallet_standard_browser)
[INFO] [stderr]     Finished `dev` profile [unoptimized + debuginfo] target(s) in 31.05s
[INFO] running `Command { std: "docker" "inspect" "303967d3b1fbef801e7538f5209d952b874f838850292068151e45dc42dc588f", kill_on_drop: false }`
[INFO] running `Command { std: "docker" "rm" "-f" "303967d3b1fbef801e7538f5209d952b874f838850292068151e45dc42dc588f", kill_on_drop: false }`
[INFO] [stdout] 303967d3b1fbef801e7538f5209d952b874f838850292068151e45dc42dc588f
[INFO] running `Command { std: "docker" "create" "-v" "/var/lib/crater-agent-workspace/builds/worker-0-tc1/target:/opt/rustwide/target:rw,Z" "-v" "/var/lib/crater-agent-workspace/builds/worker-0-tc1/source:/opt/rustwide/workdir:ro,Z" "-v" "/var/lib/crater-agent-workspace/cargo-home:/opt/rustwide/cargo-home:ro,Z" "-v" "/var/lib/crater-agent-workspace/rustup-home:/opt/rustwide/rustup-home:ro,Z" "-e" "SOURCE_DIR=/opt/rustwide/workdir" "-e" "CARGO_TARGET_DIR=/opt/rustwide/target" "-e" "CARGO_INCREMENTAL=0" "-e" "RUST_BACKTRACE=full" "-e" "RUSTFLAGS=--cap-lints=warn" "-e" "RUSTDOCFLAGS=--cap-lints=warn" "-e" "CARGO_HOME=/opt/rustwide/cargo-home" "-e" "RUSTUP_HOME=/opt/rustwide/rustup-home" "-w" "/opt/rustwide/workdir" "-m" "1610612736" "--user" "0:0" "--network" "none" "ghcr.io/rust-lang/crates-build-env/linux@sha256:f3a9d4ad9d972b27faf3965f35b62e55ba32bbce8f20bc8fe909558a86702fde" "/opt/rustwide/cargo-home/bin/cargo" "+1.83.0" "test" "--frozen" "--no-run" "--message-format=json", kill_on_drop: false }`
[INFO] [stdout] e7a44d592e64ea062841d266bef1722e85a0f5ceff4949436d106b55ed39e4e2
[INFO] running `Command { std: "docker" "start" "-a" "e7a44d592e64ea062841d266bef1722e85a0f5ceff4949436d106b55ed39e4e2", kill_on_drop: false }`
[INFO] [stderr] warning: /opt/rustwide/workdir/crates/wallet_standard/Cargo.toml: unused manifest key: package.tags
[INFO] [stderr] warning: /opt/rustwide/workdir/crates/wallet_standard_browser/Cargo.toml: unused manifest key: package.tags
[INFO] [stderr] warning: profile package spec `example_program` in profile `release` did not match any packages
[INFO] [stderr]    Compiling ucd-trie v0.1.7
[INFO] [stderr]    Compiling once_cell v1.20.2
[INFO] [stderr]    Compiling libc v0.2.168
[INFO] [stderr]    Compiling bitflags v1.3.2
[INFO] [stderr]    Compiling base64 v0.13.1
[INFO] [stderr]    Compiling lazy_static v1.5.0
[INFO] [stderr]    Compiling linked-hash-map v0.5.6
[INFO] [stderr]    Compiling similar v2.6.0
[INFO] [stderr]    Compiling wallet_standard_browser v0.4.3 (/opt/rustwide/workdir/crates/wallet_standard_browser)
[INFO] [stderr]    Compiling pest v2.7.15
[INFO] [stderr]    Compiling ron v0.7.1
[INFO] [stderr]    Compiling console v0.15.8
[INFO] [stderr]    Compiling pest_meta v2.7.15
[INFO] [stderr]    Compiling pest_generator v2.7.15
[INFO] [stderr]    Compiling pest_derive v2.7.15
[INFO] [stderr]    Compiling insta v1.41.1
[INFO] [stderr]    Compiling wallet_standard v0.4.3 (/opt/rustwide/workdir/crates/wallet_standard)
[INFO] [stderr]     Finished `test` profile [unoptimized + debuginfo] target(s) in 25.73s
[INFO] running `Command { std: "docker" "inspect" "e7a44d592e64ea062841d266bef1722e85a0f5ceff4949436d106b55ed39e4e2", kill_on_drop: false }`
[INFO] running `Command { std: "docker" "rm" "-f" "e7a44d592e64ea062841d266bef1722e85a0f5ceff4949436d106b55ed39e4e2", kill_on_drop: false }`
[INFO] [stdout] e7a44d592e64ea062841d266bef1722e85a0f5ceff4949436d106b55ed39e4e2
[INFO] running `Command { std: "docker" "create" "-v" "/var/lib/crater-agent-workspace/builds/worker-0-tc1/target:/opt/rustwide/target:rw,Z" "-v" "/var/lib/crater-agent-workspace/builds/worker-0-tc1/source:/opt/rustwide/workdir:ro,Z" "-v" "/var/lib/crater-agent-workspace/cargo-home:/opt/rustwide/cargo-home:ro,Z" "-v" "/var/lib/crater-agent-workspace/rustup-home:/opt/rustwide/rustup-home:ro,Z" "-e" "SOURCE_DIR=/opt/rustwide/workdir" "-e" "CARGO_TARGET_DIR=/opt/rustwide/target" "-e" "CARGO_INCREMENTAL=0" "-e" "RUST_BACKTRACE=full" "-e" "RUSTFLAGS=--cap-lints=warn" "-e" "RUSTDOCFLAGS=--cap-lints=warn" "-e" "CARGO_HOME=/opt/rustwide/cargo-home" "-e" "RUSTUP_HOME=/opt/rustwide/rustup-home" "-w" "/opt/rustwide/workdir" "-m" "1610612736" "--user" "0:0" "--network" "none" "ghcr.io/rust-lang/crates-build-env/linux@sha256:f3a9d4ad9d972b27faf3965f35b62e55ba32bbce8f20bc8fe909558a86702fde" "/opt/rustwide/cargo-home/bin/cargo" "+1.83.0" "test" "--frozen", kill_on_drop: false }`
[INFO] [stdout] c42e494aa6db18f19e08b4d95fe6631008b0b9455a93517ec7bc8d693bd2474e
[INFO] running `Command { std: "docker" "start" "-a" "c42e494aa6db18f19e08b4d95fe6631008b0b9455a93517ec7bc8d693bd2474e", kill_on_drop: false }`
[INFO] [stderr] warning: /opt/rustwide/workdir/crates/wallet_standard/Cargo.toml: unused manifest key: package.tags
[INFO] [stderr] warning: /opt/rustwide/workdir/crates/wallet_standard_browser/Cargo.toml: unused manifest key: package.tags
[INFO] [stderr] warning: profile package spec `example_program` in profile `release` did not match any packages
[INFO] [stderr]     Finished `test` profile [unoptimized + debuginfo] target(s) in 0.28s
[INFO] [stderr]      Running unittests src/lib.rs (/opt/rustwide/target/debug/deps/wallet_standard-4fed43a84b7a09eb)
[INFO] [stdout] 
[INFO] [stdout] running 0 tests
[INFO] [stdout] 
[INFO] [stdout] test result: ok. 0 passed; 0 failed; 0 ignored; 0 measured; 0 filtered out; finished in 0.00s
[INFO] [stdout] 
[INFO] [stderr]      Running unittests src/lib.rs (/opt/rustwide/target/debug/deps/wallet_standard_browser-8daab1a88ada12a1)
[INFO] [stdout] 
[INFO] [stdout] running 0 tests
[INFO] [stdout] 
[INFO] [stdout] test result: ok. 0 passed; 0 failed; 0 ignored; 0 measured; 0 filtered out; finished in 0.00s
[INFO] [stdout] 
[INFO] [stderr]    Doc-tests wallet_standard
[INFO] [stdout] 
[INFO] [stdout] running 1 test
[INFO] [stdout] test crates/wallet_standard/readme.md - (line 43) ... ok
[INFO] [stdout] 
[INFO] [stdout] test result: ok. 1 passed; 0 failed; 0 ignored; 0 measured; 0 filtered out; finished in 0.32s
[INFO] [stdout] 
[INFO] [stderr]    Doc-tests wallet_standard_browser
[INFO] [stdout] 
[INFO] [stdout] running 1 test
[INFO] [stdout] test crates/wallet_standard_browser/readme.md - (line 32) ... FAILED
[INFO] [stdout] 
[INFO] [stdout] failures:
[INFO] [stdout] 
[INFO] [stdout] ---- crates/wallet_standard_browser/readme.md - (line 32) stdout ----
[INFO] [stdout] error[E0277]: `Wallets` is not a future
[INFO] [stdout]  --> crates/wallet_standard_browser/readme.md:38:36
[INFO] [stdout]   |
[INFO] [stdout] 9 |     let wallet_getter = get_wallets().await?;
[INFO] [stdout]   |                         --------------^^^^^
[INFO] [stdout]   |                         |            ||
[INFO] [stdout]   |                         |            |`Wallets` is not a future
[INFO] [stdout]   |                         |            help: remove the `.await`
[INFO] [stdout]   |                         this call returns `Wallets`
[INFO] [stdout]   |
[INFO] [stdout]   = help: the trait `Future` is not implemented for `Wallets`, which is required by `Wallets: IntoFuture`
[INFO] [stdout]   = note: Wallets must be a future or must implement `IntoFuture` to be awaited
[INFO] [stdout]   = note: required for `Wallets` to implement `IntoFuture`
[INFO] [stdout] 
[INFO] [stdout] error[E0433]: failed to resolve: use of undeclared crate or module `anyhow`
[INFO] [stdout]  --> crates/wallet_standard_browser/readme.md:37:19
[INFO] [stdout]   |
[INFO] [stdout] 8 | async fn run() -> anyhow::Result<()> {
[INFO] [stdout]   |                   ^^^^^^ use of undeclared crate or module `anyhow`
[INFO] [stdout] 
[INFO] [stdout] error: aborting due to 2 previous errors
[INFO] [stdout] 
[INFO] [stdout] Some errors have detailed explanations: E0277, E0433.
[INFO] [stdout] For more information about an error, try `rustc --explain E0277`.
[INFO] [stdout] Couldn't compile the test.
[INFO] [stdout] 
[INFO] [stdout] failures:
[INFO] [stdout]     crates/wallet_standard_browser/readme.md - (line 32)
[INFO] [stdout] 
[INFO] [stdout] test result: FAILED. 0 passed; 1 failed; 0 ignored; 0 measured; 0 filtered out; finished in 0.28s
[INFO] [stdout] 
[INFO] [stderr] error: doctest failed, to rerun pass `-p wallet_standard_browser --doc`
[INFO] running `Command { std: "docker" "inspect" "c42e494aa6db18f19e08b4d95fe6631008b0b9455a93517ec7bc8d693bd2474e", kill_on_drop: false }`
[INFO] running `Command { std: "docker" "rm" "-f" "c42e494aa6db18f19e08b4d95fe6631008b0b9455a93517ec7bc8d693bd2474e", kill_on_drop: false }`
[INFO] [stdout] c42e494aa6db18f19e08b4d95fe6631008b0b9455a93517ec7bc8d693bd2474e
