[INFO] cloning repository https://github.com/ielm/sitka
[INFO] running `Command { std: "git" "-c" "credential.helper=" "-c" "credential.helper=/workspace/cargo-home/bin/git-credential-null" "clone" "--bare" "https://github.com/ielm/sitka" "/workspace/cache/git-repos/https%3A%2F%2Fgithub.com%2Fielm%2Fsitka", kill_on_drop: false }`
[INFO] [stderr] Cloning into bare repository '/workspace/cache/git-repos/https%3A%2F%2Fgithub.com%2Fielm%2Fsitka'...
[INFO] running `Command { std: "git" "rev-parse" "HEAD", kill_on_drop: false }`
[INFO] [stdout] 2f43690ccd269296d2f5ab7c219081dd77d9ae27
[INFO] testing ielm/sitka against beta-2024-12-08 for beta-1.84.0-4-retry
[INFO] running `Command { std: "git" "clone" "/workspace/cache/git-repos/https%3A%2F%2Fgithub.com%2Fielm%2Fsitka" "/workspace/builds/worker-2-tc2/source", kill_on_drop: false }`
[INFO] [stderr] Cloning into '/workspace/builds/worker-2-tc2/source'...
[INFO] [stderr] done.
[INFO] validating manifest of git repo https://github.com/ielm/sitka on toolchain beta-2024-12-08
[INFO] running `Command { std: CARGO_HOME="/workspace/cargo-home" RUSTUP_HOME="/workspace/rustup-home" "/workspace/cargo-home/bin/cargo" "+beta-2024-12-08" "metadata" "--manifest-path" "Cargo.toml" "--no-deps", kill_on_drop: false }`
[INFO] started tweaking git repo https://github.com/ielm/sitka
[INFO] finished tweaking git repo https://github.com/ielm/sitka
[INFO] tweaked toml for git repo https://github.com/ielm/sitka written to /workspace/builds/worker-2-tc2/source/Cargo.toml
[INFO] crate git repo https://github.com/ielm/sitka already has a lockfile, it will not be regenerated
[INFO] running `Command { std: CARGO_HOME="/workspace/cargo-home" RUSTUP_HOME="/workspace/rustup-home" "/workspace/cargo-home/bin/cargo" "+beta-2024-12-08" "fetch" "--manifest-path" "Cargo.toml", kill_on_drop: false }`
[INFO] [stderr] warning: unused manifest key: toolchain
[INFO] running `Command { std: "docker" "create" "-v" "/var/lib/crater-agent-workspace/builds/worker-2-tc2/target:/opt/rustwide/target:rw,Z" "-v" "/var/lib/crater-agent-workspace/builds/worker-2-tc2/source:/opt/rustwide/workdir:ro,Z" "-v" "/var/lib/crater-agent-workspace/cargo-home:/opt/rustwide/cargo-home:ro,Z" "-v" "/var/lib/crater-agent-workspace/rustup-home:/opt/rustwide/rustup-home:ro,Z" "-e" "SOURCE_DIR=/opt/rustwide/workdir" "-e" "CARGO_TARGET_DIR=/opt/rustwide/target" "-e" "CARGO_HOME=/opt/rustwide/cargo-home" "-e" "RUSTUP_HOME=/opt/rustwide/rustup-home" "-w" "/opt/rustwide/workdir" "-m" "1610612736" "--user" "0:0" "--network" "none" "ghcr.io/rust-lang/crates-build-env/linux@sha256:f3a9d4ad9d972b27faf3965f35b62e55ba32bbce8f20bc8fe909558a86702fde" "/opt/rustwide/cargo-home/bin/cargo" "+beta-2024-12-08" "metadata" "--no-deps" "--format-version=1", kill_on_drop: false }`
[INFO] [stdout] ff72c52f22be65d6f378b0423aeeb59fba048a44fc73247787422883dd0a2a05
[INFO] running `Command { std: "docker" "start" "-a" "ff72c52f22be65d6f378b0423aeeb59fba048a44fc73247787422883dd0a2a05", kill_on_drop: false }`
[INFO] running `Command { std: "docker" "inspect" "ff72c52f22be65d6f378b0423aeeb59fba048a44fc73247787422883dd0a2a05", kill_on_drop: false }`
[INFO] running `Command { std: "docker" "rm" "-f" "ff72c52f22be65d6f378b0423aeeb59fba048a44fc73247787422883dd0a2a05", kill_on_drop: false }`
[INFO] [stdout] ff72c52f22be65d6f378b0423aeeb59fba048a44fc73247787422883dd0a2a05
[INFO] running `Command { std: "docker" "create" "-v" "/var/lib/crater-agent-workspace/builds/worker-2-tc2/target:/opt/rustwide/target:rw,Z" "-v" "/var/lib/crater-agent-workspace/builds/worker-2-tc2/source:/opt/rustwide/workdir:ro,Z" "-v" "/var/lib/crater-agent-workspace/cargo-home:/opt/rustwide/cargo-home:ro,Z" "-v" "/var/lib/crater-agent-workspace/rustup-home:/opt/rustwide/rustup-home:ro,Z" "-e" "SOURCE_DIR=/opt/rustwide/workdir" "-e" "CARGO_TARGET_DIR=/opt/rustwide/target" "-e" "CARGO_INCREMENTAL=0" "-e" "RUST_BACKTRACE=full" "-e" "RUSTFLAGS=--cap-lints=warn" "-e" "RUSTDOCFLAGS=--cap-lints=warn" "-e" "CARGO_HOME=/opt/rustwide/cargo-home" "-e" "RUSTUP_HOME=/opt/rustwide/rustup-home" "-w" "/opt/rustwide/workdir" "-m" "1610612736" "--user" "0:0" "--network" "none" "ghcr.io/rust-lang/crates-build-env/linux@sha256:f3a9d4ad9d972b27faf3965f35b62e55ba32bbce8f20bc8fe909558a86702fde" "/opt/rustwide/cargo-home/bin/cargo" "+beta-2024-12-08" "build" "--frozen" "--message-format=json", kill_on_drop: false }`
[INFO] [stdout] fb964f1262ba2b328e6d0cbbcbd1877d72ab2d6d9ee02a6ccec5b0f91cf56d87
[INFO] running `Command { std: "docker" "start" "-a" "fb964f1262ba2b328e6d0cbbcbd1877d72ab2d6d9ee02a6ccec5b0f91cf56d87", kill_on_drop: false }`
[INFO] [stderr] warning: unused manifest key: toolchain
[INFO] [stderr]    Compiling sitka v0.0.1 (/opt/rustwide/workdir)
[INFO] [stderr]     Finished `dev` profile [unoptimized + debuginfo] target(s) in 0.21s
[INFO] running `Command { std: "docker" "inspect" "fb964f1262ba2b328e6d0cbbcbd1877d72ab2d6d9ee02a6ccec5b0f91cf56d87", kill_on_drop: false }`
[INFO] running `Command { std: "docker" "rm" "-f" "fb964f1262ba2b328e6d0cbbcbd1877d72ab2d6d9ee02a6ccec5b0f91cf56d87", kill_on_drop: false }`
[INFO] [stdout] fb964f1262ba2b328e6d0cbbcbd1877d72ab2d6d9ee02a6ccec5b0f91cf56d87
[INFO] running `Command { std: "docker" "create" "-v" "/var/lib/crater-agent-workspace/builds/worker-2-tc2/target:/opt/rustwide/target:rw,Z" "-v" "/var/lib/crater-agent-workspace/builds/worker-2-tc2/source:/opt/rustwide/workdir:ro,Z" "-v" "/var/lib/crater-agent-workspace/cargo-home:/opt/rustwide/cargo-home:ro,Z" "-v" "/var/lib/crater-agent-workspace/rustup-home:/opt/rustwide/rustup-home:ro,Z" "-e" "SOURCE_DIR=/opt/rustwide/workdir" "-e" "CARGO_TARGET_DIR=/opt/rustwide/target" "-e" "CARGO_INCREMENTAL=0" "-e" "RUST_BACKTRACE=full" "-e" "RUSTFLAGS=--cap-lints=warn" "-e" "RUSTDOCFLAGS=--cap-lints=warn" "-e" "CARGO_HOME=/opt/rustwide/cargo-home" "-e" "RUSTUP_HOME=/opt/rustwide/rustup-home" "-w" "/opt/rustwide/workdir" "-m" "1610612736" "--user" "0:0" "--network" "none" "ghcr.io/rust-lang/crates-build-env/linux@sha256:f3a9d4ad9d972b27faf3965f35b62e55ba32bbce8f20bc8fe909558a86702fde" "/opt/rustwide/cargo-home/bin/cargo" "+beta-2024-12-08" "test" "--frozen" "--no-run" "--message-format=json", kill_on_drop: false }`
[INFO] [stdout] 8964e903d1572072ad262a4fbef6ff94ca4611b8230275c3e42f991ddeebb0b1
[INFO] running `Command { std: "docker" "start" "-a" "8964e903d1572072ad262a4fbef6ff94ca4611b8230275c3e42f991ddeebb0b1", kill_on_drop: false }`
[INFO] [stderr] warning: unused manifest key: toolchain
[INFO] [stderr]    Compiling sitka v0.0.1 (/opt/rustwide/workdir)
[INFO] [stderr]     Finished `test` profile [unoptimized + debuginfo] target(s) in 0.53s
[INFO] running `Command { std: "docker" "inspect" "8964e903d1572072ad262a4fbef6ff94ca4611b8230275c3e42f991ddeebb0b1", kill_on_drop: false }`
[INFO] running `Command { std: "docker" "rm" "-f" "8964e903d1572072ad262a4fbef6ff94ca4611b8230275c3e42f991ddeebb0b1", kill_on_drop: false }`
[INFO] [stdout] 8964e903d1572072ad262a4fbef6ff94ca4611b8230275c3e42f991ddeebb0b1
[INFO] running `Command { std: "docker" "create" "-v" "/var/lib/crater-agent-workspace/builds/worker-2-tc2/target:/opt/rustwide/target:rw,Z" "-v" "/var/lib/crater-agent-workspace/builds/worker-2-tc2/source:/opt/rustwide/workdir:ro,Z" "-v" "/var/lib/crater-agent-workspace/cargo-home:/opt/rustwide/cargo-home:ro,Z" "-v" "/var/lib/crater-agent-workspace/rustup-home:/opt/rustwide/rustup-home:ro,Z" "-e" "SOURCE_DIR=/opt/rustwide/workdir" "-e" "CARGO_TARGET_DIR=/opt/rustwide/target" "-e" "CARGO_INCREMENTAL=0" "-e" "RUST_BACKTRACE=full" "-e" "RUSTFLAGS=--cap-lints=warn" "-e" "RUSTDOCFLAGS=--cap-lints=warn" "-e" "CARGO_HOME=/opt/rustwide/cargo-home" "-e" "RUSTUP_HOME=/opt/rustwide/rustup-home" "-w" "/opt/rustwide/workdir" "-m" "1610612736" "--user" "0:0" "--network" "none" "ghcr.io/rust-lang/crates-build-env/linux@sha256:f3a9d4ad9d972b27faf3965f35b62e55ba32bbce8f20bc8fe909558a86702fde" "/opt/rustwide/cargo-home/bin/cargo" "+beta-2024-12-08" "test" "--frozen", kill_on_drop: false }`
[INFO] [stdout] fb3c3bb25b1993bff0fb610d3f72bb8b5bb0624a7eed14292f761ed0aebb3c4c
[INFO] running `Command { std: "docker" "start" "-a" "fb3c3bb25b1993bff0fb610d3f72bb8b5bb0624a7eed14292f761ed0aebb3c4c", kill_on_drop: false }`
[INFO] [stderr] warning: unused manifest key: toolchain
[INFO] [stderr]     Finished `test` profile [unoptimized + debuginfo] target(s) in 0.02s
[INFO] [stderr]      Running unittests src/lib.rs (/opt/rustwide/target/debug/deps/sitka-370fe78b3044e567)
[INFO] [stderr]    Doc-tests sitka
[INFO] [stdout] 
[INFO] [stdout] running 0 tests
[INFO] [stdout] 
[INFO] [stdout] test result: ok. 0 passed; 0 failed; 0 ignored; 0 measured; 0 filtered out; finished in 0.00s
[INFO] [stdout] 
[INFO] [stdout] 
[INFO] [stdout] running 2 tests
[INFO] [stdout] test src/avl_tree/tree.rs - avl_tree::tree::AvlTree<K,V>::_rotate_right (line 531) ... FAILED
[INFO] [stdout] test src/avl_tree/tree.rs - avl_tree::tree::AvlTree<K,V>::_rotate_left (line 575) ... FAILED
[INFO] [stdout] 
[INFO] [stdout] failures:
[INFO] [stdout] 
[INFO] [stdout] ---- src/avl_tree/tree.rs - avl_tree::tree::AvlTree<K,V>::_rotate_right (line 531) stdout ----
[INFO] [stdout] error: unknown start of token: \
[INFO] [stdout]  --> src/avl_tree/tree.rs:533:4
[INFO] [stdout]   |
[INFO] [stdout] 4 |  / \             /   \
[INFO] [stdout]   |    ^
[INFO] [stdout] 
[INFO] [stdout] error: unknown start of token: \
[INFO] [stdout]  --> src/avl_tree/tree.rs:533:22
[INFO] [stdout]   |
[INFO] [stdout] 4 |  / \             /   \
[INFO] [stdout]   |                      ^
[INFO] [stdout] 
[INFO] [stdout] error: expected one of `!`, `.`, `::`, `;`, `?`, `{`, `}`, or an operator, found `x`
[INFO] [stdout]  --> src/avl_tree/tree.rs:532:18
[INFO] [stdout]   |
[INFO] [stdout] 3 | y                x
[INFO] [stdout]   |                  ^ expected one of 8 possible tokens
[INFO] [stdout] 
[INFO] [stdout] error: aborting due to 3 previous errors
[INFO] [stdout] 
[INFO] [stdout] Couldn't compile the test.
[INFO] [stdout] ---- src/avl_tree/tree.rs - avl_tree::tree::AvlTree<K,V>::_rotate_left (line 575) stdout ----
[INFO] [stdout] error: unknown start of token: \
[INFO] [stdout]  --> src/avl_tree/tree.rs:577:3
[INFO] [stdout]   |
[INFO] [stdout] 4 | / \               /   \
[INFO] [stdout]   |   ^
[INFO] [stdout] 
[INFO] [stdout] error: unknown start of token: \
[INFO] [stdout]  --> src/avl_tree/tree.rs:577:23
[INFO] [stdout]   |
[INFO] [stdout] 4 | / \               /   \
[INFO] [stdout]   |                       ^
[INFO] [stdout] 
[INFO] [stdout] error: expected one of `!`, `.`, `::`, `;`, `?`, `{`, `}`, or an operator, found `y`
[INFO] [stdout]  --> src/avl_tree/tree.rs:576:20
[INFO] [stdout]   |
[INFO] [stdout] 3 | x                  y
[INFO] [stdout]   |                    ^ expected one of 8 possible tokens
[INFO] [stdout] 
[INFO] [stdout] error: aborting due to 3 previous errors
[INFO] [stdout] 
[INFO] [stdout] Couldn't compile the test.
[INFO] [stdout] 
[INFO] [stdout] failures:
[INFO] [stdout]     src/avl_tree/tree.rs - avl_tree::tree::AvlTree<K,V>::_rotate_left (line 575)
[INFO] [stdout]     src/avl_tree/tree.rs - avl_tree::tree::AvlTree<K,V>::_rotate_right (line 531)
[INFO] [stdout] 
[INFO] [stdout] test result: FAILED. 0 passed; 2 failed; 0 ignored; 0 measured; 0 filtered out; finished in 0.10s
[INFO] [stdout] 
[INFO] [stderr] error: doctest failed, to rerun pass `--doc`
[INFO] running `Command { std: "docker" "inspect" "fb3c3bb25b1993bff0fb610d3f72bb8b5bb0624a7eed14292f761ed0aebb3c4c", kill_on_drop: false }`
[INFO] running `Command { std: "docker" "rm" "-f" "fb3c3bb25b1993bff0fb610d3f72bb8b5bb0624a7eed14292f761ed0aebb3c4c", kill_on_drop: false }`
[INFO] [stdout] fb3c3bb25b1993bff0fb610d3f72bb8b5bb0624a7eed14292f761ed0aebb3c4c
