[INFO] cloning repository https://github.com/ids1024/isbfc
[INFO] running `Command { std: "git" "-c" "credential.helper=" "-c" "credential.helper=/workspace/cargo-home/bin/git-credential-null" "clone" "--bare" "https://github.com/ids1024/isbfc" "/workspace/cache/git-repos/https%3A%2F%2Fgithub.com%2Fids1024%2Fisbfc", kill_on_drop: false }`
[INFO] [stderr] Cloning into bare repository '/workspace/cache/git-repos/https%3A%2F%2Fgithub.com%2Fids1024%2Fisbfc'...
[INFO] running `Command { std: "git" "rev-parse" "HEAD", kill_on_drop: false }`
[INFO] [stdout] 58c73d76787b5b65c6bf45005a5a7d9fd9298eda
[INFO] testing ids1024/isbfc against beta-2024-12-08 for beta-1.84.0-4-retry
[INFO] running `Command { std: "git" "clone" "/workspace/cache/git-repos/https%3A%2F%2Fgithub.com%2Fids1024%2Fisbfc" "/workspace/builds/worker-4-tc2/source", kill_on_drop: false }`
[INFO] [stderr] Cloning into '/workspace/builds/worker-4-tc2/source'...
[INFO] [stderr] done.
[INFO] validating manifest of git repo https://github.com/ids1024/isbfc on toolchain beta-2024-12-08
[INFO] running `Command { std: CARGO_HOME="/workspace/cargo-home" RUSTUP_HOME="/workspace/rustup-home" "/workspace/cargo-home/bin/cargo" "+beta-2024-12-08" "metadata" "--manifest-path" "Cargo.toml" "--no-deps", kill_on_drop: false }`
[INFO] started tweaking git repo https://github.com/ids1024/isbfc
[INFO] finished tweaking git repo https://github.com/ids1024/isbfc
[INFO] tweaked toml for git repo https://github.com/ids1024/isbfc written to /workspace/builds/worker-4-tc2/source/Cargo.toml
[INFO] crate git repo https://github.com/ids1024/isbfc already has a lockfile, it will not be regenerated
[INFO] running `Command { std: CARGO_HOME="/workspace/cargo-home" RUSTUP_HOME="/workspace/rustup-home" "/workspace/cargo-home/bin/cargo" "+beta-2024-12-08" "fetch" "--manifest-path" "Cargo.toml", kill_on_drop: false }`
[INFO] [stderr]     Blocking waiting for file lock on package cache
[INFO] [stderr]     Blocking waiting for file lock on package cache
[INFO] running `Command { std: "docker" "create" "-v" "/var/lib/crater-agent-workspace/builds/worker-4-tc2/target:/opt/rustwide/target:rw,Z" "-v" "/var/lib/crater-agent-workspace/builds/worker-4-tc2/source:/opt/rustwide/workdir:ro,Z" "-v" "/var/lib/crater-agent-workspace/cargo-home:/opt/rustwide/cargo-home:ro,Z" "-v" "/var/lib/crater-agent-workspace/rustup-home:/opt/rustwide/rustup-home:ro,Z" "-e" "SOURCE_DIR=/opt/rustwide/workdir" "-e" "CARGO_TARGET_DIR=/opt/rustwide/target" "-e" "CARGO_HOME=/opt/rustwide/cargo-home" "-e" "RUSTUP_HOME=/opt/rustwide/rustup-home" "-w" "/opt/rustwide/workdir" "-m" "1610612736" "--user" "0:0" "--network" "none" "ghcr.io/rust-lang/crates-build-env/linux@sha256:f3a9d4ad9d972b27faf3965f35b62e55ba32bbce8f20bc8fe909558a86702fde" "/opt/rustwide/cargo-home/bin/cargo" "+beta-2024-12-08" "metadata" "--no-deps" "--format-version=1", kill_on_drop: false }`
[INFO] [stdout] 44a6a9f834ca021e32d163ac8746e6415355e321bea928d420aab4024d9b73a3
[INFO] running `Command { std: "docker" "start" "-a" "44a6a9f834ca021e32d163ac8746e6415355e321bea928d420aab4024d9b73a3", kill_on_drop: false }`
[INFO] running `Command { std: "docker" "inspect" "44a6a9f834ca021e32d163ac8746e6415355e321bea928d420aab4024d9b73a3", kill_on_drop: false }`
[INFO] running `Command { std: "docker" "rm" "-f" "44a6a9f834ca021e32d163ac8746e6415355e321bea928d420aab4024d9b73a3", kill_on_drop: false }`
[INFO] [stdout] 44a6a9f834ca021e32d163ac8746e6415355e321bea928d420aab4024d9b73a3
[INFO] running `Command { std: "docker" "create" "-v" "/var/lib/crater-agent-workspace/builds/worker-4-tc2/target:/opt/rustwide/target:rw,Z" "-v" "/var/lib/crater-agent-workspace/builds/worker-4-tc2/source:/opt/rustwide/workdir:ro,Z" "-v" "/var/lib/crater-agent-workspace/cargo-home:/opt/rustwide/cargo-home:ro,Z" "-v" "/var/lib/crater-agent-workspace/rustup-home:/opt/rustwide/rustup-home:ro,Z" "-e" "SOURCE_DIR=/opt/rustwide/workdir" "-e" "CARGO_TARGET_DIR=/opt/rustwide/target" "-e" "CARGO_INCREMENTAL=0" "-e" "RUST_BACKTRACE=full" "-e" "RUSTFLAGS=--cap-lints=warn" "-e" "RUSTDOCFLAGS=--cap-lints=warn" "-e" "CARGO_HOME=/opt/rustwide/cargo-home" "-e" "RUSTUP_HOME=/opt/rustwide/rustup-home" "-w" "/opt/rustwide/workdir" "-m" "1610612736" "--user" "0:0" "--network" "none" "ghcr.io/rust-lang/crates-build-env/linux@sha256:f3a9d4ad9d972b27faf3965f35b62e55ba32bbce8f20bc8fe909558a86702fde" "/opt/rustwide/cargo-home/bin/cargo" "+beta-2024-12-08" "build" "--frozen" "--message-format=json", kill_on_drop: false }`
[INFO] [stdout] 906582622fb7b2dc656dd3bd587556266b3107613c8adb033133ea4ad4bd9ee4
[INFO] running `Command { std: "docker" "start" "-a" "906582622fb7b2dc656dd3bd587556266b3107613c8adb033133ea4ad4bd9ee4", kill_on_drop: false }`
[INFO] [stderr]    Compiling libc v0.2.62
[INFO] [stderr]    Compiling bitflags v1.1.0
[INFO] [stderr]    Compiling unicode-width v0.1.6
[INFO] [stderr]    Compiling strsim v0.8.0
[INFO] [stderr]    Compiling ansi_term v0.11.0
[INFO] [stderr]    Compiling vec_map v0.8.1
[INFO] [stderr]    Compiling static_assertions v0.3.4
[INFO] [stderr]    Compiling textwrap v0.11.0
[INFO] [stderr]    Compiling atty v0.2.13
[INFO] [stderr]    Compiling clap v2.33.0
[INFO] [stderr]    Compiling isbfc v0.0.1 (/opt/rustwide/workdir)
[INFO] [stdout] warning: type alias `Elf64_Sxword` is never used
[INFO] [stdout]  --> src/elf/types.rs:8:6
[INFO] [stdout]   |
[INFO] [stdout] 8 | type Elf64_Sxword = i64;
[INFO] [stdout]   |      ^^^^^^^^^^^^
[INFO] [stdout]   |
[INFO] [stdout]   = note: `#[warn(dead_code)]` on by default
[INFO] [stdout] 
[INFO] [stdout] 
[INFO] [stdout] warning: struct `Elf64_Rela` is never constructed
[INFO] [stdout]   --> src/elf/types.rs:98:12
[INFO] [stdout]    |
[INFO] [stdout] 98 | pub struct Elf64_Rela {
[INFO] [stdout]    |            ^^^^^^^^^^
[INFO] [stdout]    |
[INFO] [stdout]    = note: `Elf64_Rela` has derived impls for the traits `Clone` and `Debug`, but these are intentionally ignored during dead code analysis
[INFO] [stdout] 
[INFO] [stdout] 
[INFO] [stderr]     Finished `dev` profile [unoptimized + debuginfo] target(s) in 5.70s
[INFO] running `Command { std: "docker" "inspect" "906582622fb7b2dc656dd3bd587556266b3107613c8adb033133ea4ad4bd9ee4", kill_on_drop: false }`
[INFO] running `Command { std: "docker" "rm" "-f" "906582622fb7b2dc656dd3bd587556266b3107613c8adb033133ea4ad4bd9ee4", kill_on_drop: false }`
[INFO] [stdout] 906582622fb7b2dc656dd3bd587556266b3107613c8adb033133ea4ad4bd9ee4
[INFO] running `Command { std: "docker" "create" "-v" "/var/lib/crater-agent-workspace/builds/worker-4-tc2/target:/opt/rustwide/target:rw,Z" "-v" "/var/lib/crater-agent-workspace/builds/worker-4-tc2/source:/opt/rustwide/workdir:ro,Z" "-v" "/var/lib/crater-agent-workspace/cargo-home:/opt/rustwide/cargo-home:ro,Z" "-v" "/var/lib/crater-agent-workspace/rustup-home:/opt/rustwide/rustup-home:ro,Z" "-e" "SOURCE_DIR=/opt/rustwide/workdir" "-e" "CARGO_TARGET_DIR=/opt/rustwide/target" "-e" "CARGO_INCREMENTAL=0" "-e" "RUST_BACKTRACE=full" "-e" "RUSTFLAGS=--cap-lints=warn" "-e" "RUSTDOCFLAGS=--cap-lints=warn" "-e" "CARGO_HOME=/opt/rustwide/cargo-home" "-e" "RUSTUP_HOME=/opt/rustwide/rustup-home" "-w" "/opt/rustwide/workdir" "-m" "1610612736" "--user" "0:0" "--network" "none" "ghcr.io/rust-lang/crates-build-env/linux@sha256:f3a9d4ad9d972b27faf3965f35b62e55ba32bbce8f20bc8fe909558a86702fde" "/opt/rustwide/cargo-home/bin/cargo" "+beta-2024-12-08" "test" "--frozen" "--no-run" "--message-format=json", kill_on_drop: false }`
[INFO] [stdout] 8e45375db40a619ad36c9da5b4f621f647bb3126b6a9f3a45b90cd89411699b0
[INFO] running `Command { std: "docker" "start" "-a" "8e45375db40a619ad36c9da5b4f621f647bb3126b6a9f3a45b90cd89411699b0", kill_on_drop: false }`
[INFO] [stderr]    Compiling isbfc v0.0.1 (/opt/rustwide/workdir)
[INFO] [stdout] warning: type alias `Elf64_Sxword` is never used
[INFO] [stdout]  --> src/elf/types.rs:8:6
[INFO] [stdout]   |
[INFO] [stdout] 8 | type Elf64_Sxword = i64;
[INFO] [stdout]   |      ^^^^^^^^^^^^
[INFO] [stdout]   |
[INFO] [stdout]   = note: `#[warn(dead_code)]` on by default
[INFO] [stdout] 
[INFO] [stdout] 
[INFO] [stdout] warning: struct `Elf64_Rela` is never constructed
[INFO] [stdout]   --> src/elf/types.rs:98:12
[INFO] [stdout]    |
[INFO] [stdout] 98 | pub struct Elf64_Rela {
[INFO] [stdout]    |            ^^^^^^^^^^
[INFO] [stdout]    |
[INFO] [stdout]    = note: `Elf64_Rela` has derived impls for the traits `Clone` and `Debug`, but these are intentionally ignored during dead code analysis
[INFO] [stdout] 
[INFO] [stdout] 
[INFO] [stdout] warning: type alias `Elf64_Sxword` is never used
[INFO] [stdout]  --> src/elf/types.rs:8:6
[INFO] [stdout]   |
[INFO] [stdout] 8 | type Elf64_Sxword = i64;
[INFO] [stdout]   |      ^^^^^^^^^^^^
[INFO] [stdout]   |
[INFO] [stdout]   = note: `#[warn(dead_code)]` on by default
[INFO] [stdout] 
[INFO] [stdout] 
[INFO] [stdout] warning: struct `Elf64_Rela` is never constructed
[INFO] [stdout]   --> src/elf/types.rs:98:12
[INFO] [stdout]    |
[INFO] [stdout] 98 | pub struct Elf64_Rela {
[INFO] [stdout]    |            ^^^^^^^^^^
[INFO] [stdout]    |
[INFO] [stdout]    = note: `Elf64_Rela` has derived impls for the traits `Clone` and `Debug`, but these are intentionally ignored during dead code analysis
[INFO] [stdout] 
[INFO] [stdout] 
[INFO] [stderr]     Finished `test` profile [unoptimized + debuginfo] target(s) in 0.71s
[INFO] running `Command { std: "docker" "inspect" "8e45375db40a619ad36c9da5b4f621f647bb3126b6a9f3a45b90cd89411699b0", kill_on_drop: false }`
[INFO] running `Command { std: "docker" "rm" "-f" "8e45375db40a619ad36c9da5b4f621f647bb3126b6a9f3a45b90cd89411699b0", kill_on_drop: false }`
[INFO] [stdout] 8e45375db40a619ad36c9da5b4f621f647bb3126b6a9f3a45b90cd89411699b0
[INFO] running `Command { std: "docker" "create" "-v" "/var/lib/crater-agent-workspace/builds/worker-4-tc2/target:/opt/rustwide/target:rw,Z" "-v" "/var/lib/crater-agent-workspace/builds/worker-4-tc2/source:/opt/rustwide/workdir:ro,Z" "-v" "/var/lib/crater-agent-workspace/cargo-home:/opt/rustwide/cargo-home:ro,Z" "-v" "/var/lib/crater-agent-workspace/rustup-home:/opt/rustwide/rustup-home:ro,Z" "-e" "SOURCE_DIR=/opt/rustwide/workdir" "-e" "CARGO_TARGET_DIR=/opt/rustwide/target" "-e" "CARGO_INCREMENTAL=0" "-e" "RUST_BACKTRACE=full" "-e" "RUSTFLAGS=--cap-lints=warn" "-e" "RUSTDOCFLAGS=--cap-lints=warn" "-e" "CARGO_HOME=/opt/rustwide/cargo-home" "-e" "RUSTUP_HOME=/opt/rustwide/rustup-home" "-w" "/opt/rustwide/workdir" "-m" "1610612736" "--user" "0:0" "--network" "none" "ghcr.io/rust-lang/crates-build-env/linux@sha256:f3a9d4ad9d972b27faf3965f35b62e55ba32bbce8f20bc8fe909558a86702fde" "/opt/rustwide/cargo-home/bin/cargo" "+beta-2024-12-08" "test" "--frozen", kill_on_drop: false }`
[INFO] [stdout] fac1dd2c2c628a97ed285a686771ad07b5d8d6b0dfe039cb328c2ef01788e051
[INFO] running `Command { std: "docker" "start" "-a" "fac1dd2c2c628a97ed285a686771ad07b5d8d6b0dfe039cb328c2ef01788e051", kill_on_drop: false }`
[INFO] [stderr] warning: type alias `Elf64_Sxword` is never used
[INFO] [stderr]  --> src/elf/types.rs:8:6
[INFO] [stderr]   |
[INFO] [stderr] 8 | type Elf64_Sxword = i64;
[INFO] [stderr]   |      ^^^^^^^^^^^^
[INFO] [stderr]   |
[INFO] [stderr]   = note: `#[warn(dead_code)]` on by default
[INFO] [stderr] 
[INFO] [stderr] warning: struct `Elf64_Rela` is never constructed
[INFO] [stderr]   --> src/elf/types.rs:98:12
[INFO] [stderr]    |
[INFO] [stderr] 98 | pub struct Elf64_Rela {
[INFO] [stderr]    |            ^^^^^^^^^^
[INFO] [stderr]    |
[INFO] [stderr]    = note: `Elf64_Rela` has derived impls for the traits `Clone` and `Debug`, but these are intentionally ignored during dead code analysis
[INFO] [stderr] 
[INFO] [stderr] warning: `isbfc` (lib) generated 2 warnings
[INFO] [stderr] warning: `isbfc` (lib test) generated 2 warnings (2 duplicates)
[INFO] [stderr]     Finished `test` profile [unoptimized + debuginfo] target(s) in 0.04s
[INFO] [stderr]      Running unittests src/lib.rs (/opt/rustwide/target/debug/deps/isbfc-afb997e5330cdfb0)
[INFO] [stdout] 
[INFO] [stdout] running 0 tests
[INFO] [stdout] 
[INFO] [stdout] test result: ok. 0 passed; 0 failed; 0 ignored; 0 measured; 0 filtered out; finished in 0.00s
[INFO] [stdout] 
[INFO] [stdout] 
[INFO] [stderr]      Running unittests src/bin/bfinterp.rs (/opt/rustwide/target/debug/deps/bfinterp-a152e8852c191320)
[INFO] [stdout] running 0 tests
[INFO] [stderr]      Running unittests src/bin/isbfc.rs (/opt/rustwide/target/debug/deps/isbfc-0d4adb2b2979084e)
[INFO] [stdout] 
[INFO] [stdout] test result: ok. 0 passed; 0 failed; 0 ignored; 0 measured; 0 filtered out; finished in 0.00s
[INFO] [stdout] 
[INFO] [stdout] 
[INFO] [stdout] running 0 tests
[INFO] [stdout] 
[INFO] [stdout] test result: ok. 0 passed; 0 failed; 0 ignored; 0 measured; 0 filtered out; finished in 0.00s
[INFO] [stdout] 
[INFO] [stderr]    Doc-tests isbfc
[INFO] [stdout] 
[INFO] [stdout] running 1 test
[INFO] [stdout] test src/lib.rs - (line 4) ... FAILED
[INFO] [stdout] 
[INFO] [stdout] failures:
[INFO] [stdout] 
[INFO] [stdout] ---- src/lib.rs - (line 4) stdout ----
[INFO] [stdout] error[E0308]: mismatched types
[INFO] [stdout]   --> src/lib.rs:9:33
[INFO] [stdout]    |
[INFO] [stdout] 6  |     let assembly = isbfc::parse(",[.,]").unwrap().optimize().compile(2048);
[INFO] [stdout]    |                    ------------ ^^^^^^^ expected `&[u8]`, found `&str`
[INFO] [stdout]    |                    |
[INFO] [stdout]    |                    arguments to this function are incorrect
[INFO] [stdout]    |
[INFO] [stdout]    = note: expected reference `&[u8]`
[INFO] [stdout]               found reference `&'static str`
[INFO] [stdout] note: function defined here
[INFO] [stdout]   --> /opt/rustwide/workdir/src/parser.rs:72:8
[INFO] [stdout]    |
[INFO] [stdout] 72 | pub fn parse(code: &[u8]) -> Result<Vec<AST>, ParseError> {
[INFO] [stdout]    |        ^^^^^
[INFO] [stdout] help: consider adding a leading `b`
[INFO] [stdout]    |
[INFO] [stdout] 6  |     let assembly = isbfc::parse(b",[.,]").unwrap().optimize().compile(2048);
[INFO] [stdout]    |                                 +
[INFO] [stdout] 
[INFO] [stdout] error[E0599]: no method named `optimize` found for struct `Vec<AST>` in the current scope
[INFO] [stdout]  --> src/lib.rs:9:51
[INFO] [stdout]   |
[INFO] [stdout] 6 |     let assembly = isbfc::parse(",[.,]").unwrap().optimize().compile(2048);
[INFO] [stdout]   |                                                   ^^^^^^^^ method not found in `Vec<AST>`
[INFO] [stdout] 
[INFO] [stdout] error: aborting due to 2 previous errors
[INFO] [stdout] 
[INFO] [stdout] Some errors have detailed explanations: E0308, E0599.
[INFO] [stdout] For more information about an error, try `rustc --explain E0308`.
[INFO] [stdout] Couldn't compile the test.
[INFO] [stdout] 
[INFO] [stdout] failures:
[INFO] [stdout]     src/lib.rs - (line 4)
[INFO] [stdout] 
[INFO] [stdout] test result: FAILED. 0 passed; 1 failed; 0 ignored; 0 measured; 0 filtered out; finished in 0.11s
[INFO] [stdout] 
[INFO] [stderr] error: doctest failed, to rerun pass `--doc`
[INFO] running `Command { std: "docker" "inspect" "fac1dd2c2c628a97ed285a686771ad07b5d8d6b0dfe039cb328c2ef01788e051", kill_on_drop: false }`
[INFO] running `Command { std: "docker" "rm" "-f" "fac1dd2c2c628a97ed285a686771ad07b5d8d6b0dfe039cb328c2ef01788e051", kill_on_drop: false }`
[INFO] [stdout] fac1dd2c2c628a97ed285a686771ad07b5d8d6b0dfe039cb328c2ef01788e051
