[INFO] cloning repository https://github.com/i10416/aws-external-account-subjec-token-draft
[INFO] running `Command { std: "git" "-c" "credential.helper=" "-c" "credential.helper=/workspace/cargo-home/bin/git-credential-null" "clone" "--bare" "https://github.com/i10416/aws-external-account-subjec-token-draft" "/workspace/cache/git-repos/https%3A%2F%2Fgithub.com%2Fi10416%2Faws-external-account-subjec-token-draft", kill_on_drop: false }`
[INFO] [stderr] Cloning into bare repository '/workspace/cache/git-repos/https%3A%2F%2Fgithub.com%2Fi10416%2Faws-external-account-subjec-token-draft'...
[INFO] running `Command { std: "git" "rev-parse" "HEAD", kill_on_drop: false }`
[INFO] [stdout] 9e60d857fe0da625261a885c9fb5978fa2cc5222
[INFO] testing i10416/aws-external-account-subjec-token-draft against 1.83.0 for beta-1.84.0-4-retry
[INFO] running `Command { std: "git" "clone" "/workspace/cache/git-repos/https%3A%2F%2Fgithub.com%2Fi10416%2Faws-external-account-subjec-token-draft" "/workspace/builds/worker-0-tc1/source", kill_on_drop: false }`
[INFO] [stderr] Cloning into '/workspace/builds/worker-0-tc1/source'...
[INFO] [stderr] done.
[INFO] validating manifest of git repo https://github.com/i10416/aws-external-account-subjec-token-draft on toolchain 1.83.0
[INFO] running `Command { std: CARGO_HOME="/workspace/cargo-home" RUSTUP_HOME="/workspace/rustup-home" "/workspace/cargo-home/bin/cargo" "+1.83.0" "metadata" "--manifest-path" "Cargo.toml" "--no-deps", kill_on_drop: false }`
[INFO] started tweaking git repo https://github.com/i10416/aws-external-account-subjec-token-draft
[INFO] finished tweaking git repo https://github.com/i10416/aws-external-account-subjec-token-draft
[INFO] tweaked toml for git repo https://github.com/i10416/aws-external-account-subjec-token-draft written to /workspace/builds/worker-0-tc1/source/Cargo.toml
[INFO] crate git repo https://github.com/i10416/aws-external-account-subjec-token-draft already has a lockfile, it will not be regenerated
[INFO] running `Command { std: CARGO_HOME="/workspace/cargo-home" RUSTUP_HOME="/workspace/rustup-home" "/workspace/cargo-home/bin/cargo" "+1.83.0" "fetch" "--manifest-path" "Cargo.toml", kill_on_drop: false }`
[INFO] [stderr]     Blocking waiting for file lock on package cache
[INFO] [stderr]     Updating crates.io index
[INFO] [stderr]     Blocking waiting for file lock on package cache
[INFO] [stderr]  Downloading crates ...
[INFO] [stderr]   Downloaded aws-smithy-http v0.60.11
[INFO] [stderr]   Downloaded vsimd v0.8.0
[INFO] [stderr]   Downloaded aws-smithy-async v1.2.1
[INFO] [stderr]   Downloaded outref v0.5.1
[INFO] [stderr]   Downloaded base64-simd v0.8.0
[INFO] [stderr]   Downloaded aws-sigv4 v1.2.5
[INFO] [stderr]   Downloaded aws-smithy-query v0.60.7
[INFO] [stderr]   Downloaded aws-types v1.3.3
[INFO] [stderr]   Downloaded aws-credential-types v1.2.1
[INFO] [stderr]   Downloaded aws-runtime v1.4.3
[INFO] [stderr]   Downloaded aws-smithy-types v1.2.9
[INFO] [stderr]   Downloaded aws-smithy-runtime-api v1.7.3
[INFO] [stderr]   Downloaded aws-smithy-runtime v1.7.3
[INFO] [stderr]   Downloaded aws-config v1.5.10
[INFO] [stderr]   Downloaded aws-sdk-sts v1.50.0
[INFO] [stderr]   Downloaded aws-smithy-xml v0.60.9
[INFO] [stderr]   Downloaded aws-smithy-json v0.60.7
[INFO] running `Command { std: "docker" "create" "-v" "/var/lib/crater-agent-workspace/builds/worker-0-tc1/target:/opt/rustwide/target:rw,Z" "-v" "/var/lib/crater-agent-workspace/builds/worker-0-tc1/source:/opt/rustwide/workdir:ro,Z" "-v" "/var/lib/crater-agent-workspace/cargo-home:/opt/rustwide/cargo-home:ro,Z" "-v" "/var/lib/crater-agent-workspace/rustup-home:/opt/rustwide/rustup-home:ro,Z" "-e" "SOURCE_DIR=/opt/rustwide/workdir" "-e" "CARGO_TARGET_DIR=/opt/rustwide/target" "-e" "CARGO_HOME=/opt/rustwide/cargo-home" "-e" "RUSTUP_HOME=/opt/rustwide/rustup-home" "-w" "/opt/rustwide/workdir" "-m" "1610612736" "--user" "0:0" "--network" "none" "ghcr.io/rust-lang/crates-build-env/linux@sha256:f3a9d4ad9d972b27faf3965f35b62e55ba32bbce8f20bc8fe909558a86702fde" "/opt/rustwide/cargo-home/bin/cargo" "+1.83.0" "metadata" "--no-deps" "--format-version=1", kill_on_drop: false }`
[INFO] [stdout] ab6a5001401e023f80fee84f52464c729b48ce929039f87b7f4648cbbba4e6ae
[INFO] running `Command { std: "docker" "start" "-a" "ab6a5001401e023f80fee84f52464c729b48ce929039f87b7f4648cbbba4e6ae", kill_on_drop: false }`
[INFO] running `Command { std: "docker" "inspect" "ab6a5001401e023f80fee84f52464c729b48ce929039f87b7f4648cbbba4e6ae", kill_on_drop: false }`
[INFO] running `Command { std: "docker" "rm" "-f" "ab6a5001401e023f80fee84f52464c729b48ce929039f87b7f4648cbbba4e6ae", kill_on_drop: false }`
[INFO] [stdout] ab6a5001401e023f80fee84f52464c729b48ce929039f87b7f4648cbbba4e6ae
[INFO] running `Command { std: "docker" "create" "-v" "/var/lib/crater-agent-workspace/builds/worker-0-tc1/target:/opt/rustwide/target:rw,Z" "-v" "/var/lib/crater-agent-workspace/builds/worker-0-tc1/source:/opt/rustwide/workdir:ro,Z" "-v" "/var/lib/crater-agent-workspace/cargo-home:/opt/rustwide/cargo-home:ro,Z" "-v" "/var/lib/crater-agent-workspace/rustup-home:/opt/rustwide/rustup-home:ro,Z" "-e" "SOURCE_DIR=/opt/rustwide/workdir" "-e" "CARGO_TARGET_DIR=/opt/rustwide/target" "-e" "CARGO_INCREMENTAL=0" "-e" "RUST_BACKTRACE=full" "-e" "RUSTFLAGS=--cap-lints=warn" "-e" "RUSTDOCFLAGS=--cap-lints=warn" "-e" "CARGO_HOME=/opt/rustwide/cargo-home" "-e" "RUSTUP_HOME=/opt/rustwide/rustup-home" "-w" "/opt/rustwide/workdir" "-m" "1610612736" "--user" "0:0" "--network" "none" "ghcr.io/rust-lang/crates-build-env/linux@sha256:f3a9d4ad9d972b27faf3965f35b62e55ba32bbce8f20bc8fe909558a86702fde" "/opt/rustwide/cargo-home/bin/cargo" "+1.83.0" "build" "--frozen" "--message-format=json", kill_on_drop: false }`
[INFO] [stdout] f40b45b527e43fe6ec370f5859a99b48d8ca098ba466b18637230dedb5a958bd
[INFO] running `Command { std: "docker" "start" "-a" "f40b45b527e43fe6ec370f5859a99b48d8ca098ba466b18637230dedb5a958bd", kill_on_drop: false }`
[INFO] [stderr]    Compiling itoa v1.0.14
[INFO] [stderr]    Compiling pin-project-lite v0.2.15
[INFO] [stderr]    Compiling bytes v1.8.0
[INFO] [stderr]    Compiling autocfg v1.4.0
[INFO] [stderr]    Compiling futures-core v0.3.31
[INFO] [stderr]    Compiling futures-task v0.3.31
[INFO] [stderr]    Compiling powerfmt v0.2.0
[INFO] [stderr]    Compiling num-conv v0.1.0
[INFO] [stderr]    Compiling time-core v0.1.2
[INFO] [stderr]    Compiling either v1.13.0
[INFO] [stderr]    Compiling vsimd v0.8.0
[INFO] [stderr]    Compiling stable_deref_trait v1.2.0
[INFO] [stderr]    Compiling ryu v1.0.18
[INFO] [stderr]    Compiling outref v0.5.1
[INFO] [stderr]    Compiling version_check v0.9.5
[INFO] [stderr]    Compiling syn v2.0.89
[INFO] [stderr]    Compiling typenum v1.17.0
[INFO] [stderr]    Compiling once_cell v1.20.2
[INFO] [stderr]    Compiling tokio v1.41.1
[INFO] [stderr]    Compiling zeroize v1.8.1
[INFO] [stderr]    Compiling litemap v0.7.4
[INFO] [stderr]    Compiling futures-util v0.3.31
[INFO] [stderr]    Compiling writeable v0.5.5
[INFO] [stderr]    Compiling semver v1.0.23
[INFO] [stderr]    Compiling deranged v0.3.11
[INFO] [stderr]    Compiling percent-encoding v2.3.1
[INFO] [stderr]    Compiling subtle v2.6.1
[INFO] [stderr]    Compiling tracing-core v0.1.33
[INFO] [stderr]    Compiling icu_locid_transform_data v1.5.0
[INFO] [stderr]    Compiling icu_properties_data v1.5.0
[INFO] [stderr]    Compiling httparse v1.9.5
[INFO] [stderr]    Compiling generic-array v0.14.7
[INFO] [stderr]    Compiling form_urlencoded v1.2.1
[INFO] [stderr]    Compiling smallvec v1.13.2
[INFO] [stderr]    Compiling http v1.1.0
[INFO] [stderr]    Compiling http v0.2.12
[INFO] [stderr]    Compiling base64-simd v0.8.0
[INFO] [stderr]    Compiling num-traits v0.2.19
[INFO] [stderr]    Compiling bytes-utils v0.1.4
[INFO] [stderr]    Compiling icu_normalizer_data v1.5.0
[INFO] [stderr]    Compiling cpufeatures v0.2.16
[INFO] [stderr]    Compiling write16 v1.0.0
[INFO] [stderr]    Compiling utf8_iter v1.0.4
[INFO] [stderr]    Compiling utf16_iter v1.0.5
[INFO] [stderr]    Compiling hex v0.4.3
[INFO] [stderr]    Compiling fastrand v2.2.0
[INFO] [stderr]    Compiling xmlparser v0.13.6
[INFO] [stderr]    Compiling serde v1.0.215
[INFO] [stderr]    Compiling rustc_version v0.4.1
[INFO] [stderr]    Compiling uuid v1.11.0
[INFO] [stderr]    Compiling urlencoding v2.1.3
[INFO] [stderr]    Compiling aws-smithy-xml v0.60.9
[INFO] [stderr]    Compiling http-body v1.0.1
[INFO] [stderr]    Compiling time v0.3.36
[INFO] [stderr]    Compiling regex-lite v0.1.6
[INFO] [stderr]    Compiling serde_json v1.0.133
[INFO] [stderr]    Compiling memchr v2.7.4
[INFO] [stderr]    Compiling aws-types v1.3.3
[INFO] [stderr]    Compiling http-body v0.4.6
[INFO] [stderr]    Compiling num-integer v0.1.46
[INFO] [stderr]    Compiling block-buffer v0.10.4
[INFO] [stderr]    Compiling crypto-common v0.1.6
[INFO] [stderr]    Compiling digest v0.10.7
[INFO] [stderr]    Compiling hmac v0.12.1
[INFO] [stderr]    Compiling sha2 v0.10.8
[INFO] [stderr]    Compiling http-body-util v0.1.2
[INFO] [stderr]    Compiling aws-smithy-async v1.2.1
[INFO] [stderr]    Compiling aws-smithy-types v1.2.9
[INFO] [stderr]    Compiling aws-smithy-query v0.60.7
[INFO] [stderr]    Compiling aws-smithy-json v0.60.7
[INFO] [stderr]    Compiling synstructure v0.13.1
[INFO] [stderr]    Compiling zerofrom-derive v0.1.5
[INFO] [stderr]    Compiling yoke-derive v0.7.5
[INFO] [stderr]    Compiling zerovec-derive v0.10.3
[INFO] [stderr]    Compiling displaydoc v0.2.5
[INFO] [stderr]    Compiling tracing-attributes v0.1.28
[INFO] [stderr]    Compiling icu_provider_macros v1.5.0
[INFO] [stderr]    Compiling serde_derive v1.0.215
[INFO] [stderr]    Compiling zerofrom v0.1.5
[INFO] [stderr]    Compiling yoke v0.7.5
[INFO] [stderr]    Compiling zerovec v0.10.4
[INFO] [stderr]    Compiling tracing v0.1.40
[INFO] [stderr]    Compiling aws-smithy-runtime-api v1.7.3
[INFO] [stderr]    Compiling tinystr v0.7.6
[INFO] [stderr]    Compiling icu_collections v1.5.0
[INFO] [stderr]    Compiling icu_locid v1.5.0
[INFO] [stderr]    Compiling aws-smithy-http v0.60.11
[INFO] [stderr]    Compiling aws-credential-types v1.2.1
[INFO] [stderr]    Compiling aws-smithy-runtime v1.7.3
[INFO] [stderr]    Compiling aws-sigv4 v1.2.5
[INFO] [stderr]    Compiling icu_provider v1.5.0
[INFO] [stderr]    Compiling icu_locid_transform v1.5.0
[INFO] [stderr]    Compiling icu_properties v1.5.1
[INFO] [stderr]    Compiling aws-runtime v1.4.3
[INFO] [stderr]    Compiling aws-sdk-sts v1.50.0
[INFO] [stderr]    Compiling icu_normalizer v1.5.0
[INFO] [stderr]    Compiling idna_adapter v1.2.0
[INFO] [stderr]    Compiling idna v1.0.3
[INFO] [stderr]    Compiling url v2.5.4
[INFO] [stderr]    Compiling aws-config v1.5.10
[INFO] [stderr]    Compiling external-auth-sandbox v0.1.0 (/opt/rustwide/workdir)
[INFO] [stdout] warning: function `aws_subject_token` is never used
[INFO] [stdout]   --> src/lib.rs:12:10
[INFO] [stdout]    |
[INFO] [stdout] 12 | async fn aws_subject_token(
[INFO] [stdout]    |          ^^^^^^^^^^^^^^^^^
[INFO] [stdout]    |
[INFO] [stdout]    = note: `#[warn(dead_code)]` on by default
[INFO] [stdout] 
[INFO] [stdout] 
[INFO] [stdout] warning: struct `AWSRequest` is never constructed
[INFO] [stdout]   --> src/lib.rs:77:8
[INFO] [stdout]    |
[INFO] [stdout] 77 | struct AWSRequest {
[INFO] [stdout]    |        ^^^^^^^^^^
[INFO] [stdout] 
[INFO] [stdout] 
[INFO] [stdout] warning: struct `AWSRequestHeader` is never constructed
[INFO] [stdout]   --> src/lib.rs:84:8
[INFO] [stdout]    |
[INFO] [stdout] 84 | struct AWSRequestHeader {
[INFO] [stdout]    |        ^^^^^^^^^^^^^^^^
[INFO] [stdout] 
[INFO] [stdout] 
[INFO] [stdout] warning: associated function `new` is never used
[INFO] [stdout]   --> src/lib.rs:90:12
[INFO] [stdout]    |
[INFO] [stdout] 89 | impl AWSRequestHeader {
[INFO] [stdout]    | --------------------- associated function in this implementation
[INFO] [stdout] 90 |     pub fn new(key: impl Into<String>, value: impl Into<String>) -> Self {
[INFO] [stdout]    |            ^^^
[INFO] [stdout] 
[INFO] [stdout] 
[INFO] [stdout] warning: function `get_aws_props` is never used
[INFO] [stdout]   --> src/lib.rs:98:10
[INFO] [stdout]    |
[INFO] [stdout] 98 | async fn get_aws_props() -> Result<(Credentials, Region), Box<dyn std::error::Error>> {
[INFO] [stdout]    |          ^^^^^^^^^^^^^
[INFO] [stdout] 
[INFO] [stdout] 
[INFO] [stderr]     Finished `dev` profile [unoptimized + debuginfo] target(s) in 37.61s
[INFO] running `Command { std: "docker" "inspect" "f40b45b527e43fe6ec370f5859a99b48d8ca098ba466b18637230dedb5a958bd", kill_on_drop: false }`
[INFO] running `Command { std: "docker" "rm" "-f" "f40b45b527e43fe6ec370f5859a99b48d8ca098ba466b18637230dedb5a958bd", kill_on_drop: false }`
[INFO] [stdout] f40b45b527e43fe6ec370f5859a99b48d8ca098ba466b18637230dedb5a958bd
[INFO] running `Command { std: "docker" "create" "-v" "/var/lib/crater-agent-workspace/builds/worker-0-tc1/target:/opt/rustwide/target:rw,Z" "-v" "/var/lib/crater-agent-workspace/builds/worker-0-tc1/source:/opt/rustwide/workdir:ro,Z" "-v" "/var/lib/crater-agent-workspace/cargo-home:/opt/rustwide/cargo-home:ro,Z" "-v" "/var/lib/crater-agent-workspace/rustup-home:/opt/rustwide/rustup-home:ro,Z" "-e" "SOURCE_DIR=/opt/rustwide/workdir" "-e" "CARGO_TARGET_DIR=/opt/rustwide/target" "-e" "CARGO_INCREMENTAL=0" "-e" "RUST_BACKTRACE=full" "-e" "RUSTFLAGS=--cap-lints=warn" "-e" "RUSTDOCFLAGS=--cap-lints=warn" "-e" "CARGO_HOME=/opt/rustwide/cargo-home" "-e" "RUSTUP_HOME=/opt/rustwide/rustup-home" "-w" "/opt/rustwide/workdir" "-m" "1610612736" "--user" "0:0" "--network" "none" "ghcr.io/rust-lang/crates-build-env/linux@sha256:f3a9d4ad9d972b27faf3965f35b62e55ba32bbce8f20bc8fe909558a86702fde" "/opt/rustwide/cargo-home/bin/cargo" "+1.83.0" "test" "--frozen" "--no-run" "--message-format=json", kill_on_drop: false }`
[INFO] [stdout] 353d62e61397ece6c8085936695d14cb81e6f84010c01a577f3656fd723c0521
[INFO] running `Command { std: "docker" "start" "-a" "353d62e61397ece6c8085936695d14cb81e6f84010c01a577f3656fd723c0521", kill_on_drop: false }`
[INFO] [stderr]    Compiling libc v0.2.166
[INFO] [stderr]    Compiling parking_lot_core v0.9.10
[INFO] [stderr]    Compiling lock_api v0.4.12
[INFO] [stderr]    Compiling scopeguard v1.2.0
[INFO] [stderr]    Compiling tokio-macros v2.4.0
[INFO] [stderr]    Compiling iana-time-zone v0.1.61
[INFO] [stderr]    Compiling chrono v0.4.38
[INFO] [stderr]    Compiling signal-hook-registry v1.4.2
[INFO] [stderr]    Compiling socket2 v0.5.7
[INFO] [stderr]    Compiling mio v1.0.2
[INFO] [stderr]    Compiling parking_lot v0.12.3
[INFO] [stderr]    Compiling tokio v1.41.1
[INFO] [stderr]    Compiling aws-smithy-async v1.2.1
[INFO] [stderr]    Compiling aws-smithy-runtime-api v1.7.3
[INFO] [stderr]    Compiling aws-smithy-http v0.60.11
[INFO] [stderr]    Compiling aws-credential-types v1.2.1
[INFO] [stderr]    Compiling aws-types v1.3.3
[INFO] [stderr]    Compiling aws-smithy-runtime v1.7.3
[INFO] [stderr]    Compiling aws-sigv4 v1.2.5
[INFO] [stderr]    Compiling aws-runtime v1.4.3
[INFO] [stderr]    Compiling aws-sdk-sts v1.50.0
[INFO] [stderr]    Compiling aws-config v1.5.10
[INFO] [stderr]    Compiling external-auth-sandbox v0.1.0 (/opt/rustwide/workdir)
[INFO] [stdout] warning: function `aws_subject_token` is never used
[INFO] [stdout]   --> src/lib.rs:12:10
[INFO] [stdout]    |
[INFO] [stdout] 12 | async fn aws_subject_token(
[INFO] [stdout]    |          ^^^^^^^^^^^^^^^^^
[INFO] [stdout]    |
[INFO] [stdout]    = note: `#[warn(dead_code)]` on by default
[INFO] [stdout] 
[INFO] [stdout] 
[INFO] [stdout] warning: struct `AWSRequest` is never constructed
[INFO] [stdout]   --> src/lib.rs:77:8
[INFO] [stdout]    |
[INFO] [stdout] 77 | struct AWSRequest {
[INFO] [stdout]    |        ^^^^^^^^^^
[INFO] [stdout] 
[INFO] [stdout] 
[INFO] [stdout] warning: struct `AWSRequestHeader` is never constructed
[INFO] [stdout]   --> src/lib.rs:84:8
[INFO] [stdout]    |
[INFO] [stdout] 84 | struct AWSRequestHeader {
[INFO] [stdout]    |        ^^^^^^^^^^^^^^^^
[INFO] [stdout] 
[INFO] [stdout] 
[INFO] [stdout] warning: associated function `new` is never used
[INFO] [stdout]   --> src/lib.rs:90:12
[INFO] [stdout]    |
[INFO] [stdout] 89 | impl AWSRequestHeader {
[INFO] [stdout]    | --------------------- associated function in this implementation
[INFO] [stdout] 90 |     pub fn new(key: impl Into<String>, value: impl Into<String>) -> Self {
[INFO] [stdout]    |            ^^^
[INFO] [stdout] 
[INFO] [stdout] 
[INFO] [stdout] warning: function `get_aws_props` is never used
[INFO] [stdout]   --> src/lib.rs:98:10
[INFO] [stdout]    |
[INFO] [stdout] 98 | async fn get_aws_props() -> Result<(Credentials, Region), Box<dyn std::error::Error>> {
[INFO] [stdout]    |          ^^^^^^^^^^^^^
[INFO] [stdout] 
[INFO] [stdout] 
[INFO] [stderr]     Finished `test` profile [unoptimized + debuginfo] target(s) in 31.37s
[INFO] running `Command { std: "docker" "inspect" "353d62e61397ece6c8085936695d14cb81e6f84010c01a577f3656fd723c0521", kill_on_drop: false }`
[INFO] running `Command { std: "docker" "rm" "-f" "353d62e61397ece6c8085936695d14cb81e6f84010c01a577f3656fd723c0521", kill_on_drop: false }`
[INFO] [stdout] 353d62e61397ece6c8085936695d14cb81e6f84010c01a577f3656fd723c0521
[INFO] running `Command { std: "docker" "create" "-v" "/var/lib/crater-agent-workspace/builds/worker-0-tc1/target:/opt/rustwide/target:rw,Z" "-v" "/var/lib/crater-agent-workspace/builds/worker-0-tc1/source:/opt/rustwide/workdir:ro,Z" "-v" "/var/lib/crater-agent-workspace/cargo-home:/opt/rustwide/cargo-home:ro,Z" "-v" "/var/lib/crater-agent-workspace/rustup-home:/opt/rustwide/rustup-home:ro,Z" "-e" "SOURCE_DIR=/opt/rustwide/workdir" "-e" "CARGO_TARGET_DIR=/opt/rustwide/target" "-e" "CARGO_INCREMENTAL=0" "-e" "RUST_BACKTRACE=full" "-e" "RUSTFLAGS=--cap-lints=warn" "-e" "RUSTDOCFLAGS=--cap-lints=warn" "-e" "CARGO_HOME=/opt/rustwide/cargo-home" "-e" "RUSTUP_HOME=/opt/rustwide/rustup-home" "-w" "/opt/rustwide/workdir" "-m" "1610612736" "--user" "0:0" "--network" "none" "ghcr.io/rust-lang/crates-build-env/linux@sha256:f3a9d4ad9d972b27faf3965f35b62e55ba32bbce8f20bc8fe909558a86702fde" "/opt/rustwide/cargo-home/bin/cargo" "+1.83.0" "test" "--frozen", kill_on_drop: false }`
[INFO] [stdout] 98f2e9529e251071d02b7aebe9653f483bead47169539070f7967a8b8a575292
[INFO] running `Command { std: "docker" "start" "-a" "98f2e9529e251071d02b7aebe9653f483bead47169539070f7967a8b8a575292", kill_on_drop: false }`
[INFO] [stderr] warning: function `aws_subject_token` is never used
[INFO] [stderr]   --> src/lib.rs:12:10
[INFO] [stderr]    |
[INFO] [stderr] 12 | async fn aws_subject_token(
[INFO] [stderr]    |          ^^^^^^^^^^^^^^^^^
[INFO] [stderr]    |
[INFO] [stderr]    = note: `#[warn(dead_code)]` on by default
[INFO] [stderr] 
[INFO] [stderr] warning: struct `AWSRequest` is never constructed
[INFO] [stderr]   --> src/lib.rs:77:8
[INFO] [stderr]    |
[INFO] [stderr] 77 | struct AWSRequest {
[INFO] [stderr]    |        ^^^^^^^^^^
[INFO] [stderr] 
[INFO] [stderr] warning: struct `AWSRequestHeader` is never constructed
[INFO] [stderr]   --> src/lib.rs:84:8
[INFO] [stderr]    |
[INFO] [stderr] 84 | struct AWSRequestHeader {
[INFO] [stderr]    |        ^^^^^^^^^^^^^^^^
[INFO] [stderr] 
[INFO] [stderr] warning: associated function `new` is never used
[INFO] [stderr]   --> src/lib.rs:90:12
[INFO] [stderr]    |
[INFO] [stderr] 89 | impl AWSRequestHeader {
[INFO] [stderr]    | --------------------- associated function in this implementation
[INFO] [stderr] 90 |     pub fn new(key: impl Into<String>, value: impl Into<String>) -> Self {
[INFO] [stderr]    |            ^^^
[INFO] [stderr] 
[INFO] [stderr] warning: function `get_aws_props` is never used
[INFO] [stderr]   --> src/lib.rs:98:10
[INFO] [stderr]    |
[INFO] [stderr] 98 | async fn get_aws_props() -> Result<(Credentials, Region), Box<dyn std::error::Error>> {
[INFO] [stderr]    |          ^^^^^^^^^^^^^
[INFO] [stderr] 
[INFO] [stderr] warning: `external-auth-sandbox` (lib) generated 5 warnings
[INFO] [stderr]     Finished `test` profile [unoptimized + debuginfo] target(s) in 0.29s
[INFO] [stderr]      Running unittests src/lib.rs (/opt/rustwide/target/debug/deps/external_auth_sandbox-f0bc97aadb8dbe58)
[INFO] [stdout] 
[INFO] [stdout] running 2 tests
[INFO] [stdout] test tests::g ... ok
[INFO] [stdout] test tests::h ... FAILED
[INFO] [stdout] 
[INFO] [stdout] failures:
[INFO] [stdout] 
[INFO] [stdout] ---- tests::h stdout ----
[INFO] [stdout] thread 'tests::h' panicked at /opt/rustwide/cargo-home/registry/src/index.crates.io-6f17d22bba15001f/aws-smithy-runtime-1.7.3/src/client/orchestrator/operation.rs:401:13:
[INFO] [stdout] a http_client is required. Enable the `rustls` crate feature or configure a HTTP client to fix this.
[INFO] [stdout] stack backtrace:
[INFO] [stdout]    0:     0x5d94d8b8855a - std::backtrace_rs::backtrace::libunwind::trace::h5a5b8284f2d0c266
[INFO] [stdout]                                at /rustc/90b35a6239c3d8bdabc530a6a0816f7ff89a0aaf/library/std/src/../../backtrace/src/backtrace/libunwind.rs:116:5
[INFO] [stdout]    1:     0x5d94d8b8855a - std::backtrace_rs::backtrace::trace_unsynchronized::h76d4f1c9b0b875e3
[INFO] [stdout]                                at /rustc/90b35a6239c3d8bdabc530a6a0816f7ff89a0aaf/library/std/src/../../backtrace/src/backtrace/mod.rs:66:5
[INFO] [stdout]    2:     0x5d94d8b8855a - std::sys::backtrace::_print_fmt::hc4546b8364a537c6
[INFO] [stdout]                                at /rustc/90b35a6239c3d8bdabc530a6a0816f7ff89a0aaf/library/std/src/sys/backtrace.rs:66:9
[INFO] [stdout]    3:     0x5d94d8b8855a - <std::sys::backtrace::BacktraceLock::print::DisplayBacktrace as core::fmt::Display>::fmt::h5b6bd5631a6d1f6b
[INFO] [stdout]                                at /rustc/90b35a6239c3d8bdabc530a6a0816f7ff89a0aaf/library/std/src/sys/backtrace.rs:39:26
[INFO] [stdout]    4:     0x5d94d8bb31a3 - core::fmt::rt::Argument::fmt::h270f6602a2b96f62
[INFO] [stdout]                                at /rustc/90b35a6239c3d8bdabc530a6a0816f7ff89a0aaf/library/core/src/fmt/rt.rs:177:76
[INFO] [stdout]    5:     0x5d94d8bb31a3 - core::fmt::write::h7550c97b06c86515
[INFO] [stdout]                                at /rustc/90b35a6239c3d8bdabc530a6a0816f7ff89a0aaf/library/core/src/fmt/mod.rs:1186:21
[INFO] [stdout]    6:     0x5d94d8b851a3 - std::io::Write::write_fmt::h509ff860e5956e5e
[INFO] [stdout]                                at /rustc/90b35a6239c3d8bdabc530a6a0816f7ff89a0aaf/library/std/src/io/mod.rs:1839:15
[INFO] [stdout]    7:     0x5d94d8b883a2 - std::sys::backtrace::BacktraceLock::print::h2395ccd2c84ba3aa
[INFO] [stdout]                                at /rustc/90b35a6239c3d8bdabc530a6a0816f7ff89a0aaf/library/std/src/sys/backtrace.rs:42:9
[INFO] [stdout]    8:     0x5d94d8b899ba - std::panicking::default_hook::{{closure}}::he19d4c7230e07961
[INFO] [stdout]                                at /rustc/90b35a6239c3d8bdabc530a6a0816f7ff89a0aaf/library/std/src/panicking.rs:268:22
[INFO] [stdout]    9:     0x5d94d8b897c4 - std::panicking::default_hook::hf614597d3c67bbdb
[INFO] [stdout]                                at /rustc/90b35a6239c3d8bdabc530a6a0816f7ff89a0aaf/library/std/src/panicking.rs:292:9
[INFO] [stdout]   10:     0x5d94d8684dc9 - <alloc::boxed::Box<F,A> as core::ops::function::Fn<Args>>::call::h39b51ce4599c23d1
[INFO] [stdout]                                at /rustc/90b35a6239c3d8bdabc530a6a0816f7ff89a0aaf/library/alloc/src/boxed.rs:2468:9
[INFO] [stdout]   11:     0x5d94d8684dc9 - test::test_main::{{closure}}::he977ae839a582784
[INFO] [stdout]                                at /rustc/90b35a6239c3d8bdabc530a6a0816f7ff89a0aaf/library/test/src/lib.rs:133:21
[INFO] [stdout]   12:     0x5d94d8b8a058 - <alloc::boxed::Box<F,A> as core::ops::function::Fn<Args>>::call::h9455091b6b06f9fb
[INFO] [stdout]                                at /rustc/90b35a6239c3d8bdabc530a6a0816f7ff89a0aaf/library/alloc/src/boxed.rs:2468:9
[INFO] [stdout]   13:     0x5d94d8b8a058 - std::panicking::rust_panic_with_hook::h8942133a8b252070
[INFO] [stdout]                                at /rustc/90b35a6239c3d8bdabc530a6a0816f7ff89a0aaf/library/std/src/panicking.rs:809:13
[INFO] [stdout]   14:     0x5d94d8b89de6 - std::panicking::begin_panic_handler::{{closure}}::hb5f5963570096b29
[INFO] [stdout]                                at /rustc/90b35a6239c3d8bdabc530a6a0816f7ff89a0aaf/library/std/src/panicking.rs:667:13
[INFO] [stdout]   15:     0x5d94d8b88a39 - std::sys::backtrace::__rust_end_short_backtrace::h6208cedc1922feda
[INFO] [stdout]                                at /rustc/90b35a6239c3d8bdabc530a6a0816f7ff89a0aaf/library/std/src/sys/backtrace.rs:170:18
[INFO] [stdout]   16:     0x5d94d8b89aac - rust_begin_unwind
[INFO] [stdout]                                at /rustc/90b35a6239c3d8bdabc530a6a0816f7ff89a0aaf/library/std/src/panicking.rs:665:5
[INFO] [stdout]   17:     0x5d94d8617c20 - core::panicking::panic_fmt::h0c3082644d1bf418
[INFO] [stdout]                                at /rustc/90b35a6239c3d8bdabc530a6a0816f7ff89a0aaf/library/core/src/panicking.rs:74:14
[INFO] [stdout]   18:     0x5d94d8711828 - aws_smithy_runtime::client::orchestrator::operation::OperationBuilder<I,O,E>::build::h029009b96fa91d55
[INFO] [stdout]                                at /opt/rustwide/cargo-home/registry/src/index.crates.io-6f17d22bba15001f/aws-smithy-runtime-1.7.3/src/client/orchestrator/operation.rs:401:13
[INFO] [stdout]   19:     0x5d94d87026a0 - aws_config::imds::client::token::TokenResolver::new::h2d8537401a4130ec
[INFO] [stdout]                                at /opt/rustwide/cargo-home/registry/src/index.crates.io-6f17d22bba15001f/aws-config-1.5.10/src/imds/client/token.rs:128:26
[INFO] [stdout]   20:     0x5d94d87023ad - aws_config::imds::client::token::TokenRuntimePlugin::new::h34fe46c4f9355dc2
[INFO] [stdout]                                at /opt/rustwide/cargo-home/registry/src/index.crates.io-6f17d22bba15001f/aws-config-1.5.10/src/imds/client/token.rs:97:21
[INFO] [stdout]   21:     0x5d94d86e4e7d - aws_config::imds::client::Builder::build::hb6b124de6775e00c
[INFO] [stdout]                                at /opt/rustwide/cargo-home/registry/src/index.crates.io-6f17d22bba15001f/aws-config-1.5.10/src/imds/client.rs:434:29
[INFO] [stdout]   22:     0x5d94d8729a9a - aws_config::imds::region::Builder::build::{{closure}}::h3656581c88b6af5c
[INFO] [stdout]                                at /opt/rustwide/cargo-home/registry/src/index.crates.io-6f17d22bba15001f/aws-config-1.5.10/src/imds/region.rs:109:32
[INFO] [stdout]   23:     0x5d94d8708aae - core::option::Option<T>::unwrap_or_else::h6f64bca88b2d07d9
[INFO] [stdout]                                at /rustc/90b35a6239c3d8bdabc530a6a0816f7ff89a0aaf/library/core/src/option.rs:1017:21
[INFO] [stdout]   24:     0x5d94d87298db - aws_config::imds::region::Builder::build::h4d2bc720fc44d344
[INFO] [stdout]                                at /opt/rustwide/cargo-home/registry/src/index.crates.io-6f17d22bba15001f/aws-config-1.5.10/src/imds/region.rs:107:22
[INFO] [stdout]   25:     0x5d94d86e00b6 - aws_config::default_provider::region::Builder::build::he7ca7162562f6606
[INFO] [stdout]                                at /opt/rustwide/cargo-home/registry/src/index.crates.io-6f17d22bba15001f/aws-config-1.5.10/src/default_provider/region.rs:69:26
[INFO] [stdout]   26:     0x5d94d86411f1 - aws_config::default_provider::credentials::Builder::build::{{closure}}::h3eaaf7ae475c6949
[INFO] [stdout]                                at /opt/rustwide/cargo-home/registry/src/index.crates.io-6f17d22bba15001f/aws-config-1.5.10/src/default_provider/credentials.rs:178:21
[INFO] [stdout]   27:     0x5d94d864796f - external_auth_sandbox::get_aws_props::{{closure}}::hdbf882bb12937380
[INFO] [stdout]                                at /opt/rustwide/workdir/src/lib.rs:102:14
[INFO] [stdout]   28:     0x5d94d8635e4d - external_auth_sandbox::tests::h::{{closure}}::h96a5d1f376fad8ef
[INFO] [stdout]                                at /opt/rustwide/workdir/src/lib.rs:156:53
[INFO] [stdout]   29:     0x5d94d863fdf2 - <core::pin::Pin<P> as core::future::future::Future>::poll::h69f98bd408b2b9f4
[INFO] [stdout]                                at /rustc/90b35a6239c3d8bdabc530a6a0816f7ff89a0aaf/library/core/src/future/future.rs:123:9
[INFO] [stdout]   30:     0x5d94d863fe2d - <core::pin::Pin<P> as core::future::future::Future>::poll::h793b58d5276824c3
[INFO] [stdout]                                at /rustc/90b35a6239c3d8bdabc530a6a0816f7ff89a0aaf/library/core/src/future/future.rs:123:9
[INFO] [stdout]   31:     0x5d94d8625d7f - tokio::runtime::scheduler::current_thread::CoreGuard::block_on::{{closure}}::{{closure}}::{{closure}}::hc9c1a68c6e87d580
[INFO] [stdout]                                at /opt/rustwide/cargo-home/registry/src/index.crates.io-6f17d22bba15001f/tokio-1.41.1/src/runtime/scheduler/current_thread/mod.rs:729:57
[INFO] [stdout]   32:     0x5d94d8625ae5 - tokio::runtime::coop::with_budget::h97aa9f8a4259ddb4
[INFO] [stdout]                                at /opt/rustwide/cargo-home/registry/src/index.crates.io-6f17d22bba15001f/tokio-1.41.1/src/runtime/coop.rs:107:5
[INFO] [stdout]   33:     0x5d94d8625ae5 - tokio::runtime::coop::budget::h4328863207b883bb
[INFO] [stdout]                                at /opt/rustwide/cargo-home/registry/src/index.crates.io-6f17d22bba15001f/tokio-1.41.1/src/runtime/coop.rs:73:5
[INFO] [stdout]   34:     0x5d94d8625ae5 - tokio::runtime::scheduler::current_thread::CoreGuard::block_on::{{closure}}::{{closure}}::hefa14ec884a3954a
[INFO] [stdout]                                at /opt/rustwide/cargo-home/registry/src/index.crates.io-6f17d22bba15001f/tokio-1.41.1/src/runtime/scheduler/current_thread/mod.rs:729:25
[INFO] [stdout]   35:     0x5d94d86238c0 - tokio::runtime::scheduler::current_thread::Context::enter::hb74969d2ec295947
[INFO] [stdout]                                at /opt/rustwide/cargo-home/registry/src/index.crates.io-6f17d22bba15001f/tokio-1.41.1/src/runtime/scheduler/current_thread/mod.rs:428:19
[INFO] [stdout]   36:     0x5d94d862532e - tokio::runtime::scheduler::current_thread::CoreGuard::block_on::{{closure}}::hc8d333f9939469b4
[INFO] [stdout]                                at /opt/rustwide/cargo-home/registry/src/index.crates.io-6f17d22bba15001f/tokio-1.41.1/src/runtime/scheduler/current_thread/mod.rs:728:36
[INFO] [stdout]   37:     0x5d94d8624784 - tokio::runtime::scheduler::current_thread::CoreGuard::enter::{{closure}}::h169115792ade55c5
[INFO] [stdout]                                at /opt/rustwide/cargo-home/registry/src/index.crates.io-6f17d22bba15001f/tokio-1.41.1/src/runtime/scheduler/current_thread/mod.rs:807:68
[INFO] [stdout]   38:     0x5d94d862ef8b - tokio::runtime::context::scoped::Scoped<T>::set::h05dbc3f76b89c96a
[INFO] [stdout]                                at /opt/rustwide/cargo-home/registry/src/index.crates.io-6f17d22bba15001f/tokio-1.41.1/src/runtime/context/scoped.rs:40:9
[INFO] [stdout]   39:     0x5d94d8639e89 - tokio::runtime::context::set_scheduler::{{closure}}::h7989039c3c651da8
[INFO] [stdout]                                at /opt/rustwide/cargo-home/registry/src/index.crates.io-6f17d22bba15001f/tokio-1.41.1/src/runtime/context.rs:180:26
[INFO] [stdout]   40:     0x5d94d8627e2d - std::thread::local::LocalKey<T>::try_with::h958c704071f819f1
[INFO] [stdout]                                at /rustc/90b35a6239c3d8bdabc530a6a0816f7ff89a0aaf/library/std/src/thread/local.rs:283:12
[INFO] [stdout]   41:     0x5d94d862744a - std::thread::local::LocalKey<T>::with::he5f9a0caa982e2e5
[INFO] [stdout]                                at /rustc/90b35a6239c3d8bdabc530a6a0816f7ff89a0aaf/library/std/src/thread/local.rs:260:9
[INFO] [stdout]   42:     0x5d94d8639dfd - tokio::runtime::context::set_scheduler::h5e34d5971f262f8f
[INFO] [stdout]                                at /opt/rustwide/cargo-home/registry/src/index.crates.io-6f17d22bba15001f/tokio-1.41.1/src/runtime/context.rs:180:9
[INFO] [stdout]   43:     0x5d94d8624110 - tokio::runtime::scheduler::current_thread::CoreGuard::enter::h937e24102878f5bc
[INFO] [stdout]                                at /opt/rustwide/cargo-home/registry/src/index.crates.io-6f17d22bba15001f/tokio-1.41.1/src/runtime/scheduler/current_thread/mod.rs:807:27
[INFO] [stdout]   44:     0x5d94d8624823 - tokio::runtime::scheduler::current_thread::CoreGuard::block_on::h77f52d27a34b0043
[INFO] [stdout]                                at /opt/rustwide/cargo-home/registry/src/index.crates.io-6f17d22bba15001f/tokio-1.41.1/src/runtime/scheduler/current_thread/mod.rs:716:19
[INFO] [stdout]   45:     0x5d94d86225aa - tokio::runtime::scheduler::current_thread::CurrentThread::block_on::{{closure}}::h3c448713299264c1
[INFO] [stdout]                                at /opt/rustwide/cargo-home/registry/src/index.crates.io-6f17d22bba15001f/tokio-1.41.1/src/runtime/scheduler/current_thread/mod.rs:196:28
[INFO] [stdout]   46:     0x5d94d8629cd6 - tokio::runtime::context::runtime::enter_runtime::h8b8932c457c96c73
[INFO] [stdout]                                at /opt/rustwide/cargo-home/registry/src/index.crates.io-6f17d22bba15001f/tokio-1.41.1/src/runtime/context/runtime.rs:65:16
[INFO] [stdout]   47:     0x5d94d8622361 - tokio::runtime::scheduler::current_thread::CurrentThread::block_on::h863e977a3d46961b
[INFO] [stdout]                                at /opt/rustwide/cargo-home/registry/src/index.crates.io-6f17d22bba15001f/tokio-1.41.1/src/runtime/scheduler/current_thread/mod.rs:184:9
[INFO] [stdout]   48:     0x5d94d862f213 - tokio::runtime::runtime::Runtime::block_on_inner::h5a00e754608cb91b
[INFO] [stdout]                                at /opt/rustwide/cargo-home/registry/src/index.crates.io-6f17d22bba15001f/tokio-1.41.1/src/runtime/runtime.rs:368:47
[INFO] [stdout]   49:     0x5d94d862f517 - tokio::runtime::runtime::Runtime::block_on::ha6b319ea1d8cf0ae
[INFO] [stdout]                                at /opt/rustwide/cargo-home/registry/src/index.crates.io-6f17d22bba15001f/tokio-1.41.1/src/runtime/runtime.rs:342:13
[INFO] [stdout]   50:     0x5d94d8635bab - external_auth_sandbox::tests::h::h71964cdbc15e9f0e
[INFO] [stdout]                                at /opt/rustwide/workdir/src/lib.rs:173:9
[INFO] [stdout]   51:     0x5d94d8635a27 - external_auth_sandbox::tests::h::{{closure}}::h9332dac230c2fbac
[INFO] [stdout]                                at /opt/rustwide/workdir/src/lib.rs:155:17
[INFO] [stdout]   52:     0x5d94d861d126 - core::ops::function::FnOnce::call_once::h1ff49178a9181863
[INFO] [stdout]                                at /rustc/90b35a6239c3d8bdabc530a6a0816f7ff89a0aaf/library/core/src/ops/function.rs:250:5
[INFO] [stdout]   53:     0x5d94d868978b - core::ops::function::FnOnce::call_once::h109cf8051a59b34e
[INFO] [stdout]                                at /rustc/90b35a6239c3d8bdabc530a6a0816f7ff89a0aaf/library/core/src/ops/function.rs:250:5
[INFO] [stdout]   54:     0x5d94d868978b - test::__rust_begin_short_backtrace::hf4fff89d377446ba
[INFO] [stdout]                                at /rustc/90b35a6239c3d8bdabc530a6a0816f7ff89a0aaf/library/test/src/lib.rs:621:18
[INFO] [stdout]   55:     0x5d94d8688fc7 - test::run_test_in_process::{{closure}}::h0e39181dd7ee5a43
[INFO] [stdout]                                at /rustc/90b35a6239c3d8bdabc530a6a0816f7ff89a0aaf/library/test/src/lib.rs:644:60
[INFO] [stdout]   56:     0x5d94d8688fc7 - <core::panic::unwind_safe::AssertUnwindSafe<F> as core::ops::function::FnOnce<()>>::call_once::hc5a66a30f0bdfd1f
[INFO] [stdout]                                at /rustc/90b35a6239c3d8bdabc530a6a0816f7ff89a0aaf/library/core/src/panic/unwind_safe.rs:272:9
[INFO] [stdout]   57:     0x5d94d8688fc7 - std::panicking::try::do_call::h873b7cf639554a5e
[INFO] [stdout]                                at /rustc/90b35a6239c3d8bdabc530a6a0816f7ff89a0aaf/library/std/src/panicking.rs:557:40
[INFO] [stdout]   58:     0x5d94d8688fc7 - std::panicking::try::hdb19862fad9c8bd1
[INFO] [stdout]                                at /rustc/90b35a6239c3d8bdabc530a6a0816f7ff89a0aaf/library/std/src/panicking.rs:520:19
[INFO] [stdout]   59:     0x5d94d8688fc7 - std::panic::catch_unwind::h281fe732d236d260
[INFO] [stdout]                                at /rustc/90b35a6239c3d8bdabc530a6a0816f7ff89a0aaf/library/std/src/panic.rs:358:14
[INFO] [stdout]   60:     0x5d94d8688fc7 - test::run_test_in_process::h949b6df8457ed338
[INFO] [stdout]                                at /rustc/90b35a6239c3d8bdabc530a6a0816f7ff89a0aaf/library/test/src/lib.rs:644:27
[INFO] [stdout]   61:     0x5d94d8688fc7 - test::run_test::{{closure}}::h52c556a6d4740e10
[INFO] [stdout]                                at /rustc/90b35a6239c3d8bdabc530a6a0816f7ff89a0aaf/library/test/src/lib.rs:565:43
[INFO] [stdout]   62:     0x5d94d864e2a4 - test::run_test::{{closure}}::h4237f6381c45ccb9
[INFO] [stdout]                                at /rustc/90b35a6239c3d8bdabc530a6a0816f7ff89a0aaf/library/test/src/lib.rs:595:41
[INFO] [stdout]   63:     0x5d94d864e2a4 - std::sys::backtrace::__rust_begin_short_backtrace::h505c97a579eca628
[INFO] [stdout]                                at /rustc/90b35a6239c3d8bdabc530a6a0816f7ff89a0aaf/library/std/src/sys/backtrace.rs:154:18
[INFO] [stdout]   64:     0x5d94d865196e - std::thread::Builder::spawn_unchecked_::{{closure}}::{{closure}}::h9e86b2e2bc107ea3
[INFO] [stdout]                                at /rustc/90b35a6239c3d8bdabc530a6a0816f7ff89a0aaf/library/std/src/thread/mod.rs:538:17
[INFO] [stdout]   65:     0x5d94d865196e - <core::panic::unwind_safe::AssertUnwindSafe<F> as core::ops::function::FnOnce<()>>::call_once::h8b06ddb275ff4a25
[INFO] [stdout]                                at /rustc/90b35a6239c3d8bdabc530a6a0816f7ff89a0aaf/library/core/src/panic/unwind_safe.rs:272:9
[INFO] [stdout]   66:     0x5d94d865196e - std::panicking::try::do_call::hb26ecd7cd9a9355d
[INFO] [stdout]                                at /rustc/90b35a6239c3d8bdabc530a6a0816f7ff89a0aaf/library/std/src/panicking.rs:557:40
[INFO] [stdout]   67:     0x5d94d865196e - std::panicking::try::h8ddeca9d705f9069
[INFO] [stdout]                                at /rustc/90b35a6239c3d8bdabc530a6a0816f7ff89a0aaf/library/std/src/panicking.rs:520:19
[INFO] [stdout]   68:     0x5d94d865196e - std::panic::catch_unwind::h49e1c33078844c46
[INFO] [stdout]                                at /rustc/90b35a6239c3d8bdabc530a6a0816f7ff89a0aaf/library/std/src/panic.rs:358:14
[INFO] [stdout]   69:     0x5d94d865196e - std::thread::Builder::spawn_unchecked_::{{closure}}::h6073db6ff56ad35d
[INFO] [stdout]                                at /rustc/90b35a6239c3d8bdabc530a6a0816f7ff89a0aaf/library/std/src/thread/mod.rs:537:30
[INFO] [stdout]   70:     0x5d94d865196e - core::ops::function::FnOnce::call_once{{vtable.shim}}::h2c5a5f3779c774f1
[INFO] [stdout]                                at /rustc/90b35a6239c3d8bdabc530a6a0816f7ff89a0aaf/library/core/src/ops/function.rs:250:5
[INFO] [stdout]   71:     0x5d94d8b8e03b - <alloc::boxed::Box<F,A> as core::ops::function::FnOnce<Args>>::call_once::hf75717d9f28faebf
[INFO] [stdout]                                at /rustc/90b35a6239c3d8bdabc530a6a0816f7ff89a0aaf/library/alloc/src/boxed.rs:2454:9
[INFO] [stdout]   72:     0x5d94d8b8e03b - <alloc::boxed::Box<F,A> as core::ops::function::FnOnce<Args>>::call_once::h7bd883a5f3c5f3c1
[INFO] [stdout]                                at /rustc/90b35a6239c3d8bdabc530a6a0816f7ff89a0aaf/library/alloc/src/boxed.rs:2454:9
[INFO] [stdout]   73:     0x5d94d8b8e03b - std::sys::pal::unix::thread::Thread::new::thread_start::hcc78f3943333fa94
[INFO] [stdout]                                at /rustc/90b35a6239c3d8bdabc530a6a0816f7ff89a0aaf/library/std/src/sys/pal/unix/thread.rs:105:17
[INFO] [stdout]   74:     0x781854657ac3 - <unknown>
[INFO] [stdout]   75:     0x7818546e8a04 - clone
[INFO] [stdout]   76:                0x0 - <unknown>
[INFO] [stdout] 
[INFO] [stdout] 
[INFO] [stdout] failures:
[INFO] [stdout]     tests::h
[INFO] [stdout] 
[INFO] [stdout] test result: FAILED. 1 passed; 1 failed; 0 ignored; 0 measured; 0 filtered out; finished in 0.06s
[INFO] [stdout] 
[INFO] [stderr] error: test failed, to rerun pass `--lib`
[INFO] running `Command { std: "docker" "inspect" "98f2e9529e251071d02b7aebe9653f483bead47169539070f7967a8b8a575292", kill_on_drop: false }`
[INFO] running `Command { std: "docker" "rm" "-f" "98f2e9529e251071d02b7aebe9653f483bead47169539070f7967a8b8a575292", kill_on_drop: false }`
[INFO] [stdout] 98f2e9529e251071d02b7aebe9653f483bead47169539070f7967a8b8a575292
