[INFO] cloning repository https://github.com/hzxjy1/jesd84-b51
[INFO] running `Command { std: "git" "-c" "credential.helper=" "-c" "credential.helper=/workspace/cargo-home/bin/git-credential-null" "clone" "--bare" "https://github.com/hzxjy1/jesd84-b51" "/workspace/cache/git-repos/https%3A%2F%2Fgithub.com%2Fhzxjy1%2Fjesd84-b51", kill_on_drop: false }`
[INFO] [stderr] Cloning into bare repository '/workspace/cache/git-repos/https%3A%2F%2Fgithub.com%2Fhzxjy1%2Fjesd84-b51'...
[INFO] running `Command { std: "git" "rev-parse" "HEAD", kill_on_drop: false }`
[INFO] [stdout] ddacd35f4281fa356e1fba59558bd1fb970b933e
[INFO] testing hzxjy1/jesd84-b51 against 1.83.0 for beta-1.84.0-4-retry
[INFO] running `Command { std: "git" "clone" "/workspace/cache/git-repos/https%3A%2F%2Fgithub.com%2Fhzxjy1%2Fjesd84-b51" "/workspace/builds/worker-3-tc1/source", kill_on_drop: false }`
[INFO] [stderr] Cloning into '/workspace/builds/worker-3-tc1/source'...
[INFO] [stderr] done.
[INFO] validating manifest of git repo https://github.com/hzxjy1/jesd84-b51 on toolchain 1.83.0
[INFO] running `Command { std: CARGO_HOME="/workspace/cargo-home" RUSTUP_HOME="/workspace/rustup-home" "/workspace/cargo-home/bin/cargo" "+1.83.0" "metadata" "--manifest-path" "Cargo.toml" "--no-deps", kill_on_drop: false }`
[INFO] started tweaking git repo https://github.com/hzxjy1/jesd84-b51
[INFO] finished tweaking git repo https://github.com/hzxjy1/jesd84-b51
[INFO] tweaked toml for git repo https://github.com/hzxjy1/jesd84-b51 written to /workspace/builds/worker-3-tc1/source/Cargo.toml
[INFO] crate git repo https://github.com/hzxjy1/jesd84-b51 already has a lockfile, it will not be regenerated
[INFO] running `Command { std: CARGO_HOME="/workspace/cargo-home" RUSTUP_HOME="/workspace/rustup-home" "/workspace/cargo-home/bin/cargo" "+1.83.0" "fetch" "--manifest-path" "Cargo.toml", kill_on_drop: false }`
[INFO] running `Command { std: "docker" "create" "-v" "/var/lib/crater-agent-workspace/builds/worker-3-tc1/target:/opt/rustwide/target:rw,Z" "-v" "/var/lib/crater-agent-workspace/builds/worker-3-tc1/source:/opt/rustwide/workdir:ro,Z" "-v" "/var/lib/crater-agent-workspace/cargo-home:/opt/rustwide/cargo-home:ro,Z" "-v" "/var/lib/crater-agent-workspace/rustup-home:/opt/rustwide/rustup-home:ro,Z" "-e" "SOURCE_DIR=/opt/rustwide/workdir" "-e" "CARGO_TARGET_DIR=/opt/rustwide/target" "-e" "CARGO_HOME=/opt/rustwide/cargo-home" "-e" "RUSTUP_HOME=/opt/rustwide/rustup-home" "-w" "/opt/rustwide/workdir" "-m" "1610612736" "--user" "0:0" "--network" "none" "ghcr.io/rust-lang/crates-build-env/linux@sha256:f3a9d4ad9d972b27faf3965f35b62e55ba32bbce8f20bc8fe909558a86702fde" "/opt/rustwide/cargo-home/bin/cargo" "+1.83.0" "metadata" "--no-deps" "--format-version=1", kill_on_drop: false }`
[INFO] [stdout] c8968fd5d6dd13240ab49e5816987e2daf1cbe2efa512a4dfa8d280704b91993
[INFO] running `Command { std: "docker" "start" "-a" "c8968fd5d6dd13240ab49e5816987e2daf1cbe2efa512a4dfa8d280704b91993", kill_on_drop: false }`
[INFO] running `Command { std: "docker" "inspect" "c8968fd5d6dd13240ab49e5816987e2daf1cbe2efa512a4dfa8d280704b91993", kill_on_drop: false }`
[INFO] running `Command { std: "docker" "rm" "-f" "c8968fd5d6dd13240ab49e5816987e2daf1cbe2efa512a4dfa8d280704b91993", kill_on_drop: false }`
[INFO] [stdout] c8968fd5d6dd13240ab49e5816987e2daf1cbe2efa512a4dfa8d280704b91993
[INFO] running `Command { std: "docker" "create" "-v" "/var/lib/crater-agent-workspace/builds/worker-3-tc1/target:/opt/rustwide/target:rw,Z" "-v" "/var/lib/crater-agent-workspace/builds/worker-3-tc1/source:/opt/rustwide/workdir:ro,Z" "-v" "/var/lib/crater-agent-workspace/cargo-home:/opt/rustwide/cargo-home:ro,Z" "-v" "/var/lib/crater-agent-workspace/rustup-home:/opt/rustwide/rustup-home:ro,Z" "-e" "SOURCE_DIR=/opt/rustwide/workdir" "-e" "CARGO_TARGET_DIR=/opt/rustwide/target" "-e" "CARGO_INCREMENTAL=0" "-e" "RUST_BACKTRACE=full" "-e" "RUSTFLAGS=--cap-lints=warn" "-e" "RUSTDOCFLAGS=--cap-lints=warn" "-e" "CARGO_HOME=/opt/rustwide/cargo-home" "-e" "RUSTUP_HOME=/opt/rustwide/rustup-home" "-w" "/opt/rustwide/workdir" "-m" "1610612736" "--user" "0:0" "--network" "none" "ghcr.io/rust-lang/crates-build-env/linux@sha256:f3a9d4ad9d972b27faf3965f35b62e55ba32bbce8f20bc8fe909558a86702fde" "/opt/rustwide/cargo-home/bin/cargo" "+1.83.0" "build" "--frozen" "--message-format=json", kill_on_drop: false }`
[INFO] [stdout] 22ccac3496552f8c74bf62a4f5d2b3aed4120a5c92de4bdc8ab7742eaa043966
[INFO] running `Command { std: "docker" "start" "-a" "22ccac3496552f8c74bf62a4f5d2b3aed4120a5c92de4bdc8ab7742eaa043966", kill_on_drop: false }`
[INFO] [stderr]    Compiling proc-macro2 v1.0.86
[INFO] [stderr]    Compiling unicode-ident v1.0.12
[INFO] [stderr]    Compiling libc v0.2.158
[INFO] [stderr]    Compiling serde v1.0.208
[INFO] [stderr]    Compiling utf8parse v0.2.2
[INFO] [stderr]    Compiling memchr v2.7.4
[INFO] [stderr]    Compiling anstyle-query v1.1.1
[INFO] [stderr]    Compiling rustix v0.38.34
[INFO] [stderr]    Compiling anstyle-parse v0.2.5
[INFO] [stderr]    Compiling colorchoice v1.0.2
[INFO] [stderr]    Compiling is_terminal_polyfill v1.70.1
[INFO] [stderr]    Compiling ryu v1.0.18
[INFO] [stderr]    Compiling anstyle v1.0.8
[INFO] [stderr]    Compiling itoa v1.0.11
[INFO] [stderr]    Compiling serde_json v1.0.125
[INFO] [stderr]    Compiling anstream v0.6.15
[INFO] [stderr]    Compiling heck v0.5.0
[INFO] [stderr]    Compiling strsim v0.11.1
[INFO] [stderr]    Compiling linux-raw-sys v0.4.14
[INFO] [stderr]    Compiling clap_lex v0.7.2
[INFO] [stderr]    Compiling bitflags v2.6.0
[INFO] [stderr]    Compiling csv-core v0.1.11
[INFO] [stderr]    Compiling clap_builder v4.5.15
[INFO] [stderr]    Compiling encode_unicode v1.0.0
[INFO] [stderr]    Compiling fastrand v2.1.0
[INFO] [stderr]    Compiling quote v1.0.37
[INFO] [stderr]    Compiling once_cell v1.19.0
[INFO] [stderr]    Compiling lazy_static v1.5.0
[INFO] [stderr]    Compiling unicode-width v0.1.13
[INFO] [stderr]    Compiling syn v2.0.75
[INFO] [stderr]    Compiling dirs-sys-next v0.1.2
[INFO] [stderr]    Compiling is-terminal v0.4.13
[INFO] [stderr]    Compiling dirs-next v2.0.0
[INFO] [stderr]    Compiling term v0.7.0
[INFO] [stderr]    Compiling tempfile v3.12.0
[INFO] [stderr]    Compiling serde_derive v1.0.208
[INFO] [stderr]    Compiling clap_derive v4.5.13
[INFO] [stderr]    Compiling clap v4.5.16
[INFO] [stderr]    Compiling csv v1.3.0
[INFO] [stderr]    Compiling prettytable v0.10.0
[INFO] [stderr]    Compiling jesd84-b51 v0.1.0 (/opt/rustwide/workdir)
[INFO] [stderr]     Finished `dev` profile [unoptimized + debuginfo] target(s) in 36.42s
[INFO] running `Command { std: "docker" "inspect" "22ccac3496552f8c74bf62a4f5d2b3aed4120a5c92de4bdc8ab7742eaa043966", kill_on_drop: false }`
[INFO] running `Command { std: "docker" "rm" "-f" "22ccac3496552f8c74bf62a4f5d2b3aed4120a5c92de4bdc8ab7742eaa043966", kill_on_drop: false }`
[INFO] [stdout] 22ccac3496552f8c74bf62a4f5d2b3aed4120a5c92de4bdc8ab7742eaa043966
[INFO] running `Command { std: "docker" "create" "-v" "/var/lib/crater-agent-workspace/builds/worker-3-tc1/target:/opt/rustwide/target:rw,Z" "-v" "/var/lib/crater-agent-workspace/builds/worker-3-tc1/source:/opt/rustwide/workdir:ro,Z" "-v" "/var/lib/crater-agent-workspace/cargo-home:/opt/rustwide/cargo-home:ro,Z" "-v" "/var/lib/crater-agent-workspace/rustup-home:/opt/rustwide/rustup-home:ro,Z" "-e" "SOURCE_DIR=/opt/rustwide/workdir" "-e" "CARGO_TARGET_DIR=/opt/rustwide/target" "-e" "CARGO_INCREMENTAL=0" "-e" "RUST_BACKTRACE=full" "-e" "RUSTFLAGS=--cap-lints=warn" "-e" "RUSTDOCFLAGS=--cap-lints=warn" "-e" "CARGO_HOME=/opt/rustwide/cargo-home" "-e" "RUSTUP_HOME=/opt/rustwide/rustup-home" "-w" "/opt/rustwide/workdir" "-m" "1610612736" "--user" "0:0" "--network" "none" "ghcr.io/rust-lang/crates-build-env/linux@sha256:f3a9d4ad9d972b27faf3965f35b62e55ba32bbce8f20bc8fe909558a86702fde" "/opt/rustwide/cargo-home/bin/cargo" "+1.83.0" "test" "--frozen" "--no-run" "--message-format=json", kill_on_drop: false }`
[INFO] [stdout] 132a8d79e2c7ee678623d5682b42f35078738225ade912134f44f82ee6ce2c40
[INFO] running `Command { std: "docker" "start" "-a" "132a8d79e2c7ee678623d5682b42f35078738225ade912134f44f82ee6ce2c40", kill_on_drop: false }`
[INFO] [stderr]    Compiling jesd84-b51 v0.1.0 (/opt/rustwide/workdir)
[INFO] [stderr]     Finished `test` profile [unoptimized + debuginfo] target(s) in 2.10s
[INFO] running `Command { std: "docker" "inspect" "132a8d79e2c7ee678623d5682b42f35078738225ade912134f44f82ee6ce2c40", kill_on_drop: false }`
[INFO] running `Command { std: "docker" "rm" "-f" "132a8d79e2c7ee678623d5682b42f35078738225ade912134f44f82ee6ce2c40", kill_on_drop: false }`
[INFO] [stdout] 132a8d79e2c7ee678623d5682b42f35078738225ade912134f44f82ee6ce2c40
[INFO] running `Command { std: "docker" "create" "-v" "/var/lib/crater-agent-workspace/builds/worker-3-tc1/target:/opt/rustwide/target:rw,Z" "-v" "/var/lib/crater-agent-workspace/builds/worker-3-tc1/source:/opt/rustwide/workdir:ro,Z" "-v" "/var/lib/crater-agent-workspace/cargo-home:/opt/rustwide/cargo-home:ro,Z" "-v" "/var/lib/crater-agent-workspace/rustup-home:/opt/rustwide/rustup-home:ro,Z" "-e" "SOURCE_DIR=/opt/rustwide/workdir" "-e" "CARGO_TARGET_DIR=/opt/rustwide/target" "-e" "CARGO_INCREMENTAL=0" "-e" "RUST_BACKTRACE=full" "-e" "RUSTFLAGS=--cap-lints=warn" "-e" "RUSTDOCFLAGS=--cap-lints=warn" "-e" "CARGO_HOME=/opt/rustwide/cargo-home" "-e" "RUSTUP_HOME=/opt/rustwide/rustup-home" "-w" "/opt/rustwide/workdir" "-m" "1610612736" "--user" "0:0" "--network" "none" "ghcr.io/rust-lang/crates-build-env/linux@sha256:f3a9d4ad9d972b27faf3965f35b62e55ba32bbce8f20bc8fe909558a86702fde" "/opt/rustwide/cargo-home/bin/cargo" "+1.83.0" "test" "--frozen", kill_on_drop: false }`
[INFO] [stdout] 4345d290854adca6dfc97f467ebb6d8564c1e42f8cddf14290395f5db2622eec
[INFO] running `Command { std: "docker" "start" "-a" "4345d290854adca6dfc97f467ebb6d8564c1e42f8cddf14290395f5db2622eec", kill_on_drop: false }`
[INFO] [stderr]     Finished `test` profile [unoptimized + debuginfo] target(s) in 0.11s
[INFO] [stderr]      Running unittests src/main.rs (/opt/rustwide/target/debug/deps/jesd84_b51-167a170fefe77ba1)
[INFO] [stdout] 
[INFO] [stdout] running 6 tests
[INFO] [stdout] test sheet_orm::tests::new ... ok
[INFO] [stdout] test sheet_orm::tests::bracket ... ok
[INFO] [stdout] test out_dto::tests::search_binary_test ... FAILED
[INFO] [stdout] test out_dto::tests::to_json_test ... FAILED
[INFO] [stdout] test sheet_orm::tests::new_in_file ... FAILED
[INFO] [stdout] test sheet_orm::tests::gen_simplify_conf_test ... FAILED
[INFO] [stdout] 
[INFO] [stdout] failures:
[INFO] [stdout] 
[INFO] [stdout] ---- out_dto::tests::search_binary_test stdout ----
[INFO] [stdout] Error: Os { code: 2, kind: NotFound, message: "No such file or directory" }
[INFO] [stdout] 
[INFO] [stdout] ---- out_dto::tests::to_json_test stdout ----
[INFO] [stdout] Error: Os { code: 2, kind: NotFound, message: "No such file or directory" }
[INFO] [stdout] 
[INFO] [stdout] ---- sheet_orm::tests::new_in_file stdout ----
[INFO] [stdout] Error: Os { code: 2, kind: NotFound, message: "No such file or directory" }
[INFO] [stdout] 
[INFO] [stdout] ---- sheet_orm::tests::gen_simplify_conf_test stdout ----
[INFO] [stdout] Error: Os { code: 2, kind: NotFound, message: "No such file or directory" }
[INFO] [stdout] 
[INFO] [stdout] 
[INFO] [stdout] failures:
[INFO] [stdout]     out_dto::tests::search_binary_test
[INFO] [stdout]     out_dto::tests::to_json_test
[INFO] [stdout]     sheet_orm::tests::gen_simplify_conf_test
[INFO] [stdout]     sheet_orm::tests::new_in_file
[INFO] [stdout] 
[INFO] [stdout] test result: FAILED. 2 passed; 4 failed; 0 ignored; 0 measured; 0 filtered out; finished in 0.01s
[INFO] [stdout] 
[INFO] [stderr] error: test failed, to rerun pass `--bin jesd84-b51`
[INFO] running `Command { std: "docker" "inspect" "4345d290854adca6dfc97f467ebb6d8564c1e42f8cddf14290395f5db2622eec", kill_on_drop: false }`
[INFO] running `Command { std: "docker" "rm" "-f" "4345d290854adca6dfc97f467ebb6d8564c1e42f8cddf14290395f5db2622eec", kill_on_drop: false }`
[INFO] [stdout] 4345d290854adca6dfc97f467ebb6d8564c1e42f8cddf14290395f5db2622eec
