[INFO] cloning repository https://github.com/hwchen/shp2pgsql2csv
[INFO] running `Command { std: "git" "-c" "credential.helper=" "-c" "credential.helper=/workspace/cargo-home/bin/git-credential-null" "clone" "--bare" "https://github.com/hwchen/shp2pgsql2csv" "/workspace/cache/git-repos/https%3A%2F%2Fgithub.com%2Fhwchen%2Fshp2pgsql2csv", kill_on_drop: false }`
[INFO] [stderr] Cloning into bare repository '/workspace/cache/git-repos/https%3A%2F%2Fgithub.com%2Fhwchen%2Fshp2pgsql2csv'...
[INFO] running `Command { std: "git" "rev-parse" "HEAD", kill_on_drop: false }`
[INFO] [stdout] 7647519cb7f18e6ada4ec8973f7e5b06d745bbf5
[INFO] testing hwchen/shp2pgsql2csv against 1.83.0 for beta-1.84.0-4-retry
[INFO] running `Command { std: "git" "clone" "/workspace/cache/git-repos/https%3A%2F%2Fgithub.com%2Fhwchen%2Fshp2pgsql2csv" "/workspace/builds/worker-6-tc1/source", kill_on_drop: false }`
[INFO] [stderr] Cloning into '/workspace/builds/worker-6-tc1/source'...
[INFO] [stderr] done.
[INFO] validating manifest of git repo https://github.com/hwchen/shp2pgsql2csv on toolchain 1.83.0
[INFO] running `Command { std: CARGO_HOME="/workspace/cargo-home" RUSTUP_HOME="/workspace/rustup-home" "/workspace/cargo-home/bin/cargo" "+1.83.0" "metadata" "--manifest-path" "Cargo.toml" "--no-deps", kill_on_drop: false }`
[INFO] started tweaking git repo https://github.com/hwchen/shp2pgsql2csv
[INFO] finished tweaking git repo https://github.com/hwchen/shp2pgsql2csv
[INFO] tweaked toml for git repo https://github.com/hwchen/shp2pgsql2csv written to /workspace/builds/worker-6-tc1/source/Cargo.toml
[INFO] crate git repo https://github.com/hwchen/shp2pgsql2csv already has a lockfile, it will not be regenerated
[INFO] running `Command { std: CARGO_HOME="/workspace/cargo-home" RUSTUP_HOME="/workspace/rustup-home" "/workspace/cargo-home/bin/cargo" "+1.83.0" "fetch" "--manifest-path" "Cargo.toml", kill_on_drop: false }`
[INFO] [stderr] warning: no edition set: defaulting to the 2015 edition while the latest is 2021
[INFO] [stderr]  Downloading crates ...
[INFO] [stderr]   Downloaded synstructure v0.9.0
[INFO] [stderr]   Downloaded failure_derive v0.1.2
[INFO] [stderr]   Downloaded cfg-if v0.1.4
[INFO] [stderr]   Downloaded lazy_static v1.0.2
[INFO] [stderr]   Downloaded csv-core v0.1.4
[INFO] [stderr]   Downloaded serde v1.0.70
[INFO] [stderr]   Downloaded cc v1.0.18
[INFO] [stderr]   Downloaded proc-macro2 v0.4.9
[INFO] [stderr]   Downloaded syn v0.14.6
[INFO] [stderr]   Downloaded failure v0.1.2
[INFO] [stderr]   Downloaded regex v1.0.2
[INFO] [stderr]   Downloaded aho-corasick v0.6.6
[INFO] [stderr]   Downloaded quote v0.6.4
[INFO] [stderr]   Downloaded csv v1.0.0
[INFO] running `Command { std: "docker" "create" "-v" "/var/lib/crater-agent-workspace/builds/worker-6-tc1/target:/opt/rustwide/target:rw,Z" "-v" "/var/lib/crater-agent-workspace/builds/worker-6-tc1/source:/opt/rustwide/workdir:ro,Z" "-v" "/var/lib/crater-agent-workspace/cargo-home:/opt/rustwide/cargo-home:ro,Z" "-v" "/var/lib/crater-agent-workspace/rustup-home:/opt/rustwide/rustup-home:ro,Z" "-e" "SOURCE_DIR=/opt/rustwide/workdir" "-e" "CARGO_TARGET_DIR=/opt/rustwide/target" "-e" "CARGO_HOME=/opt/rustwide/cargo-home" "-e" "RUSTUP_HOME=/opt/rustwide/rustup-home" "-w" "/opt/rustwide/workdir" "-m" "1610612736" "--user" "0:0" "--network" "none" "ghcr.io/rust-lang/crates-build-env/linux@sha256:f3a9d4ad9d972b27faf3965f35b62e55ba32bbce8f20bc8fe909558a86702fde" "/opt/rustwide/cargo-home/bin/cargo" "+1.83.0" "metadata" "--no-deps" "--format-version=1", kill_on_drop: false }`
[INFO] [stdout] 2359a21cd80540023eae046dfedf6380a497e18fda3ee5f933b605f1460f7be7
[INFO] running `Command { std: "docker" "start" "-a" "2359a21cd80540023eae046dfedf6380a497e18fda3ee5f933b605f1460f7be7", kill_on_drop: false }`
[INFO] running `Command { std: "docker" "inspect" "2359a21cd80540023eae046dfedf6380a497e18fda3ee5f933b605f1460f7be7", kill_on_drop: false }`
[INFO] running `Command { std: "docker" "rm" "-f" "2359a21cd80540023eae046dfedf6380a497e18fda3ee5f933b605f1460f7be7", kill_on_drop: false }`
[INFO] [stdout] 2359a21cd80540023eae046dfedf6380a497e18fda3ee5f933b605f1460f7be7
[INFO] running `Command { std: "docker" "create" "-v" "/var/lib/crater-agent-workspace/builds/worker-6-tc1/target:/opt/rustwide/target:rw,Z" "-v" "/var/lib/crater-agent-workspace/builds/worker-6-tc1/source:/opt/rustwide/workdir:ro,Z" "-v" "/var/lib/crater-agent-workspace/cargo-home:/opt/rustwide/cargo-home:ro,Z" "-v" "/var/lib/crater-agent-workspace/rustup-home:/opt/rustwide/rustup-home:ro,Z" "-e" "SOURCE_DIR=/opt/rustwide/workdir" "-e" "CARGO_TARGET_DIR=/opt/rustwide/target" "-e" "CARGO_INCREMENTAL=0" "-e" "RUST_BACKTRACE=full" "-e" "RUSTFLAGS=--cap-lints=warn" "-e" "RUSTDOCFLAGS=--cap-lints=warn" "-e" "CARGO_HOME=/opt/rustwide/cargo-home" "-e" "RUSTUP_HOME=/opt/rustwide/rustup-home" "-w" "/opt/rustwide/workdir" "-m" "1610612736" "--user" "0:0" "--network" "none" "ghcr.io/rust-lang/crates-build-env/linux@sha256:f3a9d4ad9d972b27faf3965f35b62e55ba32bbce8f20bc8fe909558a86702fde" "/opt/rustwide/cargo-home/bin/cargo" "+1.83.0" "build" "--frozen" "--message-format=json", kill_on_drop: false }`
[INFO] [stdout] db99a39139b8e8f4cc7c41efb3f3236f58e56f5decf7327c334d18c4f6e503d1
[INFO] running `Command { std: "docker" "start" "-a" "db99a39139b8e8f4cc7c41efb3f3236f58e56f5decf7327c334d18c4f6e503d1", kill_on_drop: false }`
[INFO] [stderr] warning: no edition set: defaulting to the 2015 edition while the latest is 2021
[INFO] [stderr]    Compiling libc v0.2.42
[INFO] [stderr]    Compiling unicode-xid v0.1.0
[INFO] [stderr]    Compiling cc v1.0.18
[INFO] [stderr]    Compiling serde v1.0.70
[INFO] [stderr]    Compiling failure_derive v0.1.2
[INFO] [stderr]    Compiling void v1.0.2
[INFO] [stderr]    Compiling cfg-if v0.1.4
[INFO] [stderr]    Compiling regex v1.0.2
[INFO] [stderr]    Compiling ucd-util v0.1.1
[INFO] [stderr]    Compiling lazy_static v1.0.2
[INFO] [stderr]    Compiling rustc-demangle v0.1.9
[INFO] [stderr]    Compiling utf8-ranges v1.0.0
[INFO] [stderr]    Compiling proc-macro2 v0.4.9
[INFO] [stderr]    Compiling unreachable v1.0.0
[INFO] [stderr]    Compiling regex-syntax v0.6.2
[INFO] [stderr]    Compiling thread_local v0.3.5
[INFO] [stderr]    Compiling quote v0.6.4
[INFO] [stderr]    Compiling syn v0.14.6
[INFO] [stderr]    Compiling memchr v2.0.1
[INFO] [stderr]    Compiling csv-core v0.1.4
[INFO] [stderr]    Compiling aho-corasick v0.6.6
[INFO] [stderr]    Compiling backtrace-sys v0.1.23
[INFO] [stderr]    Compiling backtrace v0.3.9
[INFO] [stderr]    Compiling synstructure v0.9.0
[INFO] [stderr]    Compiling failure v0.1.2
[INFO] [stderr]    Compiling csv v1.0.0
[INFO] [stderr]    Compiling shp2pgsql2csv v0.1.0 (/opt/rustwide/workdir)
[INFO] [stdout] warning: use of deprecated constant `std::sync::ONCE_INIT`: the `Once::new()` function is now preferred
[INFO] [stdout]   --> src/lib.rs:24:5
[INFO] [stdout]    |
[INFO] [stdout] 24 | /     lazy_static! {
[INFO] [stdout] 25 | | //        static ref RE_CREATE_TABLE: Regex = Regex::new("(?i)create table(?-i).+?(?i)values(?-i) ").unwrap();
[INFO] [stdout] 26 | |         static ref RE_INSERT: Regex = Regex::new("(?i)insert into(?-i).+?(?i)values(?-i) ").unwrap();
[INFO] [stdout] 27 | |         static ref RE_END: Regex = Regex::new("(?i)commit;analyze(?-i)").unwrap();
[INFO] [stdout] 28 | |     }
[INFO] [stdout]    | |_____^
[INFO] [stdout]    |
[INFO] [stdout]    = note: `#[warn(deprecated)]` on by default
[INFO] [stdout]    = note: this warning originates in the macro `__lazy_static_create` which comes from the expansion of the macro `lazy_static` (in Nightly builds, run with -Z macro-backtrace for more info)
[INFO] [stdout] 
[INFO] [stdout] 
[INFO] [stdout] warning: use of deprecated constant `std::sync::ONCE_INIT`: the `Once::new()` function is now preferred
[INFO] [stdout]   --> src/lib.rs:24:5
[INFO] [stdout]    |
[INFO] [stdout] 24 | /     lazy_static! {
[INFO] [stdout] 25 | | //        static ref RE_CREATE_TABLE: Regex = Regex::new("(?i)create table(?-i).+?(?i)values(?-i) ").unwrap();
[INFO] [stdout] 26 | |         static ref RE_INSERT: Regex = Regex::new("(?i)insert into(?-i).+?(?i)values(?-i) ").unwrap();
[INFO] [stdout] 27 | |         static ref RE_END: Regex = Regex::new("(?i)commit;analyze(?-i)").unwrap();
[INFO] [stdout] 28 | |     }
[INFO] [stdout]    | |_____^
[INFO] [stdout]    |
[INFO] [stdout]    = note: this warning originates in the macro `__lazy_static_create` which comes from the expansion of the macro `lazy_static` (in Nightly builds, run with -Z macro-backtrace for more info)
[INFO] [stdout] 
[INFO] [stdout] 
[INFO] [stdout] warning: use of deprecated method `failure::core::str::<impl str>::trim_left`: superseded by `trim_start`
[INFO] [stdout]   --> src/lib.rs:48:14
[INFO] [stdout]    |
[INFO] [stdout] 48 |             .trim_left()
[INFO] [stdout]    |              ^^^^^^^^^
[INFO] [stdout]    |
[INFO] [stdout] help: replace the use of the deprecated method
[INFO] [stdout]    |
[INFO] [stdout] 48 |             .trim_start()
[INFO] [stdout]    |              ~~~~~~~~~~
[INFO] [stdout] 
[INFO] [stdout] 
[INFO] [stdout] warning: use of deprecated method `failure::core::str::<impl str>::trim_left_matches`: superseded by `trim_start_matches`
[INFO] [stdout]   --> src/lib.rs:49:14
[INFO] [stdout]    |
[INFO] [stdout] 49 |             .trim_left_matches("(")
[INFO] [stdout]    |              ^^^^^^^^^^^^^^^^^
[INFO] [stdout]    |
[INFO] [stdout] help: replace the use of the deprecated method
[INFO] [stdout]    |
[INFO] [stdout] 49 |             .trim_start_matches("(")
[INFO] [stdout]    |              ~~~~~~~~~~~~~~~~~~
[INFO] [stdout] 
[INFO] [stdout] 
[INFO] [stdout] warning: use of deprecated method `failure::core::str::<impl str>::trim_right`: superseded by `trim_end`
[INFO] [stdout]   --> src/lib.rs:50:14
[INFO] [stdout]    |
[INFO] [stdout] 50 |             .trim_right()
[INFO] [stdout]    |              ^^^^^^^^^^
[INFO] [stdout]    |
[INFO] [stdout] help: replace the use of the deprecated method
[INFO] [stdout]    |
[INFO] [stdout] 50 |             .trim_end()
[INFO] [stdout]    |              ~~~~~~~~
[INFO] [stdout] 
[INFO] [stdout] 
[INFO] [stdout] warning: use of deprecated method `failure::core::str::<impl str>::trim_right_matches`: superseded by `trim_end_matches`
[INFO] [stdout]   --> src/lib.rs:51:14
[INFO] [stdout]    |
[INFO] [stdout] 51 |             .trim_right_matches(");");
[INFO] [stdout]    |              ^^^^^^^^^^^^^^^^^^
[INFO] [stdout]    |
[INFO] [stdout] help: replace the use of the deprecated method
[INFO] [stdout]    |
[INFO] [stdout] 51 |             .trim_end_matches(");");
[INFO] [stdout]    |              ~~~~~~~~~~~~~~~~
[INFO] [stdout] 
[INFO] [stdout] 
[INFO] [stderr]     Finished `dev` profile [unoptimized + debuginfo] target(s) in 12.88s
[INFO] [stderr] warning: the following packages contain code that will be rejected by a future version of Rust: syn v0.14.6
[INFO] [stderr] note: to see what the problems were, use the option `--future-incompat-report`, or run `cargo report future-incompatibilities --id 1`
[INFO] running `Command { std: "docker" "inspect" "db99a39139b8e8f4cc7c41efb3f3236f58e56f5decf7327c334d18c4f6e503d1", kill_on_drop: false }`
[INFO] running `Command { std: "docker" "rm" "-f" "db99a39139b8e8f4cc7c41efb3f3236f58e56f5decf7327c334d18c4f6e503d1", kill_on_drop: false }`
[INFO] [stdout] db99a39139b8e8f4cc7c41efb3f3236f58e56f5decf7327c334d18c4f6e503d1
[INFO] running `Command { std: "docker" "create" "-v" "/var/lib/crater-agent-workspace/builds/worker-6-tc1/target:/opt/rustwide/target:rw,Z" "-v" "/var/lib/crater-agent-workspace/builds/worker-6-tc1/source:/opt/rustwide/workdir:ro,Z" "-v" "/var/lib/crater-agent-workspace/cargo-home:/opt/rustwide/cargo-home:ro,Z" "-v" "/var/lib/crater-agent-workspace/rustup-home:/opt/rustwide/rustup-home:ro,Z" "-e" "SOURCE_DIR=/opt/rustwide/workdir" "-e" "CARGO_TARGET_DIR=/opt/rustwide/target" "-e" "CARGO_INCREMENTAL=0" "-e" "RUST_BACKTRACE=full" "-e" "RUSTFLAGS=--cap-lints=warn" "-e" "RUSTDOCFLAGS=--cap-lints=warn" "-e" "CARGO_HOME=/opt/rustwide/cargo-home" "-e" "RUSTUP_HOME=/opt/rustwide/rustup-home" "-w" "/opt/rustwide/workdir" "-m" "1610612736" "--user" "0:0" "--network" "none" "ghcr.io/rust-lang/crates-build-env/linux@sha256:f3a9d4ad9d972b27faf3965f35b62e55ba32bbce8f20bc8fe909558a86702fde" "/opt/rustwide/cargo-home/bin/cargo" "+1.83.0" "test" "--frozen" "--no-run" "--message-format=json", kill_on_drop: false }`
[INFO] [stdout] 0bf1240c3aa969ab8e93418daa4d5748eee9e02c761ea12313240ddf2f06e79b
[INFO] running `Command { std: "docker" "start" "-a" "0bf1240c3aa969ab8e93418daa4d5748eee9e02c761ea12313240ddf2f06e79b", kill_on_drop: false }`
[INFO] [stderr] warning: no edition set: defaulting to the 2015 edition while the latest is 2021
[INFO] [stderr]    Compiling shp2pgsql2csv v0.1.0 (/opt/rustwide/workdir)
[INFO] [stdout] warning: use of deprecated constant `std::sync::ONCE_INIT`: the `Once::new()` function is now preferred
[INFO] [stdout]   --> src/lib.rs:24:5
[INFO] [stdout]    |
[INFO] [stdout] 24 | /     lazy_static! {
[INFO] [stdout] 25 | | //        static ref RE_CREATE_TABLE: Regex = Regex::new("(?i)create table(?-i).+?(?i)values(?-i) ").unwrap();
[INFO] [stdout] 26 | |         static ref RE_INSERT: Regex = Regex::new("(?i)insert into(?-i).+?(?i)values(?-i) ").unwrap();
[INFO] [stdout] 27 | |         static ref RE_END: Regex = Regex::new("(?i)commit;analyze(?-i)").unwrap();
[INFO] [stdout] 28 | |     }
[INFO] [stdout]    | |_____^
[INFO] [stdout]    |
[INFO] [stdout]    = note: `#[warn(deprecated)]` on by default
[INFO] [stdout]    = note: this warning originates in the macro `__lazy_static_create` which comes from the expansion of the macro `lazy_static` (in Nightly builds, run with -Z macro-backtrace for more info)
[INFO] [stdout] 
[INFO] [stdout] 
[INFO] [stdout] warning: use of deprecated constant `std::sync::ONCE_INIT`: the `Once::new()` function is now preferred
[INFO] [stdout]   --> src/lib.rs:24:5
[INFO] [stdout]    |
[INFO] [stdout] 24 | /     lazy_static! {
[INFO] [stdout] 25 | | //        static ref RE_CREATE_TABLE: Regex = Regex::new("(?i)create table(?-i).+?(?i)values(?-i) ").unwrap();
[INFO] [stdout] 26 | |         static ref RE_INSERT: Regex = Regex::new("(?i)insert into(?-i).+?(?i)values(?-i) ").unwrap();
[INFO] [stdout] 27 | |         static ref RE_END: Regex = Regex::new("(?i)commit;analyze(?-i)").unwrap();
[INFO] [stdout] 28 | |     }
[INFO] [stdout]    | |_____^
[INFO] [stdout]    |
[INFO] [stdout]    = note: this warning originates in the macro `__lazy_static_create` which comes from the expansion of the macro `lazy_static` (in Nightly builds, run with -Z macro-backtrace for more info)
[INFO] [stdout] 
[INFO] [stdout] 
[INFO] [stdout] warning: use of deprecated method `failure::core::str::<impl str>::trim_left`: superseded by `trim_start`
[INFO] [stdout]   --> src/lib.rs:48:14
[INFO] [stdout]    |
[INFO] [stdout] 48 |             .trim_left()
[INFO] [stdout]    |              ^^^^^^^^^
[INFO] [stdout]    |
[INFO] [stdout] help: replace the use of the deprecated method
[INFO] [stdout]    |
[INFO] [stdout] 48 |             .trim_start()
[INFO] [stdout]    |              ~~~~~~~~~~
[INFO] [stdout] 
[INFO] [stdout] 
[INFO] [stdout] warning: use of deprecated method `failure::core::str::<impl str>::trim_left_matches`: superseded by `trim_start_matches`
[INFO] [stdout]   --> src/lib.rs:49:14
[INFO] [stdout]    |
[INFO] [stdout] 49 |             .trim_left_matches("(")
[INFO] [stdout]    |              ^^^^^^^^^^^^^^^^^
[INFO] [stdout]    |
[INFO] [stdout] help: replace the use of the deprecated method
[INFO] [stdout]    |
[INFO] [stdout] 49 |             .trim_start_matches("(")
[INFO] [stdout]    |              ~~~~~~~~~~~~~~~~~~
[INFO] [stdout] 
[INFO] [stdout] 
[INFO] [stdout] warning: use of deprecated method `failure::core::str::<impl str>::trim_right`: superseded by `trim_end`
[INFO] [stdout]   --> src/lib.rs:50:14
[INFO] [stdout]    |
[INFO] [stdout] 50 |             .trim_right()
[INFO] [stdout]    |              ^^^^^^^^^^
[INFO] [stdout]    |
[INFO] [stdout] help: replace the use of the deprecated method
[INFO] [stdout]    |
[INFO] [stdout] 50 |             .trim_end()
[INFO] [stdout]    |              ~~~~~~~~
[INFO] [stdout] 
[INFO] [stdout] 
[INFO] [stdout] warning: use of deprecated method `failure::core::str::<impl str>::trim_right_matches`: superseded by `trim_end_matches`
[INFO] [stdout]   --> src/lib.rs:51:14
[INFO] [stdout]    |
[INFO] [stdout] 51 |             .trim_right_matches(");");
[INFO] [stdout]    |              ^^^^^^^^^^^^^^^^^^
[INFO] [stdout]    |
[INFO] [stdout] help: replace the use of the deprecated method
[INFO] [stdout]    |
[INFO] [stdout] 51 |             .trim_end_matches(");");
[INFO] [stdout]    |              ~~~~~~~~~~~~~~~~
[INFO] [stdout] 
[INFO] [stdout] 
[INFO] [stdout] warning: use of deprecated constant `std::sync::ONCE_INIT`: the `Once::new()` function is now preferred
[INFO] [stdout]   --> src/lib.rs:24:5
[INFO] [stdout]    |
[INFO] [stdout] 24 | /     lazy_static! {
[INFO] [stdout] 25 | | //        static ref RE_CREATE_TABLE: Regex = Regex::new("(?i)create table(?-i).+?(?i)values(?-i) ").unwrap();
[INFO] [stdout] 26 | |         static ref RE_INSERT: Regex = Regex::new("(?i)insert into(?-i).+?(?i)values(?-i) ").unwrap();
[INFO] [stdout] 27 | |         static ref RE_END: Regex = Regex::new("(?i)commit;analyze(?-i)").unwrap();
[INFO] [stdout] 28 | |     }
[INFO] [stdout]    | |_____^
[INFO] [stdout]    |
[INFO] [stdout]    = note: `#[warn(deprecated)]` on by default
[INFO] [stdout]    = note: this warning originates in the macro `__lazy_static_create` which comes from the expansion of the macro `lazy_static` (in Nightly builds, run with -Z macro-backtrace for more info)
[INFO] [stdout] 
[INFO] [stdout] 
[INFO] [stdout] warning: use of deprecated constant `std::sync::ONCE_INIT`: the `Once::new()` function is now preferred
[INFO] [stdout]   --> src/lib.rs:24:5
[INFO] [stdout]    |
[INFO] [stdout] 24 | /     lazy_static! {
[INFO] [stdout] 25 | | //        static ref RE_CREATE_TABLE: Regex = Regex::new("(?i)create table(?-i).+?(?i)values(?-i) ").unwrap();
[INFO] [stdout] 26 | |         static ref RE_INSERT: Regex = Regex::new("(?i)insert into(?-i).+?(?i)values(?-i) ").unwrap();
[INFO] [stdout] 27 | |         static ref RE_END: Regex = Regex::new("(?i)commit;analyze(?-i)").unwrap();
[INFO] [stdout] 28 | |     }
[INFO] [stdout]    | |_____^
[INFO] [stdout]    |
[INFO] [stdout]    = note: this warning originates in the macro `__lazy_static_create` which comes from the expansion of the macro `lazy_static` (in Nightly builds, run with -Z macro-backtrace for more info)
[INFO] [stdout] 
[INFO] [stdout] 
[INFO] [stdout] warning: use of deprecated method `failure::core::str::<impl str>::trim_left`: superseded by `trim_start`
[INFO] [stdout]   --> src/lib.rs:48:14
[INFO] [stdout]    |
[INFO] [stdout] 48 |             .trim_left()
[INFO] [stdout]    |              ^^^^^^^^^
[INFO] [stdout]    |
[INFO] [stdout] help: replace the use of the deprecated method
[INFO] [stdout]    |
[INFO] [stdout] 48 |             .trim_start()
[INFO] [stdout]    |              ~~~~~~~~~~
[INFO] [stdout] 
[INFO] [stdout] 
[INFO] [stdout] warning: use of deprecated method `failure::core::str::<impl str>::trim_left_matches`: superseded by `trim_start_matches`
[INFO] [stdout]   --> src/lib.rs:49:14
[INFO] [stdout]    |
[INFO] [stdout] 49 |             .trim_left_matches("(")
[INFO] [stdout]    |              ^^^^^^^^^^^^^^^^^
[INFO] [stdout]    |
[INFO] [stdout] help: replace the use of the deprecated method
[INFO] [stdout]    |
[INFO] [stdout] 49 |             .trim_start_matches("(")
[INFO] [stdout]    |              ~~~~~~~~~~~~~~~~~~
[INFO] [stdout] 
[INFO] [stdout] 
[INFO] [stdout] warning: use of deprecated method `failure::core::str::<impl str>::trim_right`: superseded by `trim_end`
[INFO] [stdout]   --> src/lib.rs:50:14
[INFO] [stdout]    |
[INFO] [stdout] 50 |             .trim_right()
[INFO] [stdout]    |              ^^^^^^^^^^
[INFO] [stdout]    |
[INFO] [stdout] help: replace the use of the deprecated method
[INFO] [stdout]    |
[INFO] [stdout] 50 |             .trim_end()
[INFO] [stdout]    |              ~~~~~~~~
[INFO] [stdout] 
[INFO] [stdout] 
[INFO] [stdout] warning: use of deprecated method `failure::core::str::<impl str>::trim_right_matches`: superseded by `trim_end_matches`
[INFO] [stdout]   --> src/lib.rs:51:14
[INFO] [stdout]    |
[INFO] [stdout] 51 |             .trim_right_matches(");");
[INFO] [stdout]    |              ^^^^^^^^^^^^^^^^^^
[INFO] [stdout]    |
[INFO] [stdout] help: replace the use of the deprecated method
[INFO] [stdout]    |
[INFO] [stdout] 51 |             .trim_end_matches(");");
[INFO] [stdout]    |              ~~~~~~~~~~~~~~~~
[INFO] [stdout] 
[INFO] [stdout] 
[INFO] [stderr]     Finished `test` profile [unoptimized + debuginfo] target(s) in 1.15s
[INFO] [stderr] warning: the following packages contain code that will be rejected by a future version of Rust: syn v0.14.6
[INFO] [stderr] note: to see what the problems were, use the option `--future-incompat-report`, or run `cargo report future-incompatibilities --id 1`
[INFO] running `Command { std: "docker" "inspect" "0bf1240c3aa969ab8e93418daa4d5748eee9e02c761ea12313240ddf2f06e79b", kill_on_drop: false }`
[INFO] running `Command { std: "docker" "rm" "-f" "0bf1240c3aa969ab8e93418daa4d5748eee9e02c761ea12313240ddf2f06e79b", kill_on_drop: false }`
[INFO] [stdout] 0bf1240c3aa969ab8e93418daa4d5748eee9e02c761ea12313240ddf2f06e79b
[INFO] running `Command { std: "docker" "create" "-v" "/var/lib/crater-agent-workspace/builds/worker-6-tc1/target:/opt/rustwide/target:rw,Z" "-v" "/var/lib/crater-agent-workspace/builds/worker-6-tc1/source:/opt/rustwide/workdir:ro,Z" "-v" "/var/lib/crater-agent-workspace/cargo-home:/opt/rustwide/cargo-home:ro,Z" "-v" "/var/lib/crater-agent-workspace/rustup-home:/opt/rustwide/rustup-home:ro,Z" "-e" "SOURCE_DIR=/opt/rustwide/workdir" "-e" "CARGO_TARGET_DIR=/opt/rustwide/target" "-e" "CARGO_INCREMENTAL=0" "-e" "RUST_BACKTRACE=full" "-e" "RUSTFLAGS=--cap-lints=warn" "-e" "RUSTDOCFLAGS=--cap-lints=warn" "-e" "CARGO_HOME=/opt/rustwide/cargo-home" "-e" "RUSTUP_HOME=/opt/rustwide/rustup-home" "-w" "/opt/rustwide/workdir" "-m" "1610612736" "--user" "0:0" "--network" "none" "ghcr.io/rust-lang/crates-build-env/linux@sha256:f3a9d4ad9d972b27faf3965f35b62e55ba32bbce8f20bc8fe909558a86702fde" "/opt/rustwide/cargo-home/bin/cargo" "+1.83.0" "test" "--frozen", kill_on_drop: false }`
[INFO] [stdout] bf67d957efa00fd7aaa39ca60243bc05c183c30f19bb2d0ea361a9c9788cb6cc
[INFO] running `Command { std: "docker" "start" "-a" "bf67d957efa00fd7aaa39ca60243bc05c183c30f19bb2d0ea361a9c9788cb6cc", kill_on_drop: false }`
[INFO] [stderr] warning: no edition set: defaulting to the 2015 edition while the latest is 2021
[INFO] [stderr] warning: use of deprecated constant `std::sync::ONCE_INIT`: the `Once::new()` function is now preferred
[INFO] [stderr]   --> src/lib.rs:24:5
[INFO] [stderr]    |
[INFO] [stderr] 24 | /     lazy_static! {
[INFO] [stderr] 25 | | //        static ref RE_CREATE_TABLE: Regex = Regex::new("(?i)create table(?-i).+?(?i)values(?-i) ").unwrap();
[INFO] [stderr] 26 | |         static ref RE_INSERT: Regex = Regex::new("(?i)insert into(?-i).+?(?i)values(?-i) ").unwrap();
[INFO] [stderr] 27 | |         static ref RE_END: Regex = Regex::new("(?i)commit;analyze(?-i)").unwrap();
[INFO] [stderr] 28 | |     }
[INFO] [stderr]    | |_____^
[INFO] [stderr]    |
[INFO] [stderr]    = note: `#[warn(deprecated)]` on by default
[INFO] [stderr]    = note: this warning originates in the macro `__lazy_static_create` which comes from the expansion of the macro `lazy_static` (in Nightly builds, run with -Z macro-backtrace for more info)
[INFO] [stderr] 
[INFO] [stderr] warning: use of deprecated constant `std::sync::ONCE_INIT`: the `Once::new()` function is now preferred
[INFO] [stderr]   --> src/lib.rs:24:5
[INFO] [stderr]    |
[INFO] [stderr] 24 | /     lazy_static! {
[INFO] [stderr] 25 | | //        static ref RE_CREATE_TABLE: Regex = Regex::new("(?i)create table(?-i).+?(?i)values(?-i) ").unwrap();
[INFO] [stderr] 26 | |         static ref RE_INSERT: Regex = Regex::new("(?i)insert into(?-i).+?(?i)values(?-i) ").unwrap();
[INFO] [stderr] 27 | |         static ref RE_END: Regex = Regex::new("(?i)commit;analyze(?-i)").unwrap();
[INFO] [stderr] 28 | |     }
[INFO] [stderr]    | |_____^
[INFO] [stderr]    |
[INFO] [stderr]    = note: this warning originates in the macro `__lazy_static_create` which comes from the expansion of the macro `lazy_static` (in Nightly builds, run with -Z macro-backtrace for more info)
[INFO] [stderr] 
[INFO] [stderr] warning: use of deprecated method `failure::core::str::<impl str>::trim_left`: superseded by `trim_start`
[INFO] [stderr]   --> src/lib.rs:48:14
[INFO] [stderr]    |
[INFO] [stderr] 48 |             .trim_left()
[INFO] [stderr]    |              ^^^^^^^^^
[INFO] [stderr]    |
[INFO] [stderr] help: replace the use of the deprecated method
[INFO] [stderr]    |
[INFO] [stderr] 48 |             .trim_start()
[INFO] [stderr]    |              ~~~~~~~~~~
[INFO] [stderr] 
[INFO] [stderr] warning: use of deprecated method `failure::core::str::<impl str>::trim_left_matches`: superseded by `trim_start_matches`
[INFO] [stderr]   --> src/lib.rs:49:14
[INFO] [stderr]    |
[INFO] [stderr] 49 |             .trim_left_matches("(")
[INFO] [stderr]    |              ^^^^^^^^^^^^^^^^^
[INFO] [stderr]    |
[INFO] [stderr] help: replace the use of the deprecated method
[INFO] [stderr]    |
[INFO] [stderr] 49 |             .trim_start_matches("(")
[INFO] [stderr]    |              ~~~~~~~~~~~~~~~~~~
[INFO] [stderr] 
[INFO] [stderr] warning: use of deprecated method `failure::core::str::<impl str>::trim_right`: superseded by `trim_end`
[INFO] [stderr]   --> src/lib.rs:50:14
[INFO] [stderr]    |
[INFO] [stderr] 50 |             .trim_right()
[INFO] [stderr]    |              ^^^^^^^^^^
[INFO] [stderr]    |
[INFO] [stderr] help: replace the use of the deprecated method
[INFO] [stderr]    |
[INFO] [stderr] 50 |             .trim_end()
[INFO] [stderr]    |              ~~~~~~~~
[INFO] [stderr] 
[INFO] [stderr] warning: use of deprecated method `failure::core::str::<impl str>::trim_right_matches`: superseded by `trim_end_matches`
[INFO] [stderr]   --> src/lib.rs:51:14
[INFO] [stderr]    |
[INFO] [stderr] 51 |             .trim_right_matches(");");
[INFO] [stderr]    |              ^^^^^^^^^^^^^^^^^^
[INFO] [stderr]    |
[INFO] [stderr] help: replace the use of the deprecated method
[INFO] [stderr]    |
[INFO] [stderr] 51 |             .trim_end_matches(");");
[INFO] [stderr]    |              ~~~~~~~~~~~~~~~~
[INFO] [stderr] 
[INFO] [stderr] warning: `shp2pgsql2csv` (lib) generated 6 warnings (run `cargo fix --lib -p shp2pgsql2csv` to apply 4 suggestions)
[INFO] [stderr] warning: `shp2pgsql2csv` (lib test) generated 6 warnings (6 duplicates)
[INFO] [stderr]     Finished `test` profile [unoptimized + debuginfo] target(s) in 0.04s
[INFO] [stderr] warning: the following packages contain code that will be rejected by a future version of Rust: syn v0.14.6
[INFO] [stderr] note: to see what the problems were, use the option `--future-incompat-report`, or run `cargo report future-incompatibilities --id 1`
[INFO] [stderr]      Running unittests src/lib.rs (/opt/rustwide/target/debug/deps/shp2pgsql2csv-3ef4a932f81ca5ee)
[INFO] [stdout] 
[INFO] [stdout] running 2 tests
[INFO] [stdout] test test::test_basic_sql ... FAILED
[INFO] [stderr] error: test failed, to rerun pass `--lib`
[INFO] [stdout] test test::test_shp2psql_output ... FAILED
[INFO] [stdout] 
[INFO] [stdout] failures:
[INFO] [stdout] 
[INFO] [stdout] ---- test::test_basic_sql stdout ----
[INFO] [stdout] 1,0,April,,1,0,0,0.778582929065,20140312223924,20140312223929,4657771,20236,0), (2,0,August,,0,0,0,0.123830928525,20140312221818,20140312221822,4360163,11466,0
[INFO] [stdout] thread 'test::test_basic_sql' panicked at src/lib.rs:86:9:
[INFO] [stdout] explicit panic
[INFO] [stdout] stack backtrace:
[INFO] [stdout]    0:     0x646f803744aa - std::backtrace_rs::backtrace::libunwind::trace::h5a5b8284f2d0c266
[INFO] [stdout]                                at /rustc/90b35a6239c3d8bdabc530a6a0816f7ff89a0aaf/library/std/src/../../backtrace/src/backtrace/libunwind.rs:116:5
[INFO] [stdout]    1:     0x646f803744aa - std::backtrace_rs::backtrace::trace_unsynchronized::h76d4f1c9b0b875e3
[INFO] [stdout]                                at /rustc/90b35a6239c3d8bdabc530a6a0816f7ff89a0aaf/library/std/src/../../backtrace/src/backtrace/mod.rs:66:5
[INFO] [stdout]    2:     0x646f803744aa - std::sys::backtrace::_print_fmt::hc4546b8364a537c6
[INFO] [stdout]                                at /rustc/90b35a6239c3d8bdabc530a6a0816f7ff89a0aaf/library/std/src/sys/backtrace.rs:66:9
[INFO] [stdout]    3:     0x646f803744aa - <std::sys::backtrace::BacktraceLock::print::DisplayBacktrace as core::fmt::Display>::fmt::h5b6bd5631a6d1f6b
[INFO] [stdout]                                at /rustc/90b35a6239c3d8bdabc530a6a0816f7ff89a0aaf/library/std/src/sys/backtrace.rs:39:26
[INFO] [stdout]    4:     0x646f8039a963 - core::fmt::rt::Argument::fmt::h270f6602a2b96f62
[INFO] [stdout]                                at /rustc/90b35a6239c3d8bdabc530a6a0816f7ff89a0aaf/library/core/src/fmt/rt.rs:177:76
[INFO] [stdout]    5:     0x646f8039a963 - core::fmt::write::h7550c97b06c86515
[INFO] [stdout]                                at /rustc/90b35a6239c3d8bdabc530a6a0816f7ff89a0aaf/library/core/src/fmt/mod.rs:1186:21
[INFO] [stdout]    6:     0x646f80371653 - std::io::Write::write_fmt::h509ff860e5956e5e
[INFO] [stdout]                                at /rustc/90b35a6239c3d8bdabc530a6a0816f7ff89a0aaf/library/std/src/io/mod.rs:1839:15
[INFO] [stdout]    7:     0x646f803742f2 - std::sys::backtrace::BacktraceLock::print::h2395ccd2c84ba3aa
[INFO] [stdout]                                at /rustc/90b35a6239c3d8bdabc530a6a0816f7ff89a0aaf/library/std/src/sys/backtrace.rs:42:9
[INFO] [stdout]    8:     0x646f8037590a - std::panicking::default_hook::{{closure}}::he19d4c7230e07961
[INFO] [stdout]                                at /rustc/90b35a6239c3d8bdabc530a6a0816f7ff89a0aaf/library/std/src/panicking.rs:268:22
[INFO] [stdout]    9:     0x646f80375714 - std::panicking::default_hook::hf614597d3c67bbdb
[INFO] [stdout]                                at /rustc/90b35a6239c3d8bdabc530a6a0816f7ff89a0aaf/library/std/src/panicking.rs:292:9
[INFO] [stdout]   10:     0x646f80226c49 - <alloc::boxed::Box<F,A> as core::ops::function::Fn<Args>>::call::h39b51ce4599c23d1
[INFO] [stdout]                                at /rustc/90b35a6239c3d8bdabc530a6a0816f7ff89a0aaf/library/alloc/src/boxed.rs:2468:9
[INFO] [stdout]   11:     0x646f80226c49 - test::test_main::{{closure}}::he977ae839a582784
[INFO] [stdout]                                at /rustc/90b35a6239c3d8bdabc530a6a0816f7ff89a0aaf/library/test/src/lib.rs:133:21
[INFO] [stdout]   12:     0x646f80375fa8 - <alloc::boxed::Box<F,A> as core::ops::function::Fn<Args>>::call::h9455091b6b06f9fb
[INFO] [stdout]                                at /rustc/90b35a6239c3d8bdabc530a6a0816f7ff89a0aaf/library/alloc/src/boxed.rs:2468:9
[INFO] [stdout]   13:     0x646f80375fa8 - std::panicking::rust_panic_with_hook::h8942133a8b252070
[INFO] [stdout]                                at /rustc/90b35a6239c3d8bdabc530a6a0816f7ff89a0aaf/library/std/src/panicking.rs:809:13
[INFO] [stdout]   14:     0x646f8034231a - std::panicking::begin_panic::{{closure}}::h2a03625146ed85d7
[INFO] [stdout]                                at /rustc/90b35a6239c3d8bdabc530a6a0816f7ff89a0aaf/library/std/src/panicking.rs:738:9
[INFO] [stdout]   15:     0x646f8034228a - std::sys::backtrace::__rust_end_short_backtrace::h0ab1e8419f2a9a96
[INFO] [stdout]                                at /rustc/90b35a6239c3d8bdabc530a6a0816f7ff89a0aaf/library/std/src/sys/backtrace.rs:170:18
[INFO] [stdout]   16:     0x646f803422c3 - std::panicking::begin_panic::h54a9f138c0fcea17
[INFO] [stdout]                                at /rustc/90b35a6239c3d8bdabc530a6a0816f7ff89a0aaf/library/std/src/panicking.rs:737:5
[INFO] [stdout]   17:     0x646f801ee6d7 - shp2pgsql2csv::test::test_basic_sql::h83405f6382f9f35b
[INFO] [stdout]                                at /opt/rustwide/workdir/src/lib.rs:86:9
[INFO] [stdout]   18:     0x646f801ee4d7 - shp2pgsql2csv::test::test_basic_sql::{{closure}}::hd97a2b133630d6ee
[INFO] [stdout]                                at /opt/rustwide/workdir/src/lib.rs:81:24
[INFO] [stdout]   19:     0x646f801e61c6 - core::ops::function::FnOnce::call_once::h58131fed313f4f15
[INFO] [stdout]                                at /rustc/90b35a6239c3d8bdabc530a6a0816f7ff89a0aaf/library/core/src/ops/function.rs:250:5
[INFO] [stdout]   20:     0x646f8022b60b - core::ops::function::FnOnce::call_once::h109cf8051a59b34e
[INFO] [stdout]                                at /rustc/90b35a6239c3d8bdabc530a6a0816f7ff89a0aaf/library/core/src/ops/function.rs:250:5
[INFO] [stdout]   21:     0x646f8022b60b - test::__rust_begin_short_backtrace::hf4fff89d377446ba
[INFO] [stdout]                                at /rustc/90b35a6239c3d8bdabc530a6a0816f7ff89a0aaf/library/test/src/lib.rs:621:18
[INFO] [stdout]   22:     0x646f8022ae47 - test::run_test_in_process::{{closure}}::h0e39181dd7ee5a43
[INFO] [stdout]                                at /rustc/90b35a6239c3d8bdabc530a6a0816f7ff89a0aaf/library/test/src/lib.rs:644:60
[INFO] [stdout]   23:     0x646f8022ae47 - <core::panic::unwind_safe::AssertUnwindSafe<F> as core::ops::function::FnOnce<()>>::call_once::hc5a66a30f0bdfd1f
[INFO] [stdout]                                at /rustc/90b35a6239c3d8bdabc530a6a0816f7ff89a0aaf/library/core/src/panic/unwind_safe.rs:272:9
[INFO] [stdout]   24:     0x646f8022ae47 - std::panicking::try::do_call::h873b7cf639554a5e
[INFO] [stdout]                                at /rustc/90b35a6239c3d8bdabc530a6a0816f7ff89a0aaf/library/std/src/panicking.rs:557:40
[INFO] [stdout]   25:     0x646f8022ae47 - std::panicking::try::hdb19862fad9c8bd1
[INFO] [stdout]                                at /rustc/90b35a6239c3d8bdabc530a6a0816f7ff89a0aaf/library/std/src/panicking.rs:520:19
[INFO] [stdout]   26:     0x646f8022ae47 - std::panic::catch_unwind::h281fe732d236d260
[INFO] [stdout]                                at /rustc/90b35a6239c3d8bdabc530a6a0816f7ff89a0aaf/library/std/src/panic.rs:358:14
[INFO] [stdout]   27:     0x646f8022ae47 - test::run_test_in_process::h949b6df8457ed338
[INFO] [stdout]                                at /rustc/90b35a6239c3d8bdabc530a6a0816f7ff89a0aaf/library/test/src/lib.rs:644:27
[INFO] [stdout]   28:     0x646f8022ae47 - test::run_test::{{closure}}::h52c556a6d4740e10
[INFO] [stdout]                                at /rustc/90b35a6239c3d8bdabc530a6a0816f7ff89a0aaf/library/test/src/lib.rs:565:43
[INFO] [stdout]   29:     0x646f801f0124 - test::run_test::{{closure}}::h4237f6381c45ccb9
[INFO] [stdout]                                at /rustc/90b35a6239c3d8bdabc530a6a0816f7ff89a0aaf/library/test/src/lib.rs:595:41
[INFO] [stdout]   30:     0x646f801f0124 - std::sys::backtrace::__rust_begin_short_backtrace::h505c97a579eca628
[INFO] [stdout]                                at /rustc/90b35a6239c3d8bdabc530a6a0816f7ff89a0aaf/library/std/src/sys/backtrace.rs:154:18
[INFO] [stdout]   31:     0x646f801f37ee - std::thread::Builder::spawn_unchecked_::{{closure}}::{{closure}}::h9e86b2e2bc107ea3
[INFO] [stdout]                                at /rustc/90b35a6239c3d8bdabc530a6a0816f7ff89a0aaf/library/std/src/thread/mod.rs:538:17
[INFO] [stdout]   32:     0x646f801f37ee - <core::panic::unwind_safe::AssertUnwindSafe<F> as core::ops::function::FnOnce<()>>::call_once::h8b06ddb275ff4a25
[INFO] [stdout]                                at /rustc/90b35a6239c3d8bdabc530a6a0816f7ff89a0aaf/library/core/src/panic/unwind_safe.rs:272:9
[INFO] [stdout]   33:     0x646f801f37ee - std::panicking::try::do_call::hb26ecd7cd9a9355d
[INFO] [stdout]                                at /rustc/90b35a6239c3d8bdabc530a6a0816f7ff89a0aaf/library/std/src/panicking.rs:557:40
[INFO] [stdout]   34:     0x646f801f37ee - std::panicking::try::h8ddeca9d705f9069
[INFO] [stdout]                                at /rustc/90b35a6239c3d8bdabc530a6a0816f7ff89a0aaf/library/std/src/panicking.rs:520:19
[INFO] [stdout]   35:     0x646f801f37ee - std::panic::catch_unwind::h49e1c33078844c46
[INFO] [stdout]                                at /rustc/90b35a6239c3d8bdabc530a6a0816f7ff89a0aaf/library/std/src/panic.rs:358:14
[INFO] [stdout]   36:     0x646f801f37ee - std::thread::Builder::spawn_unchecked_::{{closure}}::h6073db6ff56ad35d
[INFO] [stdout]                                at /rustc/90b35a6239c3d8bdabc530a6a0816f7ff89a0aaf/library/std/src/thread/mod.rs:537:30
[INFO] [stdout]   37:     0x646f801f37ee - core::ops::function::FnOnce::call_once{{vtable.shim}}::h2c5a5f3779c774f1
[INFO] [stdout]                                at /rustc/90b35a6239c3d8bdabc530a6a0816f7ff89a0aaf/library/core/src/ops/function.rs:250:5
[INFO] [stdout]   38:     0x646f80379d7b - <alloc::boxed::Box<F,A> as core::ops::function::FnOnce<Args>>::call_once::hf75717d9f28faebf
[INFO] [stdout]                                at /rustc/90b35a6239c3d8bdabc530a6a0816f7ff89a0aaf/library/alloc/src/boxed.rs:2454:9
[INFO] [stdout]   39:     0x646f80379d7b - <alloc::boxed::Box<F,A> as core::ops::function::FnOnce<Args>>::call_once::h7bd883a5f3c5f3c1
[INFO] [stdout]                                at /rustc/90b35a6239c3d8bdabc530a6a0816f7ff89a0aaf/library/alloc/src/boxed.rs:2454:9
[INFO] [stdout]   40:     0x646f80379d7b - std::sys::pal::unix::thread::Thread::new::thread_start::hcc78f3943333fa94
[INFO] [stdout]                                at /rustc/90b35a6239c3d8bdabc530a6a0816f7ff89a0aaf/library/std/src/sys/pal/unix/thread.rs:105:17
[INFO] [stdout]   41:     0x7031481e9ac3 - <unknown>
[INFO] [stdout]   42:     0x70314827aa04 - clone
[INFO] [stdout]   43:                0x0 - <unknown>
[INFO] [stdout] 
[INFO] [stdout] ---- test::test_shp2psql_output stdout ----
[INFO] [stdout] 01,25840,02403599,0125840,Fayette,Fayette city,25,C1,N,N,G4110,A,22143482,212108,+33.6942153,-087.8311690
[INFO] [stdout] 01,32536,02406632,0132536,Gu-Win,Gu-Win town,43,C1,N,N,G4110,A,5028328,0,+33.9443187,-087.8703679
[INFO] [stdout] 01,02908,02403122,0102908,Ashville,Ashville city,25,C1,N,N,G4110,A,49762931,487107,+33.8351967,-086.2700148
[INFO] [stdout] 01,46696,02406094,0146696,Margaret,Margaret town,43,C1,N,N,G4110,A,25438710,39224,+33.6728398,-086.4639420
[INFO] [stdout] 01,56400,02407036,0156400,Odenville,Odenville town,43,C1,N,N,G4110,A,36176037,241048,+33.7008754,-086.4233712
[INFO] [stdout] thread 'test::test_shp2psql_output' panicked at src/lib.rs:95:9:
[INFO] [stdout] explicit panic
[INFO] [stdout] stack backtrace:
[INFO] [stdout]    0:     0x646f803744aa - std::backtrace_rs::backtrace::libunwind::trace::h5a5b8284f2d0c266
[INFO] [stdout]                                at /rustc/90b35a6239c3d8bdabc530a6a0816f7ff89a0aaf/library/std/src/../../backtrace/src/backtrace/libunwind.rs:116:5
[INFO] [stdout]    1:     0x646f803744aa - std::backtrace_rs::backtrace::trace_unsynchronized::h76d4f1c9b0b875e3
[INFO] [stdout]                                at /rustc/90b35a6239c3d8bdabc530a6a0816f7ff89a0aaf/library/std/src/../../backtrace/src/backtrace/mod.rs:66:5
[INFO] [stdout]    2:     0x646f803744aa - std::sys::backtrace::_print_fmt::hc4546b8364a537c6
[INFO] [stdout]                                at /rustc/90b35a6239c3d8bdabc530a6a0816f7ff89a0aaf/library/std/src/sys/backtrace.rs:66:9
[INFO] [stdout]    3:     0x646f803744aa - <std::sys::backtrace::BacktraceLock::print::DisplayBacktrace as core::fmt::Display>::fmt::h5b6bd5631a6d1f6b
[INFO] [stdout]                                at /rustc/90b35a6239c3d8bdabc530a6a0816f7ff89a0aaf/library/std/src/sys/backtrace.rs:39:26
[INFO] [stdout]    4:     0x646f8039a963 - core::fmt::rt::Argument::fmt::h270f6602a2b96f62
[INFO] [stdout]                                at /rustc/90b35a6239c3d8bdabc530a6a0816f7ff89a0aaf/library/core/src/fmt/rt.rs:177:76
[INFO] [stdout]    5:     0x646f8039a963 - core::fmt::write::h7550c97b06c86515
[INFO] [stdout]                                at /rustc/90b35a6239c3d8bdabc530a6a0816f7ff89a0aaf/library/core/src/fmt/mod.rs:1186:21
[INFO] [stdout]    6:     0x646f80371653 - std::io::Write::write_fmt::h509ff860e5956e5e
[INFO] [stdout]                                at /rustc/90b35a6239c3d8bdabc530a6a0816f7ff89a0aaf/library/std/src/io/mod.rs:1839:15
[INFO] [stdout]    7:     0x646f803742f2 - std::sys::backtrace::BacktraceLock::print::h2395ccd2c84ba3aa
[INFO] [stdout]                                at /rustc/90b35a6239c3d8bdabc530a6a0816f7ff89a0aaf/library/std/src/sys/backtrace.rs:42:9
[INFO] [stdout]    8:     0x646f8037590a - std::panicking::default_hook::{{closure}}::he19d4c7230e07961
[INFO] [stdout]                                at /rustc/90b35a6239c3d8bdabc530a6a0816f7ff89a0aaf/library/std/src/panicking.rs:268:22
[INFO] [stdout]    9:     0x646f80375714 - std::panicking::default_hook::hf614597d3c67bbdb
[INFO] [stdout]                                at /rustc/90b35a6239c3d8bdabc530a6a0816f7ff89a0aaf/library/std/src/panicking.rs:292:9
[INFO] [stdout]   10:     0x646f80226c49 - <alloc::boxed::Box<F,A> as core::ops::function::Fn<Args>>::call::h39b51ce4599c23d1
[INFO] [stdout]                                at /rustc/90b35a6239c3d8bdabc530a6a0816f7ff89a0aaf/library/alloc/src/boxed.rs:2468:9
[INFO] [stdout]   11:     0x646f80226c49 - test::test_main::{{closure}}::he977ae839a582784
[INFO] [stdout]                                at /rustc/90b35a6239c3d8bdabc530a6a0816f7ff89a0aaf/library/test/src/lib.rs:133:21
[INFO] [stdout]   12:     0x646f80375fa8 - <alloc::boxed::Box<F,A> as core::ops::function::Fn<Args>>::call::h9455091b6b06f9fb
[INFO] [stdout]                                at /rustc/90b35a6239c3d8bdabc530a6a0816f7ff89a0aaf/library/alloc/src/boxed.rs:2468:9
[INFO] [stdout]   13:     0x646f80375fa8 - std::panicking::rust_panic_with_hook::h8942133a8b252070
[INFO] [stdout]                                at /rustc/90b35a6239c3d8bdabc530a6a0816f7ff89a0aaf/library/std/src/panicking.rs:809:13
[INFO] [stdout]   14:     0x646f8034231a - std::panicking::begin_panic::{{closure}}::h2a03625146ed85d7
[INFO] [stdout]                                at /rustc/90b35a6239c3d8bdabc530a6a0816f7ff89a0aaf/library/std/src/panicking.rs:738:9
[INFO] [stdout]   15:     0x646f8034228a - std::sys::backtrace::__rust_end_short_backtrace::h0ab1e8419f2a9a96
[INFO] [stdout]                                at /rustc/90b35a6239c3d8bdabc530a6a0816f7ff89a0aaf/library/std/src/sys/backtrace.rs:170:18
[INFO] [stdout]   16:     0x646f803422c3 - std::panicking::begin_panic::h54a9f138c0fcea17
[INFO] [stdout]                                at /rustc/90b35a6239c3d8bdabc530a6a0816f7ff89a0aaf/library/std/src/panicking.rs:737:5
[INFO] [stdout]   17:     0x646f801ee917 - shp2pgsql2csv::test::test_shp2psql_output::hb3a435bea2651332
[INFO] [stdout]                                at /opt/rustwide/workdir/src/lib.rs:95:9
[INFO] [stdout]   18:     0x646f801ee717 - shp2pgsql2csv::test::test_shp2psql_output::{{closure}}::hf167ec788bc37074
[INFO] [stdout]                                at /opt/rustwide/workdir/src/lib.rs:90:30
[INFO] [stdout]   19:     0x646f801e6316 - core::ops::function::FnOnce::call_once::hd994a9a169b37ad3
[INFO] [stdout]                                at /rustc/90b35a6239c3d8bdabc530a6a0816f7ff89a0aaf/library/core/src/ops/function.rs:250:5
[INFO] [stdout]   20:     0x646f8022b60b - core::ops::function::FnOnce::call_once::h109cf8051a59b34e
[INFO] [stdout]                                at /rustc/90b35a6239c3d8bdabc530a6a0816f7ff89a0aaf/library/core/src/ops/function.rs:250:5
[INFO] [stdout]   21:     0x646f8022b60b - test::__rust_begin_short_backtrace::hf4fff89d377446ba
[INFO] [stdout]                                at /rustc/90b35a6239c3d8bdabc530a6a0816f7ff89a0aaf/library/test/src/lib.rs:621:18
[INFO] [stdout]   22:     0x646f8022ae47 - test::run_test_in_process::{{closure}}::h0e39181dd7ee5a43
[INFO] [stdout]                                at /rustc/90b35a6239c3d8bdabc530a6a0816f7ff89a0aaf/library/test/src/lib.rs:644:60
[INFO] [stdout]   23:     0x646f8022ae47 - <core::panic::unwind_safe::AssertUnwindSafe<F> as core::ops::function::FnOnce<()>>::call_once::hc5a66a30f0bdfd1f
[INFO] [stdout]                                at /rustc/90b35a6239c3d8bdabc530a6a0816f7ff89a0aaf/library/core/src/panic/unwind_safe.rs:272:9
[INFO] [stdout]   24:     0x646f8022ae47 - std::panicking::try::do_call::h873b7cf639554a5e
[INFO] [stdout]                                at /rustc/90b35a6239c3d8bdabc530a6a0816f7ff89a0aaf/library/std/src/panicking.rs:557:40
[INFO] [stdout]   25:     0x646f8022ae47 - std::panicking::try::hdb19862fad9c8bd1
[INFO] [stdout]                                at /rustc/90b35a6239c3d8bdabc530a6a0816f7ff89a0aaf/library/std/src/panicking.rs:520:19
[INFO] [stdout]   26:     0x646f8022ae47 - std::panic::catch_unwind::h281fe732d236d260
[INFO] [stdout]                                at /rustc/90b35a6239c3d8bdabc530a6a0816f7ff89a0aaf/library/std/src/panic.rs:358:14
[INFO] [stdout]   27:     0x646f8022ae47 - test::run_test_in_process::h949b6df8457ed338
[INFO] [stdout]                                at /rustc/90b35a6239c3d8bdabc530a6a0816f7ff89a0aaf/library/test/src/lib.rs:644:27
[INFO] [stdout]   28:     0x646f8022ae47 - test::run_test::{{closure}}::h52c556a6d4740e10
[INFO] [stdout]                                at /rustc/90b35a6239c3d8bdabc530a6a0816f7ff89a0aaf/library/test/src/lib.rs:565:43
[INFO] [stdout]   29:     0x646f801f0124 - test::run_test::{{closure}}::h4237f6381c45ccb9
[INFO] [stdout]                                at /rustc/90b35a6239c3d8bdabc530a6a0816f7ff89a0aaf/library/test/src/lib.rs:595:41
[INFO] [stdout]   30:     0x646f801f0124 - std::sys::backtrace::__rust_begin_short_backtrace::h505c97a579eca628
[INFO] [stdout]                                at /rustc/90b35a6239c3d8bdabc530a6a0816f7ff89a0aaf/library/std/src/sys/backtrace.rs:154:18
[INFO] [stdout]   31:     0x646f801f37ee - std::thread::Builder::spawn_unchecked_::{{closure}}::{{closure}}::h9e86b2e2bc107ea3
[INFO] [stdout]                                at /rustc/90b35a6239c3d8bdabc530a6a0816f7ff89a0aaf/library/std/src/thread/mod.rs:538:17
[INFO] [stdout]   32:     0x646f801f37ee - <core::panic::unwind_safe::AssertUnwindSafe<F> as core::ops::function::FnOnce<()>>::call_once::h8b06ddb275ff4a25
[INFO] [stdout]                                at /rustc/90b35a6239c3d8bdabc530a6a0816f7ff89a0aaf/library/core/src/panic/unwind_safe.rs:272:9
[INFO] [stdout]   33:     0x646f801f37ee - std::panicking::try::do_call::hb26ecd7cd9a9355d
[INFO] [stdout]                                at /rustc/90b35a6239c3d8bdabc530a6a0816f7ff89a0aaf/library/std/src/panicking.rs:557:40
[INFO] [stdout]   34:     0x646f801f37ee - std::panicking::try::h8ddeca9d705f9069
[INFO] [stdout]                                at /rustc/90b35a6239c3d8bdabc530a6a0816f7ff89a0aaf/library/std/src/panicking.rs:520:19
[INFO] [stdout]   35:     0x646f801f37ee - std::panic::catch_unwind::h49e1c33078844c46
[INFO] [stdout]                                at /rustc/90b35a6239c3d8bdabc530a6a0816f7ff89a0aaf/library/std/src/panic.rs:358:14
[INFO] [stdout]   36:     0x646f801f37ee - std::thread::Builder::spawn_unchecked_::{{closure}}::h6073db6ff56ad35d
[INFO] [stdout]                                at /rustc/90b35a6239c3d8bdabc530a6a0816f7ff89a0aaf/library/std/src/thread/mod.rs:537:30
[INFO] [stdout]   37:     0x646f801f37ee - core::ops::function::FnOnce::call_once{{vtable.shim}}::h2c5a5f3779c774f1
[INFO] [stdout]                                at /rustc/90b35a6239c3d8bdabc530a6a0816f7ff89a0aaf/library/core/src/ops/function.rs:250:5
[INFO] [stdout]   38:     0x646f80379d7b - <alloc::boxed::Box<F,A> as core::ops::function::FnOnce<Args>>::call_once::hf75717d9f28faebf
[INFO] [stdout]                                at /rustc/90b35a6239c3d8bdabc530a6a0816f7ff89a0aaf/library/alloc/src/boxed.rs:2454:9
[INFO] [stdout]   39:     0x646f80379d7b - <alloc::boxed::Box<F,A> as core::ops::function::FnOnce<Args>>::call_once::h7bd883a5f3c5f3c1
[INFO] [stdout]                                at /rustc/90b35a6239c3d8bdabc530a6a0816f7ff89a0aaf/library/alloc/src/boxed.rs:2454:9
[INFO] [stdout]   40:     0x646f80379d7b - std::sys::pal::unix::thread::Thread::new::thread_start::hcc78f3943333fa94
[INFO] [stdout]                                at /rustc/90b35a6239c3d8bdabc530a6a0816f7ff89a0aaf/library/std/src/sys/pal/unix/thread.rs:105:17
[INFO] [stdout]   41:     0x7031481e9ac3 - <unknown>
[INFO] [stdout]   42:     0x70314827aa04 - clone
[INFO] [stdout]   43:                0x0 - <unknown>
[INFO] [stdout] 
[INFO] [stdout] 
[INFO] [stdout] failures:
[INFO] [stdout]     test::test_basic_sql
[INFO] [stdout]     test::test_shp2psql_output
[INFO] [stdout] 
[INFO] [stdout] test result: FAILED. 0 passed; 2 failed; 0 ignored; 0 measured; 0 filtered out; finished in 0.08s
[INFO] [stdout] 
[INFO] running `Command { std: "docker" "inspect" "bf67d957efa00fd7aaa39ca60243bc05c183c30f19bb2d0ea361a9c9788cb6cc", kill_on_drop: false }`
[INFO] running `Command { std: "docker" "rm" "-f" "bf67d957efa00fd7aaa39ca60243bc05c183c30f19bb2d0ea361a9c9788cb6cc", kill_on_drop: false }`
[INFO] [stdout] bf67d957efa00fd7aaa39ca60243bc05c183c30f19bb2d0ea361a9c9788cb6cc
