[INFO] cloning repository https://github.com/huonw/rust-resource-management
[INFO] running `Command { std: "git" "-c" "credential.helper=" "-c" "credential.helper=/workspace/cargo-home/bin/git-credential-null" "clone" "--bare" "https://github.com/huonw/rust-resource-management" "/workspace/cache/git-repos/https%3A%2F%2Fgithub.com%2Fhuonw%2Frust-resource-management", kill_on_drop: false }`
[INFO] [stderr] Cloning into bare repository '/workspace/cache/git-repos/https%3A%2F%2Fgithub.com%2Fhuonw%2Frust-resource-management'...
[INFO] running `Command { std: "git" "rev-parse" "HEAD", kill_on_drop: false }`
[INFO] [stdout] 62764adb1de5b21832a618046d237646b9ab8012
[INFO] testing huonw/rust-resource-management against beta-2024-12-08 for beta-1.84.0-4-retry
[INFO] running `Command { std: "git" "clone" "/workspace/cache/git-repos/https%3A%2F%2Fgithub.com%2Fhuonw%2Frust-resource-management" "/workspace/builds/worker-1-tc2/source", kill_on_drop: false }`
[INFO] [stderr] Cloning into '/workspace/builds/worker-1-tc2/source'...
[INFO] [stderr] done.
[INFO] validating manifest of git repo https://github.com/huonw/rust-resource-management on toolchain beta-2024-12-08
[INFO] running `Command { std: CARGO_HOME="/workspace/cargo-home" RUSTUP_HOME="/workspace/rustup-home" "/workspace/cargo-home/bin/cargo" "+beta-2024-12-08" "metadata" "--manifest-path" "Cargo.toml" "--no-deps", kill_on_drop: false }`
[INFO] started tweaking git repo https://github.com/huonw/rust-resource-management
[INFO] finished tweaking git repo https://github.com/huonw/rust-resource-management
[INFO] tweaked toml for git repo https://github.com/huonw/rust-resource-management written to /workspace/builds/worker-1-tc2/source/Cargo.toml
[INFO] crate git repo https://github.com/huonw/rust-resource-management already has a lockfile, it will not be regenerated
[INFO] running `Command { std: CARGO_HOME="/workspace/cargo-home" RUSTUP_HOME="/workspace/rustup-home" "/workspace/cargo-home/bin/cargo" "+beta-2024-12-08" "fetch" "--manifest-path" "Cargo.toml", kill_on_drop: false }`
[INFO] running `Command { std: "docker" "create" "-v" "/var/lib/crater-agent-workspace/builds/worker-1-tc2/target:/opt/rustwide/target:rw,Z" "-v" "/var/lib/crater-agent-workspace/builds/worker-1-tc2/source:/opt/rustwide/workdir:ro,Z" "-v" "/var/lib/crater-agent-workspace/cargo-home:/opt/rustwide/cargo-home:ro,Z" "-v" "/var/lib/crater-agent-workspace/rustup-home:/opt/rustwide/rustup-home:ro,Z" "-e" "SOURCE_DIR=/opt/rustwide/workdir" "-e" "CARGO_TARGET_DIR=/opt/rustwide/target" "-e" "CARGO_HOME=/opt/rustwide/cargo-home" "-e" "RUSTUP_HOME=/opt/rustwide/rustup-home" "-w" "/opt/rustwide/workdir" "-m" "1610612736" "--user" "0:0" "--network" "none" "ghcr.io/rust-lang/crates-build-env/linux@sha256:f3a9d4ad9d972b27faf3965f35b62e55ba32bbce8f20bc8fe909558a86702fde" "/opt/rustwide/cargo-home/bin/cargo" "+beta-2024-12-08" "metadata" "--no-deps" "--format-version=1", kill_on_drop: false }`
[INFO] [stdout] 046a9d725bd8f7f609e26b3a2c01cfce84e64379b3cb7b43a6bf89407ad24364
[INFO] running `Command { std: "docker" "start" "-a" "046a9d725bd8f7f609e26b3a2c01cfce84e64379b3cb7b43a6bf89407ad24364", kill_on_drop: false }`
[INFO] running `Command { std: "docker" "inspect" "046a9d725bd8f7f609e26b3a2c01cfce84e64379b3cb7b43a6bf89407ad24364", kill_on_drop: false }`
[INFO] running `Command { std: "docker" "rm" "-f" "046a9d725bd8f7f609e26b3a2c01cfce84e64379b3cb7b43a6bf89407ad24364", kill_on_drop: false }`
[INFO] [stdout] 046a9d725bd8f7f609e26b3a2c01cfce84e64379b3cb7b43a6bf89407ad24364
[INFO] running `Command { std: "docker" "create" "-v" "/var/lib/crater-agent-workspace/builds/worker-1-tc2/target:/opt/rustwide/target:rw,Z" "-v" "/var/lib/crater-agent-workspace/builds/worker-1-tc2/source:/opt/rustwide/workdir:ro,Z" "-v" "/var/lib/crater-agent-workspace/cargo-home:/opt/rustwide/cargo-home:ro,Z" "-v" "/var/lib/crater-agent-workspace/rustup-home:/opt/rustwide/rustup-home:ro,Z" "-e" "SOURCE_DIR=/opt/rustwide/workdir" "-e" "CARGO_TARGET_DIR=/opt/rustwide/target" "-e" "CARGO_INCREMENTAL=0" "-e" "RUST_BACKTRACE=full" "-e" "RUSTFLAGS=--cap-lints=warn" "-e" "RUSTDOCFLAGS=--cap-lints=warn" "-e" "CARGO_HOME=/opt/rustwide/cargo-home" "-e" "RUSTUP_HOME=/opt/rustwide/rustup-home" "-w" "/opt/rustwide/workdir" "-m" "1610612736" "--user" "0:0" "--network" "none" "ghcr.io/rust-lang/crates-build-env/linux@sha256:f3a9d4ad9d972b27faf3965f35b62e55ba32bbce8f20bc8fe909558a86702fde" "/opt/rustwide/cargo-home/bin/cargo" "+beta-2024-12-08" "build" "--frozen" "--message-format=json", kill_on_drop: false }`
[INFO] [stdout] d67a5041c9962c3e1f31bbc4f80abc160e46d5990d651b3b6857e2090d1073a7
[INFO] running `Command { std: "docker" "start" "-a" "d67a5041c9962c3e1f31bbc4f80abc160e46d5990d651b3b6857e2090d1073a7", kill_on_drop: false }`
[INFO] [stderr]    Compiling tutorial v0.1.0 (/opt/rustwide/workdir)
[INFO] [stdout] warning: unused variable: `headings_line`
[INFO] [stdout]   --> src/bin/borrowing.rs:44:31
[INFO] [stdout]    |
[INFO] [stdout] 44 | fn split_headings_example_csv(headings_line: String) -> Vec<String> {
[INFO] [stdout]    |                               ^^^^^^^^^^^^^ help: if this is intentional, prefix it with an underscore: `_headings_line`
[INFO] [stdout]    |
[INFO] [stdout]    = note: `#[warn(unused_variables)]` on by default
[INFO] [stdout] 
[INFO] [stdout] 
[INFO] [stdout] warning: unused variable: `heading`
[INFO] [stdout]   --> src/bin/borrowing.rs:67:9
[INFO] [stdout]    |
[INFO] [stdout] 67 |     for heading in headings_line.split(',') {
[INFO] [stdout]    |         ^^^^^^^ help: if this is intentional, prefix it with an underscore: `_heading`
[INFO] [stdout] 
[INFO] [stdout] 
[INFO] [stdout] warning: unused variable: `value`
[INFO] [stdout]    --> src/bin/summarise-csv.rs:169:23
[INFO] [stdout]     |
[INFO] [stdout] 169 |     fn add(&mut self, value: f64) {
[INFO] [stdout]     |                       ^^^^^ help: if this is intentional, prefix it with an underscore: `_value`
[INFO] [stdout]     |
[INFO] [stdout]     = note: `#[warn(unused_variables)]` on by default
[INFO] [stdout] 
[INFO] [stdout] 
[INFO] [stdout] warning: unused variable: `row`
[INFO] [stdout]    --> src/bin/summarise-csv.rs:200:13
[INFO] [stdout]     |
[INFO] [stdout] 200 |         let row = raw_row.unwrap();
[INFO] [stdout]     |             ^^^ help: if this is intentional, prefix it with an underscore: `_row`
[INFO] [stdout] 
[INFO] [stdout] 
[INFO] [stdout] warning: unused variable: `file_name`
[INFO] [stdout]   --> src/bin/resource-management.rs:58:9
[INFO] [stdout]    |
[INFO] [stdout] 58 |     let file_name = "data/example.csv";
[INFO] [stdout]    |         ^^^^^^^^^ help: if this is intentional, prefix it with an underscore: `_file_name`
[INFO] [stdout]    |
[INFO] [stdout]    = note: `#[warn(unused_variables)]` on by default
[INFO] [stdout] 
[INFO] [stdout] 
[INFO] [stderr]     Finished `dev` profile [unoptimized + debuginfo] target(s) in 0.63s
[INFO] running `Command { std: "docker" "inspect" "d67a5041c9962c3e1f31bbc4f80abc160e46d5990d651b3b6857e2090d1073a7", kill_on_drop: false }`
[INFO] running `Command { std: "docker" "rm" "-f" "d67a5041c9962c3e1f31bbc4f80abc160e46d5990d651b3b6857e2090d1073a7", kill_on_drop: false }`
[INFO] [stdout] d67a5041c9962c3e1f31bbc4f80abc160e46d5990d651b3b6857e2090d1073a7
[INFO] running `Command { std: "docker" "create" "-v" "/var/lib/crater-agent-workspace/builds/worker-1-tc2/target:/opt/rustwide/target:rw,Z" "-v" "/var/lib/crater-agent-workspace/builds/worker-1-tc2/source:/opt/rustwide/workdir:ro,Z" "-v" "/var/lib/crater-agent-workspace/cargo-home:/opt/rustwide/cargo-home:ro,Z" "-v" "/var/lib/crater-agent-workspace/rustup-home:/opt/rustwide/rustup-home:ro,Z" "-e" "SOURCE_DIR=/opt/rustwide/workdir" "-e" "CARGO_TARGET_DIR=/opt/rustwide/target" "-e" "CARGO_INCREMENTAL=0" "-e" "RUST_BACKTRACE=full" "-e" "RUSTFLAGS=--cap-lints=warn" "-e" "RUSTDOCFLAGS=--cap-lints=warn" "-e" "CARGO_HOME=/opt/rustwide/cargo-home" "-e" "RUSTUP_HOME=/opt/rustwide/rustup-home" "-w" "/opt/rustwide/workdir" "-m" "1610612736" "--user" "0:0" "--network" "none" "ghcr.io/rust-lang/crates-build-env/linux@sha256:f3a9d4ad9d972b27faf3965f35b62e55ba32bbce8f20bc8fe909558a86702fde" "/opt/rustwide/cargo-home/bin/cargo" "+beta-2024-12-08" "test" "--frozen" "--no-run" "--message-format=json", kill_on_drop: false }`
[INFO] [stdout] c475c35f8590e5425607873fa8350b9bb8e1821387ec4a224e093894869fdf55
[INFO] running `Command { std: "docker" "start" "-a" "c475c35f8590e5425607873fa8350b9bb8e1821387ec4a224e093894869fdf55", kill_on_drop: false }`
[INFO] [stderr]    Compiling tutorial v0.1.0 (/opt/rustwide/workdir)
[INFO] [stdout] warning: unused variable: `file_name`
[INFO] [stdout]   --> src/bin/resource-management.rs:58:9
[INFO] [stdout]    |
[INFO] [stdout] 58 |     let file_name = "data/example.csv";
[INFO] [stdout]    |         ^^^^^^^^^ help: if this is intentional, prefix it with an underscore: `_file_name`
[INFO] [stdout]    |
[INFO] [stdout]    = note: `#[warn(unused_variables)]` on by default
[INFO] [stdout] 
[INFO] [stdout] 
[INFO] [stdout] warning: unnecessary parentheses around type
[INFO] [stdout]    --> examples/summarise-csv-4.rs:193:53
[INFO] [stdout]     |
[INFO] [stdout] 193 | fn summarise_columns(num_columns: usize, file: &mut (impl std::io::BufRead)) -> Vec<Summary> {
[INFO] [stdout]     |                                                     ^                     ^
[INFO] [stdout]     |
[INFO] [stdout]     = note: `#[warn(unused_parens)]` on by default
[INFO] [stdout] help: remove these parentheses
[INFO] [stdout]     |
[INFO] [stdout] 193 - fn summarise_columns(num_columns: usize, file: &mut (impl std::io::BufRead)) -> Vec<Summary> {
[INFO] [stdout] 193 + fn summarise_columns(num_columns: usize, file: &mut impl std::io::BufRead) -> Vec<Summary> {
[INFO] [stdout]     |
[INFO] [stdout] 
[INFO] [stdout] 
[INFO] [stdout] warning: unnecessary parentheses around type
[INFO] [stdout]    --> examples/summarise-csv-6.rs:197:53
[INFO] [stdout]     |
[INFO] [stdout] 197 | fn summarise_columns(num_columns: usize, file: &mut (impl std::io::BufRead)) -> Vec<Summary> {
[INFO] [stdout]     |                                                     ^                     ^
[INFO] [stdout]     |
[INFO] [stdout]     = note: `#[warn(unused_parens)]` on by default
[INFO] [stdout] help: remove these parentheses
[INFO] [stdout]     |
[INFO] [stdout] 197 - fn summarise_columns(num_columns: usize, file: &mut (impl std::io::BufRead)) -> Vec<Summary> {
[INFO] [stdout] 197 + fn summarise_columns(num_columns: usize, file: &mut impl std::io::BufRead) -> Vec<Summary> {
[INFO] [stdout]     |
[INFO] [stdout] 
[INFO] [stdout] 
[INFO] [stdout] warning: unused variable: `headings_line`
[INFO] [stdout]   --> src/bin/borrowing.rs:44:31
[INFO] [stdout]    |
[INFO] [stdout] 44 | fn split_headings_example_csv(headings_line: String) -> Vec<String> {
[INFO] [stdout]    |                               ^^^^^^^^^^^^^ help: if this is intentional, prefix it with an underscore: `_headings_line`
[INFO] [stdout]    |
[INFO] [stdout]    = note: `#[warn(unused_variables)]` on by default
[INFO] [stdout] 
[INFO] [stdout] 
[INFO] [stdout] warning: unused variable: `heading`
[INFO] [stdout]   --> src/bin/borrowing.rs:67:9
[INFO] [stdout]    |
[INFO] [stdout] 67 |     for heading in headings_line.split(',') {
[INFO] [stdout]    |         ^^^^^^^ help: if this is intentional, prefix it with an underscore: `_heading`
[INFO] [stdout] 
[INFO] [stdout] 
[INFO] [stdout] warning: unnecessary parentheses around type
[INFO] [stdout]    --> examples/summarise-csv-5.rs:197:53
[INFO] [stdout]     |
[INFO] [stdout] 197 | fn summarise_columns(num_columns: usize, file: &mut (impl std::io::BufRead)) -> Vec<Summary> {
[INFO] [stdout]     |                                                     ^                     ^
[INFO] [stdout]     |
[INFO] [stdout]     = note: `#[warn(unused_parens)]` on by default
[INFO] [stdout] help: remove these parentheses
[INFO] [stdout]     |
[INFO] [stdout] 197 - fn summarise_columns(num_columns: usize, file: &mut (impl std::io::BufRead)) -> Vec<Summary> {
[INFO] [stdout] 197 + fn summarise_columns(num_columns: usize, file: &mut impl std::io::BufRead) -> Vec<Summary> {
[INFO] [stdout]     |
[INFO] [stdout] 
[INFO] [stdout] 
[INFO] [stdout] warning: unused variable: `value`
[INFO] [stdout]    --> src/bin/summarise-csv.rs:169:23
[INFO] [stdout]     |
[INFO] [stdout] 169 |     fn add(&mut self, value: f64) {
[INFO] [stdout]     |                       ^^^^^ help: if this is intentional, prefix it with an underscore: `_value`
[INFO] [stdout]     |
[INFO] [stdout]     = note: `#[warn(unused_variables)]` on by default
[INFO] [stdout] 
[INFO] [stdout] 
[INFO] [stdout] warning: unused variable: `row`
[INFO] [stdout]    --> src/bin/summarise-csv.rs:200:13
[INFO] [stdout]     |
[INFO] [stdout] 200 |         let row = raw_row.unwrap();
[INFO] [stdout]     |             ^^^ help: if this is intentional, prefix it with an underscore: `_row`
[INFO] [stdout] 
[INFO] [stdout] 
[INFO] [stdout] warning: unused variable: `two_by_three`
[INFO] [stdout]    --> src/bin/summarise-csv.rs:252:9
[INFO] [stdout]     |
[INFO] [stdout] 252 |     let two_by_three: &[u8] = b"2019,61\n2020,62\n2021,9999";
[INFO] [stdout]     |         ^^^^^^^^^^^^ help: if this is intentional, prefix it with an underscore: `_two_by_three`
[INFO] [stdout] 
[INFO] [stdout] 
[INFO] [stderr]     Finished `test` profile [unoptimized + debuginfo] target(s) in 1.44s
[INFO] running `Command { std: "docker" "inspect" "c475c35f8590e5425607873fa8350b9bb8e1821387ec4a224e093894869fdf55", kill_on_drop: false }`
[INFO] running `Command { std: "docker" "rm" "-f" "c475c35f8590e5425607873fa8350b9bb8e1821387ec4a224e093894869fdf55", kill_on_drop: false }`
[INFO] [stdout] c475c35f8590e5425607873fa8350b9bb8e1821387ec4a224e093894869fdf55
[INFO] running `Command { std: "docker" "create" "-v" "/var/lib/crater-agent-workspace/builds/worker-1-tc2/target:/opt/rustwide/target:rw,Z" "-v" "/var/lib/crater-agent-workspace/builds/worker-1-tc2/source:/opt/rustwide/workdir:ro,Z" "-v" "/var/lib/crater-agent-workspace/cargo-home:/opt/rustwide/cargo-home:ro,Z" "-v" "/var/lib/crater-agent-workspace/rustup-home:/opt/rustwide/rustup-home:ro,Z" "-e" "SOURCE_DIR=/opt/rustwide/workdir" "-e" "CARGO_TARGET_DIR=/opt/rustwide/target" "-e" "CARGO_INCREMENTAL=0" "-e" "RUST_BACKTRACE=full" "-e" "RUSTFLAGS=--cap-lints=warn" "-e" "RUSTDOCFLAGS=--cap-lints=warn" "-e" "CARGO_HOME=/opt/rustwide/cargo-home" "-e" "RUSTUP_HOME=/opt/rustwide/rustup-home" "-w" "/opt/rustwide/workdir" "-m" "1610612736" "--user" "0:0" "--network" "none" "ghcr.io/rust-lang/crates-build-env/linux@sha256:f3a9d4ad9d972b27faf3965f35b62e55ba32bbce8f20bc8fe909558a86702fde" "/opt/rustwide/cargo-home/bin/cargo" "+beta-2024-12-08" "test" "--frozen", kill_on_drop: false }`
[INFO] [stdout] cb0e12b1b31353b87f55765712b49d0eb34e17fe4fc60f9ba8c85d1192968e0b
[INFO] running `Command { std: "docker" "start" "-a" "cb0e12b1b31353b87f55765712b49d0eb34e17fe4fc60f9ba8c85d1192968e0b", kill_on_drop: false }`
[INFO] [stderr] warning: unused variable: `headings_line`
[INFO] [stderr]   --> src/bin/borrowing.rs:44:31
[INFO] [stderr]    |
[INFO] [stderr] 44 | fn split_headings_example_csv(headings_line: String) -> Vec<String> {
[INFO] [stderr]    |                               ^^^^^^^^^^^^^ help: if this is intentional, prefix it with an underscore: `_headings_line`
[INFO] [stderr]    |
[INFO] [stderr]    = note: `#[warn(unused_variables)]` on by default
[INFO] [stderr] 
[INFO] [stderr] warning: unused variable: `heading`
[INFO] [stderr]   --> src/bin/borrowing.rs:67:9
[INFO] [stderr]    |
[INFO] [stderr] 67 |     for heading in headings_line.split(',') {
[INFO] [stderr]    |         ^^^^^^^ help: if this is intentional, prefix it with an underscore: `_heading`
[INFO] [stderr] 
[INFO] [stderr] warning: `tutorial` (bin "borrowing" test) generated 2 warnings
[INFO] [stderr] warning: unused variable: `file_name`
[INFO] [stderr]   --> src/bin/resource-management.rs:58:9
[INFO] [stderr]    |
[INFO] [stderr] 58 |     let file_name = "data/example.csv";
[INFO] [stderr]    |         ^^^^^^^^^ help: if this is intentional, prefix it with an underscore: `_file_name`
[INFO] [stderr]    |
[INFO] [stderr]    = note: `#[warn(unused_variables)]` on by default
[INFO] [stderr] 
[INFO] [stderr] warning: unused variable: `value`
[INFO] [stderr]    --> src/bin/summarise-csv.rs:169:23
[INFO] [stderr]     |
[INFO] [stderr] 169 |     fn add(&mut self, value: f64) {
[INFO] [stderr]     |                       ^^^^^ help: if this is intentional, prefix it with an underscore: `_value`
[INFO] [stderr]     |
[INFO] [stderr]     = note: `#[warn(unused_variables)]` on by default
[INFO] [stderr] 
[INFO] [stderr] warning: unused variable: `row`
[INFO] [stderr]    --> src/bin/summarise-csv.rs:200:13
[INFO] [stderr]     |
[INFO] [stderr] 200 |         let row = raw_row.unwrap();
[INFO] [stderr]     |             ^^^ help: if this is intentional, prefix it with an underscore: `_row`
[INFO] [stderr] 
[INFO] [stderr] warning: unused variable: `two_by_three`
[INFO] [stderr]    --> src/bin/summarise-csv.rs:252:9
[INFO] [stderr]     |
[INFO] [stderr] 252 |     let two_by_three: &[u8] = b"2019,61\n2020,62\n2021,9999";
[INFO] [stderr]     |         ^^^^^^^^^^^^ help: if this is intentional, prefix it with an underscore: `_two_by_three`
[INFO] [stderr] 
[INFO] [stderr] warning: unnecessary parentheses around type
[INFO] [stderr]    --> examples/summarise-csv-4.rs:193:53
[INFO] [stderr]     |
[INFO] [stderr] 193 | fn summarise_columns(num_columns: usize, file: &mut (impl std::io::BufRead)) -> Vec<Summary> {
[INFO] [stderr]     |                                                     ^                     ^
[INFO] [stderr]     |
[INFO] [stderr]     = note: `#[warn(unused_parens)]` on by default
[INFO] [stderr] help: remove these parentheses
[INFO] [stderr]     |
[INFO] [stderr] 193 - fn summarise_columns(num_columns: usize, file: &mut (impl std::io::BufRead)) -> Vec<Summary> {
[INFO] [stderr] 193 + fn summarise_columns(num_columns: usize, file: &mut impl std::io::BufRead) -> Vec<Summary> {
[INFO] [stderr]     |
[INFO] [stderr] 
[INFO] [stderr] warning: unnecessary parentheses around type
[INFO] [stderr]    --> examples/summarise-csv-5.rs:197:53
[INFO] [stderr]     |
[INFO] [stderr] 197 | fn summarise_columns(num_columns: usize, file: &mut (impl std::io::BufRead)) -> Vec<Summary> {
[INFO] [stderr]     |                                                     ^                     ^
[INFO] [stderr]     |
[INFO] [stderr]     = note: `#[warn(unused_parens)]` on by default
[INFO] [stderr] help: remove these parentheses
[INFO] [stderr]     |
[INFO] [stderr] 197 - fn summarise_columns(num_columns: usize, file: &mut (impl std::io::BufRead)) -> Vec<Summary> {
[INFO] [stderr] 197 + fn summarise_columns(num_columns: usize, file: &mut impl std::io::BufRead) -> Vec<Summary> {
[INFO] [stderr]     |
[INFO] [stderr] 
[INFO] [stderr] warning: unnecessary parentheses around type
[INFO] [stderr]    --> examples/summarise-csv-6.rs:197:53
[INFO] [stderr]     |
[INFO] [stderr] 197 | fn summarise_columns(num_columns: usize, file: &mut (impl std::io::BufRead)) -> Vec<Summary> {
[INFO] [stderr]     |                                                     ^                     ^
[INFO] [stderr]     |
[INFO] [stderr]     = note: `#[warn(unused_parens)]` on by default
[INFO] [stderr] help: remove these parentheses
[INFO] [stderr]     |
[INFO] [stderr] 197 - fn summarise_columns(num_columns: usize, file: &mut (impl std::io::BufRead)) -> Vec<Summary> {
[INFO] [stderr] 197 + fn summarise_columns(num_columns: usize, file: &mut impl std::io::BufRead) -> Vec<Summary> {
[INFO] [stderr]     |
[INFO] [stderr] 
[INFO] [stderr] warning: `tutorial` (bin "resource-management" test) generated 1 warning
[INFO] [stderr] warning: `tutorial` (bin "summarise-csv" test) generated 3 warnings
[INFO] [stderr] warning: `tutorial` (example "summarise-csv-4") generated 1 warning (run `cargo fix --example "summarise-csv-4"` to apply 1 suggestion)
[INFO] [stderr] warning: `tutorial` (example "summarise-csv-5") generated 1 warning (run `cargo fix --example "summarise-csv-5"` to apply 1 suggestion)
[INFO] [stderr] warning: `tutorial` (example "summarise-csv-6") generated 1 warning (run `cargo fix --example "summarise-csv-6"` to apply 1 suggestion)
[INFO] [stderr]     Finished `test` profile [unoptimized + debuginfo] target(s) in 0.05s
[INFO] [stderr]      Running unittests src/bin/borrowing.rs (/opt/rustwide/target/debug/deps/borrowing-9082ded8ada1ad85)
[INFO] [stdout] 
[INFO] [stdout] running 1 test
[INFO] [stdout] test test_split_headings_loop ... FAILED
[INFO] [stdout] 
[INFO] [stdout] failures:
[INFO] [stdout] 
[INFO] [stdout] ---- test_split_headings_loop stdout ----
[INFO] [stdout] thread 'test_split_headings_loop' panicked at src/bin/borrowing.rs:91:5:
[INFO] [stdout] not implemented
[INFO] [stdout] stack backtrace:
[INFO] [stdout]    0:     0x62d9d1f7aafa - std::backtrace_rs::backtrace::libunwind::trace::h8810477743020387
[INFO] [stdout]                                at /rustc/202008a1b8de96d2e5b6bc02d379db03a877d34d/library/std/src/../../backtrace/src/backtrace/libunwind.rs:116:5
[INFO] [stdout]    1:     0x62d9d1f7aafa - std::backtrace_rs::backtrace::trace_unsynchronized::h3aa55355dd6c54a6
[INFO] [stdout]                                at /rustc/202008a1b8de96d2e5b6bc02d379db03a877d34d/library/std/src/../../backtrace/src/backtrace/mod.rs:66:5
[INFO] [stdout]    2:     0x62d9d1f7aafa - std::sys::backtrace::_print_fmt::h8588b0f62410823f
[INFO] [stdout]                                at /rustc/202008a1b8de96d2e5b6bc02d379db03a877d34d/library/std/src/sys/backtrace.rs:66:9
[INFO] [stdout]    3:     0x62d9d1f7aafa - <std::sys::backtrace::BacktraceLock::print::DisplayBacktrace as core::fmt::Display>::fmt::h98c26ac25ffe89bb
[INFO] [stdout]                                at /rustc/202008a1b8de96d2e5b6bc02d379db03a877d34d/library/std/src/sys/backtrace.rs:39:26
[INFO] [stdout]    4:     0x62d9d1fa0533 - core::fmt::rt::Argument::fmt::hf95377f4aebd453b
[INFO] [stdout]                                at /rustc/202008a1b8de96d2e5b6bc02d379db03a877d34d/library/core/src/fmt/rt.rs:177:76
[INFO] [stdout]    5:     0x62d9d1fa0533 - core::fmt::write::h0dd5f6e2238c7982
[INFO] [stdout]                                at /rustc/202008a1b8de96d2e5b6bc02d379db03a877d34d/library/core/src/fmt/mod.rs:1189:21
[INFO] [stdout]    6:     0x62d9d1f77c93 - std::io::Write::write_fmt::h03bb0ca26e6faf8c
[INFO] [stdout]                                at /rustc/202008a1b8de96d2e5b6bc02d379db03a877d34d/library/std/src/io/mod.rs:1884:15
[INFO] [stdout]    7:     0x62d9d1f7a942 - std::sys::backtrace::BacktraceLock::print::h5c19c1c038ee186d
[INFO] [stdout]                                at /rustc/202008a1b8de96d2e5b6bc02d379db03a877d34d/library/std/src/sys/backtrace.rs:42:9
[INFO] [stdout]    8:     0x62d9d1f7bf7d - std::panicking::default_hook::{{closure}}::h77172f079a1fcb13
[INFO] [stdout]                                at /rustc/202008a1b8de96d2e5b6bc02d379db03a877d34d/library/std/src/panicking.rs:268:22
[INFO] [stdout]    9:     0x62d9d1f7bd87 - std::panicking::default_hook::he5f8e3b203ccddba
[INFO] [stdout]                                at /rustc/202008a1b8de96d2e5b6bc02d379db03a877d34d/library/std/src/panicking.rs:292:9
[INFO] [stdout]   10:     0x62d9d1f456b7 - <alloc::boxed::Box<F,A> as core::ops::function::Fn<Args>>::call::h7a3c7b4a1ae77f2f
[INFO] [stdout]                                at /rustc/202008a1b8de96d2e5b6bc02d379db03a877d34d/library/alloc/src/boxed.rs:1986:9
[INFO] [stdout]   11:     0x62d9d1f456b7 - test::test_main::{{closure}}::hf0d3b69ae9b353d1
[INFO] [stdout]                                at /rustc/202008a1b8de96d2e5b6bc02d379db03a877d34d/library/test/src/lib.rs:134:21
[INFO] [stdout]   12:     0x62d9d1f7c628 - <alloc::boxed::Box<F,A> as core::ops::function::Fn<Args>>::call::h6332e82e7b189abd
[INFO] [stdout]                                at /rustc/202008a1b8de96d2e5b6bc02d379db03a877d34d/library/alloc/src/boxed.rs:1986:9
[INFO] [stdout]   13:     0x62d9d1f7c628 - std::panicking::rust_panic_with_hook::h53863d4e9018df39
[INFO] [stdout]                                at /rustc/202008a1b8de96d2e5b6bc02d379db03a877d34d/library/std/src/panicking.rs:809:13
[INFO] [stdout]   14:     0x62d9d1f7c3b6 - std::panicking::begin_panic_handler::{{closure}}::h67280e6fa0757873
[INFO] [stdout]                                at /rustc/202008a1b8de96d2e5b6bc02d379db03a877d34d/library/std/src/panicking.rs:667:13
[INFO] [stdout]   15:     0x62d9d1f7afd9 - std::sys::backtrace::__rust_end_short_backtrace::h1dac3f54d6fbbeb2
[INFO] [stdout]                                at /rustc/202008a1b8de96d2e5b6bc02d379db03a877d34d/library/std/src/sys/backtrace.rs:170:18
[INFO] [stdout]   16:     0x62d9d1f7c07c - rust_begin_unwind
[INFO] [stdout]                                at /rustc/202008a1b8de96d2e5b6bc02d379db03a877d34d/library/std/src/panicking.rs:665:5
[INFO] [stdout]   17:     0x62d9d1f0aa90 - core::panicking::panic_fmt::h6792bd1b2bf01041
[INFO] [stdout]                                at /rustc/202008a1b8de96d2e5b6bc02d379db03a877d34d/library/core/src/panicking.rs:76:14
[INFO] [stdout]   18:     0x62d9d1f0ab1c - core::panicking::panic::hbb5c236a846c507c
[INFO] [stdout]                                at /rustc/202008a1b8de96d2e5b6bc02d379db03a877d34d/library/core/src/panicking.rs:148:5
[INFO] [stdout]   19:     0x62d9d1f0be0d - borrowing::test_split_headings_loop::ha399128309490366
[INFO] [stdout]                                at /opt/rustwide/workdir/src/bin/borrowing.rs:91:5
[INFO] [stdout]   20:     0x62d9d1f0bdd7 - borrowing::test_split_headings_loop::{{closure}}::h5e1fab277a85ce25
[INFO] [stdout]                                at /opt/rustwide/workdir/src/bin/borrowing.rs:75:30
[INFO] [stdout]   21:     0x62d9d1f0b716 - core::ops::function::FnOnce::call_once::h62586740071f93b2
[INFO] [stdout]                                at /rustc/202008a1b8de96d2e5b6bc02d379db03a877d34d/library/core/src/ops/function.rs:250:5
[INFO] [stdout]   22:     0x62d9d1f4a1db - core::ops::function::FnOnce::call_once::h871bf86719ec9aa4
[INFO] [stdout]                                at /rustc/202008a1b8de96d2e5b6bc02d379db03a877d34d/library/core/src/ops/function.rs:250:5
[INFO] [stdout]   23:     0x62d9d1f4a1db - test::__rust_begin_short_backtrace::h2167df1e2b7d76fd
[INFO] [stdout]                                at /rustc/202008a1b8de96d2e5b6bc02d379db03a877d34d/library/test/src/lib.rs:632:18
[INFO] [stdout]   24:     0x62d9d1f49bc8 - test::run_test_in_process::{{closure}}::h15d92f75a3adfb79
[INFO] [stdout]                                at /rustc/202008a1b8de96d2e5b6bc02d379db03a877d34d/library/test/src/lib.rs:655:60
[INFO] [stdout]   25:     0x62d9d1f49bc8 - <core::panic::unwind_safe::AssertUnwindSafe<F> as core::ops::function::FnOnce<()>>::call_once::hb6c8955835a8dbbb
[INFO] [stdout]                                at /rustc/202008a1b8de96d2e5b6bc02d379db03a877d34d/library/core/src/panic/unwind_safe.rs:272:9
[INFO] [stdout]   26:     0x62d9d1f49bc8 - std::panicking::try::do_call::hc79d0fc888a0bd30
[INFO] [stdout]                                at /rustc/202008a1b8de96d2e5b6bc02d379db03a877d34d/library/std/src/panicking.rs:557:40
[INFO] [stdout]   27:     0x62d9d1f49bc8 - std::panicking::try::hb8a7878e3a8589d6
[INFO] [stdout]                                at /rustc/202008a1b8de96d2e5b6bc02d379db03a877d34d/library/std/src/panicking.rs:520:19
[INFO] [stdout]   28:     0x62d9d1f49bc8 - std::panic::catch_unwind::hb8e4600ff0ff5cfa
[INFO] [stdout]                                at /rustc/202008a1b8de96d2e5b6bc02d379db03a877d34d/library/std/src/panic.rs:358:14
[INFO] [stdout]   29:     0x62d9d1f49bc8 - test::run_test_in_process::hc2900b0b18688dd6
[INFO] [stdout]                                at /rustc/202008a1b8de96d2e5b6bc02d379db03a877d34d/library/test/src/lib.rs:655:27
[INFO] [stdout]   30:     0x62d9d1f49bc8 - test::run_test::{{closure}}::hac2a9cb07be3d48d
[INFO] [stdout]                                at /rustc/202008a1b8de96d2e5b6bc02d379db03a877d34d/library/test/src/lib.rs:576:43
[INFO] [stdout]   31:     0x62d9d1f0d66a - test::run_test::{{closure}}::h4a5b729e66a38cd8
[INFO] [stdout]                                at /rustc/202008a1b8de96d2e5b6bc02d379db03a877d34d/library/test/src/lib.rs:606:41
[INFO] [stdout]   32:     0x62d9d1f0d66a - std::sys::backtrace::__rust_begin_short_backtrace::h0496fb742492f573
[INFO] [stdout]                                at /rustc/202008a1b8de96d2e5b6bc02d379db03a877d34d/library/std/src/sys/backtrace.rs:154:18
[INFO] [stdout]   33:     0x62d9d1f10fe4 - std::thread::Builder::spawn_unchecked_::{{closure}}::{{closure}}::hbb6d257c550a54bd
[INFO] [stdout]                                at /rustc/202008a1b8de96d2e5b6bc02d379db03a877d34d/library/std/src/thread/mod.rs:561:17
[INFO] [stdout]   34:     0x62d9d1f10fe4 - <core::panic::unwind_safe::AssertUnwindSafe<F> as core::ops::function::FnOnce<()>>::call_once::h46696fe4a6832328
[INFO] [stdout]                                at /rustc/202008a1b8de96d2e5b6bc02d379db03a877d34d/library/core/src/panic/unwind_safe.rs:272:9
[INFO] [stdout]   35:     0x62d9d1f10fe4 - std::panicking::try::do_call::h2625a51b667bfb64
[INFO] [stdout]                                at /rustc/202008a1b8de96d2e5b6bc02d379db03a877d34d/library/std/src/panicking.rs:557:40
[INFO] [stdout]   36:     0x62d9d1f10fe4 - std::panicking::try::hb956a59a1973aa4c
[INFO] [stdout]                                at /rustc/202008a1b8de96d2e5b6bc02d379db03a877d34d/library/std/src/panicking.rs:520:19
[INFO] [stdout]   37:     0x62d9d1f10fe4 - std::panic::catch_unwind::h64f3b9d1067ef6a0
[INFO] [stdout]                                at /rustc/202008a1b8de96d2e5b6bc02d379db03a877d34d/library/std/src/panic.rs:358:14
[INFO] [stdout]   38:     0x62d9d1f10fe4 - std::thread::Builder::spawn_unchecked_::{{closure}}::h42b2841295b6c0b2
[INFO] [stdout]                                at /rustc/202008a1b8de96d2e5b6bc02d379db03a877d34d/library/std/src/thread/mod.rs:559:30
[INFO] [stdout]   39:     0x62d9d1f10fe4 - core::ops::function::FnOnce::call_once{{vtable.shim}}::h6127de71b8124639
[INFO] [stdout]                                at /rustc/202008a1b8de96d2e5b6bc02d379db03a877d34d/library/core/src/ops/function.rs:250:5
[INFO] [stdout]   40:     0x62d9d1f8056b - <alloc::boxed::Box<F,A> as core::ops::function::FnOnce<Args>>::call_once::h42f0ba71002a1b2c
[INFO] [stdout]                                at /rustc/202008a1b8de96d2e5b6bc02d379db03a877d34d/library/alloc/src/boxed.rs:1972:9
[INFO] [stdout]   41:     0x62d9d1f8056b - <alloc::boxed::Box<F,A> as core::ops::function::FnOnce<Args>>::call_once::had9e47d7a3dcecb8
[INFO] [stdout]                                at /rustc/202008a1b8de96d2e5b6bc02d379db03a877d34d/library/alloc/src/boxed.rs:1972:9
[INFO] [stdout]   42:     0x62d9d1f8056b - std::sys::pal::unix::thread::Thread::new::thread_start::h48cf765408f6f5f2
[INFO] [stdout]                                at /rustc/202008a1b8de96d2e5b6bc02d379db03a877d34d/library/std/src/sys/pal/unix/thread.rs:105:17
[INFO] [stdout]   43:     0x76c5d8689ac3 - <unknown>
[INFO] [stdout]   44:     0x76c5d871aa04 - clone
[INFO] [stdout]   45:                0x0 - <unknown>
[INFO] [stdout] 
[INFO] [stdout] 
[INFO] [stdout] failures:
[INFO] [stdout]     test_split_headings_loop
[INFO] [stdout] 
[INFO] [stdout] test result: FAILED. 0 passed; 1 failed; 0 ignored; 0 measured; 0 filtered out; finished in 0.03s
[INFO] [stdout] 
[INFO] [stderr] error: test failed, to rerun pass `--bin borrowing`
[INFO] running `Command { std: "docker" "inspect" "cb0e12b1b31353b87f55765712b49d0eb34e17fe4fc60f9ba8c85d1192968e0b", kill_on_drop: false }`
[INFO] running `Command { std: "docker" "rm" "-f" "cb0e12b1b31353b87f55765712b49d0eb34e17fe4fc60f9ba8c85d1192968e0b", kill_on_drop: false }`
[INFO] [stdout] cb0e12b1b31353b87f55765712b49d0eb34e17fe4fc60f9ba8c85d1192968e0b
