[INFO] cloning repository https://github.com/hulin32/adventofcode-2024-rust
[INFO] running `Command { std: "git" "-c" "credential.helper=" "-c" "credential.helper=/workspace/cargo-home/bin/git-credential-null" "clone" "--bare" "https://github.com/hulin32/adventofcode-2024-rust" "/workspace/cache/git-repos/https%3A%2F%2Fgithub.com%2Fhulin32%2Fadventofcode-2024-rust", kill_on_drop: false }`
[INFO] [stderr] Cloning into bare repository '/workspace/cache/git-repos/https%3A%2F%2Fgithub.com%2Fhulin32%2Fadventofcode-2024-rust'...
[INFO] running `Command { std: "git" "rev-parse" "HEAD", kill_on_drop: false }`
[INFO] [stdout] b86dc01f30d0aa92c71596b2a05e5b4fd25ed025
[INFO] testing hulin32/adventofcode-2024-rust against 1.83.0 for beta-1.84.0-4-retry
[INFO] running `Command { std: "git" "clone" "/workspace/cache/git-repos/https%3A%2F%2Fgithub.com%2Fhulin32%2Fadventofcode-2024-rust" "/workspace/builds/worker-1-tc1/source", kill_on_drop: false }`
[INFO] [stderr] Cloning into '/workspace/builds/worker-1-tc1/source'...
[INFO] [stderr] done.
[INFO] validating manifest of git repo https://github.com/hulin32/adventofcode-2024-rust on toolchain 1.83.0
[INFO] running `Command { std: CARGO_HOME="/workspace/cargo-home" RUSTUP_HOME="/workspace/rustup-home" "/workspace/cargo-home/bin/cargo" "+1.83.0" "metadata" "--manifest-path" "Cargo.toml" "--no-deps", kill_on_drop: false }`
[INFO] started tweaking git repo https://github.com/hulin32/adventofcode-2024-rust
[INFO] finished tweaking git repo https://github.com/hulin32/adventofcode-2024-rust
[INFO] tweaked toml for git repo https://github.com/hulin32/adventofcode-2024-rust written to /workspace/builds/worker-1-tc1/source/Cargo.toml
[INFO] crate git repo https://github.com/hulin32/adventofcode-2024-rust already has a lockfile, it will not be regenerated
[INFO] running `Command { std: CARGO_HOME="/workspace/cargo-home" RUSTUP_HOME="/workspace/rustup-home" "/workspace/cargo-home/bin/cargo" "+1.83.0" "fetch" "--manifest-path" "Cargo.toml", kill_on_drop: false }`
[INFO] running `Command { std: "docker" "create" "-v" "/var/lib/crater-agent-workspace/builds/worker-1-tc1/target:/opt/rustwide/target:rw,Z" "-v" "/var/lib/crater-agent-workspace/builds/worker-1-tc1/source:/opt/rustwide/workdir:ro,Z" "-v" "/var/lib/crater-agent-workspace/cargo-home:/opt/rustwide/cargo-home:ro,Z" "-v" "/var/lib/crater-agent-workspace/rustup-home:/opt/rustwide/rustup-home:ro,Z" "-e" "SOURCE_DIR=/opt/rustwide/workdir" "-e" "CARGO_TARGET_DIR=/opt/rustwide/target" "-e" "CARGO_HOME=/opt/rustwide/cargo-home" "-e" "RUSTUP_HOME=/opt/rustwide/rustup-home" "-w" "/opt/rustwide/workdir" "-m" "1610612736" "--user" "0:0" "--network" "none" "ghcr.io/rust-lang/crates-build-env/linux@sha256:f3a9d4ad9d972b27faf3965f35b62e55ba32bbce8f20bc8fe909558a86702fde" "/opt/rustwide/cargo-home/bin/cargo" "+1.83.0" "metadata" "--no-deps" "--format-version=1", kill_on_drop: false }`
[INFO] [stdout] 66f0e3e855b7625aa1ef8eff8ae15dc7f99bb57174376cdd8b53f50cfd0b5484
[INFO] running `Command { std: "docker" "start" "-a" "66f0e3e855b7625aa1ef8eff8ae15dc7f99bb57174376cdd8b53f50cfd0b5484", kill_on_drop: false }`
[INFO] running `Command { std: "docker" "inspect" "66f0e3e855b7625aa1ef8eff8ae15dc7f99bb57174376cdd8b53f50cfd0b5484", kill_on_drop: false }`
[INFO] running `Command { std: "docker" "rm" "-f" "66f0e3e855b7625aa1ef8eff8ae15dc7f99bb57174376cdd8b53f50cfd0b5484", kill_on_drop: false }`
[INFO] [stdout] 66f0e3e855b7625aa1ef8eff8ae15dc7f99bb57174376cdd8b53f50cfd0b5484
[INFO] running `Command { std: "docker" "create" "-v" "/var/lib/crater-agent-workspace/builds/worker-1-tc1/target:/opt/rustwide/target:rw,Z" "-v" "/var/lib/crater-agent-workspace/builds/worker-1-tc1/source:/opt/rustwide/workdir:ro,Z" "-v" "/var/lib/crater-agent-workspace/cargo-home:/opt/rustwide/cargo-home:ro,Z" "-v" "/var/lib/crater-agent-workspace/rustup-home:/opt/rustwide/rustup-home:ro,Z" "-e" "SOURCE_DIR=/opt/rustwide/workdir" "-e" "CARGO_TARGET_DIR=/opt/rustwide/target" "-e" "CARGO_INCREMENTAL=0" "-e" "RUST_BACKTRACE=full" "-e" "RUSTFLAGS=--cap-lints=warn" "-e" "RUSTDOCFLAGS=--cap-lints=warn" "-e" "CARGO_HOME=/opt/rustwide/cargo-home" "-e" "RUSTUP_HOME=/opt/rustwide/rustup-home" "-w" "/opt/rustwide/workdir" "-m" "1610612736" "--user" "0:0" "--network" "none" "ghcr.io/rust-lang/crates-build-env/linux@sha256:f3a9d4ad9d972b27faf3965f35b62e55ba32bbce8f20bc8fe909558a86702fde" "/opt/rustwide/cargo-home/bin/cargo" "+1.83.0" "build" "--frozen" "--message-format=json", kill_on_drop: false }`
[INFO] [stdout] 0218a4429ff5bd0a2004ea787297d339f404a5ceaf5e4e8faf80787deee5ce8b
[INFO] running `Command { std: "docker" "start" "-a" "0218a4429ff5bd0a2004ea787297d339f404a5ceaf5e4e8faf80787deee5ce8b", kill_on_drop: false }`
[INFO] [stderr]    Compiling memchr v2.7.4
[INFO] [stderr]    Compiling regex-syntax v0.8.5
[INFO] [stderr]    Compiling aho-corasick v1.1.3
[INFO] [stderr]    Compiling regex-automata v0.4.9
[INFO] [stderr]    Compiling regex v1.11.1
[INFO] [stderr]    Compiling adventofcode-2024-rust v0.1.0 (/opt/rustwide/workdir)
[INFO] [stdout] warning: struct `Day1` is never constructed
[INFO] [stdout]  --> src/day1/mod.rs:3:12
[INFO] [stdout]   |
[INFO] [stdout] 3 | pub struct Day1;
[INFO] [stdout]   |            ^^^^
[INFO] [stdout]   |
[INFO] [stdout]   = note: `#[warn(dead_code)]` on by default
[INFO] [stdout] 
[INFO] [stdout] 
[INFO] [stdout] warning: associated functions `first_part` and `second_part` are never used
[INFO] [stdout]   --> src/day1/mod.rs:6:12
[INFO] [stdout]    |
[INFO] [stdout] 5  | impl Day1 {
[INFO] [stdout]    | --------- associated functions in this implementation
[INFO] [stdout] 6  |     pub fn first_part(input: &str) -> i32 {
[INFO] [stdout]    |            ^^^^^^^^^^
[INFO] [stdout] ...
[INFO] [stdout] 19 |     pub fn second_part(input: &str) -> i32 {
[INFO] [stdout]    |            ^^^^^^^^^^^
[INFO] [stdout] 
[INFO] [stdout] 
[INFO] [stdout] warning: struct `Day2` is never constructed
[INFO] [stdout]  --> src/day2/mod.rs:1:12
[INFO] [stdout]   |
[INFO] [stdout] 1 | pub struct Day2;
[INFO] [stdout]   |            ^^^^
[INFO] [stdout] 
[INFO] [stdout] 
[INFO] [stdout] warning: methods `parse_line`, `is_safe`, `first_part`, and `second_part` are never used
[INFO] [stdout]   --> src/day2/mod.rs:4:8
[INFO] [stdout]    |
[INFO] [stdout] 3  | impl Day2 {
[INFO] [stdout]    | --------- methods in this implementation
[INFO] [stdout] 4  |     fn parse_line(&self, l: &str) -> Vec<i32> {
[INFO] [stdout]    |        ^^^^^^^^^^
[INFO] [stdout] ...
[INFO] [stdout] 15 |     fn is_safe(&self, nums: &[i32]) -> bool {
[INFO] [stdout]    |        ^^^^^^^
[INFO] [stdout] ...
[INFO] [stdout] 21 |     pub fn first_part(&self, input: &str) -> usize {
[INFO] [stdout]    |            ^^^^^^^^^^
[INFO] [stdout] ...
[INFO] [stdout] 28 |     pub fn second_part(&self, input: &str) -> usize {
[INFO] [stdout]    |            ^^^^^^^^^^^
[INFO] [stdout] 
[INFO] [stdout] 
[INFO] [stdout] warning: struct `Day3` is never constructed
[INFO] [stdout]  --> src/day3/mod.rs:3:12
[INFO] [stdout]   |
[INFO] [stdout] 3 | pub struct Day3;
[INFO] [stdout]   |            ^^^^
[INFO] [stdout] 
[INFO] [stdout] 
[INFO] [stdout] warning: methods `first_part` and `second_part` are never used
[INFO] [stdout]   --> src/day3/mod.rs:6:12
[INFO] [stdout]    |
[INFO] [stdout] 5  | impl Day3 {
[INFO] [stdout]    | --------- methods in this implementation
[INFO] [stdout] 6  |     pub fn first_part(&self, input: &str) -> i32 {
[INFO] [stdout]    |            ^^^^^^^^^^
[INFO] [stdout] ...
[INFO] [stdout] 14 |     pub fn second_part(&self, input: &str) -> i32 {
[INFO] [stdout]    |            ^^^^^^^^^^^
[INFO] [stdout] 
[INFO] [stdout] 
[INFO] [stdout] warning: struct `Day4` is never constructed
[INFO] [stdout]  --> src/day4/mod.rs:3:12
[INFO] [stdout]   |
[INFO] [stdout] 3 | pub struct Day4;
[INFO] [stdout]   |            ^^^^
[INFO] [stdout] 
[INFO] [stdout] 
[INFO] [stdout] warning: methods `first_part` and `second_part` are never used
[INFO] [stdout]   --> src/day4/mod.rs:6:12
[INFO] [stdout]    |
[INFO] [stdout] 5  | impl Day4 {
[INFO] [stdout]    | --------- methods in this implementation
[INFO] [stdout] 6  |     pub fn first_part(&self, input: &str) -> i32 {
[INFO] [stdout]    |            ^^^^^^^^^^
[INFO] [stdout] ...
[INFO] [stdout] 91 |     pub fn second_part(&self, input: &str) -> i32 {
[INFO] [stdout]    |            ^^^^^^^^^^^
[INFO] [stdout] 
[INFO] [stdout] 
[INFO] [stdout] warning: struct `Day4Version2` is never constructed
[INFO] [stdout]    --> src/day4/mod.rs:159:12
[INFO] [stdout]     |
[INFO] [stdout] 159 | pub struct Day4Version2;
[INFO] [stdout]     |            ^^^^^^^^^^^^
[INFO] [stdout] 
[INFO] [stdout] 
[INFO] [stdout] warning: methods `get_data`, `if_all_match`, `first_part`, and `second_part` are never used
[INFO] [stdout]    --> src/day4/mod.rs:162:8
[INFO] [stdout]     |
[INFO] [stdout] 161 | impl Day4Version2 {
[INFO] [stdout]     | ----------------- methods in this implementation
[INFO] [stdout] 162 |     fn get_data<'a>(&self, input: &'a str, incuded_chars: &str) -> HashMap<(i32, i32), &'a str> {
[INFO] [stdout]     |        ^^^^^^^^
[INFO] [stdout] ...
[INFO] [stdout] 174 |     fn if_all_match<'a>(
[INFO] [stdout]     |        ^^^^^^^^^^^^
[INFO] [stdout] ...
[INFO] [stdout] 188 |     pub fn first_part(&self, input: &str) -> i32 {
[INFO] [stdout]     |            ^^^^^^^^^^
[INFO] [stdout] ...
[INFO] [stdout] 218 |     pub fn second_part(&self, input: &str) -> i32 {
[INFO] [stdout]     |            ^^^^^^^^^^^
[INFO] [stdout] 
[INFO] [stdout] 
[INFO] [stdout] warning: struct `Day5` is never constructed
[INFO] [stdout]  --> src/day5/mod.rs:3:12
[INFO] [stdout]   |
[INFO] [stdout] 3 | pub struct Day5;
[INFO] [stdout]   |            ^^^^
[INFO] [stdout] 
[INFO] [stdout] 
[INFO] [stdout] warning: associated items `calculate`, `is_all_good`, `first_part`, `find_longest_chain`, and `second_part` are never used
[INFO] [stdout]    --> src/day5/mod.rs:6:8
[INFO] [stdout]     |
[INFO] [stdout] 5   | impl Day5 {
[INFO] [stdout]     | --------- associated items in this implementation
[INFO] [stdout] 6   |     fn calculate(
[INFO] [stdout]     |        ^^^^^^^^^
[INFO] [stdout] ...
[INFO] [stdout] 34  |     fn is_all_good(update: &[&str], page_order: &HashMap<&str, Vec<&str>>) -> bool {
[INFO] [stdout]     |        ^^^^^^^^^^^
[INFO] [stdout] ...
[INFO] [stdout] 52  |     pub fn first_part(&self, input: &str) -> i32 {
[INFO] [stdout]     |            ^^^^^^^^^^
[INFO] [stdout] ...
[INFO] [stdout] 64  |     fn find_longest_chain(edges: &Vec<(i32, i32)>) -> Vec<i32> {
[INFO] [stdout]     |        ^^^^^^^^^^^^^^^^^^
[INFO] [stdout] ...
[INFO] [stdout] 128 |     pub fn second_part(&self, input: &str) -> i32 {
[INFO] [stdout]     |            ^^^^^^^^^^^
[INFO] [stdout] 
[INFO] [stdout] 
[INFO] [stdout] warning: struct `Day6` is never constructed
[INFO] [stdout]  --> src/day6/mod.rs:4:12
[INFO] [stdout]   |
[INFO] [stdout] 4 | pub struct Day6;
[INFO] [stdout]   |            ^^^^
[INFO] [stdout] 
[INFO] [stdout] 
[INFO] [stdout] warning: enum `Direction` is never used
[INFO] [stdout]  --> src/day6/mod.rs:7:6
[INFO] [stdout]   |
[INFO] [stdout] 7 | enum Direction {
[INFO] [stdout]   |      ^^^^^^^^^
[INFO] [stdout] 
[INFO] [stdout] 
[INFO] [stdout] warning: methods `move_step` and `next_direction` are never used
[INFO] [stdout]   --> src/day6/mod.rs:15:8
[INFO] [stdout]    |
[INFO] [stdout] 14 | impl Direction {
[INFO] [stdout]    | -------------- methods in this implementation
[INFO] [stdout] 15 |     fn move_step(&self) -> (i32, i32) {
[INFO] [stdout]    |        ^^^^^^^^^
[INFO] [stdout] ...
[INFO] [stdout] 23 |     fn next_direction(&self) -> Direction {
[INFO] [stdout]    |        ^^^^^^^^^^^^^^
[INFO] [stdout] 
[INFO] [stdout] 
[INFO] [stdout] warning: methods `first_part` and `second_part` are never used
[INFO] [stdout]   --> src/day6/mod.rs:34:12
[INFO] [stdout]    |
[INFO] [stdout] 33 | impl Day6 {
[INFO] [stdout]    | --------- methods in this implementation
[INFO] [stdout] 34 |     pub fn first_part(&self, input: &str) -> i32 {
[INFO] [stdout]    |            ^^^^^^^^^^
[INFO] [stdout] ...
[INFO] [stdout] 67 |     pub fn second_part(&self, input: &str) -> i32 {
[INFO] [stdout]    |            ^^^^^^^^^^^
[INFO] [stdout] 
[INFO] [stdout] 
[INFO] [stdout] warning: struct `Day7` is never constructed
[INFO] [stdout]  --> src/day7/mod.rs:5:12
[INFO] [stdout]   |
[INFO] [stdout] 5 | pub struct Day7;
[INFO] [stdout]   |            ^^^^
[INFO] [stdout] 
[INFO] [stdout] 
[INFO] [stdout] warning: enum `Operation` is never used
[INFO] [stdout]  --> src/day7/mod.rs:8:6
[INFO] [stdout]   |
[INFO] [stdout] 8 | enum Operation {
[INFO] [stdout]   |      ^^^^^^^^^
[INFO] [stdout] 
[INFO] [stdout] 
[INFO] [stdout] warning: methods `calculate`, `first_part`, and `second_part` are never used
[INFO] [stdout]   --> src/day7/mod.rs:15:8
[INFO] [stdout]    |
[INFO] [stdout] 14 | impl Day7 {
[INFO] [stdout]    | --------- methods in this implementation
[INFO] [stdout] 15 |     fn calculate(&self, input: &str, use_comibine: bool) -> i64 {
[INFO] [stdout]    |        ^^^^^^^^^
[INFO] [stdout] ...
[INFO] [stdout] 92 |     pub fn first_part(&self, input: &str) -> i64 {
[INFO] [stdout]    |            ^^^^^^^^^^
[INFO] [stdout] ...
[INFO] [stdout] 95 |     pub fn second_part(&self, input: &str) -> i64 {
[INFO] [stdout]    |            ^^^^^^^^^^^
[INFO] [stdout] 
[INFO] [stdout] 
[INFO] [stdout] warning: struct `Day8` is never constructed
[INFO] [stdout]  --> src/day8/mod.rs:3:12
[INFO] [stdout]   |
[INFO] [stdout] 3 | pub struct Day8;
[INFO] [stdout]   |            ^^^^
[INFO] [stdout] 
[INFO] [stdout] 
[INFO] [stdout] warning: methods `filter_input`, `first_part`, and `second_part` are never used
[INFO] [stdout]   --> src/day8/mod.rs:7:8
[INFO] [stdout]    |
[INFO] [stdout] 5  | impl Day8 {
[INFO] [stdout]    | --------- methods in this implementation
[INFO] [stdout] 6  |
[INFO] [stdout] 7  |     fn filter_input(&self, input: &str) -> (i32, i32, HashMap<char, Vec<(i32, i32)>>) {
[INFO] [stdout]    |        ^^^^^^^^^^^^
[INFO] [stdout] ...
[INFO] [stdout] 24 |     pub fn first_part(&self, input: &str) -> i32 {
[INFO] [stdout]    |            ^^^^^^^^^^
[INFO] [stdout] ...
[INFO] [stdout] 48 |     pub fn second_part(&self, input: &str) -> i32 {
[INFO] [stdout]    |            ^^^^^^^^^^^
[INFO] [stdout] 
[INFO] [stdout] 
[INFO] [stdout] warning: methods `first_part_filter_input` and `first_part` are never used
[INFO] [stdout]   --> src/day9/mod.rs:6:8
[INFO] [stdout]    |
[INFO] [stdout] 5  | impl Day9 {
[INFO] [stdout]    | --------- methods in this implementation
[INFO] [stdout] 6  |     fn first_part_filter_input(&self, input: &str) -> Vec<String> {
[INFO] [stdout]    |        ^^^^^^^^^^^^^^^^^^^^^^^
[INFO] [stdout] ...
[INFO] [stdout] 21 |     pub fn first_part(&self, input: &str) -> i64 {
[INFO] [stdout]    |            ^^^^^^^^^^
[INFO] [stdout] 
[INFO] [stdout] 
[INFO] [stderr]     Finished `dev` profile [unoptimized + debuginfo] target(s) in 9.95s
[INFO] running `Command { std: "docker" "inspect" "0218a4429ff5bd0a2004ea787297d339f404a5ceaf5e4e8faf80787deee5ce8b", kill_on_drop: false }`
[INFO] running `Command { std: "docker" "rm" "-f" "0218a4429ff5bd0a2004ea787297d339f404a5ceaf5e4e8faf80787deee5ce8b", kill_on_drop: false }`
[INFO] [stdout] 0218a4429ff5bd0a2004ea787297d339f404a5ceaf5e4e8faf80787deee5ce8b
[INFO] running `Command { std: "docker" "create" "-v" "/var/lib/crater-agent-workspace/builds/worker-1-tc1/target:/opt/rustwide/target:rw,Z" "-v" "/var/lib/crater-agent-workspace/builds/worker-1-tc1/source:/opt/rustwide/workdir:ro,Z" "-v" "/var/lib/crater-agent-workspace/cargo-home:/opt/rustwide/cargo-home:ro,Z" "-v" "/var/lib/crater-agent-workspace/rustup-home:/opt/rustwide/rustup-home:ro,Z" "-e" "SOURCE_DIR=/opt/rustwide/workdir" "-e" "CARGO_TARGET_DIR=/opt/rustwide/target" "-e" "CARGO_INCREMENTAL=0" "-e" "RUST_BACKTRACE=full" "-e" "RUSTFLAGS=--cap-lints=warn" "-e" "RUSTDOCFLAGS=--cap-lints=warn" "-e" "CARGO_HOME=/opt/rustwide/cargo-home" "-e" "RUSTUP_HOME=/opt/rustwide/rustup-home" "-w" "/opt/rustwide/workdir" "-m" "1610612736" "--user" "0:0" "--network" "none" "ghcr.io/rust-lang/crates-build-env/linux@sha256:f3a9d4ad9d972b27faf3965f35b62e55ba32bbce8f20bc8fe909558a86702fde" "/opt/rustwide/cargo-home/bin/cargo" "+1.83.0" "test" "--frozen" "--no-run" "--message-format=json", kill_on_drop: false }`
[INFO] [stdout] 75c9686a923b7fb99e50af3ecac33542de8922b8b66acab6ebcd9a087fcae07c
[INFO] running `Command { std: "docker" "start" "-a" "75c9686a923b7fb99e50af3ecac33542de8922b8b66acab6ebcd9a087fcae07c", kill_on_drop: false }`
[INFO] [stderr]    Compiling adventofcode-2024-rust v0.1.0 (/opt/rustwide/workdir)
[INFO] [stderr]     Finished `test` profile [unoptimized + debuginfo] target(s) in 2.45s
[INFO] running `Command { std: "docker" "inspect" "75c9686a923b7fb99e50af3ecac33542de8922b8b66acab6ebcd9a087fcae07c", kill_on_drop: false }`
[INFO] running `Command { std: "docker" "rm" "-f" "75c9686a923b7fb99e50af3ecac33542de8922b8b66acab6ebcd9a087fcae07c", kill_on_drop: false }`
[INFO] [stdout] 75c9686a923b7fb99e50af3ecac33542de8922b8b66acab6ebcd9a087fcae07c
[INFO] running `Command { std: "docker" "create" "-v" "/var/lib/crater-agent-workspace/builds/worker-1-tc1/target:/opt/rustwide/target:rw,Z" "-v" "/var/lib/crater-agent-workspace/builds/worker-1-tc1/source:/opt/rustwide/workdir:ro,Z" "-v" "/var/lib/crater-agent-workspace/cargo-home:/opt/rustwide/cargo-home:ro,Z" "-v" "/var/lib/crater-agent-workspace/rustup-home:/opt/rustwide/rustup-home:ro,Z" "-e" "SOURCE_DIR=/opt/rustwide/workdir" "-e" "CARGO_TARGET_DIR=/opt/rustwide/target" "-e" "CARGO_INCREMENTAL=0" "-e" "RUST_BACKTRACE=full" "-e" "RUSTFLAGS=--cap-lints=warn" "-e" "RUSTDOCFLAGS=--cap-lints=warn" "-e" "CARGO_HOME=/opt/rustwide/cargo-home" "-e" "RUSTUP_HOME=/opt/rustwide/rustup-home" "-w" "/opt/rustwide/workdir" "-m" "1610612736" "--user" "0:0" "--network" "none" "ghcr.io/rust-lang/crates-build-env/linux@sha256:f3a9d4ad9d972b27faf3965f35b62e55ba32bbce8f20bc8fe909558a86702fde" "/opt/rustwide/cargo-home/bin/cargo" "+1.83.0" "test" "--frozen", kill_on_drop: false }`
[INFO] [stdout] 133f4c7c250dfe544bcfa6caab81fbb90bd4f9584e9a4893a668464054ef2ea3
[INFO] running `Command { std: "docker" "start" "-a" "133f4c7c250dfe544bcfa6caab81fbb90bd4f9584e9a4893a668464054ef2ea3", kill_on_drop: false }`
[INFO] [stderr]     Finished `test` profile [unoptimized + debuginfo] target(s) in 0.02s
[INFO] [stderr]      Running unittests src/main.rs (/opt/rustwide/target/debug/deps/adventofcode_2024_rust-bef8bac66636f773)
[INFO] [stdout] 
[INFO] [stdout] running 40 tests
[INFO] [stdout] test day1::tests::first_part ... ok
[INFO] [stdout] test day2::tests::first_part ... ok
[INFO] [stdout] test day2::tests::first_part_test ... ok
[INFO] [stdout] test day4::tests_version2::first_part_test ... ok
[INFO] [stdout] test day1::tests::second_part ... ok
[INFO] [stdout] test day4::tests_version1::first_part_test ... ok
[INFO] [stdout] test day1::tests::first_part_test ... ok
[INFO] [stdout] test day5::tests::first_part_test ... ok
[INFO] [stdout] test day4::tests_version1::second_part_test ... ok
[INFO] [stdout] test day5::tests::second_part_test ... ok
[INFO] [stdout] test day2::tests::second_part ... ok
[INFO] [stdout] test day6::tests::first_part_test ... ok
[INFO] [stdout] test day3::tests::first_part_test ... ok
[INFO] [stdout] test day1::tests::second_part_test ... ok
[INFO] [stdout] test day4::tests_version2::second_part_test ... ok
[INFO] [stdout] test day5::tests::first_part ... ok
[INFO] [stdout] test day3::tests::second_part_test ... ok
[INFO] [stdout] test day3::tests::first_part ... ok
[INFO] [stdout] test day6::tests::second_part_test ... ok
[INFO] [stdout] test day2::tests::second_part_test ... ok
[INFO] [stdout] test day8::tests::first_part ... ok
[INFO] [stdout] test day8::tests::second_part ... ok
[INFO] [stdout] test day8::tests::second_part_test ... ok
[INFO] [stdout] test day8::tests::first_part_test ... ok
[INFO] [stdout] test day6::tests::first_part ... ok
[INFO] [stdout] test day4::tests_version2::second_part ... ok
[INFO] [stdout] test day7::tests::second_part_test ... ok
[INFO] [stdout] test day9::tests::second_part_test ... ok
[INFO] [stdout] test day9::tests::first_part_test ... ok
[INFO] [stdout] test day7::tests::first_part_test ... ok
[INFO] [stdout] test day4::tests_version1::first_part ... ok
[INFO] [stdout] test day4::tests_version1::second_part ... ok
[INFO] [stdout] test day9::tests::first_part ... ok
[INFO] [stdout] test day4::tests_version2::first_part ... ok
[INFO] [stdout] test day9::tests::second_part ... FAILED
[INFO] [stdout] test day7::tests::first_part ... ok
[INFO] [stdout] test day3::tests::second_part ... ok
[INFO] [stdout] test day7::tests::second_part ... ok
[INFO] [stdout] test day5::tests::second_part has been running for over 60 seconds
[INFO] [stdout] test day6::tests::second_part has been running for over 60 seconds
[INFO] [stdout] test day6::tests::second_part ... ok
[INFO] [stdout] test day5::tests::second_part ... ok
[INFO] [stdout] 
[INFO] [stdout] failures:
[INFO] [stdout] 
[INFO] [stdout] ---- day9::tests::second_part stdout ----
[INFO] [stdout] thread 'day9::tests::second_part' panicked at src/day9/mod.rs:159:9:
[INFO] [stdout] assertion `left == right` failed
[INFO] [stdout]   left: 6337189598489
[INFO] [stdout]  right: 6349492251099
[INFO] [stdout] stack backtrace:
[INFO] [stdout]    0:     0x640839bb6a4a - std::backtrace_rs::backtrace::libunwind::trace::h5a5b8284f2d0c266
[INFO] [stdout]                                at /rustc/90b35a6239c3d8bdabc530a6a0816f7ff89a0aaf/library/std/src/../../backtrace/src/backtrace/libunwind.rs:116:5
[INFO] [stdout]    1:     0x640839bb6a4a - std::backtrace_rs::backtrace::trace_unsynchronized::h76d4f1c9b0b875e3
[INFO] [stdout]                                at /rustc/90b35a6239c3d8bdabc530a6a0816f7ff89a0aaf/library/std/src/../../backtrace/src/backtrace/mod.rs:66:5
[INFO] [stdout]    2:     0x640839bb6a4a - std::sys::backtrace::_print_fmt::hc4546b8364a537c6
[INFO] [stdout]                                at /rustc/90b35a6239c3d8bdabc530a6a0816f7ff89a0aaf/library/std/src/sys/backtrace.rs:66:9
[INFO] [stdout]    3:     0x640839bb6a4a - <std::sys::backtrace::BacktraceLock::print::DisplayBacktrace as core::fmt::Display>::fmt::h5b6bd5631a6d1f6b
[INFO] [stdout]                                at /rustc/90b35a6239c3d8bdabc530a6a0816f7ff89a0aaf/library/std/src/sys/backtrace.rs:39:26
[INFO] [stdout]    4:     0x640839bdc3b3 - core::fmt::rt::Argument::fmt::h270f6602a2b96f62
[INFO] [stdout]                                at /rustc/90b35a6239c3d8bdabc530a6a0816f7ff89a0aaf/library/core/src/fmt/rt.rs:177:76
[INFO] [stdout]    5:     0x640839bdc3b3 - core::fmt::write::h7550c97b06c86515
[INFO] [stdout]                                at /rustc/90b35a6239c3d8bdabc530a6a0816f7ff89a0aaf/library/core/src/fmt/mod.rs:1186:21
[INFO] [stdout]    6:     0x640839bb3c13 - std::io::Write::write_fmt::h509ff860e5956e5e
[INFO] [stdout]                                at /rustc/90b35a6239c3d8bdabc530a6a0816f7ff89a0aaf/library/std/src/io/mod.rs:1839:15
[INFO] [stdout]    7:     0x640839bb6892 - std::sys::backtrace::BacktraceLock::print::h2395ccd2c84ba3aa
[INFO] [stdout]                                at /rustc/90b35a6239c3d8bdabc530a6a0816f7ff89a0aaf/library/std/src/sys/backtrace.rs:42:9
[INFO] [stdout]    8:     0x640839bb7eaa - std::panicking::default_hook::{{closure}}::he19d4c7230e07961
[INFO] [stdout]                                at /rustc/90b35a6239c3d8bdabc530a6a0816f7ff89a0aaf/library/std/src/panicking.rs:268:22
[INFO] [stdout]    9:     0x640839bb7cb4 - std::panicking::default_hook::hf614597d3c67bbdb
[INFO] [stdout]                                at /rustc/90b35a6239c3d8bdabc530a6a0816f7ff89a0aaf/library/std/src/panicking.rs:292:9
[INFO] [stdout]   10:     0x6408398fcd69 - <alloc::boxed::Box<F,A> as core::ops::function::Fn<Args>>::call::h39b51ce4599c23d1
[INFO] [stdout]                                at /rustc/90b35a6239c3d8bdabc530a6a0816f7ff89a0aaf/library/alloc/src/boxed.rs:2468:9
[INFO] [stdout]   11:     0x6408398fcd69 - test::test_main::{{closure}}::he977ae839a582784
[INFO] [stdout]                                at /rustc/90b35a6239c3d8bdabc530a6a0816f7ff89a0aaf/library/test/src/lib.rs:133:21
[INFO] [stdout]   12:     0x640839bb8548 - <alloc::boxed::Box<F,A> as core::ops::function::Fn<Args>>::call::h9455091b6b06f9fb
[INFO] [stdout]                                at /rustc/90b35a6239c3d8bdabc530a6a0816f7ff89a0aaf/library/alloc/src/boxed.rs:2468:9
[INFO] [stdout]   13:     0x640839bb8548 - std::panicking::rust_panic_with_hook::h8942133a8b252070
[INFO] [stdout]                                at /rustc/90b35a6239c3d8bdabc530a6a0816f7ff89a0aaf/library/std/src/panicking.rs:809:13
[INFO] [stdout]   14:     0x640839bb830a - std::panicking::begin_panic_handler::{{closure}}::hb5f5963570096b29
[INFO] [stdout]                                at /rustc/90b35a6239c3d8bdabc530a6a0816f7ff89a0aaf/library/std/src/panicking.rs:674:13
[INFO] [stdout]   15:     0x640839bb6f29 - std::sys::backtrace::__rust_end_short_backtrace::h6208cedc1922feda
[INFO] [stdout]                                at /rustc/90b35a6239c3d8bdabc530a6a0816f7ff89a0aaf/library/std/src/sys/backtrace.rs:170:18
[INFO] [stdout]   16:     0x640839bb7f9c - rust_begin_unwind
[INFO] [stdout]                                at /rustc/90b35a6239c3d8bdabc530a6a0816f7ff89a0aaf/library/std/src/panicking.rs:665:5
[INFO] [stdout]   17:     0x64083985f130 - core::panicking::panic_fmt::h0c3082644d1bf418
[INFO] [stdout]                                at /rustc/90b35a6239c3d8bdabc530a6a0816f7ff89a0aaf/library/core/src/panicking.rs:74:14
[INFO] [stdout]   18:     0x64083985f534 - core::panicking::assert_failed_inner::h2ddf1fcc067fa858
[INFO] [stdout]   19:     0x64083989b47a - core::panicking::assert_failed::hc0416614ec95c996
[INFO] [stdout]                                at /rustc/90b35a6239c3d8bdabc530a6a0816f7ff89a0aaf/library/core/src/panicking.rs:367:5
[INFO] [stdout]   20:     0x640839897633 - adventofcode_2024_rust::day9::tests::second_part::hda3c9647b8b65980
[INFO] [stdout]                                at /opt/rustwide/workdir/src/day9/mod.rs:159:9
[INFO] [stdout]   21:     0x6408398975a7 - adventofcode_2024_rust::day9::tests::second_part::{{closure}}::h3154441a90aea534
[INFO] [stdout]                                at /opt/rustwide/workdir/src/day9/mod.rs:158:21
[INFO] [stdout]   22:     0x640839893c26 - core::ops::function::FnOnce::call_once::h8226e05eb120b273
[INFO] [stdout]                                at /rustc/90b35a6239c3d8bdabc530a6a0816f7ff89a0aaf/library/core/src/ops/function.rs:250:5
[INFO] [stdout]   23:     0x64083990172b - core::ops::function::FnOnce::call_once::h109cf8051a59b34e
[INFO] [stdout]                                at /rustc/90b35a6239c3d8bdabc530a6a0816f7ff89a0aaf/library/core/src/ops/function.rs:250:5
[INFO] [stdout]   24:     0x64083990172b - test::__rust_begin_short_backtrace::hf4fff89d377446ba
[INFO] [stdout]                                at /rustc/90b35a6239c3d8bdabc530a6a0816f7ff89a0aaf/library/test/src/lib.rs:621:18
[INFO] [stdout]   25:     0x640839900f67 - test::run_test_in_process::{{closure}}::h0e39181dd7ee5a43
[INFO] [stdout]                                at /rustc/90b35a6239c3d8bdabc530a6a0816f7ff89a0aaf/library/test/src/lib.rs:644:60
[INFO] [stdout]   26:     0x640839900f67 - <core::panic::unwind_safe::AssertUnwindSafe<F> as core::ops::function::FnOnce<()>>::call_once::hc5a66a30f0bdfd1f
[INFO] [stdout]                                at /rustc/90b35a6239c3d8bdabc530a6a0816f7ff89a0aaf/library/core/src/panic/unwind_safe.rs:272:9
[INFO] [stdout]   27:     0x640839900f67 - std::panicking::try::do_call::h873b7cf639554a5e
[INFO] [stdout]                                at /rustc/90b35a6239c3d8bdabc530a6a0816f7ff89a0aaf/library/std/src/panicking.rs:557:40
[INFO] [stdout]   28:     0x640839900f67 - std::panicking::try::hdb19862fad9c8bd1
[INFO] [stdout]                                at /rustc/90b35a6239c3d8bdabc530a6a0816f7ff89a0aaf/library/std/src/panicking.rs:520:19
[INFO] [stdout]   29:     0x640839900f67 - std::panic::catch_unwind::h281fe732d236d260
[INFO] [stdout]                                at /rustc/90b35a6239c3d8bdabc530a6a0816f7ff89a0aaf/library/std/src/panic.rs:358:14
[INFO] [stdout]   30:     0x640839900f67 - test::run_test_in_process::h949b6df8457ed338
[INFO] [stdout]                                at /rustc/90b35a6239c3d8bdabc530a6a0816f7ff89a0aaf/library/test/src/lib.rs:644:27
[INFO] [stdout]   31:     0x640839900f67 - test::run_test::{{closure}}::h52c556a6d4740e10
[INFO] [stdout]                                at /rustc/90b35a6239c3d8bdabc530a6a0816f7ff89a0aaf/library/test/src/lib.rs:565:43
[INFO] [stdout]   32:     0x6408398c6244 - test::run_test::{{closure}}::h4237f6381c45ccb9
[INFO] [stdout]                                at /rustc/90b35a6239c3d8bdabc530a6a0816f7ff89a0aaf/library/test/src/lib.rs:595:41
[INFO] [stdout]   33:     0x6408398c6244 - std::sys::backtrace::__rust_begin_short_backtrace::h505c97a579eca628
[INFO] [stdout]                                at /rustc/90b35a6239c3d8bdabc530a6a0816f7ff89a0aaf/library/std/src/sys/backtrace.rs:154:18
[INFO] [stdout]   34:     0x6408398c990e - std::thread::Builder::spawn_unchecked_::{{closure}}::{{closure}}::h9e86b2e2bc107ea3
[INFO] [stdout]                                at /rustc/90b35a6239c3d8bdabc530a6a0816f7ff89a0aaf/library/std/src/thread/mod.rs:538:17
[INFO] [stdout]   35:     0x6408398c990e - <core::panic::unwind_safe::AssertUnwindSafe<F> as core::ops::function::FnOnce<()>>::call_once::h8b06ddb275ff4a25
[INFO] [stdout]                                at /rustc/90b35a6239c3d8bdabc530a6a0816f7ff89a0aaf/library/core/src/panic/unwind_safe.rs:272:9
[INFO] [stdout]   36:     0x6408398c990e - std::panicking::try::do_call::hb26ecd7cd9a9355d
[INFO] [stdout]                                at /rustc/90b35a6239c3d8bdabc530a6a0816f7ff89a0aaf/library/std/src/panicking.rs:557:40
[INFO] [stdout]   37:     0x6408398c990e - std::panicking::try::h8ddeca9d705f9069
[INFO] [stdout]                                at /rustc/90b35a6239c3d8bdabc530a6a0816f7ff89a0aaf/library/std/src/panicking.rs:520:19
[INFO] [stdout]   38:     0x6408398c990e - std::panic::catch_unwind::h49e1c33078844c46
[INFO] [stdout]                                at /rustc/90b35a6239c3d8bdabc530a6a0816f7ff89a0aaf/library/std/src/panic.rs:358:14
[INFO] [stdout]   39:     0x6408398c990e - std::thread::Builder::spawn_unchecked_::{{closure}}::h6073db6ff56ad35d
[INFO] [stdout]                                at /rustc/90b35a6239c3d8bdabc530a6a0816f7ff89a0aaf/library/std/src/thread/mod.rs:537:30
[INFO] [stdout]   40:     0x6408398c990e - core::ops::function::FnOnce::call_once{{vtable.shim}}::h2c5a5f3779c774f1
[INFO] [stdout]                                at /rustc/90b35a6239c3d8bdabc530a6a0816f7ff89a0aaf/library/core/src/ops/function.rs:250:5
[INFO] [stdout]   41:     0x640839bbc29b - <alloc::boxed::Box<F,A> as core::ops::function::FnOnce<Args>>::call_once::hf75717d9f28faebf
[INFO] [stdout]                                at /rustc/90b35a6239c3d8bdabc530a6a0816f7ff89a0aaf/library/alloc/src/boxed.rs:2454:9
[INFO] [stdout]   42:     0x640839bbc29b - <alloc::boxed::Box<F,A> as core::ops::function::FnOnce<Args>>::call_once::h7bd883a5f3c5f3c1
[INFO] [stdout]                                at /rustc/90b35a6239c3d8bdabc530a6a0816f7ff89a0aaf/library/alloc/src/boxed.rs:2454:9
[INFO] [stdout]   43:     0x640839bbc29b - std::sys::pal::unix::thread::Thread::new::thread_start::hcc78f3943333fa94
[INFO] [stdout]                                at /rustc/90b35a6239c3d8bdabc530a6a0816f7ff89a0aaf/library/std/src/sys/pal/unix/thread.rs:105:17
[INFO] [stdout]   44:     0x745de3ef5ac3 - <unknown>
[INFO] [stdout]   45:     0x745de3f86a04 - clone
[INFO] [stdout]   46:                0x0 - <unknown>
[INFO] [stdout] 
[INFO] [stdout] 
[INFO] [stdout] failures:
[INFO] [stdout]     day9::tests::second_part
[INFO] [stdout] 
[INFO] [stdout] test result: FAILED. 39 passed; 1 failed; 0 ignored; 0 measured; 0 filtered out; finished in 126.31s
[INFO] [stdout] 
[INFO] [stderr] error: test failed, to rerun pass `--bin adventofcode-2024-rust`
[INFO] running `Command { std: "docker" "inspect" "133f4c7c250dfe544bcfa6caab81fbb90bd4f9584e9a4893a668464054ef2ea3", kill_on_drop: false }`
[INFO] running `Command { std: "docker" "rm" "-f" "133f4c7c250dfe544bcfa6caab81fbb90bd4f9584e9a4893a668464054ef2ea3", kill_on_drop: false }`
[INFO] [stdout] 133f4c7c250dfe544bcfa6caab81fbb90bd4f9584e9a4893a668464054ef2ea3
