[INFO] cloning repository https://github.com/huhn511/rust-cli-demo
[INFO] running `Command { std: "git" "-c" "credential.helper=" "-c" "credential.helper=/workspace/cargo-home/bin/git-credential-null" "clone" "--bare" "https://github.com/huhn511/rust-cli-demo" "/workspace/cache/git-repos/https%3A%2F%2Fgithub.com%2Fhuhn511%2Frust-cli-demo", kill_on_drop: false }`
[INFO] [stderr] Cloning into bare repository '/workspace/cache/git-repos/https%3A%2F%2Fgithub.com%2Fhuhn511%2Frust-cli-demo'...
[INFO] running `Command { std: "git" "rev-parse" "HEAD", kill_on_drop: false }`
[INFO] [stdout] d71e0cc3bc6ee8d3d676f30ab46186f3a3363eb2
[INFO] testing huhn511/rust-cli-demo against beta-2024-12-08 for beta-1.84.0-4-retry
[INFO] running `Command { std: "git" "clone" "/workspace/cache/git-repos/https%3A%2F%2Fgithub.com%2Fhuhn511%2Frust-cli-demo" "/workspace/builds/worker-4-tc2/source", kill_on_drop: false }`
[INFO] [stderr] Cloning into '/workspace/builds/worker-4-tc2/source'...
[INFO] [stderr] done.
[INFO] validating manifest of git repo https://github.com/huhn511/rust-cli-demo on toolchain beta-2024-12-08
[INFO] running `Command { std: CARGO_HOME="/workspace/cargo-home" RUSTUP_HOME="/workspace/rustup-home" "/workspace/cargo-home/bin/cargo" "+beta-2024-12-08" "metadata" "--manifest-path" "Cargo.toml" "--no-deps", kill_on_drop: false }`
[INFO] started tweaking git repo https://github.com/huhn511/rust-cli-demo
[INFO] finished tweaking git repo https://github.com/huhn511/rust-cli-demo
[INFO] tweaked toml for git repo https://github.com/huhn511/rust-cli-demo written to /workspace/builds/worker-4-tc2/source/Cargo.toml
[INFO] crate git repo https://github.com/huhn511/rust-cli-demo already has a lockfile, it will not be regenerated
[INFO] running `Command { std: CARGO_HOME="/workspace/cargo-home" RUSTUP_HOME="/workspace/rustup-home" "/workspace/cargo-home/bin/cargo" "+beta-2024-12-08" "fetch" "--manifest-path" "Cargo.toml", kill_on_drop: false }`
[INFO] [stderr]     Blocking waiting for file lock on package cache
[INFO] running `Command { std: "docker" "create" "-v" "/var/lib/crater-agent-workspace/builds/worker-4-tc2/target:/opt/rustwide/target:rw,Z" "-v" "/var/lib/crater-agent-workspace/builds/worker-4-tc2/source:/opt/rustwide/workdir:ro,Z" "-v" "/var/lib/crater-agent-workspace/cargo-home:/opt/rustwide/cargo-home:ro,Z" "-v" "/var/lib/crater-agent-workspace/rustup-home:/opt/rustwide/rustup-home:ro,Z" "-e" "SOURCE_DIR=/opt/rustwide/workdir" "-e" "CARGO_TARGET_DIR=/opt/rustwide/target" "-e" "CARGO_HOME=/opt/rustwide/cargo-home" "-e" "RUSTUP_HOME=/opt/rustwide/rustup-home" "-w" "/opt/rustwide/workdir" "-m" "1610612736" "--user" "0:0" "--network" "none" "ghcr.io/rust-lang/crates-build-env/linux@sha256:f3a9d4ad9d972b27faf3965f35b62e55ba32bbce8f20bc8fe909558a86702fde" "/opt/rustwide/cargo-home/bin/cargo" "+beta-2024-12-08" "metadata" "--no-deps" "--format-version=1", kill_on_drop: false }`
[INFO] [stdout] 8d9e536fb922ff0a997152c30f05fe7bfcb41d37fdbc25f05a305aac8237d2d8
[INFO] running `Command { std: "docker" "start" "-a" "8d9e536fb922ff0a997152c30f05fe7bfcb41d37fdbc25f05a305aac8237d2d8", kill_on_drop: false }`
[INFO] running `Command { std: "docker" "inspect" "8d9e536fb922ff0a997152c30f05fe7bfcb41d37fdbc25f05a305aac8237d2d8", kill_on_drop: false }`
[INFO] running `Command { std: "docker" "rm" "-f" "8d9e536fb922ff0a997152c30f05fe7bfcb41d37fdbc25f05a305aac8237d2d8", kill_on_drop: false }`
[INFO] [stdout] 8d9e536fb922ff0a997152c30f05fe7bfcb41d37fdbc25f05a305aac8237d2d8
[INFO] running `Command { std: "docker" "create" "-v" "/var/lib/crater-agent-workspace/builds/worker-4-tc2/target:/opt/rustwide/target:rw,Z" "-v" "/var/lib/crater-agent-workspace/builds/worker-4-tc2/source:/opt/rustwide/workdir:ro,Z" "-v" "/var/lib/crater-agent-workspace/cargo-home:/opt/rustwide/cargo-home:ro,Z" "-v" "/var/lib/crater-agent-workspace/rustup-home:/opt/rustwide/rustup-home:ro,Z" "-e" "SOURCE_DIR=/opt/rustwide/workdir" "-e" "CARGO_TARGET_DIR=/opt/rustwide/target" "-e" "CARGO_INCREMENTAL=0" "-e" "RUST_BACKTRACE=full" "-e" "RUSTFLAGS=--cap-lints=warn" "-e" "RUSTDOCFLAGS=--cap-lints=warn" "-e" "CARGO_HOME=/opt/rustwide/cargo-home" "-e" "RUSTUP_HOME=/opt/rustwide/rustup-home" "-w" "/opt/rustwide/workdir" "-m" "1610612736" "--user" "0:0" "--network" "none" "ghcr.io/rust-lang/crates-build-env/linux@sha256:f3a9d4ad9d972b27faf3965f35b62e55ba32bbce8f20bc8fe909558a86702fde" "/opt/rustwide/cargo-home/bin/cargo" "+beta-2024-12-08" "build" "--frozen" "--message-format=json", kill_on_drop: false }`
[INFO] [stdout] 7ba63ce483b82c780cb800e0cb84612f3de95a1780c4403de426cc4a8ef6b110
[INFO] running `Command { std: "docker" "start" "-a" "7ba63ce483b82c780cb800e0cb84612f3de95a1780c4403de426cc4a8ef6b110", kill_on_drop: false }`
[INFO] [stderr]    Compiling proc-macro2 v1.0.18
[INFO] [stderr]    Compiling libc v0.2.71
[INFO] [stderr]    Compiling unicode-xid v0.2.0
[INFO] [stderr]    Compiling syn v1.0.31
[INFO] [stderr]    Compiling version_check v0.9.2
[INFO] [stderr]    Compiling memchr v2.3.3
[INFO] [stderr]    Compiling lazy_static v1.4.0
[INFO] [stderr]    Compiling unicode-width v0.1.7
[INFO] [stderr]    Compiling cfg-if v0.1.10
[INFO] [stderr]    Compiling failure_derive v0.1.8
[INFO] [stderr]    Compiling regex-syntax v0.6.18
[INFO] [stderr]    Compiling bitflags v1.2.1
[INFO] [stderr]    Compiling gimli v0.21.0
[INFO] [stderr]    Compiling log v0.4.8
[INFO] [stderr]    Compiling object v0.19.0
[INFO] [stderr]    Compiling unicode-segmentation v1.6.0
[INFO] [stderr]    Compiling thread_local v1.0.1
[INFO] [stderr]    Compiling rustc-demangle v0.1.16
[INFO] [stderr]    Compiling textwrap v0.11.0
[INFO] [stderr]    Compiling quick-error v1.2.3
[INFO] [stderr]    Compiling vec_map v0.8.2
[INFO] [stderr]    Compiling ansi_term v0.11.0
[INFO] [stderr]    Compiling proc-macro-error-attr v1.0.2
[INFO] [stderr]    Compiling proc-macro-error v1.0.2
[INFO] [stderr]    Compiling heck v0.3.1
[INFO] [stderr]    Compiling strsim v0.8.0
[INFO] [stderr]    Compiling aho-corasick v0.7.10
[INFO] [stderr]    Compiling humantime v1.3.0
[INFO] [stderr]    Compiling number_prefix v0.3.0
[INFO] [stderr]    Compiling termcolor v1.1.0
[INFO] [stderr]    Compiling atty v0.2.14
[INFO] [stderr]    Compiling terminal_size v0.1.12
[INFO] [stderr]    Compiling termios v0.3.2
[INFO] [stderr]    Compiling quote v1.0.7
[INFO] [stderr]    Compiling clap v2.33.1
[INFO] [stderr]    Compiling regex v1.3.9
[INFO] [stderr]    Compiling addr2line v0.12.1
[INFO] [stderr]    Compiling console v0.11.3
[INFO] [stderr]    Compiling env_logger v0.7.1
[INFO] [stderr]    Compiling indicatif v0.14.0
[INFO] [stderr]    Compiling backtrace v0.3.48
[INFO] [stderr]    Compiling syn-mid v0.5.0
[INFO] [stderr]    Compiling synstructure v0.12.4
[INFO] [stderr]    Compiling failure v0.1.8
[INFO] [stderr]    Compiling exitfailure v0.5.1
[INFO] [stderr]    Compiling structopt-derive v0.4.7
[INFO] [stderr]    Compiling structopt v0.3.14
[INFO] [stderr]    Compiling grrs v0.1.0 (/opt/rustwide/workdir)
[INFO] [stdout] warning: unused `Result` that must be used
[INFO] [stdout]  --> src/lib.rs:5:13
[INFO] [stdout]   |
[INFO] [stdout] 5 |             writeln!(writer, "{}", line);
[INFO] [stdout]   |             ^^^^^^^^^^^^^^^^^^^^^^^^^^^^
[INFO] [stdout]   |
[INFO] [stdout]   = note: this `Result` may be an `Err` variant, which should be handled
[INFO] [stdout]   = note: `#[warn(unused_must_use)]` on by default
[INFO] [stdout]   = note: this warning originates in the macro `writeln` (in Nightly builds, run with -Z macro-backtrace for more info)
[INFO] [stdout] 
[INFO] [stdout] 
[INFO] [stderr]     Finished `dev` profile [unoptimized + debuginfo] target(s) in 26.01s
[INFO] running `Command { std: "docker" "inspect" "7ba63ce483b82c780cb800e0cb84612f3de95a1780c4403de426cc4a8ef6b110", kill_on_drop: false }`
[INFO] running `Command { std: "docker" "rm" "-f" "7ba63ce483b82c780cb800e0cb84612f3de95a1780c4403de426cc4a8ef6b110", kill_on_drop: false }`
[INFO] [stdout] 7ba63ce483b82c780cb800e0cb84612f3de95a1780c4403de426cc4a8ef6b110
[INFO] running `Command { std: "docker" "create" "-v" "/var/lib/crater-agent-workspace/builds/worker-4-tc2/target:/opt/rustwide/target:rw,Z" "-v" "/var/lib/crater-agent-workspace/builds/worker-4-tc2/source:/opt/rustwide/workdir:ro,Z" "-v" "/var/lib/crater-agent-workspace/cargo-home:/opt/rustwide/cargo-home:ro,Z" "-v" "/var/lib/crater-agent-workspace/rustup-home:/opt/rustwide/rustup-home:ro,Z" "-e" "SOURCE_DIR=/opt/rustwide/workdir" "-e" "CARGO_TARGET_DIR=/opt/rustwide/target" "-e" "CARGO_INCREMENTAL=0" "-e" "RUST_BACKTRACE=full" "-e" "RUSTFLAGS=--cap-lints=warn" "-e" "RUSTDOCFLAGS=--cap-lints=warn" "-e" "CARGO_HOME=/opt/rustwide/cargo-home" "-e" "RUSTUP_HOME=/opt/rustwide/rustup-home" "-w" "/opt/rustwide/workdir" "-m" "1610612736" "--user" "0:0" "--network" "none" "ghcr.io/rust-lang/crates-build-env/linux@sha256:f3a9d4ad9d972b27faf3965f35b62e55ba32bbce8f20bc8fe909558a86702fde" "/opt/rustwide/cargo-home/bin/cargo" "+beta-2024-12-08" "test" "--frozen" "--no-run" "--message-format=json", kill_on_drop: false }`
[INFO] [stdout] ea04f52579246ec7c69a46b0f58c4fc4be393e0944adcc5621da01844db17e9b
[INFO] running `Command { std: "docker" "start" "-a" "ea04f52579246ec7c69a46b0f58c4fc4be393e0944adcc5621da01844db17e9b", kill_on_drop: false }`
[INFO] [stderr]    Compiling getrandom v0.1.14
[INFO] [stderr]    Compiling autocfg v1.0.0
[INFO] [stderr]    Compiling ryu v1.0.5
[INFO] [stderr]    Compiling serde v1.0.111
[INFO] [stderr]    Compiling serde_derive v1.0.111
[INFO] [stderr]    Compiling serde_json v1.0.55
[INFO] [stderr]    Compiling itoa v0.4.5
[INFO] [stderr]    Compiling predicates-core v1.0.0
[INFO] [stderr]    Compiling escargot v0.3.1
[INFO] [stderr]    Compiling ppv-lite86 v0.2.8
[INFO] [stderr]    Compiling normalize-line-endings v0.3.0
[INFO] [stderr]    Compiling treeline v0.1.0
[INFO] [stderr]    Compiling difference v2.0.0
[INFO] [stderr]    Compiling remove_dir_all v0.5.2
[INFO] [stdout] warning: unused `Result` that must be used
[INFO] [stdout]  --> src/lib.rs:5:13
[INFO] [stdout]   |
[INFO] [stdout] 5 |             writeln!(writer, "{}", line);
[INFO] [stdout]   |             ^^^^^^^^^^^^^^^^^^^^^^^^^^^^
[INFO] [stdout]   |
[INFO] [stdout]   = note: this `Result` may be an `Err` variant, which should be handled
[INFO] [stdout]   = note: `#[warn(unused_must_use)]` on by default
[INFO] [stdout]   = note: this warning originates in the macro `writeln` (in Nightly builds, run with -Z macro-backtrace for more info)
[INFO] [stdout] 
[INFO] [stdout] 
[INFO] [stderr]    Compiling predicates-tree v1.0.0
[INFO] [stderr]    Compiling num-traits v0.2.12
[INFO] [stderr]    Compiling rand_core v0.5.1
[INFO] [stderr]    Compiling rand_chacha v0.2.2
[INFO] [stderr]    Compiling rand v0.7.3
[INFO] [stderr]    Compiling float-cmp v0.6.0
[INFO] [stderr]    Compiling predicates v1.0.4
[INFO] [stderr]    Compiling tempfile v3.1.0
[INFO] [stderr]    Compiling assert_cmd v0.10.2
[INFO] [stderr]    Compiling grrs v0.1.0 (/opt/rustwide/workdir)
[INFO] [stdout] warning: unused import: `self`
[INFO] [stdout]  --> tests/cli.rs:4:15
[INFO] [stdout]   |
[INFO] [stdout] 4 | use std::io::{self, Write};
[INFO] [stdout]   |               ^^^^
[INFO] [stdout]   |
[INFO] [stdout]   = note: `#[warn(unused_imports)]` on by default
[INFO] [stdout] 
[INFO] [stdout] 
[INFO] [stdout] warning: unused `Result` that must be used
[INFO] [stdout]  --> src/lib.rs:5:13
[INFO] [stdout]   |
[INFO] [stdout] 5 |             writeln!(writer, "{}", line);
[INFO] [stdout]   |             ^^^^^^^^^^^^^^^^^^^^^^^^^^^^
[INFO] [stdout]   |
[INFO] [stdout]   = note: this `Result` may be an `Err` variant, which should be handled
[INFO] [stdout]   = note: `#[warn(unused_must_use)]` on by default
[INFO] [stdout]   = note: this warning originates in the macro `writeln` (in Nightly builds, run with -Z macro-backtrace for more info)
[INFO] [stdout] 
[INFO] [stdout] 
[INFO] [stderr]     Finished `test` profile [unoptimized + debuginfo] target(s) in 13.41s
[INFO] running `Command { std: "docker" "inspect" "ea04f52579246ec7c69a46b0f58c4fc4be393e0944adcc5621da01844db17e9b", kill_on_drop: false }`
[INFO] running `Command { std: "docker" "rm" "-f" "ea04f52579246ec7c69a46b0f58c4fc4be393e0944adcc5621da01844db17e9b", kill_on_drop: false }`
[INFO] [stdout] ea04f52579246ec7c69a46b0f58c4fc4be393e0944adcc5621da01844db17e9b
[INFO] running `Command { std: "docker" "create" "-v" "/var/lib/crater-agent-workspace/builds/worker-4-tc2/target:/opt/rustwide/target:rw,Z" "-v" "/var/lib/crater-agent-workspace/builds/worker-4-tc2/source:/opt/rustwide/workdir:ro,Z" "-v" "/var/lib/crater-agent-workspace/cargo-home:/opt/rustwide/cargo-home:ro,Z" "-v" "/var/lib/crater-agent-workspace/rustup-home:/opt/rustwide/rustup-home:ro,Z" "-e" "SOURCE_DIR=/opt/rustwide/workdir" "-e" "CARGO_TARGET_DIR=/opt/rustwide/target" "-e" "CARGO_INCREMENTAL=0" "-e" "RUST_BACKTRACE=full" "-e" "RUSTFLAGS=--cap-lints=warn" "-e" "RUSTDOCFLAGS=--cap-lints=warn" "-e" "CARGO_HOME=/opt/rustwide/cargo-home" "-e" "RUSTUP_HOME=/opt/rustwide/rustup-home" "-w" "/opt/rustwide/workdir" "-m" "1610612736" "--user" "0:0" "--network" "none" "ghcr.io/rust-lang/crates-build-env/linux@sha256:f3a9d4ad9d972b27faf3965f35b62e55ba32bbce8f20bc8fe909558a86702fde" "/opt/rustwide/cargo-home/bin/cargo" "+beta-2024-12-08" "test" "--frozen", kill_on_drop: false }`
[INFO] [stdout] 14d930d10dad3eb15b784b023e15f5971e6639b4d2cf4454973a6badbeb5154d
[INFO] running `Command { std: "docker" "start" "-a" "14d930d10dad3eb15b784b023e15f5971e6639b4d2cf4454973a6badbeb5154d", kill_on_drop: false }`
[INFO] [stderr] warning: unused `Result` that must be used
[INFO] [stderr]  --> src/lib.rs:5:13
[INFO] [stderr]   |
[INFO] [stderr] 5 |             writeln!(writer, "{}", line);
[INFO] [stderr]   |             ^^^^^^^^^^^^^^^^^^^^^^^^^^^^
[INFO] [stderr]   |
[INFO] [stderr]   = note: this `Result` may be an `Err` variant, which should be handled
[INFO] [stderr]   = note: `#[warn(unused_must_use)]` on by default
[INFO] [stderr]   = note: this warning originates in the macro `writeln` (in Nightly builds, run with -Z macro-backtrace for more info)
[INFO] [stderr] 
[INFO] [stderr] warning: `grrs` (lib) generated 1 warning
[INFO] [stderr] warning: `grrs` (lib test) generated 1 warning (1 duplicate)
[INFO] [stderr] warning: unused import: `self`
[INFO] [stderr]  --> tests/cli.rs:4:15
[INFO] [stderr]   |
[INFO] [stderr] 4 | use std::io::{self, Write};
[INFO] [stderr]   |               ^^^^
[INFO] [stderr]   |
[INFO] [stderr]   = note: `#[warn(unused_imports)]` on by default
[INFO] [stderr] 
[INFO] [stderr] warning: `grrs` (test "cli") generated 1 warning (run `cargo fix --test "cli"` to apply 1 suggestion)
[INFO] [stderr]     Finished `test` profile [unoptimized + debuginfo] target(s) in 0.10s
[INFO] [stdout] 
[INFO] [stderr]      Running unittests src/lib.rs (/opt/rustwide/target/debug/deps/grrs-b510636b6b7f9a3d)
[INFO] [stdout] running 1 test
[INFO] [stdout] test find_a_match ... ok
[INFO] [stdout] 
[INFO] [stdout] test result: ok. 1 passed; 0 failed; 0 ignored; 0 measured; 0 filtered out; finished in 0.01s
[INFO] [stdout] 
[INFO] [stderr]      Running unittests src/main.rs (/opt/rustwide/target/debug/deps/grrs-23d4b7b93db22ee9)
[INFO] [stdout] 
[INFO] [stdout] running 0 tests
[INFO] [stdout] 
[INFO] [stdout] test result: ok. 0 passed; 0 failed; 0 ignored; 0 measured; 0 filtered out; finished in 0.00s
[INFO] [stderr]      Running tests/cli.rs (/opt/rustwide/target/debug/deps/cli-cf4b2ceacec8d5cf)
[INFO] [stdout] 
[INFO] [stdout] 
[INFO] [stdout] running 2 tests
[INFO] [stdout] test file_doesnt_exist ... FAILED
[INFO] [stdout] test find_content_in_file ... FAILED
[INFO] [stdout] 
[INFO] [stdout] failures:
[INFO] [stdout] 
[INFO] [stdout] ---- file_doesnt_exist stdout ----
[INFO] [stdout] Error: CargoError { cause: Some(CargoError { kind: CommandFailed, context: Some("   Compiling proc-macro2 v1.0.18\n   Compiling libc v0.2.71\n   Compiling unicode-xid v0.2.0\n   Compiling syn v1.0.31\n   Compiling version_check v0.9.2\n   Compiling memchr v2.3.3\n   Compiling lazy_static v1.4.0\n   Compiling cfg-if v0.1.10\n   Compiling unicode-width v0.1.7\n   Compiling gimli v0.21.0\n   Compiling failure_derive v0.1.8\n   Compiling regex-syntax v0.6.18\n   Compiling bitflags v1.2.1\n   Compiling rustc-demangle v0.1.16\n   Compiling log v0.4.8\n   Compiling unicode-segmentation v1.6.0\n   Compiling thread_local v1.0.1\n   Compiling object v0.19.0\n   Compiling vec_map v0.8.2\n   Compiling textwrap v0.11.0\n   Compiling ansi_term v0.11.0\n   Compiling quick-error v1.2.3\n   Compiling heck v0.3.1\n   Compiling strsim v0.8.0\n   Compiling humantime v1.3.0\n   Compiling number_prefix v0.3.0\n   Compiling termcolor v1.1.0\n   Compiling proc-macro-error-attr v1.0.2\n   Compiling proc-macro-error v1.0.2\n   Compiling aho-corasick v0.7.10\n   Compiling quote v1.0.7\n   Compiling atty v0.2.14\n   Compiling termios v0.3.2\n   Compiling terminal_size v0.1.12\n   Compiling clap v2.33.1\n   Compiling addr2line v0.12.1\n   Compiling regex v1.3.9\n   Compiling backtrace v0.3.48\n   Compiling console v0.11.3\n   Compiling env_logger v0.7.1\n   Compiling indicatif v0.14.0\n   Compiling syn-mid v0.5.0\n   Compiling synstructure v0.12.4\n   Compiling failure v0.1.8\n   Compiling exitfailure v0.5.1\n   Compiling structopt-derive v0.4.7\nrustc-LLVM ERROR: IO failure on output stream: No space left on device\nerror: could not compile `structopt-derive` (lib)\n\nCaused by:\n  No space left on device (os error 28)\n\nCaused by:\n  failed to parse process output: `/opt/rustwide/rustup-home/toolchains/beta-2024-12-08-x86_64-unknown-linux-gnu/bin/rustc --crate-name structopt_derive --edition=2018 /opt/rustwide/cargo-home/registry/src/index.crates.io-6f17d22bba15001f/structopt-derive-0.4.7/src/lib.rs --error-format=json --json=diagnostic-rendered-ansi,artifacts,future-incompat --crate-type proc-macro --emit=dep-info,link -C prefer-dynamic -C embed-bitcode=no -C debuginfo=2 --check-cfg 'cfg(docsrs)' --check-cfg 'cfg(feature, values(\"paw\"))' -C metadata=41be8757d9f8333f -C extra-filename=-41be8757d9f8333f --out-dir /opt/rustwide/target/debug/deps -L dependency=/opt/rustwide/target/debug/deps --extern heck=/opt/rustwide/target/debug/deps/libheck-390e18d999c8bdc6.rlib --extern proc_macro_error=/opt/rustwide/target/debug/deps/libproc_macro_error-41d8c9f8fac209de.rlib --extern proc_macro2=/opt/rustwide/target/debug/deps/libproc_macro2-1c6fbae8d54c3c1b.rlib --extern quote=/opt/rustwide/target/debug/deps/libquote-e7dab0a5fa8e52b4.rlib --extern syn=/opt/rustwide/target/debug/deps/libsyn-1c3782bc69b38427.rlib --extern proc_macro --cap-lints allow` (exit status: 101)\n"), cause: None }) }
[INFO] [stdout] 
[INFO] [stdout] ---- find_content_in_file stdout ----
[INFO] [stdout] Error: CargoError { cause: Some(CargoError { kind: CommandFailed, context: Some("    Blocking waiting for file lock on build directory\n   Compiling structopt-derive v0.4.7\nerror: could not compile `structopt-derive` (lib) due to 1 previous error\n"), cause: None }) }
[INFO] [stdout] 
[INFO] [stdout] 
[INFO] [stdout] failures:
[INFO] [stdout]     file_doesnt_exist
[INFO] [stdout]     find_content_in_file
[INFO] [stdout] 
[INFO] [stdout] test result: FAILED. 0 passed; 2 failed; 0 ignored; 0 measured; 0 filtered out; finished in 24.82s
[INFO] [stdout] 
[INFO] [stderr] error: test failed, to rerun pass `--test cli`
[INFO] running `Command { std: "docker" "inspect" "14d930d10dad3eb15b784b023e15f5971e6639b4d2cf4454973a6badbeb5154d", kill_on_drop: false }`
[INFO] running `Command { std: "docker" "rm" "-f" "14d930d10dad3eb15b784b023e15f5971e6639b4d2cf4454973a6badbeb5154d", kill_on_drop: false }`
[INFO] [stdout] 14d930d10dad3eb15b784b023e15f5971e6639b4d2cf4454973a6badbeb5154d
