[INFO] cloning repository https://github.com/hsorbo/wmm-rs
[INFO] running `Command { std: "git" "-c" "credential.helper=" "-c" "credential.helper=/workspace/cargo-home/bin/git-credential-null" "clone" "--bare" "https://github.com/hsorbo/wmm-rs" "/workspace/cache/git-repos/https%3A%2F%2Fgithub.com%2Fhsorbo%2Fwmm-rs", kill_on_drop: false }`
[INFO] [stderr] Cloning into bare repository '/workspace/cache/git-repos/https%3A%2F%2Fgithub.com%2Fhsorbo%2Fwmm-rs'...
[INFO] running `Command { std: "git" "rev-parse" "HEAD", kill_on_drop: false }`
[INFO] [stdout] 95c5e4d5571d932df39b9c24ebbaf50a24f4a3a3
[INFO] testing hsorbo/wmm-rs against beta-2024-12-08 for beta-1.84.0-4-retry
[INFO] running `Command { std: "git" "clone" "/workspace/cache/git-repos/https%3A%2F%2Fgithub.com%2Fhsorbo%2Fwmm-rs" "/workspace/builds/worker-4-tc2/source", kill_on_drop: false }`
[INFO] [stderr] Cloning into '/workspace/builds/worker-4-tc2/source'...
[INFO] [stderr] done.
[INFO] validating manifest of git repo https://github.com/hsorbo/wmm-rs on toolchain beta-2024-12-08
[INFO] running `Command { std: CARGO_HOME="/workspace/cargo-home" RUSTUP_HOME="/workspace/rustup-home" "/workspace/cargo-home/bin/cargo" "+beta-2024-12-08" "metadata" "--manifest-path" "Cargo.toml" "--no-deps", kill_on_drop: false }`
[INFO] started tweaking git repo https://github.com/hsorbo/wmm-rs
[INFO] finished tweaking git repo https://github.com/hsorbo/wmm-rs
[INFO] tweaked toml for git repo https://github.com/hsorbo/wmm-rs written to /workspace/builds/worker-4-tc2/source/Cargo.toml
[INFO] crate git repo https://github.com/hsorbo/wmm-rs already has a lockfile, it will not be regenerated
[INFO] running `Command { std: CARGO_HOME="/workspace/cargo-home" RUSTUP_HOME="/workspace/rustup-home" "/workspace/cargo-home/bin/cargo" "+beta-2024-12-08" "fetch" "--manifest-path" "Cargo.toml", kill_on_drop: false }`
[INFO] running `Command { std: "docker" "create" "-v" "/var/lib/crater-agent-workspace/builds/worker-4-tc2/target:/opt/rustwide/target:rw,Z" "-v" "/var/lib/crater-agent-workspace/builds/worker-4-tc2/source:/opt/rustwide/workdir:ro,Z" "-v" "/var/lib/crater-agent-workspace/cargo-home:/opt/rustwide/cargo-home:ro,Z" "-v" "/var/lib/crater-agent-workspace/rustup-home:/opt/rustwide/rustup-home:ro,Z" "-e" "SOURCE_DIR=/opt/rustwide/workdir" "-e" "CARGO_TARGET_DIR=/opt/rustwide/target" "-e" "CARGO_HOME=/opt/rustwide/cargo-home" "-e" "RUSTUP_HOME=/opt/rustwide/rustup-home" "-w" "/opt/rustwide/workdir" "-m" "1610612736" "--user" "0:0" "--network" "none" "ghcr.io/rust-lang/crates-build-env/linux@sha256:f3a9d4ad9d972b27faf3965f35b62e55ba32bbce8f20bc8fe909558a86702fde" "/opt/rustwide/cargo-home/bin/cargo" "+beta-2024-12-08" "metadata" "--no-deps" "--format-version=1", kill_on_drop: false }`
[INFO] [stdout] 63bd3b847e2e579195244054decf6909ccf997c11865bdc3a4da515e33426b96
[INFO] running `Command { std: "docker" "start" "-a" "63bd3b847e2e579195244054decf6909ccf997c11865bdc3a4da515e33426b96", kill_on_drop: false }`
[INFO] running `Command { std: "docker" "inspect" "63bd3b847e2e579195244054decf6909ccf997c11865bdc3a4da515e33426b96", kill_on_drop: false }`
[INFO] running `Command { std: "docker" "rm" "-f" "63bd3b847e2e579195244054decf6909ccf997c11865bdc3a4da515e33426b96", kill_on_drop: false }`
[INFO] [stdout] 63bd3b847e2e579195244054decf6909ccf997c11865bdc3a4da515e33426b96
[INFO] running `Command { std: "docker" "create" "-v" "/var/lib/crater-agent-workspace/builds/worker-4-tc2/target:/opt/rustwide/target:rw,Z" "-v" "/var/lib/crater-agent-workspace/builds/worker-4-tc2/source:/opt/rustwide/workdir:ro,Z" "-v" "/var/lib/crater-agent-workspace/cargo-home:/opt/rustwide/cargo-home:ro,Z" "-v" "/var/lib/crater-agent-workspace/rustup-home:/opt/rustwide/rustup-home:ro,Z" "-e" "SOURCE_DIR=/opt/rustwide/workdir" "-e" "CARGO_TARGET_DIR=/opt/rustwide/target" "-e" "CARGO_INCREMENTAL=0" "-e" "RUST_BACKTRACE=full" "-e" "RUSTFLAGS=--cap-lints=warn" "-e" "RUSTDOCFLAGS=--cap-lints=warn" "-e" "CARGO_HOME=/opt/rustwide/cargo-home" "-e" "RUSTUP_HOME=/opt/rustwide/rustup-home" "-w" "/opt/rustwide/workdir" "-m" "1610612736" "--user" "0:0" "--network" "none" "ghcr.io/rust-lang/crates-build-env/linux@sha256:f3a9d4ad9d972b27faf3965f35b62e55ba32bbce8f20bc8fe909558a86702fde" "/opt/rustwide/cargo-home/bin/cargo" "+beta-2024-12-08" "build" "--frozen" "--message-format=json", kill_on_drop: false }`
[INFO] [stdout] d3654fc9b141f7602e9661a3ab85c583d7d09bb6aefe09331ebb948e66ec53fd
[INFO] running `Command { std: "docker" "start" "-a" "d3654fc9b141f7602e9661a3ab85c583d7d09bb6aefe09331ebb948e66ec53fd", kill_on_drop: false }`
[INFO] [stderr]    Compiling wmm-rs v0.0.1 (/opt/rustwide/workdir)
[INFO] [stderr]     Finished `dev` profile [unoptimized + debuginfo] target(s) in 0.20s
[INFO] running `Command { std: "docker" "inspect" "d3654fc9b141f7602e9661a3ab85c583d7d09bb6aefe09331ebb948e66ec53fd", kill_on_drop: false }`
[INFO] running `Command { std: "docker" "rm" "-f" "d3654fc9b141f7602e9661a3ab85c583d7d09bb6aefe09331ebb948e66ec53fd", kill_on_drop: false }`
[INFO] [stdout] d3654fc9b141f7602e9661a3ab85c583d7d09bb6aefe09331ebb948e66ec53fd
[INFO] running `Command { std: "docker" "create" "-v" "/var/lib/crater-agent-workspace/builds/worker-4-tc2/target:/opt/rustwide/target:rw,Z" "-v" "/var/lib/crater-agent-workspace/builds/worker-4-tc2/source:/opt/rustwide/workdir:ro,Z" "-v" "/var/lib/crater-agent-workspace/cargo-home:/opt/rustwide/cargo-home:ro,Z" "-v" "/var/lib/crater-agent-workspace/rustup-home:/opt/rustwide/rustup-home:ro,Z" "-e" "SOURCE_DIR=/opt/rustwide/workdir" "-e" "CARGO_TARGET_DIR=/opt/rustwide/target" "-e" "CARGO_INCREMENTAL=0" "-e" "RUST_BACKTRACE=full" "-e" "RUSTFLAGS=--cap-lints=warn" "-e" "RUSTDOCFLAGS=--cap-lints=warn" "-e" "CARGO_HOME=/opt/rustwide/cargo-home" "-e" "RUSTUP_HOME=/opt/rustwide/rustup-home" "-w" "/opt/rustwide/workdir" "-m" "1610612736" "--user" "0:0" "--network" "none" "ghcr.io/rust-lang/crates-build-env/linux@sha256:f3a9d4ad9d972b27faf3965f35b62e55ba32bbce8f20bc8fe909558a86702fde" "/opt/rustwide/cargo-home/bin/cargo" "+beta-2024-12-08" "test" "--frozen" "--no-run" "--message-format=json", kill_on_drop: false }`
[INFO] [stdout] 429ace6b9403c27fd36a1a2a9ac169cbe298a683cbb4bae448738d169c343881
[INFO] running `Command { std: "docker" "start" "-a" "429ace6b9403c27fd36a1a2a9ac169cbe298a683cbb4bae448738d169c343881", kill_on_drop: false }`
[INFO] [stderr]    Compiling proc-macro2 v1.0.79
[INFO] [stderr]    Compiling autocfg v1.2.0
[INFO] [stderr]    Compiling serde v1.0.197
[INFO] [stderr]    Compiling cc v1.0.90
[INFO] [stderr]    Compiling powerfmt v0.2.0
[INFO] [stderr]    Compiling time-core v0.1.2
[INFO] [stderr]    Compiling serde_json v1.0.115
[INFO] [stderr]    Compiling num-conv v0.1.0
[INFO] [stderr]    Compiling cty v0.2.2
[INFO] [stderr]    Compiling itoa v1.0.11
[INFO] [stderr]    Compiling ryu v1.0.17
[INFO] [stderr]    Compiling deranged v0.3.11
[INFO] [stderr]    Compiling float_eq v1.0.1
[INFO] [stderr]    Compiling lock_api v0.4.11
[INFO] [stderr]    Compiling spin v0.9.8
[INFO] [stderr]    Compiling quote v1.0.35
[INFO] [stderr]    Compiling wmm v0.2.3
[INFO] [stderr]    Compiling syn v2.0.55
[INFO] [stderr]    Compiling time v0.3.34
[INFO] [stderr]    Compiling serde_derive v1.0.197
[INFO] [stderr]    Compiling wmm-rs v0.0.1 (/opt/rustwide/workdir)
[INFO] [stdout] warning: multiple fields are never read
[INFO] [stdout]   --> tests/integration_tests.rs:14:9
[INFO] [stdout]    |
[INFO] [stdout] 8  | struct TestData {
[INFO] [stdout]    |        -------- fields in this struct
[INFO] [stdout] ...
[INFO] [stdout] 14 |     pub incl: f32,
[INFO] [stdout]    |         ^^^^
[INFO] [stdout] 15 |     #[serde(rename = "H")]
[INFO] [stdout] 16 |     pub h: f32,
[INFO] [stdout]    |         ^
[INFO] [stdout] 17 |     #[serde(rename = "X")]
[INFO] [stdout] 18 |     pub x: f32,
[INFO] [stdout]    |         ^
[INFO] [stdout] 19 |     #[serde(rename = "Y")]
[INFO] [stdout] 20 |     pub y: f32,
[INFO] [stdout]    |         ^
[INFO] [stdout] 21 |     #[serde(rename = "Z")]
[INFO] [stdout] 22 |     pub z: f32,
[INFO] [stdout]    |         ^
[INFO] [stdout] 23 |     #[serde(rename = "F")]
[INFO] [stdout] 24 |     pub f: f32,
[INFO] [stdout]    |         ^
[INFO] [stdout] 25 |     pub dd_dt: f32,
[INFO] [stdout]    |         ^^^^^
[INFO] [stdout] 26 |     pub di_dt: f32,
[INFO] [stdout]    |         ^^^^^
[INFO] [stdout] 27 |     pub dh_dt: f32,
[INFO] [stdout]    |         ^^^^^
[INFO] [stdout] 28 |     pub dx_dt: f32,
[INFO] [stdout]    |         ^^^^^
[INFO] [stdout] 29 |     pub dy_dt: f32,
[INFO] [stdout]    |         ^^^^^
[INFO] [stdout] 30 |     pub dz_dt: f32,
[INFO] [stdout]    |         ^^^^^
[INFO] [stdout] 31 |     pub df_dt: f32,
[INFO] [stdout]    |         ^^^^^
[INFO] [stdout]    |
[INFO] [stdout]    = note: `TestData` has a derived impl for the trait `Debug`, but this is intentionally ignored during dead code analysis
[INFO] [stdout]    = note: `#[warn(dead_code)]` on by default
[INFO] [stdout] 
[INFO] [stdout] 
[INFO] [stderr]     Finished `test` profile [unoptimized + debuginfo] target(s) in 19.60s
[INFO] running `Command { std: "docker" "inspect" "429ace6b9403c27fd36a1a2a9ac169cbe298a683cbb4bae448738d169c343881", kill_on_drop: false }`
[INFO] running `Command { std: "docker" "rm" "-f" "429ace6b9403c27fd36a1a2a9ac169cbe298a683cbb4bae448738d169c343881", kill_on_drop: false }`
[INFO] [stdout] 429ace6b9403c27fd36a1a2a9ac169cbe298a683cbb4bae448738d169c343881
[INFO] running `Command { std: "docker" "create" "-v" "/var/lib/crater-agent-workspace/builds/worker-4-tc2/target:/opt/rustwide/target:rw,Z" "-v" "/var/lib/crater-agent-workspace/builds/worker-4-tc2/source:/opt/rustwide/workdir:ro,Z" "-v" "/var/lib/crater-agent-workspace/cargo-home:/opt/rustwide/cargo-home:ro,Z" "-v" "/var/lib/crater-agent-workspace/rustup-home:/opt/rustwide/rustup-home:ro,Z" "-e" "SOURCE_DIR=/opt/rustwide/workdir" "-e" "CARGO_TARGET_DIR=/opt/rustwide/target" "-e" "CARGO_INCREMENTAL=0" "-e" "RUST_BACKTRACE=full" "-e" "RUSTFLAGS=--cap-lints=warn" "-e" "RUSTDOCFLAGS=--cap-lints=warn" "-e" "CARGO_HOME=/opt/rustwide/cargo-home" "-e" "RUSTUP_HOME=/opt/rustwide/rustup-home" "-w" "/opt/rustwide/workdir" "-m" "1610612736" "--user" "0:0" "--network" "none" "ghcr.io/rust-lang/crates-build-env/linux@sha256:f3a9d4ad9d972b27faf3965f35b62e55ba32bbce8f20bc8fe909558a86702fde" "/opt/rustwide/cargo-home/bin/cargo" "+beta-2024-12-08" "test" "--frozen", kill_on_drop: false }`
[INFO] [stdout] fcbaf572695385a957b10035105a8f62e6ccf5aac817a18735494646d62df933
[INFO] running `Command { std: "docker" "start" "-a" "fcbaf572695385a957b10035105a8f62e6ccf5aac817a18735494646d62df933", kill_on_drop: false }`
[INFO] [stderr] warning: multiple fields are never read
[INFO] [stderr]   --> tests/integration_tests.rs:14:9
[INFO] [stderr]    |
[INFO] [stderr] 8  | struct TestData {
[INFO] [stderr]    |        -------- fields in this struct
[INFO] [stderr] ...
[INFO] [stderr] 14 |     pub incl: f32,
[INFO] [stderr]    |         ^^^^
[INFO] [stderr] 15 |     #[serde(rename = "H")]
[INFO] [stderr] 16 |     pub h: f32,
[INFO] [stderr]    |         ^
[INFO] [stderr] 17 |     #[serde(rename = "X")]
[INFO] [stderr] 18 |     pub x: f32,
[INFO] [stderr]    |         ^
[INFO] [stderr] 19 |     #[serde(rename = "Y")]
[INFO] [stderr] 20 |     pub y: f32,
[INFO] [stderr]    |         ^
[INFO] [stderr] 21 |     #[serde(rename = "Z")]
[INFO] [stderr] 22 |     pub z: f32,
[INFO] [stderr]    |         ^
[INFO] [stderr] 23 |     #[serde(rename = "F")]
[INFO] [stderr] 24 |     pub f: f32,
[INFO] [stderr]    |         ^
[INFO] [stderr] 25 |     pub dd_dt: f32,
[INFO] [stderr]    |         ^^^^^
[INFO] [stderr] 26 |     pub di_dt: f32,
[INFO] [stderr]    |         ^^^^^
[INFO] [stderr] 27 |     pub dh_dt: f32,
[INFO] [stderr]    |         ^^^^^
[INFO] [stderr] 28 |     pub dx_dt: f32,
[INFO] [stderr]    |         ^^^^^
[INFO] [stderr] 29 |     pub dy_dt: f32,
[INFO] [stderr]    |         ^^^^^
[INFO] [stderr] 30 |     pub dz_dt: f32,
[INFO] [stderr]    |         ^^^^^
[INFO] [stderr] 31 |     pub df_dt: f32,
[INFO] [stderr]    |         ^^^^^
[INFO] [stderr]    |
[INFO] [stderr]    = note: `TestData` has a derived impl for the trait `Debug`, but this is intentionally ignored during dead code analysis
[INFO] [stderr]    = note: `#[warn(dead_code)]` on by default
[INFO] [stderr] 
[INFO] [stderr] warning: `wmm-rs` (test "integration_tests") generated 1 warning
[INFO] [stderr]     Finished `test` profile [unoptimized + debuginfo] target(s) in 0.06s
[INFO] [stderr]      Running unittests src/lib.rs (/opt/rustwide/target/debug/deps/wmm_rs-23eca8b9d4719a50)
[INFO] [stdout] 
[INFO] [stdout] running 2 tests
[INFO] [stdout] test tests::test_compute_schmidt_quasi_norm_factors ... ok
[INFO] [stdout] test tests::test_get_declination ... FAILED
[INFO] [stdout] 
[INFO] [stdout] failures:
[INFO] [stdout] 
[INFO] [stdout] ---- tests::test_get_declination stdout ----
[INFO] [stdout] thread 'tests::test_get_declination' panicked at src/lib.rs:195:9:
[INFO] [stdout] assertion `left == right` failed
[INFO] [stdout]   left: -1.7856735
[INFO] [stdout]  right: -1.7856733
[INFO] [stdout] stack backtrace:
[INFO] [stdout]    0:     0x56b7cc72bffa - std::backtrace_rs::backtrace::libunwind::trace::h8810477743020387
[INFO] [stdout]                                at /rustc/202008a1b8de96d2e5b6bc02d379db03a877d34d/library/std/src/../../backtrace/src/backtrace/libunwind.rs:116:5
[INFO] [stdout]    1:     0x56b7cc72bffa - std::backtrace_rs::backtrace::trace_unsynchronized::h3aa55355dd6c54a6
[INFO] [stdout]                                at /rustc/202008a1b8de96d2e5b6bc02d379db03a877d34d/library/std/src/../../backtrace/src/backtrace/mod.rs:66:5
[INFO] [stdout]    2:     0x56b7cc72bffa - std::sys::backtrace::_print_fmt::h8588b0f62410823f
[INFO] [stdout]                                at /rustc/202008a1b8de96d2e5b6bc02d379db03a877d34d/library/std/src/sys/backtrace.rs:66:9
[INFO] [stdout]    3:     0x56b7cc72bffa - <std::sys::backtrace::BacktraceLock::print::DisplayBacktrace as core::fmt::Display>::fmt::h98c26ac25ffe89bb
[INFO] [stdout]                                at /rustc/202008a1b8de96d2e5b6bc02d379db03a877d34d/library/std/src/sys/backtrace.rs:39:26
[INFO] [stdout]    4:     0x56b7cc752513 - core::fmt::rt::Argument::fmt::hf95377f4aebd453b
[INFO] [stdout]                                at /rustc/202008a1b8de96d2e5b6bc02d379db03a877d34d/library/core/src/fmt/rt.rs:177:76
[INFO] [stdout]    5:     0x56b7cc752513 - core::fmt::write::h0dd5f6e2238c7982
[INFO] [stdout]                                at /rustc/202008a1b8de96d2e5b6bc02d379db03a877d34d/library/core/src/fmt/mod.rs:1189:21
[INFO] [stdout]    6:     0x56b7cc729193 - std::io::Write::write_fmt::h03bb0ca26e6faf8c
[INFO] [stdout]                                at /rustc/202008a1b8de96d2e5b6bc02d379db03a877d34d/library/std/src/io/mod.rs:1884:15
[INFO] [stdout]    7:     0x56b7cc72be42 - std::sys::backtrace::BacktraceLock::print::h5c19c1c038ee186d
[INFO] [stdout]                                at /rustc/202008a1b8de96d2e5b6bc02d379db03a877d34d/library/std/src/sys/backtrace.rs:42:9
[INFO] [stdout]    8:     0x56b7cc72d47d - std::panicking::default_hook::{{closure}}::h77172f079a1fcb13
[INFO] [stdout]                                at /rustc/202008a1b8de96d2e5b6bc02d379db03a877d34d/library/std/src/panicking.rs:268:22
[INFO] [stdout]    9:     0x56b7cc72d287 - std::panicking::default_hook::he5f8e3b203ccddba
[INFO] [stdout]                                at /rustc/202008a1b8de96d2e5b6bc02d379db03a877d34d/library/std/src/panicking.rs:292:9
[INFO] [stdout]   10:     0x56b7cc6f6bb7 - <alloc::boxed::Box<F,A> as core::ops::function::Fn<Args>>::call::h7a3c7b4a1ae77f2f
[INFO] [stdout]                                at /rustc/202008a1b8de96d2e5b6bc02d379db03a877d34d/library/alloc/src/boxed.rs:1986:9
[INFO] [stdout]   11:     0x56b7cc6f6bb7 - test::test_main::{{closure}}::hf0d3b69ae9b353d1
[INFO] [stdout]                                at /rustc/202008a1b8de96d2e5b6bc02d379db03a877d34d/library/test/src/lib.rs:134:21
[INFO] [stdout]   12:     0x56b7cc72db28 - <alloc::boxed::Box<F,A> as core::ops::function::Fn<Args>>::call::h6332e82e7b189abd
[INFO] [stdout]                                at /rustc/202008a1b8de96d2e5b6bc02d379db03a877d34d/library/alloc/src/boxed.rs:1986:9
[INFO] [stdout]   13:     0x56b7cc72db28 - std::panicking::rust_panic_with_hook::h53863d4e9018df39
[INFO] [stdout]                                at /rustc/202008a1b8de96d2e5b6bc02d379db03a877d34d/library/std/src/panicking.rs:809:13
[INFO] [stdout]   14:     0x56b7cc72d8ea - std::panicking::begin_panic_handler::{{closure}}::h67280e6fa0757873
[INFO] [stdout]                                at /rustc/202008a1b8de96d2e5b6bc02d379db03a877d34d/library/std/src/panicking.rs:674:13
[INFO] [stdout]   15:     0x56b7cc72c4d9 - std::sys::backtrace::__rust_end_short_backtrace::h1dac3f54d6fbbeb2
[INFO] [stdout]                                at /rustc/202008a1b8de96d2e5b6bc02d379db03a877d34d/library/std/src/sys/backtrace.rs:170:18
[INFO] [stdout]   16:     0x56b7cc72d57c - rust_begin_unwind
[INFO] [stdout]                                at /rustc/202008a1b8de96d2e5b6bc02d379db03a877d34d/library/std/src/panicking.rs:665:5
[INFO] [stdout]   17:     0x56b7cc6b7a90 - core::panicking::panic_fmt::h6792bd1b2bf01041
[INFO] [stdout]                                at /rustc/202008a1b8de96d2e5b6bc02d379db03a877d34d/library/core/src/panicking.rs:76:14
[INFO] [stdout]   18:     0x56b7cc6b7dbb - core::panicking::assert_failed_inner::hf2c17e6d30928787
[INFO] [stdout]   19:     0x56b7cc6b90d4 - core::panicking::assert_failed::h3189803478419f0f
[INFO] [stdout]                                at /rustc/202008a1b8de96d2e5b6bc02d379db03a877d34d/library/core/src/panicking.rs:373:5
[INFO] [stdout]   20:     0x56b7cc6bd24b - wmm_rs::tests::test_get_declination::h9b29c7caf1a1f7a6
[INFO] [stdout]                                at /opt/rustwide/workdir/src/lib.rs:195:9
[INFO] [stdout]   21:     0x56b7cc6bd197 - wmm_rs::tests::test_get_declination::{{closure}}::h77279e6ccc81e7f5
[INFO] [stdout]                                at /opt/rustwide/workdir/src/lib.rs:186:30
[INFO] [stdout]   22:     0x56b7cc6b8e26 - core::ops::function::FnOnce::call_once::h84daf343e165a189
[INFO] [stdout]                                at /rustc/202008a1b8de96d2e5b6bc02d379db03a877d34d/library/core/src/ops/function.rs:250:5
[INFO] [stdout]   23:     0x56b7cc6fb6db - core::ops::function::FnOnce::call_once::h871bf86719ec9aa4
[INFO] [stdout]                                at /rustc/202008a1b8de96d2e5b6bc02d379db03a877d34d/library/core/src/ops/function.rs:250:5
[INFO] [stdout]   24:     0x56b7cc6fb6db - test::__rust_begin_short_backtrace::h2167df1e2b7d76fd
[INFO] [stdout]                                at /rustc/202008a1b8de96d2e5b6bc02d379db03a877d34d/library/test/src/lib.rs:632:18
[INFO] [stdout]   25:     0x56b7cc6fb0c8 - test::run_test_in_process::{{closure}}::h15d92f75a3adfb79
[INFO] [stdout]                                at /rustc/202008a1b8de96d2e5b6bc02d379db03a877d34d/library/test/src/lib.rs:655:60
[INFO] [stdout]   26:     0x56b7cc6fb0c8 - <core::panic::unwind_safe::AssertUnwindSafe<F> as core::ops::function::FnOnce<()>>::call_once::hb6c8955835a8dbbb
[INFO] [stdout]                                at /rustc/202008a1b8de96d2e5b6bc02d379db03a877d34d/library/core/src/panic/unwind_safe.rs:272:9
[INFO] [stdout]   27:     0x56b7cc6fb0c8 - std::panicking::try::do_call::hc79d0fc888a0bd30
[INFO] [stdout]                                at /rustc/202008a1b8de96d2e5b6bc02d379db03a877d34d/library/std/src/panicking.rs:557:40
[INFO] [stdout]   28:     0x56b7cc6fb0c8 - std::panicking::try::hb8a7878e3a8589d6
[INFO] [stdout]                                at /rustc/202008a1b8de96d2e5b6bc02d379db03a877d34d/library/std/src/panicking.rs:520:19
[INFO] [stdout]   29:     0x56b7cc6fb0c8 - std::panic::catch_unwind::hb8e4600ff0ff5cfa
[INFO] [stdout]                                at /rustc/202008a1b8de96d2e5b6bc02d379db03a877d34d/library/std/src/panic.rs:358:14
[INFO] [stdout]   30:     0x56b7cc6fb0c8 - test::run_test_in_process::hc2900b0b18688dd6
[INFO] [stdout]                                at /rustc/202008a1b8de96d2e5b6bc02d379db03a877d34d/library/test/src/lib.rs:655:27
[INFO] [stdout]   31:     0x56b7cc6fb0c8 - test::run_test::{{closure}}::hac2a9cb07be3d48d
[INFO] [stdout]                                at /rustc/202008a1b8de96d2e5b6bc02d379db03a877d34d/library/test/src/lib.rs:576:43
[INFO] [stdout]   32:     0x56b7cc6beb6a - test::run_test::{{closure}}::h4a5b729e66a38cd8
[INFO] [stdout]                                at /rustc/202008a1b8de96d2e5b6bc02d379db03a877d34d/library/test/src/lib.rs:606:41
[INFO] [stdout]   33:     0x56b7cc6beb6a - std::sys::backtrace::__rust_begin_short_backtrace::h0496fb742492f573
[INFO] [stdout]                                at /rustc/202008a1b8de96d2e5b6bc02d379db03a877d34d/library/std/src/sys/backtrace.rs:154:18
[INFO] [stdout]   34:     0x56b7cc6c24e4 - std::thread::Builder::spawn_unchecked_::{{closure}}::{{closure}}::hbb6d257c550a54bd
[INFO] [stdout]                                at /rustc/202008a1b8de96d2e5b6bc02d379db03a877d34d/library/std/src/thread/mod.rs:561:17
[INFO] [stdout]   35:     0x56b7cc6c24e4 - <core::panic::unwind_safe::AssertUnwindSafe<F> as core::ops::function::FnOnce<()>>::call_once::h46696fe4a6832328
[INFO] [stdout]                                at /rustc/202008a1b8de96d2e5b6bc02d379db03a877d34d/library/core/src/panic/unwind_safe.rs:272:9
[INFO] [stdout]   36:     0x56b7cc6c24e4 - std::panicking::try::do_call::h2625a51b667bfb64
[INFO] [stdout]                                at /rustc/202008a1b8de96d2e5b6bc02d379db03a877d34d/library/std/src/panicking.rs:557:40
[INFO] [stdout]   37:     0x56b7cc6c24e4 - std::panicking::try::hb956a59a1973aa4c
[INFO] [stdout]                                at /rustc/202008a1b8de96d2e5b6bc02d379db03a877d34d/library/std/src/panicking.rs:520:19
[INFO] [stdout]   38:     0x56b7cc6c24e4 - std::panic::catch_unwind::h64f3b9d1067ef6a0
[INFO] [stdout]                                at /rustc/202008a1b8de96d2e5b6bc02d379db03a877d34d/library/std/src/panic.rs:358:14
[INFO] [stdout]   39:     0x56b7cc6c24e4 - std::thread::Builder::spawn_unchecked_::{{closure}}::h42b2841295b6c0b2
[INFO] [stdout]                                at /rustc/202008a1b8de96d2e5b6bc02d379db03a877d34d/library/std/src/thread/mod.rs:559:30
[INFO] [stdout]   40:     0x56b7cc6c24e4 - core::ops::function::FnOnce::call_once{{vtable.shim}}::h6127de71b8124639
[INFO] [stdout]                                at /rustc/202008a1b8de96d2e5b6bc02d379db03a877d34d/library/core/src/ops/function.rs:250:5
[INFO] [stdout]   41:     0x56b7cc731a6b - <alloc::boxed::Box<F,A> as core::ops::function::FnOnce<Args>>::call_once::h42f0ba71002a1b2c
[INFO] [stdout]                                at /rustc/202008a1b8de96d2e5b6bc02d379db03a877d34d/library/alloc/src/boxed.rs:1972:9
[INFO] [stdout]   42:     0x56b7cc731a6b - <alloc::boxed::Box<F,A> as core::ops::function::FnOnce<Args>>::call_once::had9e47d7a3dcecb8
[INFO] [stdout]                                at /rustc/202008a1b8de96d2e5b6bc02d379db03a877d34d/library/alloc/src/boxed.rs:1972:9
[INFO] [stdout]   43:     0x56b7cc731a6b - std::sys::pal::unix::thread::Thread::new::thread_start::h48cf765408f6f5f2
[INFO] [stdout]                                at /rustc/202008a1b8de96d2e5b6bc02d379db03a877d34d/library/std/src/sys/pal/unix/thread.rs:105:17
[INFO] [stdout]   44:     0x7c8b71d42ac3 - <unknown>
[INFO] [stdout]   45:     0x7c8b71dd3a04 - clone
[INFO] [stdout]   46:                0x0 - <unknown>
[INFO] [stdout] 
[INFO] [stdout] 
[INFO] [stdout] failures:
[INFO] [stdout]     tests::test_get_declination
[INFO] [stdout] 
[INFO] [stdout] test result: FAILED. 1 passed; 1 failed; 0 ignored; 0 measured; 0 filtered out; finished in 0.04s
[INFO] [stdout] 
[INFO] [stderr] error: test failed, to rerun pass `--lib`
[INFO] running `Command { std: "docker" "inspect" "fcbaf572695385a957b10035105a8f62e6ccf5aac817a18735494646d62df933", kill_on_drop: false }`
[INFO] running `Command { std: "docker" "rm" "-f" "fcbaf572695385a957b10035105a8f62e6ccf5aac817a18735494646d62df933", kill_on_drop: false }`
[INFO] [stdout] fcbaf572695385a957b10035105a8f62e6ccf5aac817a18735494646d62df933
