[INFO] cloning repository https://github.com/hsfzxjy/rten
[INFO] running `Command { std: "git" "-c" "credential.helper=" "-c" "credential.helper=/workspace/cargo-home/bin/git-credential-null" "clone" "--bare" "https://github.com/hsfzxjy/rten" "/workspace/cache/git-repos/https%3A%2F%2Fgithub.com%2Fhsfzxjy%2Frten", kill_on_drop: false }`
[INFO] [stderr] Cloning into bare repository '/workspace/cache/git-repos/https%3A%2F%2Fgithub.com%2Fhsfzxjy%2Frten'...
[INFO] running `Command { std: "git" "rev-parse" "HEAD", kill_on_drop: false }`
[INFO] [stdout] 38e361e0d9b3176877b0df8ba72b681e1bb78c68
[INFO] testing hsfzxjy/rten/38e361e0d9b3176877b0df8ba72b681e1bb78c68 against 1.83.0 for beta-1.84.0-4-retry
[INFO] running `Command { std: "git" "clone" "/workspace/cache/git-repos/https%3A%2F%2Fgithub.com%2Fhsfzxjy%2Frten" "/workspace/builds/worker-2-tc1/source", kill_on_drop: false }`
[INFO] [stderr] Cloning into '/workspace/builds/worker-2-tc1/source'...
[INFO] [stderr] done.
[INFO] validating manifest of git repo https://github.com/hsfzxjy/rten on toolchain 1.83.0
[INFO] running `Command { std: CARGO_HOME="/workspace/cargo-home" RUSTUP_HOME="/workspace/rustup-home" "/workspace/cargo-home/bin/cargo" "+1.83.0" "metadata" "--manifest-path" "Cargo.toml" "--no-deps", kill_on_drop: false }`
[INFO] started tweaking git repo https://github.com/hsfzxjy/rten
[INFO] finished tweaking git repo https://github.com/hsfzxjy/rten
[INFO] tweaked toml for git repo https://github.com/hsfzxjy/rten written to /workspace/builds/worker-2-tc1/source/Cargo.toml
[INFO] crate git repo https://github.com/hsfzxjy/rten already has a lockfile, it will not be regenerated
[INFO] running `Command { std: CARGO_HOME="/workspace/cargo-home" RUSTUP_HOME="/workspace/rustup-home" "/workspace/cargo-home/bin/cargo" "+1.83.0" "fetch" "--manifest-path" "Cargo.toml", kill_on_drop: false }`
[INFO] running `Command { std: "docker" "create" "-v" "/var/lib/crater-agent-workspace/builds/worker-2-tc1/target:/opt/rustwide/target:rw,Z" "-v" "/var/lib/crater-agent-workspace/builds/worker-2-tc1/source:/opt/rustwide/workdir:ro,Z" "-v" "/var/lib/crater-agent-workspace/cargo-home:/opt/rustwide/cargo-home:ro,Z" "-v" "/var/lib/crater-agent-workspace/rustup-home:/opt/rustwide/rustup-home:ro,Z" "-e" "SOURCE_DIR=/opt/rustwide/workdir" "-e" "CARGO_TARGET_DIR=/opt/rustwide/target" "-e" "CARGO_HOME=/opt/rustwide/cargo-home" "-e" "RUSTUP_HOME=/opt/rustwide/rustup-home" "-w" "/opt/rustwide/workdir" "-m" "1610612736" "--user" "0:0" "--network" "none" "ghcr.io/rust-lang/crates-build-env/linux@sha256:f3a9d4ad9d972b27faf3965f35b62e55ba32bbce8f20bc8fe909558a86702fde" "/opt/rustwide/cargo-home/bin/cargo" "+1.83.0" "metadata" "--no-deps" "--format-version=1", kill_on_drop: false }`
[INFO] [stdout] 91ee43ad99898156f100e6091229db64f039479829990e9039cf887625092947
[INFO] running `Command { std: "docker" "start" "-a" "91ee43ad99898156f100e6091229db64f039479829990e9039cf887625092947", kill_on_drop: false }`
[INFO] running `Command { std: "docker" "inspect" "91ee43ad99898156f100e6091229db64f039479829990e9039cf887625092947", kill_on_drop: false }`
[INFO] running `Command { std: "docker" "rm" "-f" "91ee43ad99898156f100e6091229db64f039479829990e9039cf887625092947", kill_on_drop: false }`
[INFO] [stdout] 91ee43ad99898156f100e6091229db64f039479829990e9039cf887625092947
[INFO] running `Command { std: "docker" "create" "-v" "/var/lib/crater-agent-workspace/builds/worker-2-tc1/target:/opt/rustwide/target:rw,Z" "-v" "/var/lib/crater-agent-workspace/builds/worker-2-tc1/source:/opt/rustwide/workdir:ro,Z" "-v" "/var/lib/crater-agent-workspace/cargo-home:/opt/rustwide/cargo-home:ro,Z" "-v" "/var/lib/crater-agent-workspace/rustup-home:/opt/rustwide/rustup-home:ro,Z" "-e" "SOURCE_DIR=/opt/rustwide/workdir" "-e" "CARGO_TARGET_DIR=/opt/rustwide/target" "-e" "CARGO_INCREMENTAL=0" "-e" "RUST_BACKTRACE=full" "-e" "RUSTFLAGS=--cap-lints=warn" "-e" "RUSTDOCFLAGS=--cap-lints=warn" "-e" "CARGO_HOME=/opt/rustwide/cargo-home" "-e" "RUSTUP_HOME=/opt/rustwide/rustup-home" "-w" "/opt/rustwide/workdir" "-m" "1610612736" "--user" "0:0" "--network" "none" "ghcr.io/rust-lang/crates-build-env/linux@sha256:f3a9d4ad9d972b27faf3965f35b62e55ba32bbce8f20bc8fe909558a86702fde" "/opt/rustwide/cargo-home/bin/cargo" "+1.83.0" "build" "--frozen" "--message-format=json", kill_on_drop: false }`
[INFO] [stdout] 0688a646deab5275e9d3f0497fd00a4741ccb9cad161e54d79d3145c0d201957
[INFO] running `Command { std: "docker" "start" "-a" "0688a646deab5275e9d3f0497fd00a4741ccb9cad161e54d79d3145c0d201957", kill_on_drop: false }`
[INFO] [stderr]    Compiling proc-macro2 v1.0.86
[INFO] [stderr]    Compiling semver v1.0.23
[INFO] [stderr]    Compiling crossbeam-utils v0.8.20
[INFO] [stderr]    Compiling libc v0.2.155
[INFO] [stderr]    Compiling serde v1.0.204
[INFO] [stderr]    Compiling rayon-core v1.12.1
[INFO] [stderr]    Compiling regex-syntax v0.8.4
[INFO] [stderr]    Compiling libm v0.2.8
[INFO] [stderr]    Compiling tinyvec_macros v0.1.1
[INFO] [stderr]    Compiling serde_json v1.0.120
[INFO] [stderr]    Compiling bit-vec v0.6.3
[INFO] [stderr]    Compiling smallvec v1.13.2
[INFO] [stderr]    Compiling tinyvec v1.8.0
[INFO] [stderr]    Compiling bit-set v0.5.3
[INFO] [stderr]    Compiling rustc_version v0.4.0
[INFO] [stderr]    Compiling rten-tensor v0.12.0 (/opt/rustwide/workdir/rten-tensor)
[INFO] [stderr]    Compiling ryu v1.0.18
[INFO] [stderr]    Compiling crossbeam-epoch v0.9.18
[INFO] [stderr]    Compiling flatbuffers v24.3.25
[INFO] [stderr]    Compiling quote v1.0.36
[INFO] [stderr]    Compiling crossbeam-deque v0.8.5
[INFO] [stderr]    Compiling either v1.13.0
[INFO] [stderr]    Compiling rten-simd v0.11.0 (/opt/rustwide/workdir/rten-simd)
[INFO] [stderr]    Compiling itoa v1.0.11
[INFO] [stderr]    Compiling syn v2.0.72
[INFO] [stderr]    Compiling unicode-normalization v0.1.23
[INFO] [stderr]    Compiling rten-vecmath v0.11.0 (/opt/rustwide/workdir/rten-vecmath)
[INFO] [stderr]    Compiling num_cpus v1.16.0
[INFO] [stderr]    Compiling rustc-hash v2.0.0
[INFO] [stderr]    Compiling unicode_categories v0.1.1
[INFO] [stderr]    Compiling rayon v1.10.0
[INFO] [stderr]    Compiling rten-imageproc v0.12.0 (/opt/rustwide/workdir/rten-imageproc)
[INFO] [stderr]    Compiling regex-automata v0.4.7
[INFO] [stderr]    Compiling rten v0.12.0 (/opt/rustwide/workdir)
[INFO] [stderr]    Compiling serde_derive v1.0.204
[INFO] [stdout] warning: elided lifetime has a name
[INFO] [stdout]   --> src/ops/conv/im2col.rs:83:10
[INFO] [stdout]    |
[INFO] [stdout] 72 | impl<'a> VirtualIm2Col<'a> {
[INFO] [stdout]    |      -- lifetime `'a` declared here
[INFO] [stdout] ...
[INFO] [stdout] 83 |     ) -> VirtualIm2Col {
[INFO] [stdout]    |          ^^^^^^^^^^^^^ this elided lifetime gets resolved as `'a`
[INFO] [stdout]    |
[INFO] [stdout]    = note: `#[warn(elided_named_lifetimes)]` on by default
[INFO] [stdout] 
[INFO] [stdout] 
[INFO] [stdout] warning: elided lifetime has a name
[INFO] [stdout]    --> src/ops/mod.rs:285:54
[INFO] [stdout]     |
[INFO] [stdout] 284 |         impl<'a> From<&'a Tensor<$element_type>> for Input<'a> {
[INFO] [stdout]     |              -- lifetime `'a` declared here
[INFO] [stdout] 285 |             fn from(t: &'a Tensor<$element_type>) -> Input {
[INFO] [stdout]     |                                                      ^^^^^ this elided lifetime gets resolved as `'a`
[INFO] [stdout] ...
[INFO] [stdout] 304 | impl_input_conversions!(FloatTensor, f32);
[INFO] [stdout]     | ----------------------------------------- in this macro invocation
[INFO] [stdout]     |
[INFO] [stdout]     = note: this warning originates in the macro `impl_input_conversions` (in Nightly builds, run with -Z macro-backtrace for more info)
[INFO] [stdout] 
[INFO] [stdout] 
[INFO] [stdout] warning: elided lifetime has a name
[INFO] [stdout]    --> src/ops/mod.rs:291:58
[INFO] [stdout]     |
[INFO] [stdout] 290 |         impl<'a> From<TensorView<'a, $element_type>> for Input<'a> {
[INFO] [stdout]     |              -- lifetime `'a` declared here
[INFO] [stdout] 291 |             fn from(t: TensorView<'a, $element_type>) -> Input {
[INFO] [stdout]     |                                                          ^^^^^ this elided lifetime gets resolved as `'a`
[INFO] [stdout] ...
[INFO] [stdout] 304 | impl_input_conversions!(FloatTensor, f32);
[INFO] [stdout]     | ----------------------------------------- in this macro invocation
[INFO] [stdout]     |
[INFO] [stdout]     = note: this warning originates in the macro `impl_input_conversions` (in Nightly builds, run with -Z macro-backtrace for more info)
[INFO] [stdout] 
[INFO] [stdout] 
[INFO] [stdout] warning: elided lifetime has a name
[INFO] [stdout]    --> src/ops/mod.rs:297:63
[INFO] [stdout]     |
[INFO] [stdout] 296 |         impl<'a, const N: usize> From<NdTensorView<'a, $element_type, N>> for Input<'a> {
[INFO] [stdout]     |              -- lifetime `'a` declared here
[INFO] [stdout] 297 |             fn from(t: NdTensorView<'a, $element_type, N>) -> Input {
[INFO] [stdout]     |                                                               ^^^^^ this elided lifetime gets resolved as `'a`
[INFO] [stdout] ...
[INFO] [stdout] 304 | impl_input_conversions!(FloatTensor, f32);
[INFO] [stdout]     | ----------------------------------------- in this macro invocation
[INFO] [stdout]     |
[INFO] [stdout]     = note: this warning originates in the macro `impl_input_conversions` (in Nightly builds, run with -Z macro-backtrace for more info)
[INFO] [stdout] 
[INFO] [stdout] 
[INFO] [stdout] warning: elided lifetime has a name
[INFO] [stdout]    --> src/ops/mod.rs:285:54
[INFO] [stdout]     |
[INFO] [stdout] 284 |         impl<'a> From<&'a Tensor<$element_type>> for Input<'a> {
[INFO] [stdout]     |              -- lifetime `'a` declared here
[INFO] [stdout] 285 |             fn from(t: &'a Tensor<$element_type>) -> Input {
[INFO] [stdout]     |                                                      ^^^^^ this elided lifetime gets resolved as `'a`
[INFO] [stdout] ...
[INFO] [stdout] 305 | impl_input_conversions!(IntTensor, i32);
[INFO] [stdout]     | --------------------------------------- in this macro invocation
[INFO] [stdout]     |
[INFO] [stdout]     = note: this warning originates in the macro `impl_input_conversions` (in Nightly builds, run with -Z macro-backtrace for more info)
[INFO] [stdout] 
[INFO] [stdout] 
[INFO] [stdout] warning: elided lifetime has a name
[INFO] [stdout]    --> src/ops/mod.rs:291:58
[INFO] [stdout]     |
[INFO] [stdout] 290 |         impl<'a> From<TensorView<'a, $element_type>> for Input<'a> {
[INFO] [stdout]     |              -- lifetime `'a` declared here
[INFO] [stdout] 291 |             fn from(t: TensorView<'a, $element_type>) -> Input {
[INFO] [stdout]     |                                                          ^^^^^ this elided lifetime gets resolved as `'a`
[INFO] [stdout] ...
[INFO] [stdout] 305 | impl_input_conversions!(IntTensor, i32);
[INFO] [stdout]     | --------------------------------------- in this macro invocation
[INFO] [stdout]     |
[INFO] [stdout]     = note: this warning originates in the macro `impl_input_conversions` (in Nightly builds, run with -Z macro-backtrace for more info)
[INFO] [stdout] 
[INFO] [stdout] 
[INFO] [stdout] warning: elided lifetime has a name
[INFO] [stdout]    --> src/ops/mod.rs:297:63
[INFO] [stdout]     |
[INFO] [stdout] 296 |         impl<'a, const N: usize> From<NdTensorView<'a, $element_type, N>> for Input<'a> {
[INFO] [stdout]     |              -- lifetime `'a` declared here
[INFO] [stdout] 297 |             fn from(t: NdTensorView<'a, $element_type, N>) -> Input {
[INFO] [stdout]     |                                                               ^^^^^ this elided lifetime gets resolved as `'a`
[INFO] [stdout] ...
[INFO] [stdout] 305 | impl_input_conversions!(IntTensor, i32);
[INFO] [stdout]     | --------------------------------------- in this macro invocation
[INFO] [stdout]     |
[INFO] [stdout]     = note: this warning originates in the macro `impl_input_conversions` (in Nightly builds, run with -Z macro-backtrace for more info)
[INFO] [stdout] 
[INFO] [stdout] 
[INFO] [stdout] warning: elided lifetime has a name
[INFO] [stdout]    --> src/ops/mod.rs:308:36
[INFO] [stdout]     |
[INFO] [stdout] 307 | impl<'a> From<&'a Output> for Input<'a> {
[INFO] [stdout]     |      -- lifetime `'a` declared here
[INFO] [stdout] 308 |     fn from(output: &'a Output) -> Input {
[INFO] [stdout]     |                                    ^^^^^ this elided lifetime gets resolved as `'a`
[INFO] [stdout] 
[INFO] [stdout] 
[INFO] [stderr]    Compiling fancy-regex v0.13.0
[INFO] [stderr]    Compiling rten-text v0.12.0 (/opt/rustwide/workdir/rten-text)
[INFO] [stderr]     Finished `dev` profile [unoptimized + debuginfo] target(s) in 54.43s
[INFO] running `Command { std: "docker" "inspect" "0688a646deab5275e9d3f0497fd00a4741ccb9cad161e54d79d3145c0d201957", kill_on_drop: false }`
[INFO] running `Command { std: "docker" "rm" "-f" "0688a646deab5275e9d3f0497fd00a4741ccb9cad161e54d79d3145c0d201957", kill_on_drop: false }`
[INFO] [stdout] 0688a646deab5275e9d3f0497fd00a4741ccb9cad161e54d79d3145c0d201957
[INFO] running `Command { std: "docker" "create" "-v" "/var/lib/crater-agent-workspace/builds/worker-2-tc1/target:/opt/rustwide/target:rw,Z" "-v" "/var/lib/crater-agent-workspace/builds/worker-2-tc1/source:/opt/rustwide/workdir:ro,Z" "-v" "/var/lib/crater-agent-workspace/cargo-home:/opt/rustwide/cargo-home:ro,Z" "-v" "/var/lib/crater-agent-workspace/rustup-home:/opt/rustwide/rustup-home:ro,Z" "-e" "SOURCE_DIR=/opt/rustwide/workdir" "-e" "CARGO_TARGET_DIR=/opt/rustwide/target" "-e" "CARGO_INCREMENTAL=0" "-e" "RUST_BACKTRACE=full" "-e" "RUSTFLAGS=--cap-lints=warn" "-e" "RUSTDOCFLAGS=--cap-lints=warn" "-e" "CARGO_HOME=/opt/rustwide/cargo-home" "-e" "RUSTUP_HOME=/opt/rustwide/rustup-home" "-w" "/opt/rustwide/workdir" "-m" "1610612736" "--user" "0:0" "--network" "none" "ghcr.io/rust-lang/crates-build-env/linux@sha256:f3a9d4ad9d972b27faf3965f35b62e55ba32bbce8f20bc8fe909558a86702fde" "/opt/rustwide/cargo-home/bin/cargo" "+1.83.0" "test" "--frozen" "--no-run" "--message-format=json", kill_on_drop: false }`
[INFO] [stdout] 2a7786cb7526ded5b72d0abbc72bece80d15f9713db8f86d8435e4915572851e
[INFO] running `Command { std: "docker" "start" "-a" "2a7786cb7526ded5b72d0abbc72bece80d15f9713db8f86d8435e4915572851e", kill_on_drop: false }`
[INFO] [stderr]    Compiling rten-bench v0.1.0 (/opt/rustwide/workdir/rten-bench)
[INFO] [stderr]    Compiling fastrand v2.1.0
[INFO] [stderr]    Compiling memmap2 v0.9.4
[INFO] [stderr]    Compiling rten-text v0.12.0 (/opt/rustwide/workdir/rten-text)
[INFO] [stderr]    Compiling rten-tensor v0.12.0 (/opt/rustwide/workdir/rten-tensor)
[INFO] [stderr]    Compiling rten-imageproc v0.12.0 (/opt/rustwide/workdir/rten-imageproc)
[INFO] [stderr]    Compiling fastrand-contrib v0.1.0
[INFO] [stderr]    Compiling rten v0.12.0 (/opt/rustwide/workdir)
[INFO] [stdout] warning: elided lifetime has a name
[INFO] [stdout]   --> src/ops/conv/im2col.rs:83:10
[INFO] [stdout]    |
[INFO] [stdout] 72 | impl<'a> VirtualIm2Col<'a> {
[INFO] [stdout]    |      -- lifetime `'a` declared here
[INFO] [stdout] ...
[INFO] [stdout] 83 |     ) -> VirtualIm2Col {
[INFO] [stdout]    |          ^^^^^^^^^^^^^ this elided lifetime gets resolved as `'a`
[INFO] [stdout]    |
[INFO] [stdout]    = note: `#[warn(elided_named_lifetimes)]` on by default
[INFO] [stdout] 
[INFO] [stdout] 
[INFO] [stdout] warning: elided lifetime has a name
[INFO] [stdout]    --> src/ops/mod.rs:285:54
[INFO] [stdout]     |
[INFO] [stdout] 284 |         impl<'a> From<&'a Tensor<$element_type>> for Input<'a> {
[INFO] [stdout]     |              -- lifetime `'a` declared here
[INFO] [stdout] 285 |             fn from(t: &'a Tensor<$element_type>) -> Input {
[INFO] [stdout]     |                                                      ^^^^^ this elided lifetime gets resolved as `'a`
[INFO] [stdout] ...
[INFO] [stdout] 304 | impl_input_conversions!(FloatTensor, f32);
[INFO] [stdout]     | ----------------------------------------- in this macro invocation
[INFO] [stdout]     |
[INFO] [stdout]     = note: this warning originates in the macro `impl_input_conversions` (in Nightly builds, run with -Z macro-backtrace for more info)
[INFO] [stdout] 
[INFO] [stdout] 
[INFO] [stdout] warning: elided lifetime has a name
[INFO] [stdout]    --> src/ops/mod.rs:291:58
[INFO] [stdout]     |
[INFO] [stdout] 290 |         impl<'a> From<TensorView<'a, $element_type>> for Input<'a> {
[INFO] [stdout]     |              -- lifetime `'a` declared here
[INFO] [stdout] 291 |             fn from(t: TensorView<'a, $element_type>) -> Input {
[INFO] [stdout]     |                                                          ^^^^^ this elided lifetime gets resolved as `'a`
[INFO] [stdout] ...
[INFO] [stdout] 304 | impl_input_conversions!(FloatTensor, f32);
[INFO] [stdout]     | ----------------------------------------- in this macro invocation
[INFO] [stdout]     |
[INFO] [stdout]     = note: this warning originates in the macro `impl_input_conversions` (in Nightly builds, run with -Z macro-backtrace for more info)
[INFO] [stdout] 
[INFO] [stdout] 
[INFO] [stdout] warning: elided lifetime has a name
[INFO] [stdout]    --> src/ops/mod.rs:297:63
[INFO] [stdout]     |
[INFO] [stdout] 296 |         impl<'a, const N: usize> From<NdTensorView<'a, $element_type, N>> for Input<'a> {
[INFO] [stdout]     |              -- lifetime `'a` declared here
[INFO] [stdout] 297 |             fn from(t: NdTensorView<'a, $element_type, N>) -> Input {
[INFO] [stdout]     |                                                               ^^^^^ this elided lifetime gets resolved as `'a`
[INFO] [stdout] ...
[INFO] [stdout] 304 | impl_input_conversions!(FloatTensor, f32);
[INFO] [stdout]     | ----------------------------------------- in this macro invocation
[INFO] [stdout]     |
[INFO] [stdout]     = note: this warning originates in the macro `impl_input_conversions` (in Nightly builds, run with -Z macro-backtrace for more info)
[INFO] [stdout] 
[INFO] [stdout] 
[INFO] [stdout] warning: elided lifetime has a name
[INFO] [stdout]    --> src/ops/mod.rs:285:54
[INFO] [stdout]     |
[INFO] [stdout] 284 |         impl<'a> From<&'a Tensor<$element_type>> for Input<'a> {
[INFO] [stdout]     |              -- lifetime `'a` declared here
[INFO] [stdout] 285 |             fn from(t: &'a Tensor<$element_type>) -> Input {
[INFO] [stdout]     |                                                      ^^^^^ this elided lifetime gets resolved as `'a`
[INFO] [stdout] ...
[INFO] [stdout] 305 | impl_input_conversions!(IntTensor, i32);
[INFO] [stdout]     | --------------------------------------- in this macro invocation
[INFO] [stdout]     |
[INFO] [stdout]     = note: this warning originates in the macro `impl_input_conversions` (in Nightly builds, run with -Z macro-backtrace for more info)
[INFO] [stdout] 
[INFO] [stdout] 
[INFO] [stdout] warning: elided lifetime has a name
[INFO] [stdout]    --> src/ops/mod.rs:291:58
[INFO] [stdout]     |
[INFO] [stdout] 290 |         impl<'a> From<TensorView<'a, $element_type>> for Input<'a> {
[INFO] [stdout]     |              -- lifetime `'a` declared here
[INFO] [stdout] 291 |             fn from(t: TensorView<'a, $element_type>) -> Input {
[INFO] [stdout]     |                                                          ^^^^^ this elided lifetime gets resolved as `'a`
[INFO] [stdout] ...
[INFO] [stdout] 305 | impl_input_conversions!(IntTensor, i32);
[INFO] [stdout]     | --------------------------------------- in this macro invocation
[INFO] [stdout]     |
[INFO] [stdout]     = note: this warning originates in the macro `impl_input_conversions` (in Nightly builds, run with -Z macro-backtrace for more info)
[INFO] [stdout] 
[INFO] [stdout] 
[INFO] [stdout] warning: elided lifetime has a name
[INFO] [stdout]    --> src/ops/mod.rs:297:63
[INFO] [stdout]     |
[INFO] [stdout] 296 |         impl<'a, const N: usize> From<NdTensorView<'a, $element_type, N>> for Input<'a> {
[INFO] [stdout]     |              -- lifetime `'a` declared here
[INFO] [stdout] 297 |             fn from(t: NdTensorView<'a, $element_type, N>) -> Input {
[INFO] [stdout]     |                                                               ^^^^^ this elided lifetime gets resolved as `'a`
[INFO] [stdout] ...
[INFO] [stdout] 305 | impl_input_conversions!(IntTensor, i32);
[INFO] [stdout]     | --------------------------------------- in this macro invocation
[INFO] [stdout]     |
[INFO] [stdout]     = note: this warning originates in the macro `impl_input_conversions` (in Nightly builds, run with -Z macro-backtrace for more info)
[INFO] [stdout] 
[INFO] [stdout] 
[INFO] [stdout] warning: elided lifetime has a name
[INFO] [stdout]    --> src/ops/mod.rs:308:36
[INFO] [stdout]     |
[INFO] [stdout] 307 | impl<'a> From<&'a Output> for Input<'a> {
[INFO] [stdout]     |      -- lifetime `'a` declared here
[INFO] [stdout] 308 |     fn from(output: &'a Output) -> Input {
[INFO] [stdout]     |                                    ^^^^^ this elided lifetime gets resolved as `'a`
[INFO] [stdout] 
[INFO] [stdout] 
[INFO] [stdout] warning: elided lifetime has a name
[INFO] [stdout]   --> src/ops/conv/im2col.rs:83:10
[INFO] [stdout]    |
[INFO] [stdout] 72 | impl<'a> VirtualIm2Col<'a> {
[INFO] [stdout]    |      -- lifetime `'a` declared here
[INFO] [stdout] ...
[INFO] [stdout] 83 |     ) -> VirtualIm2Col {
[INFO] [stdout]    |          ^^^^^^^^^^^^^ this elided lifetime gets resolved as `'a`
[INFO] [stdout]    |
[INFO] [stdout]    = note: `#[warn(elided_named_lifetimes)]` on by default
[INFO] [stdout] 
[INFO] [stdout] 
[INFO] [stdout] warning: elided lifetime has a name
[INFO] [stdout]    --> src/ops/mod.rs:285:54
[INFO] [stdout]     |
[INFO] [stdout] 284 |         impl<'a> From<&'a Tensor<$element_type>> for Input<'a> {
[INFO] [stdout]     |              -- lifetime `'a` declared here
[INFO] [stdout] 285 |             fn from(t: &'a Tensor<$element_type>) -> Input {
[INFO] [stdout]     |                                                      ^^^^^ this elided lifetime gets resolved as `'a`
[INFO] [stdout] ...
[INFO] [stdout] 304 | impl_input_conversions!(FloatTensor, f32);
[INFO] [stdout]     | ----------------------------------------- in this macro invocation
[INFO] [stdout]     |
[INFO] [stdout]     = note: this warning originates in the macro `impl_input_conversions` (in Nightly builds, run with -Z macro-backtrace for more info)
[INFO] [stdout] 
[INFO] [stdout] 
[INFO] [stdout] warning: elided lifetime has a name
[INFO] [stdout]    --> src/ops/mod.rs:291:58
[INFO] [stdout]     |
[INFO] [stdout] 290 |         impl<'a> From<TensorView<'a, $element_type>> for Input<'a> {
[INFO] [stdout]     |              -- lifetime `'a` declared here
[INFO] [stdout] 291 |             fn from(t: TensorView<'a, $element_type>) -> Input {
[INFO] [stdout]     |                                                          ^^^^^ this elided lifetime gets resolved as `'a`
[INFO] [stdout] ...
[INFO] [stdout] 304 | impl_input_conversions!(FloatTensor, f32);
[INFO] [stdout]     | ----------------------------------------- in this macro invocation
[INFO] [stdout]     |
[INFO] [stdout]     = note: this warning originates in the macro `impl_input_conversions` (in Nightly builds, run with -Z macro-backtrace for more info)
[INFO] [stdout] 
[INFO] [stdout] 
[INFO] [stdout] warning: elided lifetime has a name
[INFO] [stdout]    --> src/ops/mod.rs:297:63
[INFO] [stdout]     |
[INFO] [stdout] 296 |         impl<'a, const N: usize> From<NdTensorView<'a, $element_type, N>> for Input<'a> {
[INFO] [stdout]     |              -- lifetime `'a` declared here
[INFO] [stdout] 297 |             fn from(t: NdTensorView<'a, $element_type, N>) -> Input {
[INFO] [stdout]     |                                                               ^^^^^ this elided lifetime gets resolved as `'a`
[INFO] [stdout] ...
[INFO] [stdout] 304 | impl_input_conversions!(FloatTensor, f32);
[INFO] [stdout]     | ----------------------------------------- in this macro invocation
[INFO] [stdout]     |
[INFO] [stdout]     = note: this warning originates in the macro `impl_input_conversions` (in Nightly builds, run with -Z macro-backtrace for more info)
[INFO] [stdout] 
[INFO] [stdout] 
[INFO] [stdout] warning: elided lifetime has a name
[INFO] [stdout]    --> src/ops/mod.rs:285:54
[INFO] [stdout]     |
[INFO] [stdout] 284 |         impl<'a> From<&'a Tensor<$element_type>> for Input<'a> {
[INFO] [stdout]     |              -- lifetime `'a` declared here
[INFO] [stdout] 285 |             fn from(t: &'a Tensor<$element_type>) -> Input {
[INFO] [stdout]     |                                                      ^^^^^ this elided lifetime gets resolved as `'a`
[INFO] [stdout] ...
[INFO] [stdout] 305 | impl_input_conversions!(IntTensor, i32);
[INFO] [stdout]     | --------------------------------------- in this macro invocation
[INFO] [stdout]     |
[INFO] [stdout]     = note: this warning originates in the macro `impl_input_conversions` (in Nightly builds, run with -Z macro-backtrace for more info)
[INFO] [stdout] 
[INFO] [stdout] 
[INFO] [stdout] warning: elided lifetime has a name
[INFO] [stdout]    --> src/ops/mod.rs:291:58
[INFO] [stdout]     |
[INFO] [stdout] 290 |         impl<'a> From<TensorView<'a, $element_type>> for Input<'a> {
[INFO] [stdout]     |              -- lifetime `'a` declared here
[INFO] [stdout] 291 |             fn from(t: TensorView<'a, $element_type>) -> Input {
[INFO] [stdout]     |                                                          ^^^^^ this elided lifetime gets resolved as `'a`
[INFO] [stdout] ...
[INFO] [stdout] 305 | impl_input_conversions!(IntTensor, i32);
[INFO] [stdout]     | --------------------------------------- in this macro invocation
[INFO] [stdout]     |
[INFO] [stdout]     = note: this warning originates in the macro `impl_input_conversions` (in Nightly builds, run with -Z macro-backtrace for more info)
[INFO] [stdout] 
[INFO] [stdout] 
[INFO] [stdout] warning: elided lifetime has a name
[INFO] [stdout]    --> src/ops/mod.rs:297:63
[INFO] [stdout]     |
[INFO] [stdout] 296 |         impl<'a, const N: usize> From<NdTensorView<'a, $element_type, N>> for Input<'a> {
[INFO] [stdout]     |              -- lifetime `'a` declared here
[INFO] [stdout] 297 |             fn from(t: NdTensorView<'a, $element_type, N>) -> Input {
[INFO] [stdout]     |                                                               ^^^^^ this elided lifetime gets resolved as `'a`
[INFO] [stdout] ...
[INFO] [stdout] 305 | impl_input_conversions!(IntTensor, i32);
[INFO] [stdout]     | --------------------------------------- in this macro invocation
[INFO] [stdout]     |
[INFO] [stdout]     = note: this warning originates in the macro `impl_input_conversions` (in Nightly builds, run with -Z macro-backtrace for more info)
[INFO] [stdout] 
[INFO] [stdout] 
[INFO] [stdout] warning: elided lifetime has a name
[INFO] [stdout]    --> src/ops/mod.rs:308:36
[INFO] [stdout]     |
[INFO] [stdout] 307 | impl<'a> From<&'a Output> for Input<'a> {
[INFO] [stdout]     |      -- lifetime `'a` declared here
[INFO] [stdout] 308 |     fn from(output: &'a Output) -> Input {
[INFO] [stdout]     |                                    ^^^^^ this elided lifetime gets resolved as `'a`
[INFO] [stdout] 
[INFO] [stdout] 
[INFO] [stderr]     Finished `test` profile [unoptimized + debuginfo] target(s) in 54.03s
[INFO] running `Command { std: "docker" "inspect" "2a7786cb7526ded5b72d0abbc72bece80d15f9713db8f86d8435e4915572851e", kill_on_drop: false }`
[INFO] running `Command { std: "docker" "rm" "-f" "2a7786cb7526ded5b72d0abbc72bece80d15f9713db8f86d8435e4915572851e", kill_on_drop: false }`
[INFO] [stdout] 2a7786cb7526ded5b72d0abbc72bece80d15f9713db8f86d8435e4915572851e
[INFO] running `Command { std: "docker" "create" "-v" "/var/lib/crater-agent-workspace/builds/worker-2-tc1/target:/opt/rustwide/target:rw,Z" "-v" "/var/lib/crater-agent-workspace/builds/worker-2-tc1/source:/opt/rustwide/workdir:ro,Z" "-v" "/var/lib/crater-agent-workspace/cargo-home:/opt/rustwide/cargo-home:ro,Z" "-v" "/var/lib/crater-agent-workspace/rustup-home:/opt/rustwide/rustup-home:ro,Z" "-e" "SOURCE_DIR=/opt/rustwide/workdir" "-e" "CARGO_TARGET_DIR=/opt/rustwide/target" "-e" "CARGO_INCREMENTAL=0" "-e" "RUST_BACKTRACE=full" "-e" "RUSTFLAGS=--cap-lints=warn" "-e" "RUSTDOCFLAGS=--cap-lints=warn" "-e" "CARGO_HOME=/opt/rustwide/cargo-home" "-e" "RUSTUP_HOME=/opt/rustwide/rustup-home" "-w" "/opt/rustwide/workdir" "-m" "1610612736" "--user" "0:0" "--network" "none" "ghcr.io/rust-lang/crates-build-env/linux@sha256:f3a9d4ad9d972b27faf3965f35b62e55ba32bbce8f20bc8fe909558a86702fde" "/opt/rustwide/cargo-home/bin/cargo" "+1.83.0" "test" "--frozen", kill_on_drop: false }`
[INFO] [stdout] 894671acf868eb54be9827a3079db6cc9dc1c5970520c6071fa85dfb07c44388
[INFO] running `Command { std: "docker" "start" "-a" "894671acf868eb54be9827a3079db6cc9dc1c5970520c6071fa85dfb07c44388", kill_on_drop: false }`
[INFO] [stderr] warning: elided lifetime has a name
[INFO] [stderr]   --> src/ops/conv/im2col.rs:83:10
[INFO] [stderr]    |
[INFO] [stderr] 72 | impl<'a> VirtualIm2Col<'a> {
[INFO] [stderr]    |      -- lifetime `'a` declared here
[INFO] [stderr] ...
[INFO] [stderr] 83 |     ) -> VirtualIm2Col {
[INFO] [stderr]    |          ^^^^^^^^^^^^^ this elided lifetime gets resolved as `'a`
[INFO] [stderr]    |
[INFO] [stderr]    = note: `#[warn(elided_named_lifetimes)]` on by default
[INFO] [stderr] 
[INFO] [stderr] warning: elided lifetime has a name
[INFO] [stderr]    --> src/ops/mod.rs:285:54
[INFO] [stderr]     |
[INFO] [stderr] 284 |         impl<'a> From<&'a Tensor<$element_type>> for Input<'a> {
[INFO] [stderr]     |              -- lifetime `'a` declared here
[INFO] [stderr] 285 |             fn from(t: &'a Tensor<$element_type>) -> Input {
[INFO] [stderr]     |                                                      ^^^^^ this elided lifetime gets resolved as `'a`
[INFO] [stderr] ...
[INFO] [stderr] 304 | impl_input_conversions!(FloatTensor, f32);
[INFO] [stderr]     | ----------------------------------------- in this macro invocation
[INFO] [stderr]     |
[INFO] [stderr]     = note: this warning originates in the macro `impl_input_conversions` (in Nightly builds, run with -Z macro-backtrace for more info)
[INFO] [stderr] 
[INFO] [stderr] warning: elided lifetime has a name
[INFO] [stderr]    --> src/ops/mod.rs:291:58
[INFO] [stderr]     |
[INFO] [stderr] 290 |         impl<'a> From<TensorView<'a, $element_type>> for Input<'a> {
[INFO] [stderr]     |              -- lifetime `'a` declared here
[INFO] [stderr] 291 |             fn from(t: TensorView<'a, $element_type>) -> Input {
[INFO] [stderr]     |                                                          ^^^^^ this elided lifetime gets resolved as `'a`
[INFO] [stderr] ...
[INFO] [stderr] 304 | impl_input_conversions!(FloatTensor, f32);
[INFO] [stderr]     | ----------------------------------------- in this macro invocation
[INFO] [stderr]     |
[INFO] [stderr]     = note: this warning originates in the macro `impl_input_conversions` (in Nightly builds, run with -Z macro-backtrace for more info)
[INFO] [stderr] 
[INFO] [stderr] warning: elided lifetime has a name
[INFO] [stderr]    --> src/ops/mod.rs:297:63
[INFO] [stderr]     |
[INFO] [stderr] 296 |         impl<'a, const N: usize> From<NdTensorView<'a, $element_type, N>> for Input<'a> {
[INFO] [stderr]     |              -- lifetime `'a` declared here
[INFO] [stderr] 297 |             fn from(t: NdTensorView<'a, $element_type, N>) -> Input {
[INFO] [stderr]     |                                                               ^^^^^ this elided lifetime gets resolved as `'a`
[INFO] [stderr] ...
[INFO] [stderr] 304 | impl_input_conversions!(FloatTensor, f32);
[INFO] [stderr]     | ----------------------------------------- in this macro invocation
[INFO] [stderr]     |
[INFO] [stderr]     = note: this warning originates in the macro `impl_input_conversions` (in Nightly builds, run with -Z macro-backtrace for more info)
[INFO] [stderr] 
[INFO] [stderr] warning: elided lifetime has a name
[INFO] [stderr]    --> src/ops/mod.rs:285:54
[INFO] [stderr]     |
[INFO] [stderr] 284 |         impl<'a> From<&'a Tensor<$element_type>> for Input<'a> {
[INFO] [stderr]     |              -- lifetime `'a` declared here
[INFO] [stderr] 285 |             fn from(t: &'a Tensor<$element_type>) -> Input {
[INFO] [stderr]     |                                                      ^^^^^ this elided lifetime gets resolved as `'a`
[INFO] [stderr] ...
[INFO] [stderr] 305 | impl_input_conversions!(IntTensor, i32);
[INFO] [stderr]     | --------------------------------------- in this macro invocation
[INFO] [stderr]     |
[INFO] [stderr]     = note: this warning originates in the macro `impl_input_conversions` (in Nightly builds, run with -Z macro-backtrace for more info)
[INFO] [stderr] 
[INFO] [stderr] warning: elided lifetime has a name
[INFO] [stderr]    --> src/ops/mod.rs:291:58
[INFO] [stderr]     |
[INFO] [stderr] 290 |         impl<'a> From<TensorView<'a, $element_type>> for Input<'a> {
[INFO] [stderr]     |              -- lifetime `'a` declared here
[INFO] [stderr] 291 |             fn from(t: TensorView<'a, $element_type>) -> Input {
[INFO] [stderr]     |                                                          ^^^^^ this elided lifetime gets resolved as `'a`
[INFO] [stderr] ...
[INFO] [stderr] 305 | impl_input_conversions!(IntTensor, i32);
[INFO] [stderr]     | --------------------------------------- in this macro invocation
[INFO] [stderr]     |
[INFO] [stderr]     = note: this warning originates in the macro `impl_input_conversions` (in Nightly builds, run with -Z macro-backtrace for more info)
[INFO] [stderr] 
[INFO] [stderr] warning: elided lifetime has a name
[INFO] [stderr]    --> src/ops/mod.rs:297:63
[INFO] [stderr]     |
[INFO] [stderr] 296 |         impl<'a, const N: usize> From<NdTensorView<'a, $element_type, N>> for Input<'a> {
[INFO] [stderr]     |              -- lifetime `'a` declared here
[INFO] [stderr] 297 |             fn from(t: NdTensorView<'a, $element_type, N>) -> Input {
[INFO] [stderr]     |                                                               ^^^^^ this elided lifetime gets resolved as `'a`
[INFO] [stderr] ...
[INFO] [stderr] 305 | impl_input_conversions!(IntTensor, i32);
[INFO] [stderr]     | --------------------------------------- in this macro invocation
[INFO] [stderr]     |
[INFO] [stderr]     = note: this warning originates in the macro `impl_input_conversions` (in Nightly builds, run with -Z macro-backtrace for more info)
[INFO] [stderr] 
[INFO] [stderr] warning: elided lifetime has a name
[INFO] [stderr]    --> src/ops/mod.rs:308:36
[INFO] [stderr]     |
[INFO] [stderr] 307 | impl<'a> From<&'a Output> for Input<'a> {
[INFO] [stderr]     |      -- lifetime `'a` declared here
[INFO] [stderr] 308 |     fn from(output: &'a Output) -> Input {
[INFO] [stderr]     |                                    ^^^^^ this elided lifetime gets resolved as `'a`
[INFO] [stderr] 
[INFO] [stderr] warning: `rten` (lib) generated 8 warnings
[INFO] [stderr] warning: `rten` (lib test) generated 8 warnings (8 duplicates)
[INFO] [stderr]     Finished `test` profile [unoptimized + debuginfo] target(s) in 0.10s
[INFO] [stderr]      Running unittests src/lib.rs (/opt/rustwide/target/debug/deps/rten-dfbff24eee53d5d8)
[INFO] [stdout] 
[INFO] [stdout] running 287 tests
[INFO] [stdout] test gemm::tests::bench_gemm ... ignored
[INFO] [stdout] test gemm::tests::bench_prepack_a ... ignored
[INFO] [stdout] test constant_storage::tests::test_constant_storage ... ok
[INFO] [stdout] test downcast::tests::test_downcast_ref ... ok
[INFO] [stdout] test ctc::tests::test_decode_beam ... ok
[INFO] [stdout] test ctc::tests::test_decode_beam_sums_paths ... ok
[INFO] [stdout] test ctc::tests::test_decode_greedy ... ok
[INFO] [stdout] test gemm::tests::test_gemm_bias ... ok
[INFO] [stdout] test ctc::tests::test_decode_skips_repeats ... ok
[INFO] [stdout] test gemm::tests::test_gemm_alpha ... ok
[INFO] [stdout] test gemm::tests::test_gemm_beta ... ok
[INFO] [stdout] test gemm::tests::test_gemm_transposed ... ok
[INFO] [stdout] test gemm::tests::test_gemm_prepack ... ok
[INFO] [stdout] test gemm::tests::test_simple_gemm ... ok
[INFO] [stdout] test graph::tests::test_cached_plan_matches ... ok
[INFO] [stdout] test graph::tests::test_call_op_with_missing_input ... ok
[INFO] [stdout] test graph::tests::test_constant_graph ... ok
[INFO] [stdout] test gemm::tests::test_gemv ... ok
[INFO] [stdout] test graph::tests::test_duplicate_inputs ... ok
[INFO] [stdout] test graph::tests::test_duplicate_outputs ... ok
[INFO] [stdout] test graph::tests::test_err_if_missing_operator_input ... ok
[INFO] [stdout] test graph::tests::test_graph_intermediate_output ... ok
[INFO] [stdout] test graph::tests::test_err_if_invalid_output ... ok
[INFO] [stdout] test gemm::tests::test_gemm_beta_zero ... ok
[INFO] [stdout] test graph::tests::test_graph_many_steps ... ok
[INFO] [stdout] test graph::tests::test_graph_node_debug_names ... ok
[INFO] [stdout] test graph::tests::test_graph_node_shapes ... ok
[INFO] [stdout] test gemm::tests::test_gemm_panics_if_output_is_too_short - should panic ... ok
[INFO] [stdout] test graph::tests::test_no_outputs ... ok
[INFO] [stdout] test graph::tests::test_noop_graph ... ok
[INFO] [stdout] test graph::tests::test_partial_run ... ok
[INFO] [stdout] test graph::tests::test_partial_run_non_deterministic_ops ... ok
[INFO] [stdout] test graph::tests::test_runs_commutative_op_in_place ... ok
[INFO] [stdout] test graph::tests::test_multiple_outputs ... ok
[INFO] [stdout] test graph::tests::test_runs_op_in_place ... ok
[INFO] [stdout] test graph::tests::test_graph_run ... ok
[INFO] [stdout] test graph::tests::test_graph_planning_order ... ok
[INFO] [stdout] test header::tests::test_invalid_header ... ok
[INFO] [stdout] test graph::tests::test_total_params ... ok
[INFO] [stdout] test iter_util::tests::test_range_chunks ... ok
[INFO] [stdout] test header::tests::test_read_header ... ok
[INFO] [stdout] test graph::tests::test_typed_constant ... ok
[INFO] [stdout] test iter_util::tests::test_maybe_par_iter ... ok
[INFO] [stdout] test iter_util::tests::test_range_chunks_exact ... ok
[INFO] [stdout] test model::tests::test_input_shape ... ok
[INFO] [stdout] test iter_util::tests::test_unroll_loop ... ok
[INFO] [stdout] test model::tests::test_load_file ... FAILED
[INFO] [stdout] test model::tests::test_load_invalid_model ... ok
[INFO] [stdout] test model::tests::test_metadata ... ok
[INFO] [stdout] test model::tests::test_load_mmap ... FAILED
[INFO] [stdout] test model::tests::test_omitted_optional_inputs ... ok
[INFO] [stdout] test model::tests::test_model_input_output_ids ... ok
[INFO] [stdout] test model::tests::test_load_and_run_model ... ok
[INFO] [stdout] test model::tests::test_unsupported_operator ... ok
[INFO] [stdout] test model_metadata::tests::test_model_metadata ... ok
[INFO] [stdout] test number::tests::test_fast_div_divide ... ok
[INFO] [stdout] test model::tests::test_shape_info ... ok
[INFO] [stdout] test number::tests::test_fast_div_rem ... ok
[INFO] [stdout] test ops::binary_elementwise::tests::test_add ... ok
[INFO] [stdout] test model::tests::test_run_one ... ok
[INFO] [stdout] test ops::binary_elementwise::tests::test_add_broadcast_first_input ... ok
[INFO] [stdout] test ops::binary_elementwise::tests::test_add_broadcasted ... ok
[INFO] [stdout] test ops::binary_elementwise::tests::test_add_in_place ... ok
[INFO] [stdout] test ops::binary_elementwise::tests::test_add_invalid_broadcast ... ok
[INFO] [stdout] test ops::binary_elementwise::tests::test_div ... ok
[INFO] [stdout] test ops::binary_elementwise::tests::test_div_in_place ... ok
[INFO] [stdout] test ops::binary_elementwise::tests::test_and ... ok
[INFO] [stdout] test ops::binary_elementwise::tests::test_fast_broadcast_cycles ... ok
[INFO] [stdout] test ops::binary_elementwise::tests::test_fast_broadcast_cycles_repeats ... ok
[INFO] [stdout] test ops::binary_elementwise::tests::test_equal ... ok
[INFO] [stdout] test ops::binary_elementwise::tests::test_greater ... ok
[INFO] [stdout] test ops::binary_elementwise::tests::test_less ... ok
[INFO] [stdout] test ops::binary_elementwise::tests::test_greater_or_equal ... ok
[INFO] [stdout] test ops::binary_elementwise::tests::test_less_or_equal ... ok
[INFO] [stdout] test ops::binary_elementwise::tests::test_mul ... ok
[INFO] [stdout] test ops::binary_elementwise::tests::test_mod_op ... ok
[INFO] [stdout] test ops::binary_elementwise::tests::test_mul_in_place ... ok
[INFO] [stdout] test ops::binary_elementwise::tests::test_or ... ok
[INFO] [stdout] test ops::binary_elementwise::tests::test_pow ... ok
[INFO] [stdout] test ops::binary_elementwise::tests::test_sub ... ok
[INFO] [stdout] test ops::binary_elementwise::tests::test_sub_in_place ... ok
[INFO] [stdout] test ops::binary_elementwise::tests::test_fast_broadcast_cycles_repeats_invalid - should panic ... ok
[INFO] [stdout] test ops::binary_elementwise::tests::test_sub_broadcast ... ok
[INFO] [stdout] test ops::binary_elementwise::tests::test_where_invalid_inputs ... ok
[INFO] [stdout] test ops::binary_elementwise::tests::test_xor ... ok
[INFO] [stdout] test ops::concat::tests::test_concat ... ok
[INFO] [stdout] test ops::concat::tests::test_concat_in_place ... ok
[INFO] [stdout] test ops::binary_elementwise::tests::test_where ... ok
[INFO] [stdout] test ops::concat::tests::test_tile ... ok
[INFO] [stdout] test ops::conv::tests::bench_col2im ... ignored
[INFO] [stdout] test ops::conv::tests::bench_depthwise_conv ... ignored
[INFO] [stdout] test ops::concat::tests::test_tile_invalid_repeats ... ok
[INFO] [stdout] test ops::conv::tests::test_conv_1d ... ok
[INFO] [stdout] test ops::conv::tests::test_conv_depthwise ... ok
[INFO] [stdout] test ops::conv::tests::test_conv ... ok
[INFO] [stdout] test ops::concat::tests::test_concat_invalid_inputs ... ok
[INFO] [stdout] test model::tests::test_all_op_types ... ok
[INFO] [stdout] test ops::conv::tests::test_conv_input_too_small ... ok
[INFO] [stdout] test ops::conv::tests::test_conv_depthwise_uneven_padding ... ok
[INFO] [stdout] test ops::conv::tests::test_conv_not_depthwise_or_pointwise ... ok
[INFO] [stdout] test ops::conv::tests::test_conv_same_padding ... ok
[INFO] [stdout] test ops::conv::tests::test_conv_dilated_depthwise ... ok
[INFO] [stdout] test ops::conv::tests::test_conv_pointwise ... ok
[INFO] [stdout] test ops::conv::tests::test_conv_transpose ... ok
[INFO] [stdout] test ops::conv::tests::test_conv_transpose_1d ... ok
[INFO] [stdout] test ops::conv::tests::test_conv_transpose_output_size_and_padding ... ok
[INFO] [stdout] test ops::conv::tests::test_conv_transpose_padding ... ok
[INFO] [stdout] test ops::conv::tests::test_conv_strided_depthwise ... ok
[INFO] [stdout] test ops::conv::tests::test_conv_zero_stride ... ok
[INFO] [stdout] test ops::convert::tests::test_cast ... ok
[INFO] [stdout] test ops::convert::tests::test_cast_out_of_range ... ok
[INFO] [stdout] test ops::einsum::tests::test_einsum ... ok
[INFO] [stdout] test ops::einsum::tests::test_einsum_path ... ok
[INFO] [stdout] test ops::fused::tests::test_fused_transpose ... ok
[INFO] [stdout] test ops::gather::tests::test_gather ... ok
[INFO] [stdout] test ops::gather::tests::test_gather_elements ... ok
[INFO] [stdout] test ops::gather::tests::test_gather_elements_invalid_inputs ... ok
[INFO] [stdout] test ops::gather::tests::test_gather_invalid_axis ... ok
[INFO] [stdout] test ops::gather::tests::test_gather_invalid_indices ... ok
[INFO] [stdout] test ops::gather::tests::test_gather_nd ... ok
[INFO] [stdout] test ops::gather::tests::test_gather_scalar_index ... ok
[INFO] [stdout] test ops::gather::tests::test_scatter_elements ... ok
[INFO] [stdout] test ops::gather::tests::test_scatter_elements_reduction ... ok
[INFO] [stdout] test ops::gather::tests::test_scatter_nd ... ok
[INFO] [stdout] test ops::gather::tests::test_scatter_nd_invalid ... ok
[INFO] [stdout] test ops::gather::tests::test_scatter_nd_reduce ... ok
[INFO] [stdout] test ops::generate::tests::test_constant_of_shape ... ok
[INFO] [stdout] test ops::generate::tests::test_onehot ... ok
[INFO] [stdout] test ops::generate::tests::test_range ... ok
[INFO] [stdout] test ops::generate::tests::test_range_invalid_inputs ... ok
[INFO] [stdout] test ops::identity::tests::test_identity ... ok
[INFO] [stdout] test ops::layout::tests::bench_transpose ... ignored
[INFO] [stdout] test ops::layout::tests::test_expand ... ok
[INFO] [stdout] test ops::layout::tests::test_expand_invalid_inputs ... ok
[INFO] [stdout] test ops::layout::tests::test_flatten ... ok
[INFO] [stdout] test ops::conv::tests::test_conv_uneven_padding ... ok
[INFO] [stdout] test ops::layout::tests::test_reshape_op ... ok
[INFO] [stdout] test ops::layout::tests::test_reshape_in_place ... ok
[INFO] [stdout] test ops::layout::tests::test_reshape_with_multiple_unspecified_dims ... ok
[INFO] [stdout] test ops::layout::tests::test_reshape_with_unspecified_dim ... ok
[INFO] [stdout] test ops::layout::tests::test_reshape_with_zero_dim ... ok
[INFO] [stdout] test ops::layout::tests::test_reshape_with_unsolvable_unspecified_dim ... ok
[INFO] [stdout] test ops::layout::tests::test_size ... ok
[INFO] [stdout] test ops::layout::tests::test_shape ... ok
[INFO] [stdout] test ops::layout::tests::test_squeeze ... ok
[INFO] [stdout] test ops::layout::tests::test_squeeze_invalid_inputs ... ok
[INFO] [stdout] test ops::layout::tests::test_transpose ... ok
[INFO] [stdout] test ops::layout::tests::test_transpose_invalid_inputs ... ok
[INFO] [stdout] test ops::layout::tests::test_unsqueeze ... ok
[INFO] [stdout] test ops::layout::tests::test_squeeze_in_place ... ok
[INFO] [stdout] test ops::matmul::tests::bench_matmul ... ignored
[INFO] [stdout] test ops::matmul::tests::test_gemm_op ... ok
[INFO] [stdout] test ops::matmul::tests::test_gemm_op_adds_c ... ok
[INFO] [stdout] test ops::matmul::tests::test_gemm_op_invalid_inputs ... ok
[INFO] [stdout] test ops::layout::tests::test_unsqueeze_invalid_inputs ... ok
[INFO] [stdout] test ops::matmul::tests::test_matmul ... ok
[INFO] [stdout] test ops::matmul::tests::test_gemm_op_transposed ... ok
[INFO] [stdout] test ops::matmul::tests::test_matmul_invalid ... ok
[INFO] [stdout] test ops::non_max_suppression::tests::test_non_max_suppression ... ok
[INFO] [stdout] test ops::matmul::tests::test_matmul_zero_sized_dim ... ok
[INFO] [stdout] test ops::non_max_suppression::tests::test_non_max_suppression_invalid ... ok
[INFO] [stdout] test ops::non_max_suppression::tests::test_non_max_suppression_iou_threshold ... ok
[INFO] [stdout] test ops::non_max_suppression::tests::test_non_max_suppression_max_outputs_per_class ... ok
[INFO] [stdout] test gemm::tests::test_gemm_virtual ... ok
[INFO] [stdout] test ops::norm::tests::test_batch_norm ... ok
[INFO] [stdout] test ops::non_max_suppression::tests::test_non_max_suppression_box_order ... ok
[INFO] [stdout] test ops::non_max_suppression::tests::test_non_max_suppression_score_threshold ... ok
[INFO] [stdout] test ops::norm::tests::test_batch_norm_in_place ... ok
[INFO] [stdout] test ops::norm::tests::test_batch_norm_invalid ... ok
[INFO] [stdout] test ops::norm::tests::test_layer_normalization ... ok
[INFO] [stdout] test ops::norm::tests::test_instance_normalization ... ok
[INFO] [stdout] test ops::norm::tests::test_log_softmax ... ok
[INFO] [stdout] test ops::norm::tests::test_softmax_transposed ... ok
[INFO] [stdout] test ops::norm::tests::test_softmax_sizes ... ok
[INFO] [stdout] test ops::pad::tests::test_pad ... ok
[INFO] [stdout] test ops::pad::tests::test_pad_constant_val ... ok
[INFO] [stdout] test ops::norm::tests::test_softmax ... ok
[INFO] [stdout] test ops::pad::tests::test_pad_invalid_inputs ... ok
[INFO] [stdout] test ops::pooling::tests::test_average_pool ... ok
[INFO] [stdout] test ops::pooling::tests::test_calc_output_size_and_padding ... ok
[INFO] [stdout] test ops::pad::tests::test_pad_op ... ok
[INFO] [stdout] test ops::pooling::tests::test_global_average_pool ... ok
[INFO] [stdout] test ops::pooling::tests::test_max_pool_padding ... ok
[INFO] [stdout] test ops::pooling::tests::test_average_pool_padding ... ok
[INFO] [stdout] test ops::pooling::tests::test_max_pool ... ok
[INFO] [stdout] test ops::random::tests::test_random_normal ... ok
[INFO] [stdout] test ops::random::tests::test_random_uniform_like ... ok
[INFO] [stdout] test ops::random::tests::test_random_normal_like ... ok
[INFO] [stdout] test ops::reduce::tests::test_arg_max ... ok
[INFO] [stdout] test ops::reduce::tests::test_arg_min_max_nan ... ok
[INFO] [stdout] test ops::reduce::tests::test_arg_min ... ok
[INFO] [stdout] test ops::random::tests::test_random_uniform ... ok
[INFO] [stdout] test ops::reduce::tests::test_cum_sum ... ok
[INFO] [stdout] test ops::reduce::tests::test_nonzero_scalar ... ok
[INFO] [stdout] test ops::reduce::tests::test_reduce_l2 ... ok
[INFO] [stdout] test ops::reduce::tests::test_nonzero ... ok
[INFO] [stdout] test ops::reduce::tests::test_reduce_axes_via_input ... ok
[INFO] [stdout] test ops::reduce::tests::test_reduce_mean_invalid_inputs ... ok
[INFO] [stdout] test ops::reduce::tests::test_reduce_min_max_propagates_nan ... ok
[INFO] [stdout] test ops::reduce::tests::test_reduce_prod ... ok
[INFO] [stdout] test ops::reduce::tests::test_reduce_mean ... ok
[INFO] [stdout] test ops::reduce::tests::test_reduce_min_max ... ok
[INFO] [stdout] test ops::reduce::tests::test_topk ... ok
[INFO] [stdout] test ops::reduce::tests::test_reduce_sum_square ... ok
[INFO] [stdout] test ops::resize::tests::test_resize_nearest ... ok
[INFO] [stdout] test ops::resize::tests::test_resize_nearest_mode ... ok
[INFO] [stdout] test ops::resize::tests::test_resize_bilinear ... ok
[INFO] [stdout] test ops::resize::tests::test_resize_scales_sizes ... ok
[INFO] [stdout] test ops::reduce::tests::test_reduce_sum ... ok
[INFO] [stdout] test ops::slice::tests::test_slice_clamps_starts_and_ends ... ok
[INFO] [stdout] test ops::slice::tests::test_slice_first_dim ... ok
[INFO] [stdout] test ops::rnn::tests::test_rnn_ops_with_random_input ... ok
[INFO] [stdout] test ops::slice::tests::test_slice_inner_dim ... ok
[INFO] [stdout] test ops::slice::tests::test_slice_in_place ... ok
[INFO] [stdout] test ops::rnn::tests::test_rnn_pytorch ... ok
[INFO] [stdout] test ops::slice::tests::test_slice_negative_starts ... ok
[INFO] [stdout] test ops::slice::tests::test_slice_negative_ends ... ok
[INFO] [stdout] test ops::slice::tests::test_slice_noop ... ok
[INFO] [stdout] test ops::slice::tests::test_slice_negative_axes ... ok
[INFO] [stdout] test ops::split::tests::test_split_invalid_inputs ... ok
[INFO] [stdout] test ops::slice::tests::test_slice_with_step ... ok
[INFO] [stdout] test ops::split::tests::test_split ... ok
[INFO] [stdout] test ops::tests::test_downcast_operator ... ok
[INFO] [stdout] test ops::tests::test_input_from_tensor ... ok
[INFO] [stdout] test ops::conv::tests::test_conv_strided ... ok
[INFO] [stdout] test ops::unary_elementwise::tests::test_abs ... ok
[INFO] [stdout] test ops::trilu::tests::test_trilu ... ok
[INFO] [stdout] test ops::trilu::tests::test_trilu_invalid ... ok
[INFO] [stdout] test ops::unary_elementwise::tests::test_acos ... ok
[INFO] [stdout] test ops::unary_elementwise::tests::test_asin ... ok
[INFO] [stdout] test ops::unary_elementwise::tests::test_cos ... ok
[INFO] [stdout] test ops::unary_elementwise::tests::test_elu ... ok
[INFO] [stdout] test ops::unary_elementwise::tests::test_clip ... ok
[INFO] [stdout] test ops::unary_elementwise::tests::test_atan ... ok
[INFO] [stdout] test ops::unary_elementwise::tests::test_ceil ... ok
[INFO] [stdout] test ops::unary_elementwise::tests::test_exp_in_place ... ok
[INFO] [stdout] test ops::unary_elementwise::tests::test_erf ... ok
[INFO] [stdout] test ops::unary_elementwise::tests::test_floor ... ok
[INFO] [stdout] test ops::unary_elementwise::tests::test_erf_in_place ... ok
[INFO] [stdout] test ops::unary_elementwise::tests::test_gelu ... ok
[INFO] [stdout] test ops::unary_elementwise::tests::test_leaky_relu ... ok
[INFO] [stdout] test ops::unary_elementwise::tests::test_hard_swish ... ok
[INFO] [stdout] test ops::unary_elementwise::tests::test_hard_sigmoid ... ok
[INFO] [stdout] test ops::unary_elementwise::tests::test_exp ... ok
[INFO] [stdout] test ops::unary_elementwise::tests::test_log ... ok
[INFO] [stdout] test ops::unary_elementwise::tests::test_neg ... ok
[INFO] [stdout] test ops::unary_elementwise::tests::test_neg_in_place ... ok
[INFO] [stdout] test ops::unary_elementwise::tests::test_not ... ok
[INFO] [stdout] test ops::unary_elementwise::tests::test_leaky_relu_in_place ... ok
[INFO] [stdout] test ops::unary_elementwise::tests::test_not_in_place ... ok
[INFO] [stdout] test ops::unary_elementwise::tests::test_relu ... ok
[INFO] [stdout] test ops::unary_elementwise::tests::test_reciprocal ... ok
[INFO] [stdout] test ops::unary_elementwise::tests::test_round ... ok
[INFO] [stdout] test ops::unary_elementwise::tests::test_sigmoid ... ok
[INFO] [stdout] test ops::unary_elementwise::tests::test_sign ... ok
[INFO] [stdout] test ops::unary_elementwise::tests::test_log_in_place ... ok
[INFO] [stdout] test ops::unary_elementwise::tests::test_silu ... ok
[INFO] [stdout] test ops::unary_elementwise::tests::test_sqrt_in_place ... ok
[INFO] [stdout] test ops::unary_elementwise::tests::test_tan ... ok
[INFO] [stdout] test ops::unary_elementwise::tests::test_softplus ... ok
[INFO] [stdout] test ops::unary_elementwise::tests::test_sin ... ok
[INFO] [stdout] test ops::unary_elementwise::tests::test_sqrt ... ok
[INFO] [stdout] test ops::unary_elementwise::tests::test_tanh ... ok
[INFO] [stdout] test ops::variadic_elementwise::tests::test_mean ... ok
[INFO] [stdout] test ops::variadic_elementwise::tests::test_sum ... ok
[INFO] [stdout] test optimize::pattern_matcher::tests::test_operator_with_key ... ok
[INFO] [stdout] test ops::variadic_elementwise::tests::test_max ... ok
[INFO] [stdout] test ops::variadic_elementwise::tests::test_min ... ok
[INFO] [stdout] test optimize::tests::test_fuse_gelu ... ok
[INFO] [stdout] test optimize::tests::test_fuse_silu ... ok
[INFO] [stdout] test optimize::tests::test_fuse_transpose ... ok
[INFO] [stdout] test optimize::tests::test_fuse_layer_norm ... ok
[INFO] [stdout] test optimize::tests::test_optimize_error ... ok
[INFO] [stdout] test slice_reductions::tests::test_slice_max ... ok
[INFO] [stdout] test optimize::tests::test_constant_propagation ... ok
[INFO] [stdout] test tensor_pool::tests::test_pool_alloc_non_copy_type ... ok
[INFO] [stdout] test tensor_pool::tests::test_pool_alloc_tensor ... ok
[INFO] [stdout] test slice_reductions::tests::test_slice_sum ... ok
[INFO] [stdout] test tensor_pool::tests::test_pool_alloc_zst ... ok
[INFO] [stdout] test tensor_pool::tests::test_pool_ref_auto_return ... ok
[INFO] [stdout] test tensor_pool::tests::test_pool_ref_take ... ok
[INFO] [stdout] test optimize::pattern_matcher::tests::test_pattern_match ... ok
[INFO] [stdout] test tensor_pool::tests::test_pool_alloc ... ok
[INFO] [stdout] test ops::conv::tests::test_conv_dilated ... ok
[INFO] [stdout] test gemm::tests::test_gemm_with_auto_kernel ... ok
[INFO] [stdout] test gemm::tests::test_gemm_with_base_kernel ... ok
[INFO] [stdout] test gemm::tests::test_gemm_with_fma_kernel ... ok
[INFO] [stdout] 
[INFO] [stdout] failures:
[INFO] [stdout] 
[INFO] [stdout] ---- model::tests::test_load_file stdout ----
[INFO] [stdout] thread 'model::tests::test_load_file' panicked at src/model.rs:1016:61:
[INFO] [stdout] called `Result::unwrap()` on an `Err` value: Os { code: 30, kind: ReadOnlyFilesystem, message: "Read-only file system" }
[INFO] [stdout] stack backtrace:
[INFO] [stdout]    0:     0x5dea27f265ca - std::backtrace_rs::backtrace::libunwind::trace::h5a5b8284f2d0c266
[INFO] [stdout]                                at /rustc/90b35a6239c3d8bdabc530a6a0816f7ff89a0aaf/library/std/src/../../backtrace/src/backtrace/libunwind.rs:116:5
[INFO] [stdout]    1:     0x5dea27f265ca - std::backtrace_rs::backtrace::trace_unsynchronized::h76d4f1c9b0b875e3
[INFO] [stdout]                                at /rustc/90b35a6239c3d8bdabc530a6a0816f7ff89a0aaf/library/std/src/../../backtrace/src/backtrace/mod.rs:66:5
[INFO] [stdout]    2:     0x5dea27f265ca - std::sys::backtrace::_print_fmt::hc4546b8364a537c6
[INFO] [stdout]                                at /rustc/90b35a6239c3d8bdabc530a6a0816f7ff89a0aaf/library/std/src/sys/backtrace.rs:66:9
[INFO] [stdout]    3:     0x5dea27f265ca - <std::sys::backtrace::BacktraceLock::print::DisplayBacktrace as core::fmt::Display>::fmt::h5b6bd5631a6d1f6b
[INFO] [stdout]                                at /rustc/90b35a6239c3d8bdabc530a6a0816f7ff89a0aaf/library/std/src/sys/backtrace.rs:39:26
[INFO] [stdout]    4:     0x5dea27f4cbe3 - core::fmt::rt::Argument::fmt::h270f6602a2b96f62
[INFO] [stdout]                                at /rustc/90b35a6239c3d8bdabc530a6a0816f7ff89a0aaf/library/core/src/fmt/rt.rs:177:76
[INFO] [stdout]    5:     0x5dea27f4cbe3 - core::fmt::write::h7550c97b06c86515
[INFO] [stdout]                                at /rustc/90b35a6239c3d8bdabc530a6a0816f7ff89a0aaf/library/core/src/fmt/mod.rs:1186:21
[INFO] [stdout]    6:     0x5dea27f23583 - std::io::Write::write_fmt::h509ff860e5956e5e
[INFO] [stdout]                                at /rustc/90b35a6239c3d8bdabc530a6a0816f7ff89a0aaf/library/std/src/io/mod.rs:1839:15
[INFO] [stdout]    7:     0x5dea27f26412 - std::sys::backtrace::BacktraceLock::print::h2395ccd2c84ba3aa
[INFO] [stdout]                                at /rustc/90b35a6239c3d8bdabc530a6a0816f7ff89a0aaf/library/std/src/sys/backtrace.rs:42:9
[INFO] [stdout]    8:     0x5dea27f27a2a - std::panicking::default_hook::{{closure}}::he19d4c7230e07961
[INFO] [stdout]                                at /rustc/90b35a6239c3d8bdabc530a6a0816f7ff89a0aaf/library/std/src/panicking.rs:268:22
[INFO] [stdout]    9:     0x5dea27f27834 - std::panicking::default_hook::hf614597d3c67bbdb
[INFO] [stdout]                                at /rustc/90b35a6239c3d8bdabc530a6a0816f7ff89a0aaf/library/std/src/panicking.rs:292:9
[INFO] [stdout]   10:     0x5dea27e607a9 - <alloc::boxed::Box<F,A> as core::ops::function::Fn<Args>>::call::h39b51ce4599c23d1
[INFO] [stdout]                                at /rustc/90b35a6239c3d8bdabc530a6a0816f7ff89a0aaf/library/alloc/src/boxed.rs:2468:9
[INFO] [stdout]   11:     0x5dea27e607a9 - test::test_main::{{closure}}::he977ae839a582784
[INFO] [stdout]                                at /rustc/90b35a6239c3d8bdabc530a6a0816f7ff89a0aaf/library/test/src/lib.rs:133:21
[INFO] [stdout]   12:     0x5dea27f280c8 - <alloc::boxed::Box<F,A> as core::ops::function::Fn<Args>>::call::h9455091b6b06f9fb
[INFO] [stdout]                                at /rustc/90b35a6239c3d8bdabc530a6a0816f7ff89a0aaf/library/alloc/src/boxed.rs:2468:9
[INFO] [stdout]   13:     0x5dea27f280c8 - std::panicking::rust_panic_with_hook::h8942133a8b252070
[INFO] [stdout]                                at /rustc/90b35a6239c3d8bdabc530a6a0816f7ff89a0aaf/library/std/src/panicking.rs:809:13
[INFO] [stdout]   14:     0x5dea27f27e8a - std::panicking::begin_panic_handler::{{closure}}::hb5f5963570096b29
[INFO] [stdout]                                at /rustc/90b35a6239c3d8bdabc530a6a0816f7ff89a0aaf/library/std/src/panicking.rs:674:13
[INFO] [stdout]   15:     0x5dea27f26aa9 - std::sys::backtrace::__rust_end_short_backtrace::h6208cedc1922feda
[INFO] [stdout]                                at /rustc/90b35a6239c3d8bdabc530a6a0816f7ff89a0aaf/library/std/src/sys/backtrace.rs:170:18
[INFO] [stdout]   16:     0x5dea27f27b1c - rust_begin_unwind
[INFO] [stdout]                                at /rustc/90b35a6239c3d8bdabc530a6a0816f7ff89a0aaf/library/std/src/panicking.rs:665:5
[INFO] [stdout]   17:     0x5dea2789d0d0 - core::panicking::panic_fmt::h0c3082644d1bf418
[INFO] [stdout]                                at /rustc/90b35a6239c3d8bdabc530a6a0816f7ff89a0aaf/library/core/src/panicking.rs:74:14
[INFO] [stdout]   18:     0x5dea2789d516 - core::result::unwrap_failed::hd20b4aa073bda1e2
[INFO] [stdout]                                at /rustc/90b35a6239c3d8bdabc530a6a0816f7ff89a0aaf/library/core/src/result.rs:1700:5
[INFO] [stdout]   19:     0x5dea27aeb9b7 - core::result::Result<T,E>::unwrap::hc47aa239f847c4bc
[INFO] [stdout]                                at /rustc/90b35a6239c3d8bdabc530a6a0816f7ff89a0aaf/library/core/src/result.rs:1104:23
[INFO] [stdout]   20:     0x5dea27aeb9b7 - rten::model::tests::test_load_file::h91806a166c9f6dc3
[INFO] [stdout]                                at /opt/rustwide/workdir/src/model.rs:1016:9
[INFO] [stdout]   21:     0x5dea27aeb907 - rten::model::tests::test_load_file::{{closure}}::hbf5466a49092d537
[INFO] [stdout]                                at /opt/rustwide/workdir/src/model.rs:1014:24
[INFO] [stdout]   22:     0x5dea27a780b6 - core::ops::function::FnOnce::call_once::h95322fd9fab0dde8
[INFO] [stdout]                                at /rustc/90b35a6239c3d8bdabc530a6a0816f7ff89a0aaf/library/core/src/ops/function.rs:250:5
[INFO] [stdout]   23:     0x5dea27e6516b - core::ops::function::FnOnce::call_once::h109cf8051a59b34e
[INFO] [stdout]                                at /rustc/90b35a6239c3d8bdabc530a6a0816f7ff89a0aaf/library/core/src/ops/function.rs:250:5
[INFO] [stdout]   24:     0x5dea27e6516b - test::__rust_begin_short_backtrace::hf4fff89d377446ba
[INFO] [stdout]                                at /rustc/90b35a6239c3d8bdabc530a6a0816f7ff89a0aaf/library/test/src/lib.rs:621:18
[INFO] [stdout]   25:     0x5dea27e649a7 - test::run_test_in_process::{{closure}}::h0e39181dd7ee5a43
[INFO] [stdout]                                at /rustc/90b35a6239c3d8bdabc530a6a0816f7ff89a0aaf/library/test/src/lib.rs:644:60
[INFO] [stdout]   26:     0x5dea27e649a7 - <core::panic::unwind_safe::AssertUnwindSafe<F> as core::ops::function::FnOnce<()>>::call_once::hc5a66a30f0bdfd1f
[INFO] [stdout]                                at /rustc/90b35a6239c3d8bdabc530a6a0816f7ff89a0aaf/library/core/src/panic/unwind_safe.rs:272:9
[INFO] [stdout]   27:     0x5dea27e649a7 - std::panicking::try::do_call::h873b7cf639554a5e
[INFO] [stdout]                                at /rustc/90b35a6239c3d8bdabc530a6a0816f7ff89a0aaf/library/std/src/panicking.rs:557:40
[INFO] [stdout]   28:     0x5dea27e649a7 - std::panicking::try::hdb19862fad9c8bd1
[INFO] [stdout]                                at /rustc/90b35a6239c3d8bdabc530a6a0816f7ff89a0aaf/library/std/src/panicking.rs:520:19
[INFO] [stdout]   29:     0x5dea27e649a7 - std::panic::catch_unwind::h281fe732d236d260
[INFO] [stdout]                                at /rustc/90b35a6239c3d8bdabc530a6a0816f7ff89a0aaf/library/std/src/panic.rs:358:14
[INFO] [stdout]   30:     0x5dea27e649a7 - test::run_test_in_process::h949b6df8457ed338
[INFO] [stdout]                                at /rustc/90b35a6239c3d8bdabc530a6a0816f7ff89a0aaf/library/test/src/lib.rs:644:27
[INFO] [stdout]   31:     0x5dea27e649a7 - test::run_test::{{closure}}::h52c556a6d4740e10
[INFO] [stdout]                                at /rustc/90b35a6239c3d8bdabc530a6a0816f7ff89a0aaf/library/test/src/lib.rs:565:43
[INFO] [stdout]   32:     0x5dea27e29c84 - test::run_test::{{closure}}::h4237f6381c45ccb9
[INFO] [stdout]                                at /rustc/90b35a6239c3d8bdabc530a6a0816f7ff89a0aaf/library/test/src/lib.rs:595:41
[INFO] [stdout]   33:     0x5dea27e29c84 - std::sys::backtrace::__rust_begin_short_backtrace::h505c97a579eca628
[INFO] [stdout]                                at /rustc/90b35a6239c3d8bdabc530a6a0816f7ff89a0aaf/library/std/src/sys/backtrace.rs:154:18
[INFO] [stdout]   34:     0x5dea27e2d34e - std::thread::Builder::spawn_unchecked_::{{closure}}::{{closure}}::h9e86b2e2bc107ea3
[INFO] [stdout]                                at /rustc/90b35a6239c3d8bdabc530a6a0816f7ff89a0aaf/library/std/src/thread/mod.rs:538:17
[INFO] [stdout]   35:     0x5dea27e2d34e - <core::panic::unwind_safe::AssertUnwindSafe<F> as core::ops::function::FnOnce<()>>::call_once::h8b06ddb275ff4a25
[INFO] [stdout]                                at /rustc/90b35a6239c3d8bdabc530a6a0816f7ff89a0aaf/library/core/src/panic/unwind_safe.rs:272:9
[INFO] [stdout]   36:     0x5dea27e2d34e - std::panicking::try::do_call::hb26ecd7cd9a9355d
[INFO] [stdout]                                at /rustc/90b35a6239c3d8bdabc530a6a0816f7ff89a0aaf/library/std/src/panicking.rs:557:40
[INFO] [stdout]   37:     0x5dea27e2d34e - std::panicking::try::h8ddeca9d705f9069
[INFO] [stdout]                                at /rustc/90b35a6239c3d8bdabc530a6a0816f7ff89a0aaf/library/std/src/panicking.rs:520:19
[INFO] [stdout]   38:     0x5dea27e2d34e - std::panic::catch_unwind::h49e1c33078844c46
[INFO] [stdout]                                at /rustc/90b35a6239c3d8bdabc530a6a0816f7ff89a0aaf/library/std/src/panic.rs:358:14
[INFO] [stdout]   39:     0x5dea27e2d34e - std::thread::Builder::spawn_unchecked_::{{closure}}::h6073db6ff56ad35d
[INFO] [stdout]                                at /rustc/90b35a6239c3d8bdabc530a6a0816f7ff89a0aaf/library/std/src/thread/mod.rs:537:30
[INFO] [stdout]   40:     0x5dea27e2d34e - core::ops::function::FnOnce::call_once{{vtable.shim}}::h2c5a5f3779c774f1
[INFO] [stdout]                                at /rustc/90b35a6239c3d8bdabc530a6a0816f7ff89a0aaf/library/core/src/ops/function.rs:250:5
[INFO] [stdout]   41:     0x5dea27f2bf2b - <alloc::boxed::Box<F,A> as core::ops::function::FnOnce<Args>>::call_once::hf75717d9f28faebf
[INFO] [stdout]                                at /rustc/90b35a6239c3d8bdabc530a6a0816f7ff89a0aaf/library/alloc/src/boxed.rs:2454:9
[INFO] [stdout]   42:     0x5dea27f2bf2b - <alloc::boxed::Box<F,A> as core::ops::function::FnOnce<Args>>::call_once::h7bd883a5f3c5f3c1
[INFO] [stdout]                                at /rustc/90b35a6239c3d8bdabc530a6a0816f7ff89a0aaf/library/alloc/src/boxed.rs:2454:9
[INFO] [stdout]   43:     0x5dea27f2bf2b - std::sys::pal::unix::thread::Thread::new::thread_start::hcc78f3943333fa94
[INFO] [stdout]                                at /rustc/90b35a6239c3d8bdabc530a6a0816f7ff89a0aaf/library/std/src/sys/pal/unix/thread.rs:105:17
[INFO] [stdout]   44:     0x7c2d44014ac3 - <unknown>
[INFO] [stdout]   45:     0x7c2d440a5a04 - clone
[INFO] [stdout]   46:                0x0 - <unknown>
[INFO] [stdout] 
[INFO] [stdout] ---- model::tests::test_load_mmap stdout ----
[INFO] [stdout] thread 'model::tests::test_load_mmap' panicked at src/model.rs:1034:61:
[INFO] [stdout] called `Result::unwrap()` on an `Err` value: Os { code: 30, kind: ReadOnlyFilesystem, message: "Read-only file system" }
[INFO] [stdout] stack backtrace:
[INFO] [stdout]    0:     0x5dea27f265ca - std::backtrace_rs::backtrace::libunwind::trace::h5a5b8284f2d0c266
[INFO] [stdout]                                at /rustc/90b35a6239c3d8bdabc530a6a0816f7ff89a0aaf/library/std/src/../../backtrace/src/backtrace/libunwind.rs:116:5
[INFO] [stdout]    1:     0x5dea27f265ca - std::backtrace_rs::backtrace::trace_unsynchronized::h76d4f1c9b0b875e3
[INFO] [stdout]                                at /rustc/90b35a6239c3d8bdabc530a6a0816f7ff89a0aaf/library/std/src/../../backtrace/src/backtrace/mod.rs:66:5
[INFO] [stdout]    2:     0x5dea27f265ca - std::sys::backtrace::_print_fmt::hc4546b8364a537c6
[INFO] [stdout]                                at /rustc/90b35a6239c3d8bdabc530a6a0816f7ff89a0aaf/library/std/src/sys/backtrace.rs:66:9
[INFO] [stdout]    3:     0x5dea27f265ca - <std::sys::backtrace::BacktraceLock::print::DisplayBacktrace as core::fmt::Display>::fmt::h5b6bd5631a6d1f6b
[INFO] [stdout]                                at /rustc/90b35a6239c3d8bdabc530a6a0816f7ff89a0aaf/library/std/src/sys/backtrace.rs:39:26
[INFO] [stdout]    4:     0x5dea27f4cbe3 - core::fmt::rt::Argument::fmt::h270f6602a2b96f62
[INFO] [stdout]                                at /rustc/90b35a6239c3d8bdabc530a6a0816f7ff89a0aaf/library/core/src/fmt/rt.rs:177:76
[INFO] [stdout]    5:     0x5dea27f4cbe3 - core::fmt::write::h7550c97b06c86515
[INFO] [stdout]                                at /rustc/90b35a6239c3d8bdabc530a6a0816f7ff89a0aaf/library/core/src/fmt/mod.rs:1186:21
[INFO] [stdout]    6:     0x5dea27f23583 - std::io::Write::write_fmt::h509ff860e5956e5e
[INFO] [stdout]                                at /rustc/90b35a6239c3d8bdabc530a6a0816f7ff89a0aaf/library/std/src/io/mod.rs:1839:15
[INFO] [stdout]    7:     0x5dea27f26412 - std::sys::backtrace::BacktraceLock::print::h2395ccd2c84ba3aa
[INFO] [stdout]                                at /rustc/90b35a6239c3d8bdabc530a6a0816f7ff89a0aaf/library/std/src/sys/backtrace.rs:42:9
[INFO] [stdout]    8:     0x5dea27f27a2a - std::panicking::default_hook::{{closure}}::he19d4c7230e07961
[INFO] [stdout]                                at /rustc/90b35a6239c3d8bdabc530a6a0816f7ff89a0aaf/library/std/src/panicking.rs:268:22
[INFO] [stdout]    9:     0x5dea27f27834 - std::panicking::default_hook::hf614597d3c67bbdb
[INFO] [stdout]                                at /rustc/90b35a6239c3d8bdabc530a6a0816f7ff89a0aaf/library/std/src/panicking.rs:292:9
[INFO] [stdout]   10:     0x5dea27e607a9 - <alloc::boxed::Box<F,A> as core::ops::function::Fn<Args>>::call::h39b51ce4599c23d1
[INFO] [stdout]                                at /rustc/90b35a6239c3d8bdabc530a6a0816f7ff89a0aaf/library/alloc/src/boxed.rs:2468:9
[INFO] [stdout]   11:     0x5dea27e607a9 - test::test_main::{{closure}}::he977ae839a582784
[INFO] [stdout]                                at /rustc/90b35a6239c3d8bdabc530a6a0816f7ff89a0aaf/library/test/src/lib.rs:133:21
[INFO] [stdout]   12:     0x5dea27f280c8 - <alloc::boxed::Box<F,A> as core::ops::function::Fn<Args>>::call::h9455091b6b06f9fb
[INFO] [stdout]                                at /rustc/90b35a6239c3d8bdabc530a6a0816f7ff89a0aaf/library/alloc/src/boxed.rs:2468:9
[INFO] [stdout]   13:     0x5dea27f280c8 - std::panicking::rust_panic_with_hook::h8942133a8b252070
[INFO] [stdout]                                at /rustc/90b35a6239c3d8bdabc530a6a0816f7ff89a0aaf/library/std/src/panicking.rs:809:13
[INFO] [stdout]   14:     0x5dea27f27e8a - std::panicking::begin_panic_handler::{{closure}}::hb5f5963570096b29
[INFO] [stdout]                                at /rustc/90b35a6239c3d8bdabc530a6a0816f7ff89a0aaf/library/std/src/panicking.rs:674:13
[INFO] [stdout]   15:     0x5dea27f26aa9 - std::sys::backtrace::__rust_end_short_backtrace::h6208cedc1922feda
[INFO] [stdout]                                at /rustc/90b35a6239c3d8bdabc530a6a0816f7ff89a0aaf/library/std/src/sys/backtrace.rs:170:18
[INFO] [stdout]   16:     0x5dea27f27b1c - rust_begin_unwind
[INFO] [stdout]                                at /rustc/90b35a6239c3d8bdabc530a6a0816f7ff89a0aaf/library/std/src/panicking.rs:665:5
[INFO] [stdout]   17:     0x5dea2789d0d0 - core::panicking::panic_fmt::h0c3082644d1bf418
[INFO] [stdout]                                at /rustc/90b35a6239c3d8bdabc530a6a0816f7ff89a0aaf/library/core/src/panicking.rs:74:14
[INFO] [stdout]   18:     0x5dea2789d516 - core::result::unwrap_failed::hd20b4aa073bda1e2
[INFO] [stdout]                                at /rustc/90b35a6239c3d8bdabc530a6a0816f7ff89a0aaf/library/core/src/result.rs:1700:5
[INFO] [stdout]   19:     0x5dea27aec057 - core::result::Result<T,E>::unwrap::hc47aa239f847c4bc
[INFO] [stdout]                                at /rustc/90b35a6239c3d8bdabc530a6a0816f7ff89a0aaf/library/core/src/result.rs:1104:23
[INFO] [stdout]   20:     0x5dea27aec057 - rten::model::tests::test_load_mmap::hb83e7204cfda69ad
[INFO] [stdout]                                at /opt/rustwide/workdir/src/model.rs:1034:9
[INFO] [stdout]   21:     0x5dea27aebfa7 - rten::model::tests::test_load_mmap::{{closure}}::h674dcb405c5eaaf3
[INFO] [stdout]                                at /opt/rustwide/workdir/src/model.rs:1032:24
[INFO] [stdout]   22:     0x5dea27a738f6 - core::ops::function::FnOnce::call_once::h0241b8b098b06042
[INFO] [stdout]                                at /rustc/90b35a6239c3d8bdabc530a6a0816f7ff89a0aaf/library/core/src/ops/function.rs:250:5
[INFO] [stdout]   23:     0x5dea27e6516b - core::ops::function::FnOnce::call_once::h109cf8051a59b34e
[INFO] [stdout]                                at /rustc/90b35a6239c3d8bdabc530a6a0816f7ff89a0aaf/library/core/src/ops/function.rs:250:5
[INFO] [stdout]   24:     0x5dea27e6516b - test::__rust_begin_short_backtrace::hf4fff89d377446ba
[INFO] [stdout]                                at /rustc/90b35a6239c3d8bdabc530a6a0816f7ff89a0aaf/library/test/src/lib.rs:621:18
[INFO] [stdout]   25:     0x5dea27e649a7 - test::run_test_in_process::{{closure}}::h0e39181dd7ee5a43
[INFO] [stdout]                                at /rustc/90b35a6239c3d8bdabc530a6a0816f7ff89a0aaf/library/test/src/lib.rs:644:60
[INFO] [stdout]   26:     0x5dea27e649a7 - <core::panic::unwind_safe::AssertUnwindSafe<F> as core::ops::function::FnOnce<()>>::call_once::hc5a66a30f0bdfd1f
[INFO] [stdout]                                at /rustc/90b35a6239c3d8bdabc530a6a0816f7ff89a0aaf/library/core/src/panic/unwind_safe.rs:272:9
[INFO] [stdout]   27:     0x5dea27e649a7 - std::panicking::try::do_call::h873b7cf639554a5e
[INFO] [stdout]                                at /rustc/90b35a6239c3d8bdabc530a6a0816f7ff89a0aaf/library/std/src/panicking.rs:557:40
[INFO] [stdout]   28:     0x5dea27e649a7 - std::panicking::try::hdb19862fad9c8bd1
[INFO] [stdout]                                at /rustc/90b35a6239c3d8bdabc530a6a0816f7ff89a0aaf/library/std/src/panicking.rs:520:19
[INFO] [stdout]   29:     0x5dea27e649a7 - std::panic::catch_unwind::h281fe732d236d260
[INFO] [stdout]                                at /rustc/90b35a6239c3d8bdabc530a6a0816f7ff89a0aaf/library/std/src/panic.rs:358:14
[INFO] [stdout]   30:     0x5dea27e649a7 - test::run_test_in_process::h949b6df8457ed338
[INFO] [stdout]                                at /rustc/90b35a6239c3d8bdabc530a6a0816f7ff89a0aaf/library/test/src/lib.rs:644:27
[INFO] [stdout]   31:     0x5dea27e649a7 - test::run_test::{{closure}}::h52c556a6d4740e10
[INFO] [stdout]                                at /rustc/90b35a6239c3d8bdabc530a6a0816f7ff89a0aaf/library/test/src/lib.rs:565:43
[INFO] [stdout]   32:     0x5dea27e29c84 - test::run_test::{{closure}}::h4237f6381c45ccb9
[INFO] [stdout]                                at /rustc/90b35a6239c3d8bdabc530a6a0816f7ff89a0aaf/library/test/src/lib.rs:595:41
[INFO] [stdout]   33:     0x5dea27e29c84 - std::sys::backtrace::__rust_begin_short_backtrace::h505c97a579eca628
[INFO] [stdout]                                at /rustc/90b35a6239c3d8bdabc530a6a0816f7ff89a0aaf/library/std/src/sys/backtrace.rs:154:18
[INFO] [stdout]   34:     0x5dea27e2d34e - std::thread::Builder::spawn_unchecked_::{{closure}}::{{closure}}::h9e86b2e2bc107ea3
[INFO] [stdout]                                at /rustc/90b35a6239c3d8bdabc530a6a0816f7ff89a0aaf/library/std/src/thread/mod.rs:538:17
[INFO] [stdout]   35:     0x5dea27e2d34e - <core::panic::unwind_safe::AssertUnwindSafe<F> as core::ops::function::FnOnce<()>>::call_once::h8b06ddb275ff4a25
[INFO] [stdout]                                at /rustc/90b35a6239c3d8bdabc530a6a0816f7ff89a0aaf/library/core/src/panic/unwind_safe.rs:272:9
[INFO] [stdout]   36:     0x5dea27e2d34e - std::panicking::try::do_call::hb26ecd7cd9a9355d
[INFO] [stdout]                                at /rustc/90b35a6239c3d8bdabc530a6a0816f7ff89a0aaf/library/std/src/panicking.rs:557:40
[INFO] [stdout]   37:     0x5dea27e2d34e - std::panicking::try::h8ddeca9d705f9069
[INFO] [stdout]                                at /rustc/90b35a6239c3d8bdabc530a6a0816f7ff89a0aaf/library/std/src/panicking.rs:520:19
[INFO] [stdout]   38:     0x5dea27e2d34e - std::panic::catch_unwind::h49e1c33078844c46
[INFO] [stdout]                                at /rustc/90b35a6239c3d8bdabc530a6a0816f7ff89a0aaf/library/std/src/panic.rs:358:14
[INFO] [stdout]   39:     0x5dea27e2d34e - std::thread::Builder::spawn_unchecked_::{{closure}}::h6073db6ff56ad35d
[INFO] [stdout]                                at /rustc/90b35a6239c3d8bdabc530a6a0816f7ff89a0aaf/library/std/src/thread/mod.rs:537:30
[INFO] [stdout]   40:     0x5dea27e2d34e - core::ops::function::FnOnce::call_once{{vtable.shim}}::h2c5a5f3779c774f1
[INFO] [stdout]                                at /rustc/90b35a6239c3d8bdabc530a6a0816f7ff89a0aaf/library/core/src/ops/function.rs:250:5
[INFO] [stdout]   41:     0x5dea27f2bf2b - <alloc::boxed::Box<F,A> as core::ops::function::FnOnce<Args>>::call_once::hf75717d9f28faebf
[INFO] [stdout]                                at /rustc/90b35a6239c3d8bdabc530a6a0816f7ff89a0aaf/library/alloc/src/boxed.rs:2454:9
[INFO] [stdout]   42:     0x5dea27f2bf2b - <alloc::boxed::Box<F,A> as core::ops::function::FnOnce<Args>>::call_once::h7bd883a5f3c5f3c1
[INFO] [stdout]                                at /rustc/90b35a6239c3d8bdabc530a6a0816f7ff89a0aaf/library/alloc/src/boxed.rs:2454:9
[INFO] [stdout]   43:     0x5dea27f2bf2b - std::sys::pal::unix::thread::Thread::new::thread_start::hcc78f3943333fa94
[INFO] [stdout]                                at /rustc/90b35a6239c3d8bdabc530a6a0816f7ff89a0aaf/library/std/src/sys/pal/unix/thread.rs:105:17
[INFO] [stdout]   44:     0x7c2d44014ac3 - <unknown>
[INFO] [stdout]   45:     0x7c2d440a5a04 - clone
[INFO] [stdout]   46:                0x0 - <unknown>
[INFO] [stdout] 
[INFO] [stdout] 
[INFO] [stdout] failures:
[INFO] [stdout]     model::tests::test_load_file
[INFO] [stdout]     model::tests::test_load_mmap
[INFO] [stdout] 
[INFO] [stdout] test result: FAILED. 279 passed; 2 failed; 6 ignored; 0 measured; 0 filtered out; finished in 3.69s
[INFO] [stdout] 
[INFO] [stderr] error: test failed, to rerun pass `-p rten --lib`
[INFO] running `Command { std: "docker" "inspect" "894671acf868eb54be9827a3079db6cc9dc1c5970520c6071fa85dfb07c44388", kill_on_drop: false }`
[INFO] running `Command { std: "docker" "rm" "-f" "894671acf868eb54be9827a3079db6cc9dc1c5970520c6071fa85dfb07c44388", kill_on_drop: false }`
[INFO] [stdout] 894671acf868eb54be9827a3079db6cc9dc1c5970520c6071fa85dfb07c44388
