[INFO] cloning repository https://github.com/hrishimk/deslite
[INFO] running `Command { std: "git" "-c" "credential.helper=" "-c" "credential.helper=/workspace/cargo-home/bin/git-credential-null" "clone" "--bare" "https://github.com/hrishimk/deslite" "/workspace/cache/git-repos/https%3A%2F%2Fgithub.com%2Fhrishimk%2Fdeslite", kill_on_drop: false }`
[INFO] [stderr] Cloning into bare repository '/workspace/cache/git-repos/https%3A%2F%2Fgithub.com%2Fhrishimk%2Fdeslite'...
[INFO] running `Command { std: "git" "rev-parse" "HEAD", kill_on_drop: false }`
[INFO] [stdout] e82113a2b4a8d001c62420f2986f0d7f01ffc18e
[INFO] testing hrishimk/deslite against 1.83.0 for beta-1.84.0-4-retry
[INFO] running `Command { std: "git" "clone" "/workspace/cache/git-repos/https%3A%2F%2Fgithub.com%2Fhrishimk%2Fdeslite" "/workspace/builds/worker-1-tc1/source", kill_on_drop: false }`
[INFO] [stderr] Cloning into '/workspace/builds/worker-1-tc1/source'...
[INFO] [stderr] done.
[INFO] validating manifest of git repo https://github.com/hrishimk/deslite on toolchain 1.83.0
[INFO] running `Command { std: CARGO_HOME="/workspace/cargo-home" RUSTUP_HOME="/workspace/rustup-home" "/workspace/cargo-home/bin/cargo" "+1.83.0" "metadata" "--manifest-path" "Cargo.toml" "--no-deps", kill_on_drop: false }`
[INFO] started tweaking git repo https://github.com/hrishimk/deslite
[INFO] finished tweaking git repo https://github.com/hrishimk/deslite
[INFO] tweaked toml for git repo https://github.com/hrishimk/deslite written to /workspace/builds/worker-1-tc1/source/Cargo.toml
[INFO] crate git repo https://github.com/hrishimk/deslite already has a lockfile, it will not be regenerated
[INFO] running `Command { std: CARGO_HOME="/workspace/cargo-home" RUSTUP_HOME="/workspace/rustup-home" "/workspace/cargo-home/bin/cargo" "+1.83.0" "fetch" "--manifest-path" "Cargo.toml", kill_on_drop: false }`
[INFO] [stderr] warning: no edition set: defaulting to the 2015 edition while the latest is 2021
[INFO] [stderr]  Downloading crates ...
[INFO] [stderr]   Downloaded libsqlite3-sys v0.9.3
[INFO] running `Command { std: "docker" "create" "-v" "/var/lib/crater-agent-workspace/builds/worker-1-tc1/target:/opt/rustwide/target:rw,Z" "-v" "/var/lib/crater-agent-workspace/builds/worker-1-tc1/source:/opt/rustwide/workdir:ro,Z" "-v" "/var/lib/crater-agent-workspace/cargo-home:/opt/rustwide/cargo-home:ro,Z" "-v" "/var/lib/crater-agent-workspace/rustup-home:/opt/rustwide/rustup-home:ro,Z" "-e" "SOURCE_DIR=/opt/rustwide/workdir" "-e" "CARGO_TARGET_DIR=/opt/rustwide/target" "-e" "CARGO_HOME=/opt/rustwide/cargo-home" "-e" "RUSTUP_HOME=/opt/rustwide/rustup-home" "-w" "/opt/rustwide/workdir" "-m" "1610612736" "--user" "0:0" "--network" "none" "ghcr.io/rust-lang/crates-build-env/linux@sha256:f3a9d4ad9d972b27faf3965f35b62e55ba32bbce8f20bc8fe909558a86702fde" "/opt/rustwide/cargo-home/bin/cargo" "+1.83.0" "metadata" "--no-deps" "--format-version=1", kill_on_drop: false }`
[INFO] [stdout] a25e053785de3af2af06e1120de8d80601c0f2923025210247e9d4b2c5581b4f
[INFO] running `Command { std: "docker" "start" "-a" "a25e053785de3af2af06e1120de8d80601c0f2923025210247e9d4b2c5581b4f", kill_on_drop: false }`
[INFO] running `Command { std: "docker" "inspect" "a25e053785de3af2af06e1120de8d80601c0f2923025210247e9d4b2c5581b4f", kill_on_drop: false }`
[INFO] running `Command { std: "docker" "rm" "-f" "a25e053785de3af2af06e1120de8d80601c0f2923025210247e9d4b2c5581b4f", kill_on_drop: false }`
[INFO] [stdout] a25e053785de3af2af06e1120de8d80601c0f2923025210247e9d4b2c5581b4f
[INFO] running `Command { std: "docker" "create" "-v" "/var/lib/crater-agent-workspace/builds/worker-1-tc1/target:/opt/rustwide/target:rw,Z" "-v" "/var/lib/crater-agent-workspace/builds/worker-1-tc1/source:/opt/rustwide/workdir:ro,Z" "-v" "/var/lib/crater-agent-workspace/cargo-home:/opt/rustwide/cargo-home:ro,Z" "-v" "/var/lib/crater-agent-workspace/rustup-home:/opt/rustwide/rustup-home:ro,Z" "-e" "SOURCE_DIR=/opt/rustwide/workdir" "-e" "CARGO_TARGET_DIR=/opt/rustwide/target" "-e" "CARGO_INCREMENTAL=0" "-e" "RUST_BACKTRACE=full" "-e" "RUSTFLAGS=--cap-lints=warn" "-e" "RUSTDOCFLAGS=--cap-lints=warn" "-e" "CARGO_HOME=/opt/rustwide/cargo-home" "-e" "RUSTUP_HOME=/opt/rustwide/rustup-home" "-w" "/opt/rustwide/workdir" "-m" "1610612736" "--user" "0:0" "--network" "none" "ghcr.io/rust-lang/crates-build-env/linux@sha256:f3a9d4ad9d972b27faf3965f35b62e55ba32bbce8f20bc8fe909558a86702fde" "/opt/rustwide/cargo-home/bin/cargo" "+1.83.0" "build" "--frozen" "--message-format=json", kill_on_drop: false }`
[INFO] [stdout] 637160a4dbbd8e5dad4ce699cb236471cfd37a348d3d6549c0a036cba091c6ad
[INFO] running `Command { std: "docker" "start" "-a" "637160a4dbbd8e5dad4ce699cb236471cfd37a348d3d6549c0a036cba091c6ad", kill_on_drop: false }`
[INFO] [stderr] warning: no edition set: defaulting to the 2015 edition while the latest is 2021
[INFO] [stderr]    Compiling pkg-config v0.3.14
[INFO] [stderr]    Compiling libsqlite3-sys v0.9.3
[INFO] [stderr]    Compiling deslite v0.1.0 (/opt/rustwide/workdir)
[INFO] [stdout] warning: use of deprecated function `std::mem::uninitialized`: use `mem::MaybeUninit` instead
[INFO] [stdout]   --> src/lib.rs:71:40
[INFO] [stdout]    |
[INFO] [stdout] 71 |         let mut a = unsafe { std::mem::uninitialized() };
[INFO] [stdout]    |                                        ^^^^^^^^^^^^^
[INFO] [stdout]    |
[INFO] [stdout]    = note: `#[warn(deprecated)]` on by default
[INFO] [stdout] 
[INFO] [stdout] 
[INFO] [stdout] warning: use of deprecated function `std::mem::uninitialized`: use `mem::MaybeUninit` instead
[INFO] [stdout]   --> src/stmt.rs:27:38
[INFO] [stdout]    |
[INFO] [stdout] 27 |             stmt: unsafe { std::mem::uninitialized() },
[INFO] [stdout]    |                                      ^^^^^^^^^^^^^
[INFO] [stdout] 
[INFO] [stdout] 
[INFO] [stdout] warning: fields `con`, `affected_rows`, `last_insert_id`, and `rows` are never read
[INFO] [stdout]   --> src/lib.rs:58:5
[INFO] [stdout]    |
[INFO] [stdout] 57 | pub struct QueryResult<'a> {
[INFO] [stdout]    |            ----------- fields in this struct
[INFO] [stdout] 58 |     con: &'a SqliteCon,
[INFO] [stdout]    |     ^^^
[INFO] [stdout] 59 |     affected_rows: Option<usize>,
[INFO] [stdout]    |     ^^^^^^^^^^^^^
[INFO] [stdout] 60 |     last_insert_id: Option<u64>,
[INFO] [stdout]    |     ^^^^^^^^^^^^^^
[INFO] [stdout] 61 |     rows: Rows<'a>,
[INFO] [stdout]    |     ^^^^
[INFO] [stdout]    |
[INFO] [stdout]    = note: `QueryResult` has a derived impl for the trait `Debug`, but this is intentionally ignored during dead code analysis
[INFO] [stdout]    = note: `#[warn(dead_code)]` on by default
[INFO] [stdout] 
[INFO] [stdout] 
[INFO] [stdout] warning: the type `*mut sqlite3` does not permit being left uninitialized
[INFO] [stdout]   --> src/lib.rs:71:30
[INFO] [stdout]    |
[INFO] [stdout] 71 |         let mut a = unsafe { std::mem::uninitialized() };
[INFO] [stdout]    |                              ^^^^^^^^^^^^^^^^^^^^^^^^^
[INFO] [stdout]    |                              |
[INFO] [stdout]    |                              this code causes undefined behavior when executed
[INFO] [stdout]    |                              help: use `MaybeUninit<T>` instead, and only call `assume_init` after initialization is done
[INFO] [stdout]    |
[INFO] [stdout]    = note: raw pointers must be initialized
[INFO] [stdout]    = note: `#[warn(invalid_value)]` on by default
[INFO] [stdout] 
[INFO] [stdout] 
[INFO] [stdout] warning: calls to `std::mem::drop` with a reference instead of an owned value does nothing
[INFO] [stdout]   --> src/stmt.rs:19:9
[INFO] [stdout]    |
[INFO] [stdout] 19 |         drop(self.con);
[INFO] [stdout]    |         ^^^^^--------^
[INFO] [stdout]    |              |
[INFO] [stdout]    |              argument has type `&SqliteCon`
[INFO] [stdout]    |
[INFO] [stdout]    = note: `#[warn(dropping_references)]` on by default
[INFO] [stdout] help: use `let _ = ...` to ignore the expression or result
[INFO] [stdout]    |
[INFO] [stdout] 19 -         drop(self.con);
[INFO] [stdout] 19 +         let _ = self.con;
[INFO] [stdout]    |
[INFO] [stdout] 
[INFO] [stdout] 
[INFO] [stdout] warning: the type `*mut sqlite3_stmt` does not permit being left uninitialized
[INFO] [stdout]   --> src/stmt.rs:27:28
[INFO] [stdout]    |
[INFO] [stdout] 27 |             stmt: unsafe { std::mem::uninitialized() },
[INFO] [stdout]    |                            ^^^^^^^^^^^^^^^^^^^^^^^^^
[INFO] [stdout]    |                            |
[INFO] [stdout]    |                            this code causes undefined behavior when executed
[INFO] [stdout]    |                            help: use `MaybeUninit<T>` instead, and only call `assume_init` after initialization is done
[INFO] [stdout]    |
[INFO] [stdout]    = note: raw pointers must be initialized
[INFO] [stdout] 
[INFO] [stdout] 
[INFO] [stderr]     Finished `dev` profile [unoptimized + debuginfo] target(s) in 1.58s
[INFO] running `Command { std: "docker" "inspect" "637160a4dbbd8e5dad4ce699cb236471cfd37a348d3d6549c0a036cba091c6ad", kill_on_drop: false }`
[INFO] running `Command { std: "docker" "rm" "-f" "637160a4dbbd8e5dad4ce699cb236471cfd37a348d3d6549c0a036cba091c6ad", kill_on_drop: false }`
[INFO] [stdout] 637160a4dbbd8e5dad4ce699cb236471cfd37a348d3d6549c0a036cba091c6ad
[INFO] running `Command { std: "docker" "create" "-v" "/var/lib/crater-agent-workspace/builds/worker-1-tc1/target:/opt/rustwide/target:rw,Z" "-v" "/var/lib/crater-agent-workspace/builds/worker-1-tc1/source:/opt/rustwide/workdir:ro,Z" "-v" "/var/lib/crater-agent-workspace/cargo-home:/opt/rustwide/cargo-home:ro,Z" "-v" "/var/lib/crater-agent-workspace/rustup-home:/opt/rustwide/rustup-home:ro,Z" "-e" "SOURCE_DIR=/opt/rustwide/workdir" "-e" "CARGO_TARGET_DIR=/opt/rustwide/target" "-e" "CARGO_INCREMENTAL=0" "-e" "RUST_BACKTRACE=full" "-e" "RUSTFLAGS=--cap-lints=warn" "-e" "RUSTDOCFLAGS=--cap-lints=warn" "-e" "CARGO_HOME=/opt/rustwide/cargo-home" "-e" "RUSTUP_HOME=/opt/rustwide/rustup-home" "-w" "/opt/rustwide/workdir" "-m" "1610612736" "--user" "0:0" "--network" "none" "ghcr.io/rust-lang/crates-build-env/linux@sha256:f3a9d4ad9d972b27faf3965f35b62e55ba32bbce8f20bc8fe909558a86702fde" "/opt/rustwide/cargo-home/bin/cargo" "+1.83.0" "test" "--frozen" "--no-run" "--message-format=json", kill_on_drop: false }`
[INFO] [stdout] 2258da7148affa8b2acd5d8b832939b2a589f62cdc4e7bbdd58c42b04453ee61
[INFO] running `Command { std: "docker" "start" "-a" "2258da7148affa8b2acd5d8b832939b2a589f62cdc4e7bbdd58c42b04453ee61", kill_on_drop: false }`
[INFO] [stderr] warning: no edition set: defaulting to the 2015 edition while the latest is 2021
[INFO] [stderr]    Compiling deslite v0.1.0 (/opt/rustwide/workdir)
[INFO] [stdout] warning: use of deprecated function `std::mem::uninitialized`: use `mem::MaybeUninit` instead
[INFO] [stdout]   --> src/lib.rs:71:40
[INFO] [stdout]    |
[INFO] [stdout] 71 |         let mut a = unsafe { std::mem::uninitialized() };
[INFO] [stdout]    |                                        ^^^^^^^^^^^^^
[INFO] [stdout]    |
[INFO] [stdout]    = note: `#[warn(deprecated)]` on by default
[INFO] [stdout] 
[INFO] [stdout] 
[INFO] [stdout] warning: use of deprecated function `std::mem::uninitialized`: use `mem::MaybeUninit` instead
[INFO] [stdout]   --> src/stmt.rs:27:38
[INFO] [stdout]    |
[INFO] [stdout] 27 |             stmt: unsafe { std::mem::uninitialized() },
[INFO] [stdout]    |                                      ^^^^^^^^^^^^^
[INFO] [stdout] 
[INFO] [stdout] 
[INFO] [stdout] warning: fields `con`, `affected_rows`, `last_insert_id`, and `rows` are never read
[INFO] [stdout]   --> src/lib.rs:58:5
[INFO] [stdout]    |
[INFO] [stdout] 57 | pub struct QueryResult<'a> {
[INFO] [stdout]    |            ----------- fields in this struct
[INFO] [stdout] 58 |     con: &'a SqliteCon,
[INFO] [stdout]    |     ^^^
[INFO] [stdout] 59 |     affected_rows: Option<usize>,
[INFO] [stdout]    |     ^^^^^^^^^^^^^
[INFO] [stdout] 60 |     last_insert_id: Option<u64>,
[INFO] [stdout]    |     ^^^^^^^^^^^^^^
[INFO] [stdout] 61 |     rows: Rows<'a>,
[INFO] [stdout]    |     ^^^^
[INFO] [stdout]    |
[INFO] [stdout]    = note: `QueryResult` has a derived impl for the trait `Debug`, but this is intentionally ignored during dead code analysis
[INFO] [stdout]    = note: `#[warn(dead_code)]` on by default
[INFO] [stdout] 
[INFO] [stdout] 
[INFO] [stdout] warning: the type `*mut sqlite3` does not permit being left uninitialized
[INFO] [stdout]   --> src/lib.rs:71:30
[INFO] [stdout]    |
[INFO] [stdout] 71 |         let mut a = unsafe { std::mem::uninitialized() };
[INFO] [stdout]    |                              ^^^^^^^^^^^^^^^^^^^^^^^^^
[INFO] [stdout]    |                              |
[INFO] [stdout]    |                              this code causes undefined behavior when executed
[INFO] [stdout]    |                              help: use `MaybeUninit<T>` instead, and only call `assume_init` after initialization is done
[INFO] [stdout]    |
[INFO] [stdout]    = note: raw pointers must be initialized
[INFO] [stdout]    = note: `#[warn(invalid_value)]` on by default
[INFO] [stdout] 
[INFO] [stdout] 
[INFO] [stdout] warning: calls to `std::mem::drop` with a reference instead of an owned value does nothing
[INFO] [stdout]   --> src/stmt.rs:19:9
[INFO] [stdout]    |
[INFO] [stdout] 19 |         drop(self.con);
[INFO] [stdout]    |         ^^^^^--------^
[INFO] [stdout]    |              |
[INFO] [stdout]    |              argument has type `&SqliteCon`
[INFO] [stdout]    |
[INFO] [stdout]    = note: `#[warn(dropping_references)]` on by default
[INFO] [stdout] help: use `let _ = ...` to ignore the expression or result
[INFO] [stdout]    |
[INFO] [stdout] 19 -         drop(self.con);
[INFO] [stdout] 19 +         let _ = self.con;
[INFO] [stdout]    |
[INFO] [stdout] 
[INFO] [stdout] 
[INFO] [stdout] warning: the type `*mut sqlite3_stmt` does not permit being left uninitialized
[INFO] [stdout]   --> src/stmt.rs:27:28
[INFO] [stdout]    |
[INFO] [stdout] 27 |             stmt: unsafe { std::mem::uninitialized() },
[INFO] [stdout]    |                            ^^^^^^^^^^^^^^^^^^^^^^^^^
[INFO] [stdout]    |                            |
[INFO] [stdout]    |                            this code causes undefined behavior when executed
[INFO] [stdout]    |                            help: use `MaybeUninit<T>` instead, and only call `assume_init` after initialization is done
[INFO] [stdout]    |
[INFO] [stdout]    = note: raw pointers must be initialized
[INFO] [stdout] 
[INFO] [stdout] 
[INFO] [stdout] warning: use of deprecated function `std::mem::uninitialized`: use `mem::MaybeUninit` instead
[INFO] [stdout]   --> src/lib.rs:71:40
[INFO] [stdout]    |
[INFO] [stdout] 71 |         let mut a = unsafe { std::mem::uninitialized() };
[INFO] [stdout]    |                                        ^^^^^^^^^^^^^
[INFO] [stdout]    |
[INFO] [stdout]    = note: `#[warn(deprecated)]` on by default
[INFO] [stdout] 
[INFO] [stdout] 
[INFO] [stdout] warning: use of deprecated function `std::mem::uninitialized`: use `mem::MaybeUninit` instead
[INFO] [stdout]   --> src/stmt.rs:27:38
[INFO] [stdout]    |
[INFO] [stdout] 27 |             stmt: unsafe { std::mem::uninitialized() },
[INFO] [stdout]    |                                      ^^^^^^^^^^^^^
[INFO] [stdout] 
[INFO] [stdout] 
[INFO] [stdout] warning: fields `con`, `affected_rows`, `last_insert_id`, and `rows` are never read
[INFO] [stdout]   --> src/lib.rs:58:5
[INFO] [stdout]    |
[INFO] [stdout] 57 | pub struct QueryResult<'a> {
[INFO] [stdout]    |            ----------- fields in this struct
[INFO] [stdout] 58 |     con: &'a SqliteCon,
[INFO] [stdout]    |     ^^^
[INFO] [stdout] 59 |     affected_rows: Option<usize>,
[INFO] [stdout]    |     ^^^^^^^^^^^^^
[INFO] [stdout] 60 |     last_insert_id: Option<u64>,
[INFO] [stdout]    |     ^^^^^^^^^^^^^^
[INFO] [stdout] 61 |     rows: Rows<'a>,
[INFO] [stdout]    |     ^^^^
[INFO] [stdout]    |
[INFO] [stdout]    = note: `QueryResult` has a derived impl for the trait `Debug`, but this is intentionally ignored during dead code analysis
[INFO] [stdout]    = note: `#[warn(dead_code)]` on by default
[INFO] [stdout] 
[INFO] [stdout] 
[INFO] [stdout] warning: the type `*mut sqlite3` does not permit being left uninitialized
[INFO] [stdout]   --> src/lib.rs:71:30
[INFO] [stdout]    |
[INFO] [stdout] 71 |         let mut a = unsafe { std::mem::uninitialized() };
[INFO] [stdout]    |                              ^^^^^^^^^^^^^^^^^^^^^^^^^
[INFO] [stdout]    |                              |
[INFO] [stdout]    |                              this code causes undefined behavior when executed
[INFO] [stdout]    |                              help: use `MaybeUninit<T>` instead, and only call `assume_init` after initialization is done
[INFO] [stdout]    |
[INFO] [stdout]    = note: raw pointers must be initialized
[INFO] [stdout]    = note: `#[warn(invalid_value)]` on by default
[INFO] [stdout] 
[INFO] [stdout] 
[INFO] [stdout] warning: calls to `std::mem::drop` with a reference instead of an owned value does nothing
[INFO] [stdout]   --> src/stmt.rs:19:9
[INFO] [stdout]    |
[INFO] [stdout] 19 |         drop(self.con);
[INFO] [stdout]    |         ^^^^^--------^
[INFO] [stdout]    |              |
[INFO] [stdout]    |              argument has type `&SqliteCon`
[INFO] [stdout]    |
[INFO] [stdout]    = note: `#[warn(dropping_references)]` on by default
[INFO] [stdout] help: use `let _ = ...` to ignore the expression or result
[INFO] [stdout]    |
[INFO] [stdout] 19 -         drop(self.con);
[INFO] [stdout] 19 +         let _ = self.con;
[INFO] [stdout]    |
[INFO] [stdout] 
[INFO] [stdout] 
[INFO] [stdout] warning: the type `*mut sqlite3_stmt` does not permit being left uninitialized
[INFO] [stdout]   --> src/stmt.rs:27:28
[INFO] [stdout]    |
[INFO] [stdout] 27 |             stmt: unsafe { std::mem::uninitialized() },
[INFO] [stdout]    |                            ^^^^^^^^^^^^^^^^^^^^^^^^^
[INFO] [stdout]    |                            |
[INFO] [stdout]    |                            this code causes undefined behavior when executed
[INFO] [stdout]    |                            help: use `MaybeUninit<T>` instead, and only call `assume_init` after initialization is done
[INFO] [stdout]    |
[INFO] [stdout]    = note: raw pointers must be initialized
[INFO] [stdout] 
[INFO] [stdout] 
[INFO] [stderr]     Finished `test` profile [unoptimized + debuginfo] target(s) in 0.97s
[INFO] running `Command { std: "docker" "inspect" "2258da7148affa8b2acd5d8b832939b2a589f62cdc4e7bbdd58c42b04453ee61", kill_on_drop: false }`
[INFO] running `Command { std: "docker" "rm" "-f" "2258da7148affa8b2acd5d8b832939b2a589f62cdc4e7bbdd58c42b04453ee61", kill_on_drop: false }`
[INFO] [stdout] 2258da7148affa8b2acd5d8b832939b2a589f62cdc4e7bbdd58c42b04453ee61
[INFO] running `Command { std: "docker" "create" "-v" "/var/lib/crater-agent-workspace/builds/worker-1-tc1/target:/opt/rustwide/target:rw,Z" "-v" "/var/lib/crater-agent-workspace/builds/worker-1-tc1/source:/opt/rustwide/workdir:ro,Z" "-v" "/var/lib/crater-agent-workspace/cargo-home:/opt/rustwide/cargo-home:ro,Z" "-v" "/var/lib/crater-agent-workspace/rustup-home:/opt/rustwide/rustup-home:ro,Z" "-e" "SOURCE_DIR=/opt/rustwide/workdir" "-e" "CARGO_TARGET_DIR=/opt/rustwide/target" "-e" "CARGO_INCREMENTAL=0" "-e" "RUST_BACKTRACE=full" "-e" "RUSTFLAGS=--cap-lints=warn" "-e" "RUSTDOCFLAGS=--cap-lints=warn" "-e" "CARGO_HOME=/opt/rustwide/cargo-home" "-e" "RUSTUP_HOME=/opt/rustwide/rustup-home" "-w" "/opt/rustwide/workdir" "-m" "1610612736" "--user" "0:0" "--network" "none" "ghcr.io/rust-lang/crates-build-env/linux@sha256:f3a9d4ad9d972b27faf3965f35b62e55ba32bbce8f20bc8fe909558a86702fde" "/opt/rustwide/cargo-home/bin/cargo" "+1.83.0" "test" "--frozen", kill_on_drop: false }`
[INFO] [stdout] aea295fd0724035fd5609dad6fbcfdb5f730f0adc60fa4fff10e8160852575b9
[INFO] running `Command { std: "docker" "start" "-a" "aea295fd0724035fd5609dad6fbcfdb5f730f0adc60fa4fff10e8160852575b9", kill_on_drop: false }`
[INFO] [stderr] warning: no edition set: defaulting to the 2015 edition while the latest is 2021
[INFO] [stderr] warning: use of deprecated function `std::mem::uninitialized`: use `mem::MaybeUninit` instead
[INFO] [stderr]   --> src/lib.rs:71:40
[INFO] [stderr]    |
[INFO] [stderr] 71 |         let mut a = unsafe { std::mem::uninitialized() };
[INFO] [stderr]    |                                        ^^^^^^^^^^^^^
[INFO] [stderr]    |
[INFO] [stderr]    = note: `#[warn(deprecated)]` on by default
[INFO] [stderr] 
[INFO] [stderr] warning: use of deprecated function `std::mem::uninitialized`: use `mem::MaybeUninit` instead
[INFO] [stderr]   --> src/stmt.rs:27:38
[INFO] [stderr]    |
[INFO] [stderr] 27 |             stmt: unsafe { std::mem::uninitialized() },
[INFO] [stderr]    |                                      ^^^^^^^^^^^^^
[INFO] [stderr] 
[INFO] [stderr] warning: fields `con`, `affected_rows`, `last_insert_id`, and `rows` are never read
[INFO] [stderr]   --> src/lib.rs:58:5
[INFO] [stderr]    |
[INFO] [stderr] 57 | pub struct QueryResult<'a> {
[INFO] [stderr]    |            ----------- fields in this struct
[INFO] [stderr] 58 |     con: &'a SqliteCon,
[INFO] [stderr]    |     ^^^
[INFO] [stderr] 59 |     affected_rows: Option<usize>,
[INFO] [stderr]    |     ^^^^^^^^^^^^^
[INFO] [stderr] 60 |     last_insert_id: Option<u64>,
[INFO] [stderr]    |     ^^^^^^^^^^^^^^
[INFO] [stderr] 61 |     rows: Rows<'a>,
[INFO] [stderr]    |     ^^^^
[INFO] [stderr]    |
[INFO] [stderr]    = note: `QueryResult` has a derived impl for the trait `Debug`, but this is intentionally ignored during dead code analysis
[INFO] [stderr]    = note: `#[warn(dead_code)]` on by default
[INFO] [stderr] 
[INFO] [stderr] warning: the type `*mut sqlite3` does not permit being left uninitialized
[INFO] [stderr]   --> src/lib.rs:71:30
[INFO] [stderr]    |
[INFO] [stderr] 71 |         let mut a = unsafe { std::mem::uninitialized() };
[INFO] [stderr]    |                              ^^^^^^^^^^^^^^^^^^^^^^^^^
[INFO] [stderr]    |                              |
[INFO] [stderr]    |                              this code causes undefined behavior when executed
[INFO] [stderr]    |                              help: use `MaybeUninit<T>` instead, and only call `assume_init` after initialization is done
[INFO] [stderr]    |
[INFO] [stderr]    = note: raw pointers must be initialized
[INFO] [stderr]    = note: `#[warn(invalid_value)]` on by default
[INFO] [stderr] 
[INFO] [stderr] warning: calls to `std::mem::drop` with a reference instead of an owned value does nothing
[INFO] [stderr]   --> src/stmt.rs:19:9
[INFO] [stderr]    |
[INFO] [stderr] 19 |         drop(self.con);
[INFO] [stderr]    |         ^^^^^--------^
[INFO] [stderr]    |              |
[INFO] [stderr]    |              argument has type `&SqliteCon`
[INFO] [stderr]    |
[INFO] [stderr]    = note: `#[warn(dropping_references)]` on by default
[INFO] [stderr] help: use `let _ = ...` to ignore the expression or result
[INFO] [stderr]    |
[INFO] [stderr] 19 -         drop(self.con);
[INFO] [stderr] 19 +         let _ = self.con;
[INFO] [stderr]    |
[INFO] [stderr] 
[INFO] [stderr] warning: the type `*mut sqlite3_stmt` does not permit being left uninitialized
[INFO] [stderr]   --> src/stmt.rs:27:28
[INFO] [stderr]    |
[INFO] [stderr] 27 |             stmt: unsafe { std::mem::uninitialized() },
[INFO] [stderr]    |                            ^^^^^^^^^^^^^^^^^^^^^^^^^
[INFO] [stderr]    |                            |
[INFO] [stderr]    |                            this code causes undefined behavior when executed
[INFO] [stderr]    |                            help: use `MaybeUninit<T>` instead, and only call `assume_init` after initialization is done
[INFO] [stderr]    |
[INFO] [stderr]    = note: raw pointers must be initialized
[INFO] [stderr] 
[INFO] [stderr] warning: `deslite` (lib) generated 6 warnings
[INFO] [stderr] warning: `deslite` (lib test) generated 6 warnings (6 duplicates)
[INFO] [stderr]     Finished `test` profile [unoptimized + debuginfo] target(s) in 0.02s
[INFO] [stderr]      Running unittests src/lib.rs (/opt/rustwide/target/debug/deps/deslite-1ad4db39aa1b8621)
[INFO] [stdout] 
[INFO] [stdout] running 2 tests
[INFO] [stdout] test tests::it_works ... ok
[INFO] [stdout] test tests::data_test ... FAILED
[INFO] [stdout] 
[INFO] [stdout] failures:
[INFO] [stdout] 
[INFO] [stdout] ---- tests::data_test stdout ----
[INFO] [stdout] thread 'tests::data_test' panicked at src/lib.rs:138:45:
[INFO] [stdout] Failed to create Sqlite db: ConnectionErr("Failed to open database")
[INFO] [stdout] stack backtrace:
[INFO] [stdout]    0:     0x58683e74130a - std::backtrace_rs::backtrace::libunwind::trace::h5a5b8284f2d0c266
[INFO] [stdout]                                at /rustc/90b35a6239c3d8bdabc530a6a0816f7ff89a0aaf/library/std/src/../../backtrace/src/backtrace/libunwind.rs:116:5
[INFO] [stdout]    1:     0x58683e74130a - std::backtrace_rs::backtrace::trace_unsynchronized::h76d4f1c9b0b875e3
[INFO] [stdout]                                at /rustc/90b35a6239c3d8bdabc530a6a0816f7ff89a0aaf/library/std/src/../../backtrace/src/backtrace/mod.rs:66:5
[INFO] [stdout]    2:     0x58683e74130a - std::sys::backtrace::_print_fmt::hc4546b8364a537c6
[INFO] [stdout]                                at /rustc/90b35a6239c3d8bdabc530a6a0816f7ff89a0aaf/library/std/src/sys/backtrace.rs:66:9
[INFO] [stdout]    3:     0x58683e74130a - <std::sys::backtrace::BacktraceLock::print::DisplayBacktrace as core::fmt::Display>::fmt::h5b6bd5631a6d1f6b
[INFO] [stdout]                                at /rustc/90b35a6239c3d8bdabc530a6a0816f7ff89a0aaf/library/std/src/sys/backtrace.rs:39:26
[INFO] [stdout]    4:     0x58683e766773 - core::fmt::rt::Argument::fmt::h270f6602a2b96f62
[INFO] [stdout]                                at /rustc/90b35a6239c3d8bdabc530a6a0816f7ff89a0aaf/library/core/src/fmt/rt.rs:177:76
[INFO] [stdout]    5:     0x58683e766773 - core::fmt::write::h7550c97b06c86515
[INFO] [stdout]                                at /rustc/90b35a6239c3d8bdabc530a6a0816f7ff89a0aaf/library/core/src/fmt/mod.rs:1186:21
[INFO] [stdout]    6:     0x58683e73e4d3 - std::io::Write::write_fmt::h509ff860e5956e5e
[INFO] [stdout]                                at /rustc/90b35a6239c3d8bdabc530a6a0816f7ff89a0aaf/library/std/src/io/mod.rs:1839:15
[INFO] [stdout]    7:     0x58683e741152 - std::sys::backtrace::BacktraceLock::print::h2395ccd2c84ba3aa
[INFO] [stdout]                                at /rustc/90b35a6239c3d8bdabc530a6a0816f7ff89a0aaf/library/std/src/sys/backtrace.rs:42:9
[INFO] [stdout]    8:     0x58683e74276a - std::panicking::default_hook::{{closure}}::he19d4c7230e07961
[INFO] [stdout]                                at /rustc/90b35a6239c3d8bdabc530a6a0816f7ff89a0aaf/library/std/src/panicking.rs:268:22
[INFO] [stdout]    9:     0x58683e742574 - std::panicking::default_hook::hf614597d3c67bbdb
[INFO] [stdout]                                at /rustc/90b35a6239c3d8bdabc530a6a0816f7ff89a0aaf/library/std/src/panicking.rs:292:9
[INFO] [stdout]   10:     0x58683e70ddf9 - <alloc::boxed::Box<F,A> as core::ops::function::Fn<Args>>::call::h39b51ce4599c23d1
[INFO] [stdout]                                at /rustc/90b35a6239c3d8bdabc530a6a0816f7ff89a0aaf/library/alloc/src/boxed.rs:2468:9
[INFO] [stdout]   11:     0x58683e70ddf9 - test::test_main::{{closure}}::he977ae839a582784
[INFO] [stdout]                                at /rustc/90b35a6239c3d8bdabc530a6a0816f7ff89a0aaf/library/test/src/lib.rs:133:21
[INFO] [stdout]   12:     0x58683e742e08 - <alloc::boxed::Box<F,A> as core::ops::function::Fn<Args>>::call::h9455091b6b06f9fb
[INFO] [stdout]                                at /rustc/90b35a6239c3d8bdabc530a6a0816f7ff89a0aaf/library/alloc/src/boxed.rs:2468:9
[INFO] [stdout]   13:     0x58683e742e08 - std::panicking::rust_panic_with_hook::h8942133a8b252070
[INFO] [stdout]                                at /rustc/90b35a6239c3d8bdabc530a6a0816f7ff89a0aaf/library/std/src/panicking.rs:809:13
[INFO] [stdout]   14:     0x58683e742bca - std::panicking::begin_panic_handler::{{closure}}::hb5f5963570096b29
[INFO] [stdout]                                at /rustc/90b35a6239c3d8bdabc530a6a0816f7ff89a0aaf/library/std/src/panicking.rs:674:13
[INFO] [stdout]   15:     0x58683e7417e9 - std::sys::backtrace::__rust_end_short_backtrace::h6208cedc1922feda
[INFO] [stdout]                                at /rustc/90b35a6239c3d8bdabc530a6a0816f7ff89a0aaf/library/std/src/sys/backtrace.rs:170:18
[INFO] [stdout]   16:     0x58683e74285c - rust_begin_unwind
[INFO] [stdout]                                at /rustc/90b35a6239c3d8bdabc530a6a0816f7ff89a0aaf/library/std/src/panicking.rs:665:5
[INFO] [stdout]   17:     0x58683e6cba60 - core::panicking::panic_fmt::h0c3082644d1bf418
[INFO] [stdout]                                at /rustc/90b35a6239c3d8bdabc530a6a0816f7ff89a0aaf/library/core/src/panicking.rs:74:14
[INFO] [stdout]   18:     0x58683e6cbea6 - core::result::unwrap_failed::hd20b4aa073bda1e2
[INFO] [stdout]                                at /rustc/90b35a6239c3d8bdabc530a6a0816f7ff89a0aaf/library/core/src/result.rs:1700:5
[INFO] [stdout]   19:     0x58683e6cd511 - core::result::Result<T,E>::expect::h1836b75cdb485e8f
[INFO] [stdout]                                at /rustc/90b35a6239c3d8bdabc530a6a0816f7ff89a0aaf/library/core/src/result.rs:1061:23
[INFO] [stdout]   20:     0x58683e6d21dc - deslite::tests::data_test::h7edef5e9104ef4a0
[INFO] [stdout]                                at /opt/rustwide/workdir/src/lib.rs:138:19
[INFO] [stdout]   21:     0x58683e6d2107 - deslite::tests::data_test::{{closure}}::h81d92ccf4df9a464
[INFO] [stdout]                                at /opt/rustwide/workdir/src/lib.rs:137:19
[INFO] [stdout]   22:     0x58683e6d3b26 - core::ops::function::FnOnce::call_once::h448aeacc7372e4de
[INFO] [stdout]                                at /rustc/90b35a6239c3d8bdabc530a6a0816f7ff89a0aaf/library/core/src/ops/function.rs:250:5
[INFO] [stdout]   23:     0x58683e7127bb - core::ops::function::FnOnce::call_once::h109cf8051a59b34e
[INFO] [stdout]                                at /rustc/90b35a6239c3d8bdabc530a6a0816f7ff89a0aaf/library/core/src/ops/function.rs:250:5
[INFO] [stdout]   24:     0x58683e7127bb - test::__rust_begin_short_backtrace::hf4fff89d377446ba
[INFO] [stdout]                                at /rustc/90b35a6239c3d8bdabc530a6a0816f7ff89a0aaf/library/test/src/lib.rs:621:18
[INFO] [stdout]   25:     0x58683e711ff7 - test::run_test_in_process::{{closure}}::h0e39181dd7ee5a43
[INFO] [stdout]                                at /rustc/90b35a6239c3d8bdabc530a6a0816f7ff89a0aaf/library/test/src/lib.rs:644:60
[INFO] [stdout]   26:     0x58683e711ff7 - <core::panic::unwind_safe::AssertUnwindSafe<F> as core::ops::function::FnOnce<()>>::call_once::hc5a66a30f0bdfd1f
[INFO] [stdout]                                at /rustc/90b35a6239c3d8bdabc530a6a0816f7ff89a0aaf/library/core/src/panic/unwind_safe.rs:272:9
[INFO] [stdout]   27:     0x58683e711ff7 - std::panicking::try::do_call::h873b7cf639554a5e
[INFO] [stdout]                                at /rustc/90b35a6239c3d8bdabc530a6a0816f7ff89a0aaf/library/std/src/panicking.rs:557:40
[INFO] [stdout]   28:     0x58683e711ff7 - std::panicking::try::hdb19862fad9c8bd1
[INFO] [stdout]                                at /rustc/90b35a6239c3d8bdabc530a6a0816f7ff89a0aaf/library/std/src/panicking.rs:520:19
[INFO] [stdout]   29:     0x58683e711ff7 - std::panic::catch_unwind::h281fe732d236d260
[INFO] [stdout]                                at /rustc/90b35a6239c3d8bdabc530a6a0816f7ff89a0aaf/library/std/src/panic.rs:358:14
[INFO] [stdout]   30:     0x58683e711ff7 - test::run_test_in_process::h949b6df8457ed338
[INFO] [stdout]                                at /rustc/90b35a6239c3d8bdabc530a6a0816f7ff89a0aaf/library/test/src/lib.rs:644:27
[INFO] [stdout]   31:     0x58683e711ff7 - test::run_test::{{closure}}::h52c556a6d4740e10
[INFO] [stdout]                                at /rustc/90b35a6239c3d8bdabc530a6a0816f7ff89a0aaf/library/test/src/lib.rs:565:43
[INFO] [stdout]   32:     0x58683e6d72d4 - test::run_test::{{closure}}::h4237f6381c45ccb9
[INFO] [stdout]                                at /rustc/90b35a6239c3d8bdabc530a6a0816f7ff89a0aaf/library/test/src/lib.rs:595:41
[INFO] [stdout]   33:     0x58683e6d72d4 - std::sys::backtrace::__rust_begin_short_backtrace::h505c97a579eca628
[INFO] [stdout]                                at /rustc/90b35a6239c3d8bdabc530a6a0816f7ff89a0aaf/library/std/src/sys/backtrace.rs:154:18
[INFO] [stdout]   34:     0x58683e6da99e - std::thread::Builder::spawn_unchecked_::{{closure}}::{{closure}}::h9e86b2e2bc107ea3
[INFO] [stdout]                                at /rustc/90b35a6239c3d8bdabc530a6a0816f7ff89a0aaf/library/std/src/thread/mod.rs:538:17
[INFO] [stdout]   35:     0x58683e6da99e - <core::panic::unwind_safe::AssertUnwindSafe<F> as core::ops::function::FnOnce<()>>::call_once::h8b06ddb275ff4a25
[INFO] [stdout]                                at /rustc/90b35a6239c3d8bdabc530a6a0816f7ff89a0aaf/library/core/src/panic/unwind_safe.rs:272:9
[INFO] [stdout]   36:     0x58683e6da99e - std::panicking::try::do_call::hb26ecd7cd9a9355d
[INFO] [stdout]                                at /rustc/90b35a6239c3d8bdabc530a6a0816f7ff89a0aaf/library/std/src/panicking.rs:557:40
[INFO] [stdout]   37:     0x58683e6da99e - std::panicking::try::h8ddeca9d705f9069
[INFO] [stdout]                                at /rustc/90b35a6239c3d8bdabc530a6a0816f7ff89a0aaf/library/std/src/panicking.rs:520:19
[INFO] [stdout]   38:     0x58683e6da99e - std::panic::catch_unwind::h49e1c33078844c46
[INFO] [stdout]                                at /rustc/90b35a6239c3d8bdabc530a6a0816f7ff89a0aaf/library/std/src/panic.rs:358:14
[INFO] [stdout]   39:     0x58683e6da99e - std::thread::Builder::spawn_unchecked_::{{closure}}::h6073db6ff56ad35d
[INFO] [stdout]                                at /rustc/90b35a6239c3d8bdabc530a6a0816f7ff89a0aaf/library/std/src/thread/mod.rs:537:30
[INFO] [stdout]   40:     0x58683e6da99e - core::ops::function::FnOnce::call_once{{vtable.shim}}::h2c5a5f3779c774f1
[INFO] [stdout]                                at /rustc/90b35a6239c3d8bdabc530a6a0816f7ff89a0aaf/library/core/src/ops/function.rs:250:5
[INFO] [stdout]   41:     0x58683e746b5b - <alloc::boxed::Box<F,A> as core::ops::function::FnOnce<Args>>::call_once::hf75717d9f28faebf
[INFO] [stdout]                                at /rustc/90b35a6239c3d8bdabc530a6a0816f7ff89a0aaf/library/alloc/src/boxed.rs:2454:9
[INFO] [stdout]   42:     0x58683e746b5b - <alloc::boxed::Box<F,A> as core::ops::function::FnOnce<Args>>::call_once::h7bd883a5f3c5f3c1
[INFO] [stdout]                                at /rustc/90b35a6239c3d8bdabc530a6a0816f7ff89a0aaf/library/alloc/src/boxed.rs:2454:9
[INFO] [stdout]   43:     0x58683e746b5b - std::sys::pal::unix::thread::Thread::new::thread_start::hcc78f3943333fa94
[INFO] [stdout]                                at /rustc/90b35a6239c3d8bdabc530a6a0816f7ff89a0aaf/library/std/src/sys/pal/unix/thread.rs:105:17
[INFO] [stdout]   44:     0x7746d2d26ac3 - <unknown>
[INFO] [stdout]   45:     0x7746d2db7a04 - clone
[INFO] [stdout]   46:                0x0 - <unknown>
[INFO] [stdout] 
[INFO] [stdout] 
[INFO] [stdout] failures:
[INFO] [stdout]     tests::data_test
[INFO] [stdout] 
[INFO] [stdout] test result: FAILED. 1 passed; 1 failed; 0 ignored; 0 measured; 0 filtered out; finished in 0.03s
[INFO] [stdout] 
[INFO] [stderr] error: test failed, to rerun pass `--lib`
[INFO] running `Command { std: "docker" "inspect" "aea295fd0724035fd5609dad6fbcfdb5f730f0adc60fa4fff10e8160852575b9", kill_on_drop: false }`
[INFO] running `Command { std: "docker" "rm" "-f" "aea295fd0724035fd5609dad6fbcfdb5f730f0adc60fa4fff10e8160852575b9", kill_on_drop: false }`
[INFO] [stdout] aea295fd0724035fd5609dad6fbcfdb5f730f0adc60fa4fff10e8160852575b9
