[INFO] cloning repository https://github.com/hortonew/reddit_scraper
[INFO] running `Command { std: "git" "-c" "credential.helper=" "-c" "credential.helper=/workspace/cargo-home/bin/git-credential-null" "clone" "--bare" "https://github.com/hortonew/reddit_scraper" "/workspace/cache/git-repos/https%3A%2F%2Fgithub.com%2Fhortonew%2Freddit_scraper", kill_on_drop: false }`
[INFO] [stderr] Cloning into bare repository '/workspace/cache/git-repos/https%3A%2F%2Fgithub.com%2Fhortonew%2Freddit_scraper'...
[INFO] running `Command { std: "git" "rev-parse" "HEAD", kill_on_drop: false }`
[INFO] [stdout] 626050fbe0a6bcfc2b9f0253826c4873772c998e
[INFO] testing hortonew/reddit_scraper against 1.83.0 for beta-1.84.0-4-retry
[INFO] running `Command { std: "git" "clone" "/workspace/cache/git-repos/https%3A%2F%2Fgithub.com%2Fhortonew%2Freddit_scraper" "/workspace/builds/worker-2-tc1/source", kill_on_drop: false }`
[INFO] [stderr] Cloning into '/workspace/builds/worker-2-tc1/source'...
[INFO] [stderr] done.
[INFO] validating manifest of git repo https://github.com/hortonew/reddit_scraper on toolchain 1.83.0
[INFO] running `Command { std: CARGO_HOME="/workspace/cargo-home" RUSTUP_HOME="/workspace/rustup-home" "/workspace/cargo-home/bin/cargo" "+1.83.0" "metadata" "--manifest-path" "Cargo.toml" "--no-deps", kill_on_drop: false }`
[INFO] started tweaking git repo https://github.com/hortonew/reddit_scraper
[INFO] finished tweaking git repo https://github.com/hortonew/reddit_scraper
[INFO] tweaked toml for git repo https://github.com/hortonew/reddit_scraper written to /workspace/builds/worker-2-tc1/source/Cargo.toml
[INFO] crate git repo https://github.com/hortonew/reddit_scraper already has a lockfile, it will not be regenerated
[INFO] running `Command { std: CARGO_HOME="/workspace/cargo-home" RUSTUP_HOME="/workspace/rustup-home" "/workspace/cargo-home/bin/cargo" "+1.83.0" "fetch" "--manifest-path" "Cargo.toml", kill_on_drop: false }`
[INFO] [stderr]     Updating crates.io index
[INFO] [stderr]  Downloading crates ...
[INFO] [stderr]   Downloaded sentiment v0.1.1
[INFO] running `Command { std: "docker" "create" "-v" "/var/lib/crater-agent-workspace/builds/worker-2-tc1/target:/opt/rustwide/target:rw,Z" "-v" "/var/lib/crater-agent-workspace/builds/worker-2-tc1/source:/opt/rustwide/workdir:ro,Z" "-v" "/var/lib/crater-agent-workspace/cargo-home:/opt/rustwide/cargo-home:ro,Z" "-v" "/var/lib/crater-agent-workspace/rustup-home:/opt/rustwide/rustup-home:ro,Z" "-e" "SOURCE_DIR=/opt/rustwide/workdir" "-e" "CARGO_TARGET_DIR=/opt/rustwide/target" "-e" "CARGO_HOME=/opt/rustwide/cargo-home" "-e" "RUSTUP_HOME=/opt/rustwide/rustup-home" "-w" "/opt/rustwide/workdir" "-m" "1610612736" "--user" "0:0" "--network" "none" "ghcr.io/rust-lang/crates-build-env/linux@sha256:f3a9d4ad9d972b27faf3965f35b62e55ba32bbce8f20bc8fe909558a86702fde" "/opt/rustwide/cargo-home/bin/cargo" "+1.83.0" "metadata" "--no-deps" "--format-version=1", kill_on_drop: false }`
[INFO] [stdout] 7b38d6f78540c4a5b952ffa76540715cde68d36481590a39f5fa0f64d40aa017
[INFO] running `Command { std: "docker" "start" "-a" "7b38d6f78540c4a5b952ffa76540715cde68d36481590a39f5fa0f64d40aa017", kill_on_drop: false }`
[INFO] running `Command { std: "docker" "inspect" "7b38d6f78540c4a5b952ffa76540715cde68d36481590a39f5fa0f64d40aa017", kill_on_drop: false }`
[INFO] running `Command { std: "docker" "rm" "-f" "7b38d6f78540c4a5b952ffa76540715cde68d36481590a39f5fa0f64d40aa017", kill_on_drop: false }`
[INFO] [stdout] 7b38d6f78540c4a5b952ffa76540715cde68d36481590a39f5fa0f64d40aa017
[INFO] running `Command { std: "docker" "create" "-v" "/var/lib/crater-agent-workspace/builds/worker-2-tc1/target:/opt/rustwide/target:rw,Z" "-v" "/var/lib/crater-agent-workspace/builds/worker-2-tc1/source:/opt/rustwide/workdir:ro,Z" "-v" "/var/lib/crater-agent-workspace/cargo-home:/opt/rustwide/cargo-home:ro,Z" "-v" "/var/lib/crater-agent-workspace/rustup-home:/opt/rustwide/rustup-home:ro,Z" "-e" "SOURCE_DIR=/opt/rustwide/workdir" "-e" "CARGO_TARGET_DIR=/opt/rustwide/target" "-e" "CARGO_INCREMENTAL=0" "-e" "RUST_BACKTRACE=full" "-e" "RUSTFLAGS=--cap-lints=warn" "-e" "RUSTDOCFLAGS=--cap-lints=warn" "-e" "CARGO_HOME=/opt/rustwide/cargo-home" "-e" "RUSTUP_HOME=/opt/rustwide/rustup-home" "-w" "/opt/rustwide/workdir" "-m" "1610612736" "--user" "0:0" "--network" "none" "ghcr.io/rust-lang/crates-build-env/linux@sha256:f3a9d4ad9d972b27faf3965f35b62e55ba32bbce8f20bc8fe909558a86702fde" "/opt/rustwide/cargo-home/bin/cargo" "+1.83.0" "build" "--frozen" "--message-format=json", kill_on_drop: false }`
[INFO] [stdout] 455b0d495733c9c741819bfc234bff94bbca6d364924539750f61ce5e0cab22d
[INFO] running `Command { std: "docker" "start" "-a" "455b0d495733c9c741819bfc234bff94bbca6d364924539750f61ce5e0cab22d", kill_on_drop: false }`
[INFO] [stderr]    Compiling proc-macro2 v1.0.86
[INFO] [stderr]    Compiling unicode-ident v1.0.12
[INFO] [stderr]    Compiling version_check v0.9.5
[INFO] [stderr]    Compiling libc v0.2.156
[INFO] [stderr]    Compiling memchr v2.7.4
[INFO] [stderr]    Compiling autocfg v1.3.0
[INFO] [stderr]    Compiling once_cell v1.19.0
[INFO] [stderr]    Compiling cfg-if v1.0.0
[INFO] [stderr]    Compiling itoa v1.0.11
[INFO] [stderr]    Compiling serde v1.0.208
[INFO] [stderr]    Compiling pin-project-lite v0.2.14
[INFO] [stderr]    Compiling bytes v1.7.1
[INFO] [stderr]    Compiling byteorder v1.5.0
[INFO] [stderr]    Compiling smallvec v1.13.2
[INFO] [stderr]    Compiling parking_lot_core v0.9.10
[INFO] [stderr]    Compiling fnv v1.0.7
[INFO] [stderr]    Compiling futures-core v0.3.30
[INFO] [stderr]    Compiling scopeguard v1.2.0
[INFO] [stderr]    Compiling pin-utils v0.1.0
[INFO] [stderr]    Compiling pkg-config v0.3.30
[INFO] [stderr]    Compiling vcpkg v0.2.15
[INFO] [stderr]    Compiling futures-sink v0.3.30
[INFO] [stderr]    Compiling ryu v1.0.18
[INFO] [stderr]    Compiling tinyvec_macros v0.1.1
[INFO] [stderr]    Compiling equivalent v1.0.1
[INFO] [stderr]    Compiling serde_json v1.0.125
[INFO] [stderr]    Compiling percent-encoding v2.3.1
[INFO] [stderr]    Compiling tinyvec v1.8.0
[INFO] [stderr]    Compiling thiserror v1.0.63
[INFO] [stderr]    Compiling futures-channel v0.3.30
[INFO] [stderr]    Compiling slab v0.4.9
[INFO] [stderr]    Compiling ahash v0.8.11
[INFO] [stderr]    Compiling lock_api v0.4.12
[INFO] [stderr]    Compiling tracing-core v0.1.32
[INFO] [stderr]    Compiling bitflags v2.6.0
[INFO] [stderr]    Compiling lazy_static v1.5.0
[INFO] [stderr]    Compiling futures-task v0.3.30
[INFO] [stderr]    Compiling futures-io v0.3.30
[INFO] [stderr]    Compiling httparse v1.9.4
[INFO] [stderr]    Compiling log v0.4.22
[INFO] [stderr]    Compiling futures-util v0.3.30
[INFO] [stderr]    Compiling proc-macro2-diagnostics v0.10.1
[INFO] [stderr]    Compiling try-lock v0.2.5
[INFO] [stderr]    Compiling aho-corasick v1.1.3
[INFO] [stderr]    Compiling shlex v1.3.0
[INFO] [stderr]    Compiling want v0.3.1
[INFO] [stderr]    Compiling ucd-trie v0.1.6
[INFO] [stderr]    Compiling yansi v1.0.1
[INFO] [stderr]    Compiling tracing v0.1.40
[INFO] [stderr]    Compiling tower-service v0.3.3
[INFO] [stderr]    Compiling regex-syntax v0.8.4
[INFO] [stderr]    Compiling cc v1.1.13
[INFO] [stderr]    Compiling http v1.1.0
[INFO] [stderr]    Compiling form_urlencoded v1.2.1
[INFO] [stderr]    Compiling version_check v0.1.5
[INFO] [stderr]    Compiling same-file v1.0.6
[INFO] [stderr]    Compiling unicode-bidi v0.3.15
[INFO] [stderr]    Compiling http v0.2.12
[INFO] [stderr]    Compiling walkdir v2.5.0
[INFO] [stderr]    Compiling cookie-factory v0.2.4
[INFO] [stderr]    Compiling nom v4.2.3
[INFO] [stderr]    Compiling quick-error v1.2.3
[INFO] [stderr]    Compiling libsqlite3-sys v0.30.1
[INFO] [stderr]    Compiling quote v1.0.36
[INFO] [stderr]    Compiling unicode-normalization v0.1.23
[INFO] [stderr]    Compiling openssl v0.10.66
[INFO] [stderr]    Compiling syn v2.0.74
[INFO] [stderr]    Compiling mio v1.0.2
[INFO] [stderr]    Compiling socket2 v0.5.7
[INFO] [stderr]    Compiling signal-hook-registry v1.4.2
[INFO] [stderr]    Compiling parking_lot v0.12.3
[INFO] [stderr]    Compiling semver v1.0.23
[INFO] [stderr]    Compiling num-conv v0.1.0
[INFO] [stderr]    Compiling time-core v0.1.2
[INFO] [stderr]    Compiling inlinable_string v0.1.15
[INFO] [stderr]    Compiling foreign-types-shared v0.1.1
[INFO] [stderr]    Compiling powerfmt v0.2.0
[INFO] [stderr]    Compiling time-macros v0.2.18
[INFO] [stderr]    Compiling foreign-types v0.3.2
[INFO] [stderr]    Compiling idna v0.5.0
[INFO] [stderr]    Compiling http-body v0.4.6
[INFO] [stderr]    Compiling getrandom v0.2.15
[INFO] [stderr]    Compiling deranged v0.3.11
[INFO] [stderr]    Compiling cookie v0.18.1
[INFO] [stderr]    Compiling num-traits v0.2.19
[INFO] [stderr]    Compiling native-tls v0.2.12
[INFO] [stderr]    Compiling httpdate v1.0.3
[INFO] [stderr]    Compiling ref-cast v1.0.23
[INFO] [stderr]    Compiling rand_core v0.6.4
[INFO] [stderr]    Compiling openssl-sys v0.9.103
[INFO] [stderr]    Compiling http-body v1.0.1
[INFO] [stderr]    Compiling is-terminal v0.4.13
[INFO] [stderr]    Compiling uncased v0.9.10
[INFO] [stderr]    Compiling encoding_rs v0.8.34
[INFO] [stderr]    Compiling fallible-iterator v0.3.0
[INFO] [stderr]    Compiling openssl-probe v0.1.5
[INFO] [stderr]    Compiling url v2.5.2
[INFO] [stderr]    Compiling fallible-streaming-iterator v0.1.9
[INFO] [stderr]    Compiling mime v0.3.17
[INFO] [stderr]    Compiling syn v1.0.109
[INFO] [stderr]    Compiling atomic-waker v1.1.2
[INFO] [stderr]    Compiling tokio v1.39.2
[INFO] [stderr]    Compiling stable-pattern v0.1.0
[INFO] [stderr]    Compiling doc-comment v0.3.3
[INFO] [stderr]    Compiling crossbeam-utils v0.8.20
[INFO] [stderr]    Compiling state v0.6.0
[INFO] [stderr]    Compiling rustix v0.38.34
[INFO] [stderr]    Compiling hashbrown v0.14.5
[INFO] [stderr]    Compiling regex-automata v0.4.7
[INFO] [stderr]    Compiling either v1.13.0
[INFO] [stderr]    Compiling tower-layer v0.3.3
[INFO] [stderr]    Compiling matches v0.1.10
[INFO] [stderr]    Compiling ucd-util v0.1.10
[INFO] [stderr]    Compiling regex v0.2.11
[INFO] [stderr]    Compiling winnow v0.6.18
[INFO] [stderr]    Compiling cfg-if v0.1.10
[INFO] [stderr]    Compiling net2 v0.2.39
[INFO] [stderr]    Compiling regex-syntax v0.5.6
[INFO] [stderr]    Compiling num-traits v0.1.43
[INFO] [stderr]    Compiling idna v0.1.5
[INFO] [stderr]    Compiling indexmap v2.4.0
[INFO] [stderr]    Compiling iovec v0.1.4
[INFO] [stderr]    Compiling time v0.3.36
[INFO] [stderr]    Compiling aho-corasick v0.6.10
[INFO] [stderr]    Compiling thread_local v0.3.6
[INFO] [stderr]    Compiling multer v3.1.0
[INFO] [stderr]    Compiling figment v0.10.19
[INFO] [stderr]    Compiling unicase v2.7.0
[INFO] [stderr]    Compiling futures v0.3.30
[INFO] [stderr]    Compiling indexmap v1.9.3
[INFO] [stderr]    Compiling utf8-ranges v1.0.5
[INFO] [stderr]    Compiling itoa v0.3.4
[INFO] [stderr]    Compiling heck v0.4.1
[INFO] [stderr]    Compiling linux-raw-sys v0.4.14
[INFO] [stderr]    Compiling serde v0.9.15
[INFO] [stderr]    Compiling percent-encoding v1.0.1
[INFO] [stderr]    Compiling dtoa v0.4.8
[INFO] [stderr]    Compiling url v1.7.2
[INFO] [stderr]    Compiling mio v0.6.23
[INFO] [stderr]    Compiling http-body-util v0.1.2
[INFO] [stderr]    Compiling rocket v0.5.1
[INFO] [stderr]    Compiling glob v0.3.1
[INFO] [stderr]    Compiling protobuf v2.28.0
[INFO] [stderr]    Compiling regex v1.10.6
[INFO] [stderr]    Compiling devise_core v0.4.1
[INFO] [stderr]    Compiling hashbrown v0.12.3
[INFO] [stderr]    Compiling lazycell v1.3.0
[INFO] [stderr]    Compiling fastrand v2.1.0
[INFO] [stderr]    Compiling base64 v0.22.1
[INFO] [stderr]    Compiling unicode-xid v0.2.4
[INFO] [stderr]    Compiling hyper v0.14.30
[INFO] [stderr]    Compiling spin v0.9.8
[INFO] [stderr]    Compiling lazy_static v0.2.11
[INFO] [stderr]    Compiling rustls-pki-types v1.8.0
[INFO] [stderr]    Compiling mio-extras v2.0.6
[INFO] [stderr]    Compiling crossbeam-channel v0.5.13
[INFO] [stderr]    Compiling serde_json v0.9.10
[INFO] [stderr]    Compiling rustls-pemfile v2.1.3
[INFO] [stderr]    Compiling num_cpus v1.16.0
[INFO] [stderr]    Compiling input_buffer v0.5.0
[INFO] [stderr]    Compiling sync_wrapper v1.0.1
[INFO] [stderr]    Compiling binascii v0.1.4
[INFO] [stderr]    Compiling prometheus v0.13.4
[INFO] [stderr]    Compiling atomic v0.5.3
[INFO] [stderr]    Compiling ipnet v2.9.0
[INFO] [stderr]    Compiling sentiment v0.1.1
[INFO] [stderr]    Compiling tempfile v3.12.0
[INFO] [stderr]    Compiling snafu-derive v0.7.5
[INFO] [stderr]    Compiling serde_derive v1.0.208
[INFO] [stderr]    Compiling zerocopy-derive v0.7.35
[INFO] [stderr]    Compiling tokio-macros v2.4.0
[INFO] [stderr]    Compiling thiserror-impl v1.0.63
[INFO] [stderr]    Compiling pear_codegen v0.2.9
[INFO] [stderr]    Compiling openssl-macros v0.1.1
[INFO] [stderr]    Compiling ref-cast-impl v1.0.23
[INFO] [stderr]    Compiling pin-project-internal v1.1.5
[INFO] [stderr]    Compiling devise_codegen v0.4.1
[INFO] [stderr]    Compiling async-stream-impl v0.3.5
[INFO] [stderr]    Compiling async-trait v0.1.81
[INFO] [stderr]    Compiling pear v0.2.9
[INFO] [stderr]    Compiling pest v2.7.11
[INFO] [stderr]    Compiling async-stream v0.3.5
[INFO] [stderr]    Compiling devise v0.4.1
[INFO] [stderr]    Compiling zerocopy v0.7.35
[INFO] [stderr]    Compiling pin-project v1.1.5
[INFO] [stderr]    Compiling snafu v0.7.5
[INFO] [stderr]    Compiling rocket_http v0.5.1
[INFO] [stderr]    Compiling pest_meta v2.7.11
[INFO] [stderr]    Compiling ppv-lite86 v0.2.20
[INFO] [stderr]    Compiling rand_chacha v0.3.1
[INFO] [stderr]    Compiling pest_generator v2.7.11
[INFO] [stderr]    Compiling rand v0.8.5
[INFO] [stderr]    Compiling hashlink v0.9.1
[INFO] [stderr]    Compiling pest_derive v2.7.11
[INFO] [stderr]    Compiling rocket_codegen v0.5.1
[INFO] [stderr]    Compiling rusqlite v0.32.1
[INFO] [stderr]    Compiling databases v0.1.0 (/opt/rustwide/workdir/databases)
[INFO] [stderr]    Compiling serde_spanned v0.6.7
[INFO] [stderr]    Compiling toml_datetime v0.6.8
[INFO] [stderr]    Compiling ubyte v0.10.4
[INFO] [stderr]    Compiling serde_urlencoded v0.7.1
[INFO] [stderr]    Compiling unicase_serde v0.1.0
[INFO] [stderr]    Compiling tokio-util v0.7.11
[INFO] [stderr]    Compiling tower v0.4.13
[INFO] [stderr]    Compiling tokio-native-tls v0.3.1
[INFO] [stderr]    Compiling toml v0.5.11
[INFO] [stderr]    Compiling tokio-stream v0.1.15
[INFO] [stderr]    Compiling h2 v0.4.5
[INFO] [stderr]    Compiling h2 v0.3.26
[INFO] [stderr]    Compiling toml_edit v0.22.20
[INFO] [stderr]    Compiling amq-protocol-types v1.2.0
[INFO] [stderr]    Compiling handlebars v1.1.0
[INFO] [stderr]    Compiling models v0.1.0 (/opt/rustwide/workdir/models)
[INFO] [stderr]    Compiling analyzer v0.1.0 (/opt/rustwide/workdir/services/analyzer)
[INFO] [stderr]    Compiling cargo-lock v8.0.3
[INFO] [stderr]    Compiling built v0.5.2
[INFO] [stderr]    Compiling amq-protocol-codegen v1.4.0
[INFO] [stderr]    Compiling amiquip v0.4.2
[INFO] [stderr]    Compiling amq-protocol v1.4.0
[INFO] [stderr]    Compiling hyper v1.4.1
[INFO] [stderr]    Compiling toml v0.8.19
[INFO] [stderr]    Compiling hyper-util v0.1.7
[INFO] [stderr]    Compiling hyper-tls v0.6.0
[INFO] [stderr]    Compiling reqwest v0.12.5
[INFO] [stderr]    Compiling worker v0.1.0 (/opt/rustwide/workdir/services/worker)
[INFO] [stderr]    Compiling scraper v0.1.0 (/opt/rustwide/workdir/services/scraper)
[INFO] [stdout] warning: unused import: `Result as AmiquipResult`
[INFO] [stdout]  --> services/worker/src/main.rs:2:72
[INFO] [stdout]   |
[INFO] [stdout] 2 |     Connection, ConsumerMessage, ConsumerOptions, QueueDeclareOptions, Result as AmiquipResult,
[INFO] [stdout]   |                                                                        ^^^^^^^^^^^^^^^^^^^^^^^
[INFO] [stdout]   |
[INFO] [stdout]   = note: `#[warn(unused_imports)]` on by default
[INFO] [stdout] 
[INFO] [stdout] 
[INFO] [stdout] warning: unused variable: `last_utc`
[INFO] [stdout]   --> services/worker/src/main.rs:57:9
[INFO] [stdout]    |
[INFO] [stdout] 57 |     let last_utc: f64 = conn
[INFO] [stdout]    |         ^^^^^^^^ help: if this is intentional, prefix it with an underscore: `_last_utc`
[INFO] [stdout]    |
[INFO] [stdout]    = note: `#[warn(unused_variables)]` on by default
[INFO] [stdout] 
[INFO] [stdout] 
[INFO] [stderr]    Compiling rocket_cors v0.6.0
[INFO] [stderr]    Compiling web v0.1.0 (/opt/rustwide/workdir/services/web)
[INFO] [stdout] warning: unused variable: `metrics`
[INFO] [stdout]   --> services/web/src/main.rs:48:21
[INFO] [stdout]    |
[INFO] [stdout] 48 | fn metrics_endpoint(metrics: &State<Arc<Metrics>>) -> String {
[INFO] [stdout]    |                     ^^^^^^^ help: if this is intentional, prefix it with an underscore: `_metrics`
[INFO] [stdout]    |
[INFO] [stdout]    = note: `#[warn(unused_variables)]` on by default
[INFO] [stdout] 
[INFO] [stdout] 
[INFO] [stderr]     Finished `dev` profile [unoptimized + debuginfo] target(s) in 1m 26s
[INFO] [stderr] warning: the following packages contain code that will be rejected by a future version of Rust: nom v4.2.3
[INFO] [stderr] note: to see what the problems were, use the option `--future-incompat-report`, or run `cargo report future-incompatibilities --id 1`
[INFO] running `Command { std: "docker" "inspect" "455b0d495733c9c741819bfc234bff94bbca6d364924539750f61ce5e0cab22d", kill_on_drop: false }`
[INFO] running `Command { std: "docker" "rm" "-f" "455b0d495733c9c741819bfc234bff94bbca6d364924539750f61ce5e0cab22d", kill_on_drop: false }`
[INFO] [stdout] 455b0d495733c9c741819bfc234bff94bbca6d364924539750f61ce5e0cab22d
[INFO] running `Command { std: "docker" "create" "-v" "/var/lib/crater-agent-workspace/builds/worker-2-tc1/target:/opt/rustwide/target:rw,Z" "-v" "/var/lib/crater-agent-workspace/builds/worker-2-tc1/source:/opt/rustwide/workdir:ro,Z" "-v" "/var/lib/crater-agent-workspace/cargo-home:/opt/rustwide/cargo-home:ro,Z" "-v" "/var/lib/crater-agent-workspace/rustup-home:/opt/rustwide/rustup-home:ro,Z" "-e" "SOURCE_DIR=/opt/rustwide/workdir" "-e" "CARGO_TARGET_DIR=/opt/rustwide/target" "-e" "CARGO_INCREMENTAL=0" "-e" "RUST_BACKTRACE=full" "-e" "RUSTFLAGS=--cap-lints=warn" "-e" "RUSTDOCFLAGS=--cap-lints=warn" "-e" "CARGO_HOME=/opt/rustwide/cargo-home" "-e" "RUSTUP_HOME=/opt/rustwide/rustup-home" "-w" "/opt/rustwide/workdir" "-m" "1610612736" "--user" "0:0" "--network" "none" "ghcr.io/rust-lang/crates-build-env/linux@sha256:f3a9d4ad9d972b27faf3965f35b62e55ba32bbce8f20bc8fe909558a86702fde" "/opt/rustwide/cargo-home/bin/cargo" "+1.83.0" "test" "--frozen" "--no-run" "--message-format=json", kill_on_drop: false }`
[INFO] [stdout] 4389f9fe955d9ba504462e5b8d0c424d8a69dffb782162b298c428e9332c6842
[INFO] running `Command { std: "docker" "start" "-a" "4389f9fe955d9ba504462e5b8d0c424d8a69dffb782162b298c428e9332c6842", kill_on_drop: false }`
[INFO] [stderr]    Compiling analyzer v0.1.0 (/opt/rustwide/workdir/services/analyzer)
[INFO] [stderr]    Compiling databases v0.1.0 (/opt/rustwide/workdir/databases)
[INFO] [stderr]    Compiling models v0.1.0 (/opt/rustwide/workdir/models)
[INFO] [stderr]    Compiling scraper v0.1.0 (/opt/rustwide/workdir/services/scraper)
[INFO] [stderr]    Compiling worker v0.1.0 (/opt/rustwide/workdir/services/worker)
[INFO] [stderr]    Compiling web v0.1.0 (/opt/rustwide/workdir/services/web)
[INFO] [stdout] warning: unused import: `Result as AmiquipResult`
[INFO] [stdout]  --> services/worker/src/main.rs:2:72
[INFO] [stdout]   |
[INFO] [stdout] 2 |     Connection, ConsumerMessage, ConsumerOptions, QueueDeclareOptions, Result as AmiquipResult,
[INFO] [stdout]   |                                                                        ^^^^^^^^^^^^^^^^^^^^^^^
[INFO] [stdout]   |
[INFO] [stdout]   = note: `#[warn(unused_imports)]` on by default
[INFO] [stdout] 
[INFO] [stdout] 
[INFO] [stdout] warning: unused variable: `last_utc`
[INFO] [stdout]   --> services/worker/src/main.rs:57:9
[INFO] [stdout]    |
[INFO] [stdout] 57 |     let last_utc: f64 = conn
[INFO] [stdout]    |         ^^^^^^^^ help: if this is intentional, prefix it with an underscore: `_last_utc`
[INFO] [stdout]    |
[INFO] [stdout]    = note: `#[warn(unused_variables)]` on by default
[INFO] [stdout] 
[INFO] [stdout] 
[INFO] [stdout] warning: unused variable: `metrics`
[INFO] [stdout]   --> services/web/src/main.rs:48:21
[INFO] [stdout]    |
[INFO] [stdout] 48 | fn metrics_endpoint(metrics: &State<Arc<Metrics>>) -> String {
[INFO] [stdout]    |                     ^^^^^^^ help: if this is intentional, prefix it with an underscore: `_metrics`
[INFO] [stdout]    |
[INFO] [stdout]    = note: `#[warn(unused_variables)]` on by default
[INFO] [stdout] 
[INFO] [stdout] 
[INFO] [stderr]     Finished `test` profile [unoptimized + debuginfo] target(s) in 9.08s
[INFO] [stderr] warning: the following packages contain code that will be rejected by a future version of Rust: nom v4.2.3
[INFO] [stderr] note: to see what the problems were, use the option `--future-incompat-report`, or run `cargo report future-incompatibilities --id 1`
[INFO] running `Command { std: "docker" "inspect" "4389f9fe955d9ba504462e5b8d0c424d8a69dffb782162b298c428e9332c6842", kill_on_drop: false }`
[INFO] running `Command { std: "docker" "rm" "-f" "4389f9fe955d9ba504462e5b8d0c424d8a69dffb782162b298c428e9332c6842", kill_on_drop: false }`
[INFO] [stdout] 4389f9fe955d9ba504462e5b8d0c424d8a69dffb782162b298c428e9332c6842
[INFO] running `Command { std: "docker" "create" "-v" "/var/lib/crater-agent-workspace/builds/worker-2-tc1/target:/opt/rustwide/target:rw,Z" "-v" "/var/lib/crater-agent-workspace/builds/worker-2-tc1/source:/opt/rustwide/workdir:ro,Z" "-v" "/var/lib/crater-agent-workspace/cargo-home:/opt/rustwide/cargo-home:ro,Z" "-v" "/var/lib/crater-agent-workspace/rustup-home:/opt/rustwide/rustup-home:ro,Z" "-e" "SOURCE_DIR=/opt/rustwide/workdir" "-e" "CARGO_TARGET_DIR=/opt/rustwide/target" "-e" "CARGO_INCREMENTAL=0" "-e" "RUST_BACKTRACE=full" "-e" "RUSTFLAGS=--cap-lints=warn" "-e" "RUSTDOCFLAGS=--cap-lints=warn" "-e" "CARGO_HOME=/opt/rustwide/cargo-home" "-e" "RUSTUP_HOME=/opt/rustwide/rustup-home" "-w" "/opt/rustwide/workdir" "-m" "1610612736" "--user" "0:0" "--network" "none" "ghcr.io/rust-lang/crates-build-env/linux@sha256:f3a9d4ad9d972b27faf3965f35b62e55ba32bbce8f20bc8fe909558a86702fde" "/opt/rustwide/cargo-home/bin/cargo" "+1.83.0" "test" "--frozen", kill_on_drop: false }`
[INFO] [stdout] 6dbe24e6a45fff2fa15093f8ed46354ef9f203c5f79fb78a44afd2b9ca2f94ba
[INFO] running `Command { std: "docker" "start" "-a" "6dbe24e6a45fff2fa15093f8ed46354ef9f203c5f79fb78a44afd2b9ca2f94ba", kill_on_drop: false }`
[INFO] [stderr] warning: unused import: `Result as AmiquipResult`
[INFO] [stderr]  --> services/worker/src/main.rs:2:72
[INFO] [stderr]   |
[INFO] [stderr] 2 |     Connection, ConsumerMessage, ConsumerOptions, QueueDeclareOptions, Result as AmiquipResult,
[INFO] [stderr]   |                                                                        ^^^^^^^^^^^^^^^^^^^^^^^
[INFO] [stderr]   |
[INFO] [stderr]   = note: `#[warn(unused_imports)]` on by default
[INFO] [stderr] 
[INFO] [stderr] warning: unused variable: `last_utc`
[INFO] [stderr]   --> services/worker/src/main.rs:57:9
[INFO] [stderr]    |
[INFO] [stderr] 57 |     let last_utc: f64 = conn
[INFO] [stderr]    |         ^^^^^^^^ help: if this is intentional, prefix it with an underscore: `_last_utc`
[INFO] [stderr]    |
[INFO] [stderr]    = note: `#[warn(unused_variables)]` on by default
[INFO] [stderr] 
[INFO] [stderr] warning: `worker` (bin "worker" test) generated 2 warnings (run `cargo fix --bin "worker" --tests` to apply 1 suggestion)
[INFO] [stderr] warning: unused variable: `metrics`
[INFO] [stderr]   --> services/web/src/main.rs:48:21
[INFO] [stderr]    |
[INFO] [stderr] 48 | fn metrics_endpoint(metrics: &State<Arc<Metrics>>) -> String {
[INFO] [stderr]    |                     ^^^^^^^ help: if this is intentional, prefix it with an underscore: `_metrics`
[INFO] [stderr]    |
[INFO] [stderr]    = note: `#[warn(unused_variables)]` on by default
[INFO] [stderr] 
[INFO] [stderr] warning: `web` (bin "web" test) generated 1 warning
[INFO] [stderr]     Finished `test` profile [unoptimized + debuginfo] target(s) in 0.30s
[INFO] [stderr] warning: the following packages contain code that will be rejected by a future version of Rust: nom v4.2.3
[INFO] [stderr] note: to see what the problems were, use the option `--future-incompat-report`, or run `cargo report future-incompatibilities --id 1`
[INFO] [stderr]      Running unittests src/lib.rs (/opt/rustwide/target/debug/deps/analyzer-022d8bd4c57f3019)
[INFO] [stdout] 
[INFO] [stdout] running 3 tests
[INFO] [stdout] test tests::test_sentiment_label ... ok
[INFO] [stdout] test tests::test_get_analysis_no_posts ... ok
[INFO] [stdout] test tests::test_get_analysis_with_posts ... ok
[INFO] [stdout] 
[INFO] [stdout] test result: ok. 3 passed; 0 failed; 0 ignored; 0 measured; 0 filtered out; finished in 0.08s
[INFO] [stdout] 
[INFO] [stderr]      Running unittests src/main.rs (/opt/rustwide/target/debug/deps/analyzer-34261c513e89262e)
[INFO] [stdout] 
[INFO] [stdout] running 0 tests
[INFO] [stdout] 
[INFO] [stdout] test result: ok. 0 passed; 0 failed; 0 ignored; 0 measured; 0 filtered out; finished in 0.00s
[INFO] [stdout] 
[INFO] [stderr]      Running unittests src/lib.rs (/opt/rustwide/target/debug/deps/databases-032ade0e7165ece5)
[INFO] [stdout] 
[INFO] [stdout] running 3 tests
[INFO] [stdout] test tests::test_run_migrations_success ... ok
[INFO] [stdout] test tests::test_run_migrations_invalid_sql ... ok
[INFO] [stdout] test tests::test_run_migrations_missing_directory ... ok
[INFO] [stdout] 
[INFO] [stdout] test result: ok. 3 passed; 0 failed; 0 ignored; 0 measured; 0 filtered out; finished in 0.00s
[INFO] [stdout] 
[INFO] [stderr]      Running unittests src/lib.rs (/opt/rustwide/target/debug/deps/models-f2d19cb6e9ca9eee)
[INFO] [stdout] 
[INFO] [stdout] running 0 tests
[INFO] [stdout] 
[INFO] [stdout] test result: ok. 0 passed; 0 failed; 0 ignored; 0 measured; 0 filtered out; finished in 0.00s
[INFO] [stdout] 
[INFO] [stderr]      Running unittests src/main.rs (/opt/rustwide/target/debug/deps/scraper-ac0cd876b11f6a62)
[INFO] [stdout] 
[INFO] [stdout] running 0 tests
[INFO] [stdout] 
[INFO] [stdout] test result: ok. 0 passed; 0 failed; 0 ignored; 0 measured; 0 filtered out; finished in 0.00s
[INFO] [stdout] 
[INFO] [stderr]      Running unittests src/main.rs (/opt/rustwide/target/debug/deps/web-05aa91fe9c193a82)
[INFO] [stdout] 
[INFO] [stdout] running 2 tests
[INFO] [stdout] test tests::test_index_returns_data ... ok
[INFO] [stdout] test tests::test_metrics_endpoint ... FAILED
[INFO] [stdout] 
[INFO] [stdout] failures:
[INFO] [stdout] 
[INFO] [stdout] ---- tests::test_metrics_endpoint stdout ----
[INFO] [stdout] thread 'tests::test_metrics_endpoint' panicked at services/web/src/main.rs:75:10:
[INFO] [stdout] called `Result::unwrap()` on an `Err` value: AlreadyReg
[INFO] [stdout] stack backtrace:
[INFO] [stdout]    0:     0x5b2663a3a47a - std::backtrace_rs::backtrace::libunwind::trace::h5a5b8284f2d0c266
[INFO] [stdout]                                at /rustc/90b35a6239c3d8bdabc530a6a0816f7ff89a0aaf/library/std/src/../../backtrace/src/backtrace/libunwind.rs:116:5
[INFO] [stdout]    1:     0x5b2663a3a47a - std::backtrace_rs::backtrace::trace_unsynchronized::h76d4f1c9b0b875e3
[INFO] [stdout]                                at /rustc/90b35a6239c3d8bdabc530a6a0816f7ff89a0aaf/library/std/src/../../backtrace/src/backtrace/mod.rs:66:5
[INFO] [stdout]    2:     0x5b2663a3a47a - std::sys::backtrace::_print_fmt::hc4546b8364a537c6
[INFO] [stdout]                                at /rustc/90b35a6239c3d8bdabc530a6a0816f7ff89a0aaf/library/std/src/sys/backtrace.rs:66:9
[INFO] [stdout]    3:     0x5b2663a3a47a - <std::sys::backtrace::BacktraceLock::print::DisplayBacktrace as core::fmt::Display>::fmt::h5b6bd5631a6d1f6b
[INFO] [stdout]                                at /rustc/90b35a6239c3d8bdabc530a6a0816f7ff89a0aaf/library/std/src/sys/backtrace.rs:39:26
[INFO] [stdout]    4:     0x5b2663a64af3 - core::fmt::rt::Argument::fmt::h270f6602a2b96f62
[INFO] [stdout]                                at /rustc/90b35a6239c3d8bdabc530a6a0816f7ff89a0aaf/library/core/src/fmt/rt.rs:177:76
[INFO] [stdout]    5:     0x5b2663a64af3 - core::fmt::write::h7550c97b06c86515
[INFO] [stdout]                                at /rustc/90b35a6239c3d8bdabc530a6a0816f7ff89a0aaf/library/core/src/fmt/mod.rs:1186:21
[INFO] [stdout]    6:     0x5b2663a371f3 - std::io::Write::write_fmt::h509ff860e5956e5e
[INFO] [stdout]                                at /rustc/90b35a6239c3d8bdabc530a6a0816f7ff89a0aaf/library/std/src/io/mod.rs:1839:15
[INFO] [stdout]    7:     0x5b2663a3a2c2 - std::sys::backtrace::BacktraceLock::print::h2395ccd2c84ba3aa
[INFO] [stdout]                                at /rustc/90b35a6239c3d8bdabc530a6a0816f7ff89a0aaf/library/std/src/sys/backtrace.rs:42:9
[INFO] [stdout]    8:     0x5b2663a3b8da - std::panicking::default_hook::{{closure}}::he19d4c7230e07961
[INFO] [stdout]                                at /rustc/90b35a6239c3d8bdabc530a6a0816f7ff89a0aaf/library/std/src/panicking.rs:268:22
[INFO] [stdout]    9:     0x5b2663a3b6e4 - std::panicking::default_hook::hf614597d3c67bbdb
[INFO] [stdout]                                at /rustc/90b35a6239c3d8bdabc530a6a0816f7ff89a0aaf/library/std/src/panicking.rs:292:9
[INFO] [stdout]   10:     0x5b2663058379 - <alloc::boxed::Box<F,A> as core::ops::function::Fn<Args>>::call::h39b51ce4599c23d1
[INFO] [stdout]                                at /rustc/90b35a6239c3d8bdabc530a6a0816f7ff89a0aaf/library/alloc/src/boxed.rs:2468:9
[INFO] [stdout]   11:     0x5b2663058379 - test::test_main::{{closure}}::he977ae839a582784
[INFO] [stdout]                                at /rustc/90b35a6239c3d8bdabc530a6a0816f7ff89a0aaf/library/test/src/lib.rs:133:21
[INFO] [stdout]   12:     0x5b2663a3bf78 - <alloc::boxed::Box<F,A> as core::ops::function::Fn<Args>>::call::h9455091b6b06f9fb
[INFO] [stdout]                                at /rustc/90b35a6239c3d8bdabc530a6a0816f7ff89a0aaf/library/alloc/src/boxed.rs:2468:9
[INFO] [stdout]   13:     0x5b2663a3bf78 - std::panicking::rust_panic_with_hook::h8942133a8b252070
[INFO] [stdout]                                at /rustc/90b35a6239c3d8bdabc530a6a0816f7ff89a0aaf/library/std/src/panicking.rs:809:13
[INFO] [stdout]   14:     0x5b2663a3bd3a - std::panicking::begin_panic_handler::{{closure}}::hb5f5963570096b29
[INFO] [stdout]                                at /rustc/90b35a6239c3d8bdabc530a6a0816f7ff89a0aaf/library/std/src/panicking.rs:674:13
[INFO] [stdout]   15:     0x5b2663a3a959 - std::sys::backtrace::__rust_end_short_backtrace::h6208cedc1922feda
[INFO] [stdout]                                at /rustc/90b35a6239c3d8bdabc530a6a0816f7ff89a0aaf/library/std/src/sys/backtrace.rs:170:18
[INFO] [stdout]   16:     0x5b2663a3b9cc - rust_begin_unwind
[INFO] [stdout]                                at /rustc/90b35a6239c3d8bdabc530a6a0816f7ff89a0aaf/library/std/src/panicking.rs:665:5
[INFO] [stdout]   17:     0x5b2662fff1a0 - core::panicking::panic_fmt::h0c3082644d1bf418
[INFO] [stdout]                                at /rustc/90b35a6239c3d8bdabc530a6a0816f7ff89a0aaf/library/core/src/panicking.rs:74:14
[INFO] [stdout]   18:     0x5b2662fff686 - core::result::unwrap_failed::hd20b4aa073bda1e2
[INFO] [stdout]                                at /rustc/90b35a6239c3d8bdabc530a6a0816f7ff89a0aaf/library/core/src/result.rs:1700:5
[INFO] [stdout]   19:     0x5b266300a4d0 - core::result::Result<T,E>::unwrap::hd574aa1fb93846c5
[INFO] [stdout]                                at /rustc/90b35a6239c3d8bdabc530a6a0816f7ff89a0aaf/library/core/src/result.rs:1104:23
[INFO] [stdout]   20:     0x5b266300a4d0 - web::rocket::h63e228cb9340f3ef
[INFO] [stdout]                                at /opt/rustwide/workdir/services/web/src/main.rs:71:31
[INFO] [stdout]   21:     0x5b2663017620 - web::tests::test_metrics_endpoint::hcd4398f997ba5693
[INFO] [stdout]                                at /opt/rustwide/workdir/services/web/src/main.rs:112:38
[INFO] [stdout]   22:     0x5b26630175d7 - web::tests::test_metrics_endpoint::{{closure}}::hc300279937dfb4c2
[INFO] [stdout]                                at /opt/rustwide/workdir/services/web/src/main.rs:111:31
[INFO] [stdout]   23:     0x5b2663001616 - core::ops::function::FnOnce::call_once::h964ebce1995a62c4
[INFO] [stdout]                                at /rustc/90b35a6239c3d8bdabc530a6a0816f7ff89a0aaf/library/core/src/ops/function.rs:250:5
[INFO] [stdout]   24:     0x5b266305cd3b - core::ops::function::FnOnce::call_once::h109cf8051a59b34e
[INFO] [stdout]                                at /rustc/90b35a6239c3d8bdabc530a6a0816f7ff89a0aaf/library/core/src/ops/function.rs:250:5
[INFO] [stdout]   25:     0x5b266305cd3b - test::__rust_begin_short_backtrace::hf4fff89d377446ba
[INFO] [stdout]                                at /rustc/90b35a6239c3d8bdabc530a6a0816f7ff89a0aaf/library/test/src/lib.rs:621:18
[INFO] [stdout]   26:     0x5b266305c577 - test::run_test_in_process::{{closure}}::h0e39181dd7ee5a43
[INFO] [stdout]                                at /rustc/90b35a6239c3d8bdabc530a6a0816f7ff89a0aaf/library/test/src/lib.rs:644:60
[INFO] [stdout]   27:     0x5b266305c577 - <core::panic::unwind_safe::AssertUnwindSafe<F> as core::ops::function::FnOnce<()>>::call_once::hc5a66a30f0bdfd1f
[INFO] [stdout]                                at /rustc/90b35a6239c3d8bdabc530a6a0816f7ff89a0aaf/library/core/src/panic/unwind_safe.rs:272:9
[INFO] [stdout]   28:     0x5b266305c577 - std::panicking::try::do_call::h873b7cf639554a5e
[INFO] [stdout]                                at /rustc/90b35a6239c3d8bdabc530a6a0816f7ff89a0aaf/library/std/src/panicking.rs:557:40
[INFO] [stdout]   29:     0x5b266305c577 - std::panicking::try::hdb19862fad9c8bd1
[INFO] [stdout]                                at /rustc/90b35a6239c3d8bdabc530a6a0816f7ff89a0aaf/library/std/src/panicking.rs:520:19
[INFO] [stdout]   30:     0x5b266305c577 - std::panic::catch_unwind::h281fe732d236d260
[INFO] [stdout]                                at /rustc/90b35a6239c3d8bdabc530a6a0816f7ff89a0aaf/library/std/src/panic.rs:358:14
[INFO] [stdout]   31:     0x5b266305c577 - test::run_test_in_process::h949b6df8457ed338
[INFO] [stdout]                                at /rustc/90b35a6239c3d8bdabc530a6a0816f7ff89a0aaf/library/test/src/lib.rs:644:27
[INFO] [stdout]   32:     0x5b266305c577 - test::run_test::{{closure}}::h52c556a6d4740e10
[INFO] [stdout]                                at /rustc/90b35a6239c3d8bdabc530a6a0816f7ff89a0aaf/library/test/src/lib.rs:565:43
[INFO] [stdout]   33:     0x5b2663021854 - test::run_test::{{closure}}::h4237f6381c45ccb9
[INFO] [stdout]                                at /rustc/90b35a6239c3d8bdabc530a6a0816f7ff89a0aaf/library/test/src/lib.rs:595:41
[INFO] [stdout]   34:     0x5b2663021854 - std::sys::backtrace::__rust_begin_short_backtrace::h505c97a579eca628
[INFO] [stdout]                                at /rustc/90b35a6239c3d8bdabc530a6a0816f7ff89a0aaf/library/std/src/sys/backtrace.rs:154:18
[INFO] [stdout]   35:     0x5b2663024f1e - std::thread::Builder::spawn_unchecked_::{{closure}}::{{closure}}::h9e86b2e2bc107ea3
[INFO] [stdout]                                at /rustc/90b35a6239c3d8bdabc530a6a0816f7ff89a0aaf/library/std/src/thread/mod.rs:538:17
[INFO] [stdout]   36:     0x5b2663024f1e - <core::panic::unwind_safe::AssertUnwindSafe<F> as core::ops::function::FnOnce<()>>::call_once::h8b06ddb275ff4a25
[INFO] [stdout]                                at /rustc/90b35a6239c3d8bdabc530a6a0816f7ff89a0aaf/library/core/src/panic/unwind_safe.rs:272:9
[INFO] [stdout]   37:     0x5b2663024f1e - std::panicking::try::do_call::hb26ecd7cd9a9355d
[INFO] [stdout]                                at /rustc/90b35a6239c3d8bdabc530a6a0816f7ff89a0aaf/library/std/src/panicking.rs:557:40
[INFO] [stdout]   38:     0x5b2663024f1e - std::panicking::try::h8ddeca9d705f9069
[INFO] [stdout]                                at /rustc/90b35a6239c3d8bdabc530a6a0816f7ff89a0aaf/library/std/src/panicking.rs:520:19
[INFO] [stdout]   39:     0x5b2663024f1e - std::panic::catch_unwind::h49e1c33078844c46
[INFO] [stdout]                                at /rustc/90b35a6239c3d8bdabc530a6a0816f7ff89a0aaf/library/std/src/panic.rs:358:14
[INFO] [stdout]   40:     0x5b2663024f1e - std::thread::Builder::spawn_unchecked_::{{closure}}::h6073db6ff56ad35d
[INFO] [stdout]                                at /rustc/90b35a6239c3d8bdabc530a6a0816f7ff89a0aaf/library/std/src/thread/mod.rs:537:30
[INFO] [stdout]   41:     0x5b2663024f1e - core::ops::function::FnOnce::call_once{{vtable.shim}}::h2c5a5f3779c774f1
[INFO] [stdout]                                at /rustc/90b35a6239c3d8bdabc530a6a0816f7ff89a0aaf/library/core/src/ops/function.rs:250:5
[INFO] [stdout]   42:     0x5b2663a3ff5b - <alloc::boxed::Box<F,A> as core::ops::function::FnOnce<Args>>::call_once::hf75717d9f28faebf
[INFO] [stdout]                                at /rustc/90b35a6239c3d8bdabc530a6a0816f7ff89a0aaf/library/alloc/src/boxed.rs:2454:9
[INFO] [stdout]   43:     0x5b2663a3ff5b - <alloc::boxed::Box<F,A> as core::ops::function::FnOnce<Args>>::call_once::h7bd883a5f3c5f3c1
[INFO] [stdout]                                at /rustc/90b35a6239c3d8bdabc530a6a0816f7ff89a0aaf/library/alloc/src/boxed.rs:2454:9
[INFO] [stdout]   44:     0x5b2663a3ff5b - std::sys::pal::unix::thread::Thread::new::thread_start::hcc78f3943333fa94
[INFO] [stdout]                                at /rustc/90b35a6239c3d8bdabc530a6a0816f7ff89a0aaf/library/std/src/sys/pal/unix/thread.rs:105:17
[INFO] [stdout]   45:     0x7bf5cde09ac3 - <unknown>
[INFO] [stdout]   46:     0x7bf5cde9aa04 - clone
[INFO] [stdout]   47:                0x0 - <unknown>
[INFO] [stdout] 
[INFO] [stdout] 
[INFO] [stdout] failures:
[INFO] [stdout]     tests::test_metrics_endpoint
[INFO] [stdout] 
[INFO] [stdout] test result: FAILED. 1 passed; 1 failed; 0 ignored; 0 measured; 0 filtered out; finished in 0.06s
[INFO] [stdout] 
[INFO] [stderr] error: test failed, to rerun pass `-p web --bin web`
[INFO] running `Command { std: "docker" "inspect" "6dbe24e6a45fff2fa15093f8ed46354ef9f203c5f79fb78a44afd2b9ca2f94ba", kill_on_drop: false }`
[INFO] running `Command { std: "docker" "rm" "-f" "6dbe24e6a45fff2fa15093f8ed46354ef9f203c5f79fb78a44afd2b9ca2f94ba", kill_on_drop: false }`
[INFO] [stdout] 6dbe24e6a45fff2fa15093f8ed46354ef9f203c5f79fb78a44afd2b9ca2f94ba
