[INFO] cloning repository https://github.com/hn63wospuvy/sqlx-template
[INFO] running `Command { std: "git" "-c" "credential.helper=" "-c" "credential.helper=/workspace/cargo-home/bin/git-credential-null" "clone" "--bare" "https://github.com/hn63wospuvy/sqlx-template" "/workspace/cache/git-repos/https%3A%2F%2Fgithub.com%2Fhn63wospuvy%2Fsqlx-template", kill_on_drop: false }`
[INFO] [stderr] Cloning into bare repository '/workspace/cache/git-repos/https%3A%2F%2Fgithub.com%2Fhn63wospuvy%2Fsqlx-template'...
[INFO] running `Command { std: "git" "rev-parse" "HEAD", kill_on_drop: false }`
[INFO] [stdout] 85bbc381b2f1d05eee93e6c50c9000eb185cea13
[INFO] testing hn63wospuvy/sqlx-template against 1.83.0 for beta-1.84.0-4-retry
[INFO] running `Command { std: "git" "clone" "/workspace/cache/git-repos/https%3A%2F%2Fgithub.com%2Fhn63wospuvy%2Fsqlx-template" "/workspace/builds/worker-5-tc1/source", kill_on_drop: false }`
[INFO] [stderr] Cloning into '/workspace/builds/worker-5-tc1/source'...
[INFO] [stderr] done.
[INFO] validating manifest of git repo https://github.com/hn63wospuvy/sqlx-template on toolchain 1.83.0
[INFO] running `Command { std: CARGO_HOME="/workspace/cargo-home" RUSTUP_HOME="/workspace/rustup-home" "/workspace/cargo-home/bin/cargo" "+1.83.0" "metadata" "--manifest-path" "Cargo.toml" "--no-deps", kill_on_drop: false }`
[INFO] started tweaking git repo https://github.com/hn63wospuvy/sqlx-template
[INFO] finished tweaking git repo https://github.com/hn63wospuvy/sqlx-template
[INFO] tweaked toml for git repo https://github.com/hn63wospuvy/sqlx-template written to /workspace/builds/worker-5-tc1/source/Cargo.toml
[INFO] crate git repo https://github.com/hn63wospuvy/sqlx-template already has a lockfile, it will not be regenerated
[INFO] running `Command { std: CARGO_HOME="/workspace/cargo-home" RUSTUP_HOME="/workspace/rustup-home" "/workspace/cargo-home/bin/cargo" "+1.83.0" "fetch" "--manifest-path" "Cargo.toml", kill_on_drop: false }`
[INFO] [stderr]     Blocking waiting for file lock on package cache
[INFO] [stderr]  Downloading crates ...
[INFO] [stderr]   Downloaded sqlparser v0.47.0
[INFO] running `Command { std: "docker" "create" "-v" "/var/lib/crater-agent-workspace/builds/worker-5-tc1/target:/opt/rustwide/target:rw,Z" "-v" "/var/lib/crater-agent-workspace/builds/worker-5-tc1/source:/opt/rustwide/workdir:ro,Z" "-v" "/var/lib/crater-agent-workspace/cargo-home:/opt/rustwide/cargo-home:ro,Z" "-v" "/var/lib/crater-agent-workspace/rustup-home:/opt/rustwide/rustup-home:ro,Z" "-e" "SOURCE_DIR=/opt/rustwide/workdir" "-e" "CARGO_TARGET_DIR=/opt/rustwide/target" "-e" "CARGO_HOME=/opt/rustwide/cargo-home" "-e" "RUSTUP_HOME=/opt/rustwide/rustup-home" "-w" "/opt/rustwide/workdir" "-m" "1610612736" "--user" "0:0" "--network" "none" "ghcr.io/rust-lang/crates-build-env/linux@sha256:f3a9d4ad9d972b27faf3965f35b62e55ba32bbce8f20bc8fe909558a86702fde" "/opt/rustwide/cargo-home/bin/cargo" "+1.83.0" "metadata" "--no-deps" "--format-version=1", kill_on_drop: false }`
[INFO] [stdout] 1ff7d661dfcad1c4966f98ee76c6a170f03cdd51c0a7efbbf96dbde8e2c9e24b
[INFO] running `Command { std: "docker" "start" "-a" "1ff7d661dfcad1c4966f98ee76c6a170f03cdd51c0a7efbbf96dbde8e2c9e24b", kill_on_drop: false }`
[INFO] running `Command { std: "docker" "inspect" "1ff7d661dfcad1c4966f98ee76c6a170f03cdd51c0a7efbbf96dbde8e2c9e24b", kill_on_drop: false }`
[INFO] running `Command { std: "docker" "rm" "-f" "1ff7d661dfcad1c4966f98ee76c6a170f03cdd51c0a7efbbf96dbde8e2c9e24b", kill_on_drop: false }`
[INFO] [stdout] 1ff7d661dfcad1c4966f98ee76c6a170f03cdd51c0a7efbbf96dbde8e2c9e24b
[INFO] running `Command { std: "docker" "create" "-v" "/var/lib/crater-agent-workspace/builds/worker-5-tc1/target:/opt/rustwide/target:rw,Z" "-v" "/var/lib/crater-agent-workspace/builds/worker-5-tc1/source:/opt/rustwide/workdir:ro,Z" "-v" "/var/lib/crater-agent-workspace/cargo-home:/opt/rustwide/cargo-home:ro,Z" "-v" "/var/lib/crater-agent-workspace/rustup-home:/opt/rustwide/rustup-home:ro,Z" "-e" "SOURCE_DIR=/opt/rustwide/workdir" "-e" "CARGO_TARGET_DIR=/opt/rustwide/target" "-e" "CARGO_INCREMENTAL=0" "-e" "RUST_BACKTRACE=full" "-e" "RUSTFLAGS=--cap-lints=warn" "-e" "RUSTDOCFLAGS=--cap-lints=warn" "-e" "CARGO_HOME=/opt/rustwide/cargo-home" "-e" "RUSTUP_HOME=/opt/rustwide/rustup-home" "-w" "/opt/rustwide/workdir" "-m" "1610612736" "--user" "0:0" "--network" "none" "ghcr.io/rust-lang/crates-build-env/linux@sha256:f3a9d4ad9d972b27faf3965f35b62e55ba32bbce8f20bc8fe909558a86702fde" "/opt/rustwide/cargo-home/bin/cargo" "+1.83.0" "build" "--frozen" "--message-format=json", kill_on_drop: false }`
[INFO] [stdout] 6065902e09b551216cd89e8b654ac8f85970a6a8bdbeb8c8b25d58a0a3545457
[INFO] running `Command { std: "docker" "start" "-a" "6065902e09b551216cd89e8b654ac8f85970a6a8bdbeb8c8b25d58a0a3545457", kill_on_drop: false }`
[INFO] [stderr]    Compiling proc-macro2 v1.0.86
[INFO] [stderr]    Compiling unicode-ident v1.0.12
[INFO] [stderr]    Compiling minimal-lexical v0.2.1
[INFO] [stderr]    Compiling memchr v2.7.4
[INFO] [stderr]    Compiling syn v1.0.109
[INFO] [stderr]    Compiling log v0.4.22
[INFO] [stderr]    Compiling unicode_categories v0.1.1
[INFO] [stderr]    Compiling rust-format v0.3.4
[INFO] [stderr]    Compiling once_cell v1.19.0
[INFO] [stderr]    Compiling sqlparser v0.47.0
[INFO] [stderr]    Compiling nom v7.1.3
[INFO] [stderr]    Compiling quote v1.0.36
[INFO] [stderr]    Compiling sqlformat v0.2.4
[INFO] [stderr]    Compiling sqlx-template v0.1.1 (/opt/rustwide/workdir)
[INFO] [stderr]     Finished `dev` profile [unoptimized + debuginfo] target(s) in 16.82s
[INFO] running `Command { std: "docker" "inspect" "6065902e09b551216cd89e8b654ac8f85970a6a8bdbeb8c8b25d58a0a3545457", kill_on_drop: false }`
[INFO] running `Command { std: "docker" "rm" "-f" "6065902e09b551216cd89e8b654ac8f85970a6a8bdbeb8c8b25d58a0a3545457", kill_on_drop: false }`
[INFO] [stdout] 6065902e09b551216cd89e8b654ac8f85970a6a8bdbeb8c8b25d58a0a3545457
[INFO] running `Command { std: "docker" "create" "-v" "/var/lib/crater-agent-workspace/builds/worker-5-tc1/target:/opt/rustwide/target:rw,Z" "-v" "/var/lib/crater-agent-workspace/builds/worker-5-tc1/source:/opt/rustwide/workdir:ro,Z" "-v" "/var/lib/crater-agent-workspace/cargo-home:/opt/rustwide/cargo-home:ro,Z" "-v" "/var/lib/crater-agent-workspace/rustup-home:/opt/rustwide/rustup-home:ro,Z" "-e" "SOURCE_DIR=/opt/rustwide/workdir" "-e" "CARGO_TARGET_DIR=/opt/rustwide/target" "-e" "CARGO_INCREMENTAL=0" "-e" "RUST_BACKTRACE=full" "-e" "RUSTFLAGS=--cap-lints=warn" "-e" "RUSTDOCFLAGS=--cap-lints=warn" "-e" "CARGO_HOME=/opt/rustwide/cargo-home" "-e" "RUSTUP_HOME=/opt/rustwide/rustup-home" "-w" "/opt/rustwide/workdir" "-m" "1610612736" "--user" "0:0" "--network" "none" "ghcr.io/rust-lang/crates-build-env/linux@sha256:f3a9d4ad9d972b27faf3965f35b62e55ba32bbce8f20bc8fe909558a86702fde" "/opt/rustwide/cargo-home/bin/cargo" "+1.83.0" "test" "--frozen" "--no-run" "--message-format=json", kill_on_drop: false }`
[INFO] [stdout] ebecb107dd55d3a2a573cf5e809b6f8792e5f56955b1cc64b5bf5b02981fed96
[INFO] running `Command { std: "docker" "start" "-a" "ebecb107dd55d3a2a573cf5e809b6f8792e5f56955b1cc64b5bf5b02981fed96", kill_on_drop: false }`
[INFO] [stderr]    Compiling sqlx-template v0.1.1 (/opt/rustwide/workdir)
[INFO] [stderr]     Finished `test` profile [unoptimized + debuginfo] target(s) in 4.04s
[INFO] running `Command { std: "docker" "inspect" "ebecb107dd55d3a2a573cf5e809b6f8792e5f56955b1cc64b5bf5b02981fed96", kill_on_drop: false }`
[INFO] running `Command { std: "docker" "rm" "-f" "ebecb107dd55d3a2a573cf5e809b6f8792e5f56955b1cc64b5bf5b02981fed96", kill_on_drop: false }`
[INFO] [stdout] ebecb107dd55d3a2a573cf5e809b6f8792e5f56955b1cc64b5bf5b02981fed96
[INFO] running `Command { std: "docker" "create" "-v" "/var/lib/crater-agent-workspace/builds/worker-5-tc1/target:/opt/rustwide/target:rw,Z" "-v" "/var/lib/crater-agent-workspace/builds/worker-5-tc1/source:/opt/rustwide/workdir:ro,Z" "-v" "/var/lib/crater-agent-workspace/cargo-home:/opt/rustwide/cargo-home:ro,Z" "-v" "/var/lib/crater-agent-workspace/rustup-home:/opt/rustwide/rustup-home:ro,Z" "-e" "SOURCE_DIR=/opt/rustwide/workdir" "-e" "CARGO_TARGET_DIR=/opt/rustwide/target" "-e" "CARGO_INCREMENTAL=0" "-e" "RUST_BACKTRACE=full" "-e" "RUSTFLAGS=--cap-lints=warn" "-e" "RUSTDOCFLAGS=--cap-lints=warn" "-e" "CARGO_HOME=/opt/rustwide/cargo-home" "-e" "RUSTUP_HOME=/opt/rustwide/rustup-home" "-w" "/opt/rustwide/workdir" "-m" "1610612736" "--user" "0:0" "--network" "none" "ghcr.io/rust-lang/crates-build-env/linux@sha256:f3a9d4ad9d972b27faf3965f35b62e55ba32bbce8f20bc8fe909558a86702fde" "/opt/rustwide/cargo-home/bin/cargo" "+1.83.0" "test" "--frozen", kill_on_drop: false }`
[INFO] [stdout] 6fbe29ed6fd9f9051025d8901edd75bd9ac9d9854a23fdd2d4b337df7c0426d4
[INFO] running `Command { std: "docker" "start" "-a" "6fbe29ed6fd9f9051025d8901edd75bd9ac9d9854a23fdd2d4b337df7c0426d4", kill_on_drop: false }`
[INFO] [stderr]     Finished `test` profile [unoptimized + debuginfo] target(s) in 0.09s
[INFO] [stderr]      Running unittests src/lib.rs (/opt/rustwide/target/debug/deps/sqlx_template-20a1af271812d926)
[INFO] [stdout] 
[INFO] [stdout] running 3 tests
[INFO] [stdout] test util::test_query ... ok
[INFO] [stderr]    Doc-tests sqlx_template
[INFO] [stdout] test util::test ... ok
[INFO] [stdout] test util::test_count_query ... ok
[INFO] [stdout] 
[INFO] [stdout] test result: ok. 3 passed; 0 failed; 0 ignored; 0 measured; 0 filtered out; finished in 0.01s
[INFO] [stdout] 
[INFO] [stdout] 
[INFO] [stdout] running 18 tests
[INFO] [stdout] test src/lib.rs - multi_query (line 392) ... FAILED
[INFO] [stdout] test src/lib.rs - table_name_derive (line 347) ... FAILED
[INFO] [stdout] test src/lib.rs - query (line 466) ... FAILED
[INFO] [stdout] test src/lib.rs - select (line 562) ... FAILED
[INFO] [stdout] test src/lib.rs - delete (line 828) ... FAILED
[INFO] [stdout] test src/lib.rs - update (line 649) ... FAILED
[INFO] [stdout] test src/lib.rs - insert (line 737) ... FAILED
[INFO] [stdout] test src/lib.rs - insert_derive (line 34) ... FAILED
[INFO] [stdout] test src/lib.rs - multi_query (line 432) ... FAILED
[INFO] [stdout] test src/lib.rs - select_derive (line 249) ... FAILED
[INFO] [stdout] test src/lib.rs - insert (line 796) ... FAILED
[INFO] [stdout] test src/lib.rs - update_derive (line 104) ... FAILED
[INFO] [stdout] test src/lib.rs - select (line 620) ... FAILED
[INFO] [stdout] test src/lib.rs - delete (line 887) ... FAILED
[INFO] [stdout] test src/lib.rs - table_name_derive (line 363) ... FAILED
[INFO] [stdout] test src/lib.rs - query (line 525) ... FAILED
[INFO] [stdout] test src/lib.rs - update (line 708) ... FAILED
[INFO] [stdout] test src/lib.rs - delete_derive (line 169) ... FAILED
[INFO] [stdout] 
[INFO] [stdout] failures:
[INFO] [stdout] 
[INFO] [stdout] ---- src/lib.rs - multi_query (line 392) stdout ----
[INFO] [stdout] error: expected identifier, found `<`
[INFO] [stdout]  --> src/lib.rs:397:14
[INFO] [stdout]   |
[INFO] [stdout] 7 | pub async fn <function_name>(<parameters>) {}
[INFO] [stdout]   |              ^ expected identifier
[INFO] [stdout]   |
[INFO] [stdout]   = help: place the generic parameter name after the fn name
[INFO] [stdout] 
[INFO] [stdout] error: aborting due to 1 previous error
[INFO] [stdout] 
[INFO] [stdout] Couldn't compile the test.
[INFO] [stdout] ---- src/lib.rs - table_name_derive (line 347) stdout ----
[INFO] [stdout] error: expected identifier, found `<`
[INFO] [stdout]  --> src/lib.rs:350:12
[INFO] [stdout]   |
[INFO] [stdout] 5 | pub struct <StructName> { ... }
[INFO] [stdout]   |            ^ expected identifier
[INFO] [stdout]   |
[INFO] [stdout] help: place the generic parameter name after the struct name
[INFO] [stdout]   |
[INFO] [stdout] 5 - pub struct <StructName> { ... }
[INFO] [stdout] 5 + pub struct  {<StructName> ... }
[INFO] [stdout]   |
[INFO] [stdout] 
[INFO] [stdout] error: aborting due to 1 previous error
[INFO] [stdout] 
[INFO] [stdout] Couldn't compile the test.
[INFO] [stdout] ---- src/lib.rs - query (line 466) stdout ----
[INFO] [stdout] error: expected identifier, found `<`
[INFO] [stdout]  --> src/lib.rs:471:14
[INFO] [stdout]   |
[INFO] [stdout] 7 | pub async fn <function_name>(<parameters>) -> <return_type> {}
[INFO] [stdout]   |              ^ expected identifier
[INFO] [stdout]   |
[INFO] [stdout]   = help: place the generic parameter name after the fn name
[INFO] [stdout] 
[INFO] [stdout] error: aborting due to 1 previous error
[INFO] [stdout] 
[INFO] [stdout] Couldn't compile the test.
[INFO] [stdout] ---- src/lib.rs - select (line 562) stdout ----
[INFO] [stdout] error: expected identifier, found `<`
[INFO] [stdout]  --> src/lib.rs:567:14
[INFO] [stdout]   |
[INFO] [stdout] 7 | pub async fn <function_name>(<parameters>) -> <return_type> {}
[INFO] [stdout]   |              ^ expected identifier
[INFO] [stdout]   |
[INFO] [stdout]   = help: place the generic parameter name after the fn name
[INFO] [stdout] 
[INFO] [stdout] error: aborting due to 1 previous error
[INFO] [stdout] 
[INFO] [stdout] Couldn't compile the test.
[INFO] [stdout] ---- src/lib.rs - delete (line 828) stdout ----
[INFO] [stdout] error: expected identifier, found `<`
[INFO] [stdout]  --> src/lib.rs:833:14
[INFO] [stdout]   |
[INFO] [stdout] 7 | pub async fn <function_name>(<parameters>) -> <return_type> {}
[INFO] [stdout]   |              ^ expected identifier
[INFO] [stdout]   |
[INFO] [stdout]   = help: place the generic parameter name after the fn name
[INFO] [stdout] 
[INFO] [stdout] error: aborting due to 1 previous error
[INFO] [stdout] 
[INFO] [stdout] Couldn't compile the test.
[INFO] [stdout] ---- src/lib.rs - update (line 649) stdout ----
[INFO] [stdout] error: expected identifier, found `<`
[INFO] [stdout]  --> src/lib.rs:654:14
[INFO] [stdout]   |
[INFO] [stdout] 7 | pub async fn <function_name>(<parameters>) -> <return_type> {}
[INFO] [stdout]   |              ^ expected identifier
[INFO] [stdout]   |
[INFO] [stdout]   = help: place the generic parameter name after the fn name
[INFO] [stdout] 
[INFO] [stdout] error: aborting due to 1 previous error
[INFO] [stdout] 
[INFO] [stdout] Couldn't compile the test.
[INFO] [stdout] ---- src/lib.rs - insert (line 737) stdout ----
[INFO] [stdout] error: expected identifier, found `<`
[INFO] [stdout]  --> src/lib.rs:742:14
[INFO] [stdout]   |
[INFO] [stdout] 7 | pub async fn <function_name>(<parameters>) -> <return_type> {}
[INFO] [stdout]   |              ^ expected identifier
[INFO] [stdout]   |
[INFO] [stdout]   = help: place the generic parameter name after the fn name
[INFO] [stdout] 
[INFO] [stdout] error: aborting due to 1 previous error
[INFO] [stdout] 
[INFO] [stdout] Couldn't compile the test.
[INFO] [stdout] ---- src/lib.rs - insert_derive (line 34) stdout ----
[INFO] [stdout] error: proc-macro derive panicked
[INFO] [stdout]  --> src/lib.rs:38:10
[INFO] [stdout]   |
[INFO] [stdout] 7 | #[derive(InsertTemplate, sqlx::FromRow)]
[INFO] [stdout]   |          ^^^^^^^^^^^^^^
[INFO] [stdout]   |
[INFO] [stdout]   = help: message: Unknown database 1
[INFO] [stdout] 
[INFO] [stdout] error[E0433]: failed to resolve: use of undeclared crate or module `sqlx`
[INFO] [stdout]  --> src/lib.rs:38:26
[INFO] [stdout]   |
[INFO] [stdout] 7 | #[derive(InsertTemplate, sqlx::FromRow)]
[INFO] [stdout]   |                          ^^^^ use of undeclared crate or module `sqlx`
[INFO] [stdout] 
[INFO] [stdout] error[E0425]: cannot find value `pool` in this scope
[INFO] [stdout]   --> src/lib.rs:50:42
[INFO] [stdout]    |
[INFO] [stdout] 19 | let rows_affected = User::insert(&user, &pool).await?;
[INFO] [stdout]    |                                          ^^^^ not found in this scope
[INFO] [stdout] 
[INFO] [stdout] error[E0425]: cannot find value `new_user` in this scope
[INFO] [stdout]   --> src/lib.rs:56:28
[INFO] [stdout]    |
[INFO] [stdout] 25 | println!("New user: {:?}", new_user);
[INFO] [stdout]    |                            ^^^^^^^^ not found in this scope
[INFO] [stdout] 
[INFO] [stdout] error[E0728]: `await` is only allowed inside `async` functions and blocks
[INFO] [stdout]   --> src/lib.rs:50:48
[INFO] [stdout]    |
[INFO] [stdout] 4  | fn main() { #[allow(non_snake_case)] fn _doctest_main_src_lib_rs_34_0() {
[INFO] [stdout]    |                                      ---------------------------------- this is not `async`
[INFO] [stdout] ...
[INFO] [stdout] 19 | let rows_affected = User::insert(&user, &pool).await?;
[INFO] [stdout]    |                                                ^^^^^ only allowed inside `async` functions and blocks
[INFO] [stdout] 
[INFO] [stdout] error[E0599]: no function or associated item named `insert` found for struct `User` in the current scope
[INFO] [stdout]   --> src/lib.rs:50:27
[INFO] [stdout]    |
[INFO] [stdout] 10 | pub struct User {
[INFO] [stdout]    | --------------- function or associated item `insert` not found for this struct
[INFO] [stdout] ...
[INFO] [stdout] 19 | let rows_affected = User::insert(&user, &pool).await?;
[INFO] [stdout]    |                           ^^^^^^ function or associated item not found in `User`
[INFO] [stdout] 
[INFO] [stdout] error: aborting due to 6 previous errors
[INFO] [stdout] 
[INFO] [stdout] Some errors have detailed explanations: E0425, E0433, E0599, E0728.
[INFO] [stdout] For more information about an error, try `rustc --explain E0425`.
[INFO] [stdout] Couldn't compile the test.
[INFO] [stdout] ---- src/lib.rs - multi_query (line 432) stdout ----
[INFO] [stdout] error: cannot find attribute `multi_query` in this scope
[INFO] [stdout]  --> src/lib.rs:439:3
[INFO] [stdout]   |
[INFO] [stdout] 9 | #[multi_query(
[INFO] [stdout]   |   ^^^^^^^^^^^
[INFO] [stdout]   |
[INFO] [stdout] help: consider importing this attribute macro
[INFO] [stdout]   |
[INFO] [stdout] 2 + use sqlx_template::multi_query;
[INFO] [stdout]   |
[INFO] [stdout] 
[INFO] [stdout] error: cannot find attribute `multi_query` in this scope
[INFO] [stdout]  --> src/lib.rs:433:3
[INFO] [stdout]   |
[INFO] [stdout] 3 | #[multi_query(
[INFO] [stdout]   |   ^^^^^^^^^^^
[INFO] [stdout]   |
[INFO] [stdout] help: consider importing this attribute macro
[INFO] [stdout]   |
[INFO] [stdout] 2 + use sqlx_template::multi_query;
[INFO] [stdout]   |
[INFO] [stdout] 
[INFO] [stdout] error: aborting due to 2 previous errors
[INFO] [stdout] 
[INFO] [stdout] Couldn't compile the test.
[INFO] [stdout] ---- src/lib.rs - select_derive (line 249) stdout ----
[INFO] [stdout] error: proc-macro derive panicked
[INFO] [stdout]  --> src/lib.rs:254:10
[INFO] [stdout]   |
[INFO] [stdout] 8 | #[derive(SelectTemplate, FromRow)]
[INFO] [stdout]   |          ^^^^^^^^^^^^^^
[INFO] [stdout]   |
[INFO] [stdout]   = help: message: Unknown database 1
[INFO] [stdout] 
[INFO] [stdout] error[E0432]: unresolved import `sqlx`
[INFO] [stdout]  --> src/lib.rs:252:5
[INFO] [stdout]   |
[INFO] [stdout] 6 | use sqlx::FromRow;
[INFO] [stdout]   |     ^^^^ use of undeclared crate or module `sqlx`
[INFO] [stdout] 
[INFO] [stdout] error: cannot find attribute `auto` in this scope
[INFO] [stdout]   --> src/lib.rs:263:7
[INFO] [stdout]    |
[INFO] [stdout] 17 |     #[auto]
[INFO] [stdout]    |       ^^^^
[INFO] [stdout] 
[INFO] [stdout] error[E0425]: cannot find value `pool` in this scope
[INFO] [stdout]   --> src/lib.rs:271:35
[INFO] [stdout]    |
[INFO] [stdout] 25 | let user = User::find_user_by_id(&pool, 1).await?;
[INFO] [stdout]    |                                   ^^^^ not found in this scope
[INFO] [stdout] 
[INFO] [stdout] error[E0425]: cannot find value `pool` in this scope
[INFO] [stdout]   --> src/lib.rs:275:35
[INFO] [stdout]    |
[INFO] [stdout] 29 | let users = User::find_all_users(&pool, Some("example@example.com")).await?;
[INFO] [stdout]    |                                   ^^^^ not found in this scope
[INFO] [stdout] 
[INFO] [stdout] error[E0425]: cannot find value `pool` in this scope
[INFO] [stdout]   --> src/lib.rs:279:43
[INFO] [stdout]    |
[INFO] [stdout] 33 | let user_count = User::count_users_by_id(&pool, Some(1)).await?;
[INFO] [stdout]    |                                           ^^^^ not found in this scope
[INFO] [stdout] 
[INFO] [stdout] error[E0425]: cannot find value `pool` in this scope
[INFO] [stdout]   --> src/lib.rs:283:51
[INFO] [stdout]    |
[INFO] [stdout] 37 | let (users, total_count) = User::find_users_page(&pool, 0, 10).await?;
[INFO] [stdout]    |                                                   ^^^^ not found in this scope
[INFO] [stdout] 
[INFO] [stdout] error[E0425]: cannot find value `pool` in this scope
[INFO] [stdout]   --> src/lib.rs:287:52
[INFO] [stdout]    |
[INFO] [stdout] 41 | let mut user_stream = User::stream_users_by_email(&pool, "example@example.com").await?;
[INFO] [stdout]    |                                                    ^^^^ not found in this scope
[INFO] [stdout] 
[INFO] [stdout] error[E0728]: `await` is only allowed inside `async` functions and blocks
[INFO] [stdout]   --> src/lib.rs:271:44
[INFO] [stdout]    |
[INFO] [stdout] 4  | fn main() { #[allow(non_snake_case)] fn _doctest_main_src_lib_rs_249_0() {
[INFO] [stdout]    |                                      ----------------------------------- this is not `async`
[INFO] [stdout] ...
[INFO] [stdout] 25 | let user = User::find_user_by_id(&pool, 1).await?;
[INFO] [stdout]    |                                            ^^^^^ only allowed inside `async` functions and blocks
[INFO] [stdout] 
[INFO] [stdout] error[E0728]: `await` is only allowed inside `async` functions and blocks
[INFO] [stdout]   --> src/lib.rs:275:70
[INFO] [stdout]    |
[INFO] [stdout] 4  | fn main() { #[allow(non_snake_case)] fn _doctest_main_src_lib_rs_249_0() {
[INFO] [stdout]    |                                      ----------------------------------- this is not `async`
[INFO] [stdout] ...
[INFO] [stdout] 29 | let users = User::find_all_users(&pool, Some("example@example.com")).await?;
[INFO] [stdout]    |                                                                      ^^^^^ only allowed inside `async` functions and blocks
[INFO] [stdout] 
[INFO] [stdout] error[E0728]: `await` is only allowed inside `async` functions and blocks
[INFO] [stdout]   --> src/lib.rs:279:58
[INFO] [stdout]    |
[INFO] [stdout] 4  | fn main() { #[allow(non_snake_case)] fn _doctest_main_src_lib_rs_249_0() {
[INFO] [stdout]    |                                      ----------------------------------- this is not `async`
[INFO] [stdout] ...
[INFO] [stdout] 33 | let user_count = User::count_users_by_id(&pool, Some(1)).await?;
[INFO] [stdout]    |                                                          ^^^^^ only allowed inside `async` functions and blocks
[INFO] [stdout] 
[INFO] [stdout] error[E0728]: `await` is only allowed inside `async` functions and blocks
[INFO] [stdout]   --> src/lib.rs:283:64
[INFO] [stdout]    |
[INFO] [stdout] 4  | fn main() { #[allow(non_snake_case)] fn _doctest_main_src_lib_rs_249_0() {
[INFO] [stdout]    |                                      ----------------------------------- this is not `async`
[INFO] [stdout] ...
[INFO] [stdout] 37 | let (users, total_count) = User::find_users_page(&pool, 0, 10).await?;
[INFO] [stdout]    |                                                                ^^^^^ only allowed inside `async` functions and blocks
[INFO] [stdout] 
[INFO] [stdout] error[E0728]: `await` is only allowed inside `async` functions and blocks
[INFO] [stdout]   --> src/lib.rs:287:81
[INFO] [stdout]    |
[INFO] [stdout] 4  | fn main() { #[allow(non_snake_case)] fn _doctest_main_src_lib_rs_249_0() {
[INFO] [stdout]    |                                      ----------------------------------- this is not `async`
[INFO] [stdout] ...
[INFO] [stdout] 41 | let mut user_stream = User::stream_users_by_email(&pool, "example@example.com").await?;
[INFO] [stdout]    |                                                                                 ^^^^^ only allowed inside `async` functions and blocks
[INFO] [stdout] 
[INFO] [stdout] error[E0728]: `await` is only allowed inside `async` functions and blocks
[INFO] [stdout]   --> src/lib.rs:288:43
[INFO] [stdout]    |
[INFO] [stdout] 4  | fn main() { #[allow(non_snake_case)] fn _doctest_main_src_lib_rs_249_0() {
[INFO] [stdout]    |                                      ----------------------------------- this is not `async`
[INFO] [stdout] ...
[INFO] [stdout] 42 | while let Some(user) = user_stream.next().await {
[INFO] [stdout]    |                                           ^^^^^ only allowed inside `async` functions and blocks
[INFO] [stdout] 
[INFO] [stdout] error[E0599]: no function or associated item named `find_user_by_id` found for struct `User` in the current scope
[INFO] [stdout]   --> src/lib.rs:271:18
[INFO] [stdout]    |
[INFO] [stdout] 16 | pub struct User {
[INFO] [stdout]    | --------------- function or associated item `find_user_by_id` not found for this struct
[INFO] [stdout] ...
[INFO] [stdout] 25 | let user = User::find_user_by_id(&pool, 1).await?;
[INFO] [stdout]    |                  ^^^^^^^^^^^^^^^ function or associated item not found in `User`
[INFO] [stdout] 
[INFO] [stdout] error[E0599]: no function or associated item named `find_all_users` found for struct `User` in the current scope
[INFO] [stdout]   --> src/lib.rs:275:19
[INFO] [stdout]    |
[INFO] [stdout] 16 | pub struct User {
[INFO] [stdout]    | --------------- function or associated item `find_all_users` not found for this struct
[INFO] [stdout] ...
[INFO] [stdout] 29 | let users = User::find_all_users(&pool, Some("example@example.com")).await?;
[INFO] [stdout]    |                   ^^^^^^^^^^^^^^ function or associated item not found in `User`
[INFO] [stdout] 
[INFO] [stdout] error[E0599]: no function or associated item named `count_users_by_id` found for struct `User` in the current scope
[INFO] [stdout]   --> src/lib.rs:279:24
[INFO] [stdout]    |
[INFO] [stdout] 16 | pub struct User {
[INFO] [stdout]    | --------------- function or associated item `count_users_by_id` not found for this struct
[INFO] [stdout] ...
[INFO] [stdout] 33 | let user_count = User::count_users_by_id(&pool, Some(1)).await?;
[INFO] [stdout]    |                        ^^^^^^^^^^^^^^^^^ function or associated item not found in `User`
[INFO] [stdout] 
[INFO] [stdout] error[E0599]: no function or associated item named `find_users_page` found for struct `User` in the current scope
[INFO] [stdout]   --> src/lib.rs:283:34
[INFO] [stdout]    |
[INFO] [stdout] 16 | pub struct User {
[INFO] [stdout]    | --------------- function or associated item `find_users_page` not found for this struct
[INFO] [stdout] ...
[INFO] [stdout] 37 | let (users, total_count) = User::find_users_page(&pool, 0, 10).await?;
[INFO] [stdout]    |                                  ^^^^^^^^^^^^^^^ function or associated item not found in `User`
[INFO] [stdout] 
[INFO] [stdout] error[E0599]: no function or associated item named `stream_users_by_email` found for struct `User` in the current scope
[INFO] [stdout]   --> src/lib.rs:287:29
[INFO] [stdout]    |
[INFO] [stdout] 16 | pub struct User {
[INFO] [stdout]    | --------------- function or associated item `stream_users_by_email` not found for this struct
[INFO] [stdout] ...
[INFO] [stdout] 41 | let mut user_stream = User::stream_users_by_email(&pool, "example@example.com").await?;
[INFO] [stdout]    |                             ^^^^^^^^^^^^^^^^^^^^^ function or associated item not found in `User`
[INFO] [stdout] 
[INFO] [stdout] error: aborting due to 19 previous errors
[INFO] [stdout] 
[INFO] [stdout] Some errors have detailed explanations: E0425, E0432, E0599, E0728.
[INFO] [stdout] For more information about an error, try `rustc --explain E0425`.
[INFO] [stdout] Couldn't compile the test.
[INFO] [stdout] ---- src/lib.rs - insert (line 796) stdout ----
[INFO] [stdout] error: cannot find attribute `insert` in this scope
[INFO] [stdout]  --> src/lib.rs:803:3
[INFO] [stdout]   |
[INFO] [stdout] 9 | #[insert("INSERT INTO user (name, age) VALUES (:name, :age)")]
[INFO] [stdout]   |   ^^^^^^
[INFO] [stdout]   |
[INFO] [stdout] help: consider importing this attribute macro
[INFO] [stdout]   |
[INFO] [stdout] 2 + use sqlx_template::insert;
[INFO] [stdout]   |
[INFO] [stdout] 
[INFO] [stdout] error: cannot find attribute `insert` in this scope
[INFO] [stdout]  --> src/lib.rs:797:3
[INFO] [stdout]   |
[INFO] [stdout] 3 | #[insert(
[INFO] [stdout]   |   ^^^^^^
[INFO] [stdout]   |
[INFO] [stdout] help: consider importing this attribute macro
[INFO] [stdout]   |
[INFO] [stdout] 2 + use sqlx_template::insert;
[INFO] [stdout]   |
[INFO] [stdout] 
[INFO] [stdout] error[E0412]: cannot find type `RowAffected` in this scope
[INFO] [stdout]  --> src/lib.rs:801:51
[INFO] [stdout]   |
[INFO] [stdout] 7 | pub async fn insert_user(name: &str, age: i32) -> RowAffected {}
[INFO] [stdout]   |                                                   ^^^^^^^^^^^ not found in this scope
[INFO] [stdout] 
[INFO] [stdout] error: aborting due to 3 previous errors
[INFO] [stdout] 
[INFO] [stdout] For more information about this error, try `rustc --explain E0412`.
[INFO] [stdout] Couldn't compile the test.
[INFO] [stdout] ---- src/lib.rs - update_derive (line 104) stdout ----
[INFO] [stdout] error: proc-macro derive panicked
[INFO] [stdout]  --> src/lib.rs:108:10
[INFO] [stdout]   |
[INFO] [stdout] 7 | #[derive(UpdateTemplate, sqlx::FromRow)]
[INFO] [stdout]   |          ^^^^^^^^^^^^^^
[INFO] [stdout]   |
[INFO] [stdout]   = help: message: Unknown database 1
[INFO] [stdout] 
[INFO] [stdout] error[E0433]: failed to resolve: use of undeclared crate or module `sqlx`
[INFO] [stdout]  --> src/lib.rs:108:26
[INFO] [stdout]   |
[INFO] [stdout] 7 | #[derive(UpdateTemplate, sqlx::FromRow)]
[INFO] [stdout]   |                          ^^^^ use of undeclared crate or module `sqlx`
[INFO] [stdout] 
[INFO] [stdout] error: aborting due to 2 previous errors
[INFO] [stdout] 
[INFO] [stdout] For more information about this error, try `rustc --explain E0433`.
[INFO] [stdout] Couldn't compile the test.
[INFO] [stdout] ---- src/lib.rs - select (line 620) stdout ----
[INFO] [stdout] error: cannot find attribute `select` in this scope
[INFO] [stdout]  --> src/lib.rs:621:3
[INFO] [stdout]   |
[INFO] [stdout] 3 | #[select(
[INFO] [stdout]   |   ^^^^^^
[INFO] [stdout]   |
[INFO] [stdout] help: consider importing this attribute macro
[INFO] [stdout]   |
[INFO] [stdout] 2 + use sqlx_template::select;
[INFO] [stdout]   |
[INFO] [stdout] 
[INFO] [stdout] error[E0412]: cannot find type `UserInfo` in this scope
[INFO] [stdout]   --> src/lib.rs:629:59
[INFO] [stdout]    |
[INFO] [stdout] 11 | pub async fn query_user_info(name: &str, age: i32) -> Vec<UserInfo> {}
[INFO] [stdout]    |                                                           ^^^^^^^^ not found in this scope
[INFO] [stdout]    |
[INFO] [stdout] help: you might be missing a type parameter
[INFO] [stdout]    |
[INFO] [stdout] 11 | pub async fn query_user_info<UserInfo>(name: &str, age: i32) -> Vec<UserInfo> {}
[INFO] [stdout]    |                             ++++++++++
[INFO] [stdout] 
[INFO] [stdout] error: aborting due to 2 previous errors
[INFO] [stdout] 
[INFO] [stdout] For more information about this error, try `rustc --explain E0412`.
[INFO] [stdout] Couldn't compile the test.
[INFO] [stdout] ---- src/lib.rs - delete (line 887) stdout ----
[INFO] [stdout] error: cannot find attribute `delete` in this scope
[INFO] [stdout]  --> src/lib.rs:894:3
[INFO] [stdout]   |
[INFO] [stdout] 9 | #[delete(
[INFO] [stdout]   |   ^^^^^^
[INFO] [stdout]   |
[INFO] [stdout] help: consider importing this attribute macro
[INFO] [stdout]   |
[INFO] [stdout] 2 + use sqlx_template::delete;
[INFO] [stdout]   |
[INFO] [stdout] 
[INFO] [stdout] error: cannot find attribute `delete` in this scope
[INFO] [stdout]  --> src/lib.rs:888:3
[INFO] [stdout]   |
[INFO] [stdout] 3 | #[delete(
[INFO] [stdout]   |   ^^^^^^
[INFO] [stdout]   |
[INFO] [stdout] help: consider importing this attribute macro
[INFO] [stdout]   |
[INFO] [stdout] 2 + use sqlx_template::delete;
[INFO] [stdout]   |
[INFO] [stdout] 
[INFO] [stdout] error[E0412]: cannot find type `RowAffected` in this scope
[INFO] [stdout]  --> src/lib.rs:892:41
[INFO] [stdout]   |
[INFO] [stdout] 7 | pub async fn delete_user(name: &str) -> RowAffected {}
[INFO] [stdout]   |                                         ^^^^^^^^^^^ not found in this scope
[INFO] [stdout] 
[INFO] [stdout] error: aborting due to 3 previous errors
[INFO] [stdout] 
[INFO] [stdout] For more information about this error, try `rustc --explain E0412`.
[INFO] [stdout] Couldn't compile the test.
[INFO] [stdout] ---- src/lib.rs - table_name_derive (line 363) stdout ----
[INFO] [stdout] error: cannot find derive macro `TableName` in this scope
[INFO] [stdout]  --> src/lib.rs:364:10
[INFO] [stdout]   |
[INFO] [stdout] 2 | #[derive(TableName)]
[INFO] [stdout]   |          ^^^^^^^^^
[INFO] [stdout]   |
[INFO] [stdout] help: consider importing this derive macro
[INFO] [stdout]   |
[INFO] [stdout] 2 + use sqlx_template::TableName;
[INFO] [stdout]   |
[INFO] [stdout] 
[INFO] [stdout] error: cannot find attribute `table_name` in this scope
[INFO] [stdout]  --> src/lib.rs:365:3
[INFO] [stdout]   |
[INFO] [stdout] 3 | #[table_name = "users"]
[INFO] [stdout]   |   ^^^^^^^^^^
[INFO] [stdout] 
[INFO] [stdout] error[E0599]: no function or associated item named `table_name` found for struct `User` in the current scope
[INFO] [stdout]   --> src/lib.rs:374:22
[INFO] [stdout]    |
[INFO] [stdout] 4  | pub struct User {
[INFO] [stdout]    | --------------- function or associated item `table_name` not found for this struct
[INFO] [stdout] ...
[INFO] [stdout] 12 |     assert_eq!(User::table_name(), "users");
[INFO] [stdout]    |                      ^^^^^^^^^^ function or associated item not found in `User`
[INFO] [stdout] 
[INFO] [stdout] error: aborting due to 3 previous errors
[INFO] [stdout] 
[INFO] [stdout] For more information about this error, try `rustc --explain E0599`.
[INFO] [stdout] Couldn't compile the test.
[INFO] [stdout] ---- src/lib.rs - query (line 525) stdout ----
[INFO] [stdout] error: cannot find attribute `query` in this scope
[INFO] [stdout]   --> src/lib.rs:538:3
[INFO] [stdout]    |
[INFO] [stdout] 15 | #[query("DELETE FROM user WHERE name = :name")]
[INFO] [stdout]    |   ^^^^^
[INFO] [stdout]    |
[INFO] [stdout] help: consider importing this attribute macro
[INFO] [stdout]    |
[INFO] [stdout] 2  + use sqlx_template::query;
[INFO] [stdout]    |
[INFO] [stdout] 
[INFO] [stdout] error: cannot find attribute `query` in this scope
[INFO] [stdout]  --> src/lib.rs:532:3
[INFO] [stdout]   |
[INFO] [stdout] 9 | #[query(
[INFO] [stdout]   |   ^^^^^
[INFO] [stdout]   |
[INFO] [stdout] help: consider importing this attribute macro
[INFO] [stdout]   |
[INFO] [stdout] 2 + use sqlx_template::query;
[INFO] [stdout]   |
[INFO] [stdout] 
[INFO] [stdout] error: cannot find attribute `query` in this scope
[INFO] [stdout]  --> src/lib.rs:526:3
[INFO] [stdout]   |
[INFO] [stdout] 3 | #[query(
[INFO] [stdout]   |   ^^^^^
[INFO] [stdout]   |
[INFO] [stdout] help: consider importing this attribute macro
[INFO] [stdout]   |
[INFO] [stdout] 2 + use sqlx_template::query;
[INFO] [stdout]   |
[INFO] [stdout] 
[INFO] [stdout] error[E0412]: cannot find type `UserInfo` in this scope
[INFO] [stdout]  --> src/lib.rs:530:59
[INFO] [stdout]   |
[INFO] [stdout] 7 | pub async fn query_user_info(name: &str, age: i32) -> Vec<UserInfo> {}
[INFO] [stdout]   |                                                           ^^^^^^^^ not found in this scope
[INFO] [stdout]   |
[INFO] [stdout] help: you might be missing a type parameter
[INFO] [stdout]   |
[INFO] [stdout] 7 | pub async fn query_user_info<UserInfo>(name: &str, age: i32) -> Vec<UserInfo> {}
[INFO] [stdout]   |                             ++++++++++
[INFO] [stdout] 
[INFO] [stdout] error[E0412]: cannot find type `RowAffected` in this scope
[INFO] [stdout]   --> src/lib.rs:536:51
[INFO] [stdout]    |
[INFO] [stdout] 13 | pub async fn insert_user(name: &str, age: i32) -> RowAffected {}
[INFO] [stdout]    |                                                   ^^^^^^^^^^^ not found in this scope
[INFO] [stdout] 
[INFO] [stdout] error: aborting due to 5 previous errors
[INFO] [stdout] 
[INFO] [stdout] For more information about this error, try `rustc --explain E0412`.
[INFO] [stdout] Couldn't compile the test.
[INFO] [stdout] ---- src/lib.rs - update (line 708) stdout ----
[INFO] [stdout] error: cannot find attribute `update` in this scope
[INFO] [stdout]  --> src/lib.rs:709:3
[INFO] [stdout]   |
[INFO] [stdout] 3 | #[update(
[INFO] [stdout]   |   ^^^^^^
[INFO] [stdout]   |
[INFO] [stdout] help: consider importing this attribute macro
[INFO] [stdout]   |
[INFO] [stdout] 2 + use sqlx_template::update;
[INFO] [stdout]   |
[INFO] [stdout] 
[INFO] [stdout] error[E0412]: cannot find type `RowAffected` in this scope
[INFO] [stdout]  --> src/lib.rs:713:55
[INFO] [stdout]   |
[INFO] [stdout] 7 | pub async fn update_user_age(name: &str, age: i32) -> RowAffected {}
[INFO] [stdout]   |                                                       ^^^^^^^^^^^ not found in this scope
[INFO] [stdout] 
[INFO] [stdout] error: aborting due to 2 previous errors
[INFO] [stdout] 
[INFO] [stdout] For more information about this error, try `rustc --explain E0412`.
[INFO] [stdout] Couldn't compile the test.
[INFO] [stdout] ---- src/lib.rs - delete_derive (line 169) stdout ----
[INFO] [stdout] error: proc-macro derive panicked
[INFO] [stdout]  --> src/lib.rs:173:10
[INFO] [stdout]   |
[INFO] [stdout] 7 | #[derive(DeleteTemplate, sqlx::FromRow)]
[INFO] [stdout]   |          ^^^^^^^^^^^^^^
[INFO] [stdout]   |
[INFO] [stdout]   = help: message: Unknown database 1
[INFO] [stdout] 
[INFO] [stdout] error[E0433]: failed to resolve: use of undeclared crate or module `sqlx`
[INFO] [stdout]  --> src/lib.rs:173:26
[INFO] [stdout]   |
[INFO] [stdout] 7 | #[derive(DeleteTemplate, sqlx::FromRow)]
[INFO] [stdout]   |                          ^^^^ use of undeclared crate or module `sqlx`
[INFO] [stdout] 
[INFO] [stdout] error[E0425]: cannot find value `pool` in this scope
[INFO] [stdout]   --> src/lib.rs:185:51
[INFO] [stdout]    |
[INFO] [stdout] 19 | let rows_affected = User::delete_by_id(&user.id, &pool).await?;
[INFO] [stdout]    |                                                   ^^^^ not found in this scope
[INFO] [stdout] 
[INFO] [stdout] error[E0425]: cannot find value `deleted_user` in this scope
[INFO] [stdout]   --> src/lib.rs:191:32
[INFO] [stdout]    |
[INFO] [stdout] 25 | println!("Deleted user: {:?}", deleted_user);
[INFO] [stdout]    |                                ^^^^^^^^^^^^ not found in this scope
[INFO] [stdout] 
[INFO] [stdout] error[E0728]: `await` is only allowed inside `async` functions and blocks
[INFO] [stdout]   --> src/lib.rs:185:57
[INFO] [stdout]    |
[INFO] [stdout] 4  | fn main() { #[allow(non_snake_case)] fn _doctest_main_src_lib_rs_169_0() {
[INFO] [stdout]    |                                      ----------------------------------- this is not `async`
[INFO] [stdout] ...
[INFO] [stdout] 19 | let rows_affected = User::delete_by_id(&user.id, &pool).await?;
[INFO] [stdout]    |                                                         ^^^^^ only allowed inside `async` functions and blocks
[INFO] [stdout] 
[INFO] [stdout] error[E0599]: no function or associated item named `delete_by_id` found for struct `User` in the current scope
[INFO] [stdout]   --> src/lib.rs:185:27
[INFO] [stdout]    |
[INFO] [stdout] 11 | pub struct User {
[INFO] [stdout]    | --------------- function or associated item `delete_by_id` not found for this struct
[INFO] [stdout] ...
[INFO] [stdout] 19 | let rows_affected = User::delete_by_id(&user.id, &pool).await?;
[INFO] [stdout]    |                           ^^^^^^^^^^^^ function or associated item not found in `User`
[INFO] [stdout] 
[INFO] [stdout] error: aborting due to 6 previous errors
[INFO] [stdout] 
[INFO] [stdout] Some errors have detailed explanations: E0425, E0433, E0599, E0728.
[INFO] [stdout] For more information about an error, try `rustc --explain E0425`.
[INFO] [stdout] Couldn't compile the test.
[INFO] [stdout] 
[INFO] [stdout] failures:
[INFO] [stdout]     src/lib.rs - delete (line 828)
[INFO] [stdout]     src/lib.rs - delete (line 887)
[INFO] [stdout]     src/lib.rs - delete_derive (line 169)
[INFO] [stdout]     src/lib.rs - insert (line 737)
[INFO] [stdout]     src/lib.rs - insert (line 796)
[INFO] [stdout]     src/lib.rs - insert_derive (line 34)
[INFO] [stdout]     src/lib.rs - multi_query (line 392)
[INFO] [stdout]     src/lib.rs - multi_query (line 432)
[INFO] [stdout]     src/lib.rs - query (line 466)
[INFO] [stdout]     src/lib.rs - query (line 525)
[INFO] [stdout]     src/lib.rs - select (line 562)
[INFO] [stdout]     src/lib.rs - select (line 620)
[INFO] [stdout]     src/lib.rs - select_derive (line 249)
[INFO] [stdout]     src/lib.rs - table_name_derive (line 347)
[INFO] [stdout]     src/lib.rs - table_name_derive (line 363)
[INFO] [stdout]     src/lib.rs - update (line 649)
[INFO] [stdout]     src/lib.rs - update (line 708)
[INFO] [stdout]     src/lib.rs - update_derive (line 104)
[INFO] [stdout] 
[INFO] [stdout] test result: FAILED. 0 passed; 18 failed; 0 ignored; 0 measured; 0 filtered out; finished in 0.53s
[INFO] [stdout] 
[INFO] [stderr] error: doctest failed, to rerun pass `--doc`
[INFO] running `Command { std: "docker" "inspect" "6fbe29ed6fd9f9051025d8901edd75bd9ac9d9854a23fdd2d4b337df7c0426d4", kill_on_drop: false }`
[INFO] running `Command { std: "docker" "rm" "-f" "6fbe29ed6fd9f9051025d8901edd75bd9ac9d9854a23fdd2d4b337df7c0426d4", kill_on_drop: false }`
[INFO] [stdout] 6fbe29ed6fd9f9051025d8901edd75bd9ac9d9854a23fdd2d4b337df7c0426d4
