[INFO] cloning repository https://github.com/hipages-leimiao/stats-sql-generator
[INFO] running `Command { std: "git" "-c" "credential.helper=" "-c" "credential.helper=/workspace/cargo-home/bin/git-credential-null" "clone" "--bare" "https://github.com/hipages-leimiao/stats-sql-generator" "/workspace/cache/git-repos/https%3A%2F%2Fgithub.com%2Fhipages-leimiao%2Fstats-sql-generator", kill_on_drop: false }`
[INFO] [stderr] Cloning into bare repository '/workspace/cache/git-repos/https%3A%2F%2Fgithub.com%2Fhipages-leimiao%2Fstats-sql-generator'...
[INFO] running `Command { std: "git" "rev-parse" "HEAD", kill_on_drop: false }`
[INFO] [stdout] 36461fcbc1eef467be4ef9c5792274b119b4060c
[INFO] testing hipages-leimiao/stats-sql-generator against 1.83.0 for beta-1.84.0-4-retry
[INFO] running `Command { std: "git" "clone" "/workspace/cache/git-repos/https%3A%2F%2Fgithub.com%2Fhipages-leimiao%2Fstats-sql-generator" "/workspace/builds/worker-2-tc1/source", kill_on_drop: false }`
[INFO] [stderr] Cloning into '/workspace/builds/worker-2-tc1/source'...
[INFO] [stderr] done.
[INFO] validating manifest of git repo https://github.com/hipages-leimiao/stats-sql-generator on toolchain 1.83.0
[INFO] running `Command { std: CARGO_HOME="/workspace/cargo-home" RUSTUP_HOME="/workspace/rustup-home" "/workspace/cargo-home/bin/cargo" "+1.83.0" "metadata" "--manifest-path" "Cargo.toml" "--no-deps", kill_on_drop: false }`
[INFO] started tweaking git repo https://github.com/hipages-leimiao/stats-sql-generator
[INFO] finished tweaking git repo https://github.com/hipages-leimiao/stats-sql-generator
[INFO] tweaked toml for git repo https://github.com/hipages-leimiao/stats-sql-generator written to /workspace/builds/worker-2-tc1/source/Cargo.toml
[INFO] crate git repo https://github.com/hipages-leimiao/stats-sql-generator already has a lockfile, it will not be regenerated
[INFO] running `Command { std: CARGO_HOME="/workspace/cargo-home" RUSTUP_HOME="/workspace/rustup-home" "/workspace/cargo-home/bin/cargo" "+1.83.0" "fetch" "--manifest-path" "Cargo.toml", kill_on_drop: false }`
[INFO] [stderr]     Updating crates.io index
[INFO] [stderr]  Downloading crates ...
[INFO] [stderr]   Downloaded snapbox v0.4.10
[INFO] [stderr]   Downloaded dirs v5.0.0
[INFO] [stderr]   Downloaded snapbox-macros v0.3.3
[INFO] [stderr]   Downloaded trycmd v0.14.15
[INFO] running `Command { std: "docker" "create" "-v" "/var/lib/crater-agent-workspace/builds/worker-2-tc1/target:/opt/rustwide/target:rw,Z" "-v" "/var/lib/crater-agent-workspace/builds/worker-2-tc1/source:/opt/rustwide/workdir:ro,Z" "-v" "/var/lib/crater-agent-workspace/cargo-home:/opt/rustwide/cargo-home:ro,Z" "-v" "/var/lib/crater-agent-workspace/rustup-home:/opt/rustwide/rustup-home:ro,Z" "-e" "SOURCE_DIR=/opt/rustwide/workdir" "-e" "CARGO_TARGET_DIR=/opt/rustwide/target" "-e" "CARGO_HOME=/opt/rustwide/cargo-home" "-e" "RUSTUP_HOME=/opt/rustwide/rustup-home" "-w" "/opt/rustwide/workdir" "-m" "1610612736" "--user" "0:0" "--network" "none" "ghcr.io/rust-lang/crates-build-env/linux@sha256:f3a9d4ad9d972b27faf3965f35b62e55ba32bbce8f20bc8fe909558a86702fde" "/opt/rustwide/cargo-home/bin/cargo" "+1.83.0" "metadata" "--no-deps" "--format-version=1", kill_on_drop: false }`
[INFO] [stdout] 5b3d7beb34d8b481a5a2c5f5711cee08d6cdb3cebf2ec30980126e13125ca91b
[INFO] running `Command { std: "docker" "start" "-a" "5b3d7beb34d8b481a5a2c5f5711cee08d6cdb3cebf2ec30980126e13125ca91b", kill_on_drop: false }`
[INFO] running `Command { std: "docker" "inspect" "5b3d7beb34d8b481a5a2c5f5711cee08d6cdb3cebf2ec30980126e13125ca91b", kill_on_drop: false }`
[INFO] running `Command { std: "docker" "rm" "-f" "5b3d7beb34d8b481a5a2c5f5711cee08d6cdb3cebf2ec30980126e13125ca91b", kill_on_drop: false }`
[INFO] [stdout] 5b3d7beb34d8b481a5a2c5f5711cee08d6cdb3cebf2ec30980126e13125ca91b
[INFO] running `Command { std: "docker" "create" "-v" "/var/lib/crater-agent-workspace/builds/worker-2-tc1/target:/opt/rustwide/target:rw,Z" "-v" "/var/lib/crater-agent-workspace/builds/worker-2-tc1/source:/opt/rustwide/workdir:ro,Z" "-v" "/var/lib/crater-agent-workspace/cargo-home:/opt/rustwide/cargo-home:ro,Z" "-v" "/var/lib/crater-agent-workspace/rustup-home:/opt/rustwide/rustup-home:ro,Z" "-e" "SOURCE_DIR=/opt/rustwide/workdir" "-e" "CARGO_TARGET_DIR=/opt/rustwide/target" "-e" "CARGO_INCREMENTAL=0" "-e" "RUST_BACKTRACE=full" "-e" "RUSTFLAGS=--cap-lints=warn" "-e" "RUSTDOCFLAGS=--cap-lints=warn" "-e" "CARGO_HOME=/opt/rustwide/cargo-home" "-e" "RUSTUP_HOME=/opt/rustwide/rustup-home" "-w" "/opt/rustwide/workdir" "-m" "1610612736" "--user" "0:0" "--network" "none" "ghcr.io/rust-lang/crates-build-env/linux@sha256:f3a9d4ad9d972b27faf3965f35b62e55ba32bbce8f20bc8fe909558a86702fde" "/opt/rustwide/cargo-home/bin/cargo" "+1.83.0" "build" "--frozen" "--message-format=json", kill_on_drop: false }`
[INFO] [stdout] 97033968cb658d723d8ecbe133273fe4893e953b422c8d2991e969ec87489fe8
[INFO] running `Command { std: "docker" "start" "-a" "97033968cb658d723d8ecbe133273fe4893e953b422c8d2991e969ec87489fe8", kill_on_drop: false }`
[INFO] [stderr]    Compiling libc v0.2.141
[INFO] [stderr]    Compiling autocfg v1.1.0
[INFO] [stderr]    Compiling cfg-if v1.0.0
[INFO] [stderr]    Compiling proc-macro2 v1.0.56
[INFO] [stderr]    Compiling quote v1.0.26
[INFO] [stderr]    Compiling unicode-ident v1.0.8
[INFO] [stderr]    Compiling io-lifetimes v1.0.10
[INFO] [stderr]    Compiling rustix v0.37.11
[INFO] [stderr]    Compiling bitflags v1.3.2
[INFO] [stderr]    Compiling linux-raw-sys v0.3.1
[INFO] [stderr]    Compiling serde_derive v1.0.160
[INFO] [stderr]    Compiling serde v1.0.160
[INFO] [stderr]    Compiling memchr v2.5.0
[INFO] [stderr]    Compiling crossbeam-utils v0.8.15
[INFO] [stderr]    Compiling utf8parse v0.2.1
[INFO] [stderr]    Compiling anstyle v0.3.5
[INFO] [stderr]    Compiling concolor-query v0.3.3
[INFO] [stderr]    Compiling concolor-override v1.0.0
[INFO] [stderr]    Compiling scopeguard v1.1.0
[INFO] [stderr]    Compiling anstyle-parse v0.1.1
[INFO] [stderr]    Compiling crc32fast v1.3.2
[INFO] [stderr]    Compiling fastrand v1.9.0
[INFO] [stderr]    Compiling adler v1.0.2
[INFO] [stderr]    Compiling rayon-core v1.11.0
[INFO] [stderr]    Compiling miniz_oxide v0.6.2
[INFO] [stderr]    Compiling encoding_rs v0.8.32
[INFO] [stderr]    Compiling hashbrown v0.12.3
[INFO] [stderr]    Compiling same-file v1.0.6
[INFO] [stderr]    Compiling memoffset v0.8.0
[INFO] [stderr]    Compiling crossbeam-epoch v0.9.14
[INFO] [stderr]    Compiling num-traits v0.2.15
[INFO] [stderr]    Compiling indexmap v1.9.3
[INFO] [stderr]    Compiling num-integer v0.1.45
[INFO] [stderr]    Compiling crossbeam-channel v0.5.8
[INFO] [stderr]    Compiling log v0.4.17
[INFO] [stderr]    Compiling flate2 v1.0.25
[INFO] [stderr]    Compiling content_inspector v0.2.4
[INFO] [stderr]    Compiling walkdir v2.3.3
[INFO] [stderr]    Compiling heck v0.4.1
[INFO] [stderr]    Compiling lazy_static v1.4.0
[INFO] [stderr]    Compiling similar v2.2.1
[INFO] [stderr]    Compiling strsim v0.10.0
[INFO] [stderr]    Compiling unicode-width v0.1.10
[INFO] [stderr]    Compiling humantime v2.1.0
[INFO] [stderr]    Compiling winnow v0.4.1
[INFO] [stderr]    Compiling clap_lex v0.4.1
[INFO] [stderr]    Compiling either v1.8.1
[INFO] [stderr]    Compiling syn v2.0.14
[INFO] [stderr]    Compiling crossbeam-deque v0.8.3
[INFO] [stderr]    Compiling dunce v1.0.3
[INFO] [stderr]    Compiling normalize-line-endings v0.3.0
[INFO] [stderr]    Compiling anyhow v1.0.70
[INFO] [stderr]    Compiling byteorder v1.4.3
[INFO] [stderr]    Compiling num_cpus v1.15.0
[INFO] [stderr]    Compiling wait-timeout v0.2.0
[INFO] [stderr]    Compiling os_pipe v1.1.3
[INFO] [stderr]    Compiling filetime v0.2.21
[INFO] [stderr]    Compiling console v0.15.5
[INFO] [stderr]    Compiling time v0.1.45
[INFO] [stderr]    Compiling dirs-sys v0.4.0
[INFO] [stderr]    Compiling quick-xml v0.25.0
[INFO] [stderr]    Compiling codepage v0.1.1
[INFO] [stderr]    Compiling zip v0.6.4
[INFO] [stderr]    Compiling csv-core v0.1.10
[INFO] [stderr]    Compiling shell-words v1.1.0
[INFO] [stderr]    Compiling zeroize v1.6.0
[INFO] [stderr]    Compiling ryu v1.0.13
[INFO] [stderr]    Compiling once_cell v1.17.1
[INFO] [stderr]    Compiling glob v0.3.1
[INFO] [stderr]    Compiling shlex v1.1.0
[INFO] [stderr]    Compiling itoa v1.0.6
[INFO] [stderr]    Compiling iana-time-zone v0.1.56
[INFO] [stderr]    Compiling dirs v5.0.0
[INFO] [stderr]    Compiling chrono v0.4.24
[INFO] [stderr]    Compiling rayon v1.7.0
[INFO] [stderr]    Compiling is-terminal v0.4.7
[INFO] [stderr]    Compiling tempfile v3.5.0
[INFO] [stderr]    Compiling anstream v0.2.6
[INFO] [stderr]    Compiling dialoguer v0.10.4
[INFO] [stderr]    Compiling snapbox-macros v0.3.3
[INFO] [stderr]    Compiling clap_builder v4.2.1
[INFO] [stderr]    Compiling snapbox v0.4.10
[INFO] [stderr]    Compiling clap_derive v4.2.0
[INFO] [stderr]    Compiling clap v4.2.1
[INFO] [stderr]    Compiling toml_datetime v0.6.1
[INFO] [stderr]    Compiling serde_spanned v0.6.1
[INFO] [stderr]    Compiling humantime-serde v1.1.1
[INFO] [stderr]    Compiling calamine v0.19.1
[INFO] [stderr]    Compiling csv v1.2.1
[INFO] [stderr]    Compiling toml_edit v0.19.8
[INFO] [stderr]    Compiling trycmd v0.14.15
[INFO] [stderr]    Compiling stats-sql-generator v0.1.0 (/opt/rustwide/workdir)
[INFO] [stderr]     Finished `dev` profile [unoptimized + debuginfo] target(s) in 42.20s
[INFO] running `Command { std: "docker" "inspect" "97033968cb658d723d8ecbe133273fe4893e953b422c8d2991e969ec87489fe8", kill_on_drop: false }`
[INFO] running `Command { std: "docker" "rm" "-f" "97033968cb658d723d8ecbe133273fe4893e953b422c8d2991e969ec87489fe8", kill_on_drop: false }`
[INFO] [stdout] 97033968cb658d723d8ecbe133273fe4893e953b422c8d2991e969ec87489fe8
[INFO] running `Command { std: "docker" "create" "-v" "/var/lib/crater-agent-workspace/builds/worker-2-tc1/target:/opt/rustwide/target:rw,Z" "-v" "/var/lib/crater-agent-workspace/builds/worker-2-tc1/source:/opt/rustwide/workdir:ro,Z" "-v" "/var/lib/crater-agent-workspace/cargo-home:/opt/rustwide/cargo-home:ro,Z" "-v" "/var/lib/crater-agent-workspace/rustup-home:/opt/rustwide/rustup-home:ro,Z" "-e" "SOURCE_DIR=/opt/rustwide/workdir" "-e" "CARGO_TARGET_DIR=/opt/rustwide/target" "-e" "CARGO_INCREMENTAL=0" "-e" "RUST_BACKTRACE=full" "-e" "RUSTFLAGS=--cap-lints=warn" "-e" "RUSTDOCFLAGS=--cap-lints=warn" "-e" "CARGO_HOME=/opt/rustwide/cargo-home" "-e" "RUSTUP_HOME=/opt/rustwide/rustup-home" "-w" "/opt/rustwide/workdir" "-m" "1610612736" "--user" "0:0" "--network" "none" "ghcr.io/rust-lang/crates-build-env/linux@sha256:f3a9d4ad9d972b27faf3965f35b62e55ba32bbce8f20bc8fe909558a86702fde" "/opt/rustwide/cargo-home/bin/cargo" "+1.83.0" "test" "--frozen" "--no-run" "--message-format=json", kill_on_drop: false }`
[INFO] [stdout] 670b6edfd16c24110ca1c153ac85f4e4acb89d595401d843a44369501e804838
[INFO] running `Command { std: "docker" "start" "-a" "670b6edfd16c24110ca1c153ac85f4e4acb89d595401d843a44369501e804838", kill_on_drop: false }`
[INFO] [stderr]    Compiling stats-sql-generator v0.1.0 (/opt/rustwide/workdir)
[INFO] [stderr]     Finished `test` profile [unoptimized + debuginfo] target(s) in 2.49s
[INFO] running `Command { std: "docker" "inspect" "670b6edfd16c24110ca1c153ac85f4e4acb89d595401d843a44369501e804838", kill_on_drop: false }`
[INFO] running `Command { std: "docker" "rm" "-f" "670b6edfd16c24110ca1c153ac85f4e4acb89d595401d843a44369501e804838", kill_on_drop: false }`
[INFO] [stdout] 670b6edfd16c24110ca1c153ac85f4e4acb89d595401d843a44369501e804838
[INFO] running `Command { std: "docker" "create" "-v" "/var/lib/crater-agent-workspace/builds/worker-2-tc1/target:/opt/rustwide/target:rw,Z" "-v" "/var/lib/crater-agent-workspace/builds/worker-2-tc1/source:/opt/rustwide/workdir:ro,Z" "-v" "/var/lib/crater-agent-workspace/cargo-home:/opt/rustwide/cargo-home:ro,Z" "-v" "/var/lib/crater-agent-workspace/rustup-home:/opt/rustwide/rustup-home:ro,Z" "-e" "SOURCE_DIR=/opt/rustwide/workdir" "-e" "CARGO_TARGET_DIR=/opt/rustwide/target" "-e" "CARGO_INCREMENTAL=0" "-e" "RUST_BACKTRACE=full" "-e" "RUSTFLAGS=--cap-lints=warn" "-e" "RUSTDOCFLAGS=--cap-lints=warn" "-e" "CARGO_HOME=/opt/rustwide/cargo-home" "-e" "RUSTUP_HOME=/opt/rustwide/rustup-home" "-w" "/opt/rustwide/workdir" "-m" "1610612736" "--user" "0:0" "--network" "none" "ghcr.io/rust-lang/crates-build-env/linux@sha256:f3a9d4ad9d972b27faf3965f35b62e55ba32bbce8f20bc8fe909558a86702fde" "/opt/rustwide/cargo-home/bin/cargo" "+1.83.0" "test" "--frozen", kill_on_drop: false }`
[INFO] [stdout] d3d65eaed59aba0dd172bbd2ae20f40d1ddfd56d79929e8d696f965ab4e9860a
[INFO] running `Command { std: "docker" "start" "-a" "d3d65eaed59aba0dd172bbd2ae20f40d1ddfd56d79929e8d696f965ab4e9860a", kill_on_drop: false }`
[INFO] [stderr]     Finished `test` profile [unoptimized + debuginfo] target(s) in 0.21s
[INFO] [stderr]      Running unittests src/lib.rs (/opt/rustwide/target/debug/deps/stats_sql_generator-d017d91166a4d0c1)
[INFO] [stdout] 
[INFO] [stdout] running 0 tests
[INFO] [stdout] 
[INFO] [stdout] test result: ok. 0 passed; 0 failed; 0 ignored; 0 measured; 0 filtered out; finished in 0.00s
[INFO] [stdout] 
[INFO] [stderr]      Running unittests src/bin/profile_stats.rs (/opt/rustwide/target/debug/deps/profile_stats-d7eb262dc0c6ac69)
[INFO] [stdout] 
[INFO] [stderr]      Running unittests src/main.rs (/opt/rustwide/target/debug/deps/stats_sql_generator-f1b641e225da79e8)
[INFO] [stdout] running 0 tests
[INFO] [stdout] 
[INFO] [stdout] test result: ok. 0 passed; 0 failed; 0 ignored; 0 measured; 0 filtered out; finished in 0.00s
[INFO] [stdout] 
[INFO] [stderr]      Running tests/cli_tests.rs (/opt/rustwide/target/debug/deps/cli_tests-9c31af389331d6ef)
[INFO] [stdout] 
[INFO] [stdout] running 0 tests
[INFO] [stdout] 
[INFO] [stdout] test result: ok. 0 passed; 0 failed; 0 ignored; 0 measured; 0 filtered out; finished in 0.00s
[INFO] [stdout] 
[INFO] [stdout] 
[INFO] [stdout] running 1 test
[INFO] [stderr] [2mTesting[0m README.md:23 ... [32mok[0m
[INFO] [stderr] [2mTesting[0m README.md:47 ... [31mfailed[0m
[INFO] [stderr] Expected [32msuccess[0m, was [31m101[0m
[INFO] [stderr] 
[INFO] [stderr] [32m---- expected: stdout[0m
[INFO] [stderr] [31m++++ actual:   stdout[0m
[INFO] [stderr] [2m   1[0m      [32m-[0m [32mmigration sql has been generated to file: migration_output.php
[INFO] [stderr] [0m     [2m   1[0m [31m+[0m [31mthread 'main' panicked at src/process/profile_stats/processor.rs:74:37:
[INFO] [stderr] [0m     [2m   2[0m [31m+[0m [31mUnable to write migration file: Os { code: 30, kind: ReadOnlyFilesystem, message: "Read-only file system" }
[INFO] [stderr] [0m     [2m   3[0m [31m+[0m [31mstack backtrace:
[INFO] [stderr] [0m     [2m   4[0m [31m+[0m [31m   0:     0x5a91e95ca36a - std::backtrace_rs::backtrace::libunwind::trace::h5a5b8284f2d0c266
[INFO] [stderr] [0m     [2m   5[0m [31m+[0m [31m                               at /rustc/90b35a6239c3d8bdabc530a6a0816f7ff89a0aaf/library/std/src/../../backtrace/src/backtrace/libunwind.rs:116:5
[INFO] [stderr] [0m     [2m   6[0m [31m+[0m [31m   1:     0x5a91e95ca36a - std::backtrace_rs::backtrace::trace_unsynchronized::h76d4f1c9b0b875e3
[INFO] [stderr] [0m     [2m   7[0m [31m+[0m [31m                               at /rustc/90b35a6239c3d8bdabc530a6a0816f7ff89a0aaf/library/std/src/../../backtrace/src/backtrace/mod.rs:66:5
[INFO] [stderr] [0m     [2m   8[0m [31m+[0m [31m   2:     0x5a91e95ca36a - std::sys::backtrace::_print_fmt::hc4546b8364a537c6
[INFO] [stderr] [0m     [2m   9[0m [31m+[0m [31m                               at /rustc/90b35a6239c3d8bdabc530a6a0816f7ff89a0aaf/library/std/src/sys/backtrace.rs:66:9
[INFO] [stderr] [0m     [2m  10[0m [31m+[0m [31m   3:     0x5a91e95ca36a - <std::sys::backtrace::BacktraceLock::print::DisplayBacktrace as core::fmt::Display>::fmt::h5b6bd5631a6d1f6b
[INFO] [stderr] [0m     [2m  11[0m [31m+[0m [31m                               at /rustc/90b35a6239c3d8bdabc530a6a0816f7ff89a0aaf/library/std/src/sys/backtrace.rs:39:26
[INFO] [stderr] [0m     [2m  12[0m [31m+[0m [31m   4:     0x5a91e95efd43 - core::fmt::rt::Argument::fmt::h270f6602a2b96f62
[INFO] [stderr] [0m     [2m  13[0m [31m+[0m [31m                               at /rustc/90b35a6239c3d8bdabc530a6a0816f7ff89a0aaf/library/core/src/fmt/rt.rs:177:76
[INFO] [stderr] [0m     [2m  14[0m [31m+[0m [31m   5:     0x5a91e95efd43 - core::fmt::write::h7550c97b06c86515
[INFO] [stderr] [0m     [2m  15[0m [31m+[0m [31m                               at /rustc/90b35a6239c3d8bdabc530a6a0816f7ff89a0aaf/library/core/src/fmt/mod.rs:1186:21
[INFO] [stderr] [0m     [2m  16[0m [31m+[0m [31m   6:     0x5a91e95c7533 - std::io::Write::write_fmt::h7b09c64fe0be9c84
[INFO] [stderr] [0m     [2m  17[0m [31m+[0m [31m                               at /rustc/90b35a6239c3d8bdabc530a6a0816f7ff89a0aaf/library/std/src/io/mod.rs:1839:15
[INFO] [stderr] [0m     [2m  18[0m [31m+[0m [31m   7:     0x5a91e95ca1b2 - std::sys::backtrace::BacktraceLock::print::h2395ccd2c84ba3aa
[INFO] [stderr] [0m     [2m  19[0m [31m+[0m [31m                               at /rustc/90b35a6239c3d8bdabc530a6a0816f7ff89a0aaf/library/std/src/sys/backtrace.rs:42:9
[INFO] [stderr] [0m     [2m  20[0m [31m+[0m [31m   8:     0x5a91e95cb15c - std::panicking::default_hook::{{closure}}::he19d4c7230e07961
[INFO] [stderr] [0m     [2m  21[0m [31m+[0m [31m                               at /rustc/90b35a6239c3d8bdabc530a6a0816f7ff89a0aaf/library/std/src/panicking.rs:268:22
[INFO] [stderr] [0m     [2m  22[0m [31m+[0m [31m   9:     0x5a91e95cafa2 - std::panicking::default_hook::hf614597d3c67bbdb
[INFO] [stderr] [0m     [2m  23[0m [31m+[0m [31m                               at /rustc/90b35a6239c3d8bdabc530a6a0816f7ff89a0aaf/library/std/src/panicking.rs:295:9
[INFO] [stderr] [0m     [2m  24[0m [31m+[0m [31m  10:     0x5a91e95cb737 - std::panicking::rust_panic_with_hook::h8942133a8b252070
[INFO] [stderr] [0m     [2m  25[0m [31m+[0m [31m                               at /rustc/90b35a6239c3d8bdabc530a6a0816f7ff89a0aaf/library/std/src/panicking.rs:801:13
[INFO] [stderr] [0m     [2m  26[0m [31m+[0m [31m  11:     0x5a91e95cb5ca - std::panicking::begin_panic_handler::{{closure}}::hb5f5963570096b29
[INFO] [stderr] [0m     [2m  27[0m [31m+[0m [31m                               at /rustc/90b35a6239c3d8bdabc530a6a0816f7ff89a0aaf/library/std/src/panicking.rs:674:13
[INFO] [stderr] [0m     [2m  28[0m [31m+[0m [31m  12:     0x5a91e95ca849 - std::sys::backtrace::__rust_end_short_backtrace::h6208cedc1922feda
[INFO] [stderr] [0m     [2m  29[0m [31m+[0m [31m                               at /rustc/90b35a6239c3d8bdabc530a6a0816f7ff89a0aaf/library/std/src/sys/backtrace.rs:170:18
[INFO] [stderr] [0m     [2m  30[0m [31m+[0m [31m  13:     0x5a91e95cb25c - rust_begin_unwind
[INFO] [stderr] [0m     [2m  31[0m [31m+[0m [31m                               at /rustc/90b35a6239c3d8bdabc530a6a0816f7ff89a0aaf/library/std/src/panicking.rs:665:5
[INFO] [stderr] [0m     [2m  32[0m [31m+[0m [31m  14:     0x5a91e9256ce0 - core::panicking::panic_fmt::h0c3082644d1bf418
[INFO] [stderr] [0m     [2m  33[0m [31m+[0m [31m                               at /rustc/90b35a6239c3d8bdabc530a6a0816f7ff89a0aaf/library/core/src/panicking.rs:74:14
[INFO] [stderr] [0m     [2m  34[0m [31m+[0m [31m  15:     0x5a91e9257126 - core::result::unwrap_failed::hd20b4aa073bda1e2
[INFO] [stderr] [0m     [2m  35[0m [31m+[0m [31m                               at /rustc/90b35a6239c3d8bdabc530a6a0816f7ff89a0aaf/library/core/src/result.rs:1700:5
[INFO] [stderr] [0m     [2m  36[0m [31m+[0m [31m  16:     0x5a91e92c29ff - core::result::Result<T,E>::expect::h7685e599056659be
[INFO] [stderr] [0m     [2m  37[0m [31m+[0m [31m                               at /rustc/90b35a6239c3d8bdabc530a6a0816f7ff89a0aaf/library/core/src/result.rs:1061:23
[INFO] [stderr] [0m     [2m  38[0m [31m+[0m [31m  17:     0x5a91e92d1490 - stats_sql_generator::process::profile_stats::processor::<impl stats_sql_generator::Processor for stats_sql_generator::process::profile_stats::cli::RunArgs>::write_data::h3cb8d41a97acce4e
[INFO] [stderr] [0m     [2m  39[0m [31m+[0m [31m                               at [CWD]/src/process/profile_stats/processor.rs:74:9
[INFO] [stderr] [0m     [2m  40[0m [31m+[0m [31m  18:     0x5a91e9258cee - stats_sql_generator::Processor::run::h3c03d5f42d2c9426
[INFO] [stderr] [0m     [2m  41[0m [31m+[0m [31m                               at [CWD]/src/lib.rs:31:9
[INFO] [stderr] [0m     [2m  42[0m [31m+[0m [31m  19:     0x5a91e925a197 - profile_stats::main::hc635bb85e38bf7c0
[INFO] [stderr] [0m     [2m  43[0m [31m+[0m [31m                               at [CWD]/src/bin/profile_stats.rs:12:13
[INFO] [stderr] [0m     [2m  44[0m [31m+[0m [31m  20:     0x5a91e92590ab - core::ops::function::FnOnce::call_once::hde6e0eedf25d4d08
[INFO] [stderr] [0m     [2m  45[0m [31m+[0m [31m                               at /rustc/90b35a6239c3d8bdabc530a6a0816f7ff89a0aaf/library/core/src/ops/function.rs:250:5
[INFO] [stderr] [0m     [2m  46[0m [31m+[0m [31m  21:     0x5a91e9258f6d - std::sys::backtrace::__rust_begin_short_backtrace::h3638605b874aee0e
[INFO] [stderr] [0m     [2m  47[0m [31m+[0m [31m                               at /rustc/90b35a6239c3d8bdabc530a6a0816f7ff89a0aaf/library/std/src/sys/backtrace.rs:154:18
[INFO] [stderr] [0m     [2m  48[0m [31m+[0m [31m  22:     0x5a91e9258ec1 - std::rt::lang_start::{{closure}}::h704f35d58ddf50aa
[INFO] [stderr] [0m     [2m  49[0m [31m+[0m [31m                               at /rustc/90b35a6239c3d8bdabc530a6a0816f7ff89a0aaf/library/std/src/rt.rs:195:18
[INFO] [stderr] [0m     [2m  50[0m [31m+[0m [31m  23:     0x5a91e95c13ce - core::ops::function::impls::<impl core::ops::function::FnOnce<A> for &F>::call_once::hfdb85f4ee94732d3
[INFO] [stderr] [0m     [2m  51[0m [31m+[0m [31m                               at /rustc/90b35a6239c3d8bdabc530a6a0816f7ff89a0aaf/library/core/src/ops/function.rs:284:13
[INFO] [stderr] [0m     [2m  52[0m [31m+[0m [31m  24:     0x5a91e95c13ce - std::panicking::try::do_call::h6e577310f330cbef
[INFO] [stderr] [0m     [2m  53[0m [31m+[0m [31m                               at /rustc/90b35a6239c3d8bdabc530a6a0816f7ff89a0aaf/library/std/src/panicking.rs:557:40
[INFO] [stderr] [0m     [2m  54[0m [31m+[0m [31m  25:     0x5a91e95c13ce - std::panicking::try::ha588d438267d2645
[INFO] [stderr] [0m     [2m  55[0m [31m+[0m [31m                               at /rustc/90b35a6239c3d8bdabc530a6a0816f7ff89a0aaf/library/std/src/panicking.rs:520:19
[INFO] [stderr] [0m     [2m  56[0m [31m+[0m [31m  26:     0x5a91e95c13ce - std::panic::catch_unwind::h429fda1e025f26d9
[INFO] [stderr] [0m     [2m  57[0m [31m+[0m [31m                               at /rustc/90b35a6239c3d8bdabc530a6a0816f7ff89a0aaf/library/std/src/panic.rs:358:14
[INFO] [stderr] [0m     [2m  58[0m [31m+[0m [31m  27:     0x5a91e95c13ce - std::rt::lang_start_internal::{{closure}}::h7b731265e841c4bf
[INFO] [stderr] [0m     [2m  59[0m [31m+[0m [31m                               at /rustc/90b35a6239c3d8bdabc530a6a0816f7ff89a0aaf/library/std/src/rt.rs:174:48
[INFO] [stderr] [0m     [2m  60[0m [31m+[0m [31m  28:     0x5a91e95c13ce - std::panicking::try::do_call::hc0f6a675b7ae5a36
[INFO] [stderr] [0m     [2m  61[0m [31m+[0m [31m                               at /rustc/90b35a6239c3d8bdabc530a6a0816f7ff89a0aaf/library/std/src/panicking.rs:557:40
[INFO] [stderr] [0m     [2m  62[0m [31m+[0m [31m  29:     0x5a91e95c13ce - std::panicking::try::h4c93b7ff0671f1ff
[INFO] [stderr] [0m     [2m  63[0m [31m+[0m [31m                               at /rustc/90b35a6239c3d8bdabc530a6a0816f7ff89a0aaf/library/std/src/panicking.rs:520:19
[INFO] [stderr] [0m     [2m  64[0m [31m+[0m [31m  30:     0x5a91e95c13ce - std::panic::catch_unwind::hcc1e154961d16ce6
[INFO] [stderr] [0m     [2m  65[0m [31m+[0m [31m                               at /rustc/90b35a6239c3d8bdabc530a6a0816f7ff89a0aaf/library/std/src/panic.rs:358:14
[INFO] [stderr] [0m     [2m  66[0m [31m+[0m [31m  31:     0x5a91e95c13ce - std::rt::lang_start_internal::h1c66660c99c8424c
[INFO] [stderr] [0m     [2m  67[0m [31m+[0m [31m                               at /rustc/90b35a6239c3d8bdabc530a6a0816f7ff89a0aaf/library/std/src/rt.rs:174:20
[INFO] [stderr] [0m     [2m  68[0m [31m+[0m [31m  32:     0x5a91e9258e9a - std::rt::lang_start::h0c793641347709cd
[INFO] [stderr] [0m     [2m  69[0m [31m+[0m [31m                               at /rustc/90b35a6239c3d8bdabc530a6a0816f7ff89a0aaf/library/std/src/rt.rs:194:17
[INFO] [stderr] [0m     [2m  70[0m [31m+[0m [31m  33:     0x5a91e925a52e - main
[INFO] [stderr] [0m     [2m  71[0m [31m+[0m [31m  34:     0x7e837cec8d90 - <unknown>
[INFO] [stderr] [0m     [2m  72[0m [31m+[0m [31m  35:     0x7e837cec8e40 - __libc_start_main
[INFO] [stderr] [0m     [2m  73[0m [31m+[0m [31m  36:     0x5a91e92576a5 - _start
[INFO] [stderr] [0m     [2m  74[0m [31m+[0m [31m  37:                0x0 - <unknown>
[INFO] [stderr] [0mstderr:
[INFO] [stderr] [32m[0m
[INFO] [stderr] [2mUpdate snapshots with `TRYCMD=overwrite`[0m
[INFO] [stderr] [2mDebug output with `TRYCMD=dump`[0m
[INFO] [stdout] test cli_tests ... FAILED
[INFO] [stdout] 
[INFO] [stdout] failures:
[INFO] [stdout] 
[INFO] [stdout] ---- cli_tests stdout ----
[INFO] [stdout] thread 'cli_tests' panicked at /opt/rustwide/cargo-home/registry/src/index.crates.io-6f17d22bba15001f/trycmd-0.14.15/src/runner.rs:104:17:
[INFO] [stdout] 1 of 1 tests failed
[INFO] [stdout] stack backtrace:
[INFO] [stdout]    0:     0x62ffd281c2da - std::backtrace_rs::backtrace::libunwind::trace::h5a5b8284f2d0c266
[INFO] [stdout]                                at /rustc/90b35a6239c3d8bdabc530a6a0816f7ff89a0aaf/library/std/src/../../backtrace/src/backtrace/libunwind.rs:116:5
[INFO] [stdout]    1:     0x62ffd281c2da - std::backtrace_rs::backtrace::trace_unsynchronized::h76d4f1c9b0b875e3
[INFO] [stdout]                                at /rustc/90b35a6239c3d8bdabc530a6a0816f7ff89a0aaf/library/std/src/../../backtrace/src/backtrace/mod.rs:66:5
[INFO] [stdout]    2:     0x62ffd281c2da - std::sys::backtrace::_print_fmt::hc4546b8364a537c6
[INFO] [stdout]                                at /rustc/90b35a6239c3d8bdabc530a6a0816f7ff89a0aaf/library/std/src/sys/backtrace.rs:66:9
[INFO] [stdout]    3:     0x62ffd281c2da - <std::sys::backtrace::BacktraceLock::print::DisplayBacktrace as core::fmt::Display>::fmt::h5b6bd5631a6d1f6b
[INFO] [stdout]                                at /rustc/90b35a6239c3d8bdabc530a6a0816f7ff89a0aaf/library/std/src/sys/backtrace.rs:39:26
[INFO] [stdout]    4:     0x62ffd2844d23 - core::fmt::rt::Argument::fmt::h270f6602a2b96f62
[INFO] [stdout]                                at /rustc/90b35a6239c3d8bdabc530a6a0816f7ff89a0aaf/library/core/src/fmt/rt.rs:177:76
[INFO] [stdout]    5:     0x62ffd2844d23 - core::fmt::write::h7550c97b06c86515
[INFO] [stdout]                                at /rustc/90b35a6239c3d8bdabc530a6a0816f7ff89a0aaf/library/core/src/fmt/mod.rs:1186:21
[INFO] [stdout]    6:     0x62ffd28184c3 - std::io::Write::write_fmt::h509ff860e5956e5e
[INFO] [stdout]                                at /rustc/90b35a6239c3d8bdabc530a6a0816f7ff89a0aaf/library/std/src/io/mod.rs:1839:15
[INFO] [stdout]    7:     0x62ffd281c122 - std::sys::backtrace::BacktraceLock::print::h2395ccd2c84ba3aa
[INFO] [stdout]                                at /rustc/90b35a6239c3d8bdabc530a6a0816f7ff89a0aaf/library/std/src/sys/backtrace.rs:42:9
[INFO] [stdout]    8:     0x62ffd281dd3a - std::panicking::default_hook::{{closure}}::he19d4c7230e07961
[INFO] [stdout]                                at /rustc/90b35a6239c3d8bdabc530a6a0816f7ff89a0aaf/library/std/src/panicking.rs:268:22
[INFO] [stdout]    9:     0x62ffd281db44 - std::panicking::default_hook::hf614597d3c67bbdb
[INFO] [stdout]                                at /rustc/90b35a6239c3d8bdabc530a6a0816f7ff89a0aaf/library/std/src/panicking.rs:292:9
[INFO] [stdout]   10:     0x62ffd27e5949 - <alloc::boxed::Box<F,A> as core::ops::function::Fn<Args>>::call::h39b51ce4599c23d1
[INFO] [stdout]                                at /rustc/90b35a6239c3d8bdabc530a6a0816f7ff89a0aaf/library/alloc/src/boxed.rs:2468:9
[INFO] [stdout]   11:     0x62ffd27e5949 - test::test_main::{{closure}}::he977ae839a582784
[INFO] [stdout]                                at /rustc/90b35a6239c3d8bdabc530a6a0816f7ff89a0aaf/library/test/src/lib.rs:133:21
[INFO] [stdout]   12:     0x62ffd281e3d8 - <alloc::boxed::Box<F,A> as core::ops::function::Fn<Args>>::call::h9455091b6b06f9fb
[INFO] [stdout]                                at /rustc/90b35a6239c3d8bdabc530a6a0816f7ff89a0aaf/library/alloc/src/boxed.rs:2468:9
[INFO] [stdout]   13:     0x62ffd281e3d8 - std::panicking::rust_panic_with_hook::h8942133a8b252070
[INFO] [stdout]                                at /rustc/90b35a6239c3d8bdabc530a6a0816f7ff89a0aaf/library/std/src/panicking.rs:809:13
[INFO] [stdout]   14:     0x62ffd281e19a - std::panicking::begin_panic_handler::{{closure}}::hb5f5963570096b29
[INFO] [stdout]                                at /rustc/90b35a6239c3d8bdabc530a6a0816f7ff89a0aaf/library/std/src/panicking.rs:674:13
[INFO] [stdout]   15:     0x62ffd281c7b9 - std::sys::backtrace::__rust_end_short_backtrace::h6208cedc1922feda
[INFO] [stdout]                                at /rustc/90b35a6239c3d8bdabc530a6a0816f7ff89a0aaf/library/std/src/sys/backtrace.rs:170:18
[INFO] [stdout]   16:     0x62ffd281de2c - rust_begin_unwind
[INFO] [stdout]                                at /rustc/90b35a6239c3d8bdabc530a6a0816f7ff89a0aaf/library/std/src/panicking.rs:665:5
[INFO] [stdout]   17:     0x62ffd24be310 - core::panicking::panic_fmt::h0c3082644d1bf418
[INFO] [stdout]                                at /rustc/90b35a6239c3d8bdabc530a6a0816f7ff89a0aaf/library/core/src/panicking.rs:74:14
[INFO] [stdout]   18:     0x62ffd252d8f1 - trycmd::runner::Runner::run::he588c31747f78b6a
[INFO] [stdout]                                at /opt/rustwide/cargo-home/registry/src/index.crates.io-6f17d22bba15001f/trycmd-0.14.15/src/runner.rs:104:17
[INFO] [stdout]   19:     0x62ffd24c5d56 - trycmd::cases::TestCases::run::h89a2ffb68b4fd486
[INFO] [stdout]                                at /opt/rustwide/cargo-home/registry/src/index.crates.io-6f17d22bba15001f/trycmd-0.14.15/src/cases.rs:165:9
[INFO] [stdout]   20:     0x62ffd24c5dfa - <trycmd::cases::TestCases as core::ops::drop::Drop>::drop::hc4e42845b3758b74
[INFO] [stdout]                                at /opt/rustwide/cargo-home/registry/src/index.crates.io-6f17d22bba15001f/trycmd-0.14.15/src/cases.rs:175:13
[INFO] [stdout]   21:     0x62ffd24f3877 - core::ptr::drop_in_place<trycmd::cases::TestCases>::hb03c26c96822c700
[INFO] [stdout]                                at /rustc/90b35a6239c3d8bdabc530a6a0816f7ff89a0aaf/library/core/src/ptr/mod.rs:574:1
[INFO] [stdout]   22:     0x62ffd24bf22e - cli_tests::cli_tests::he74a02005080c4ff
[INFO] [stdout]                                at /opt/rustwide/workdir/tests/cli_tests.rs:5:27
[INFO] [stdout]   23:     0x62ffd24bf197 - cli_tests::cli_tests::{{closure}}::hf6c548aaba202f24
[INFO] [stdout]                                at /opt/rustwide/workdir/tests/cli_tests.rs:2:15
[INFO] [stdout]   24:     0x62ffd24beec6 - core::ops::function::FnOnce::call_once::hd017497923436eaa
[INFO] [stdout]                                at /rustc/90b35a6239c3d8bdabc530a6a0816f7ff89a0aaf/library/core/src/ops/function.rs:250:5
[INFO] [stdout]   25:     0x62ffd27ea30b - core::ops::function::FnOnce::call_once::h109cf8051a59b34e
[INFO] [stdout]                                at /rustc/90b35a6239c3d8bdabc530a6a0816f7ff89a0aaf/library/core/src/ops/function.rs:250:5
[INFO] [stdout]   26:     0x62ffd27ea30b - test::__rust_begin_short_backtrace::hf4fff89d377446ba
[INFO] [stdout]                                at /rustc/90b35a6239c3d8bdabc530a6a0816f7ff89a0aaf/library/test/src/lib.rs:621:18
[INFO] [stdout]   27:     0x62ffd27e9b47 - test::run_test_in_process::{{closure}}::h0e39181dd7ee5a43
[INFO] [stdout]                                at /rustc/90b35a6239c3d8bdabc530a6a0816f7ff89a0aaf/library/test/src/lib.rs:644:60
[INFO] [stdout]   28:     0x62ffd27e9b47 - <core::panic::unwind_safe::AssertUnwindSafe<F> as core::ops::function::FnOnce<()>>::call_once::hc5a66a30f0bdfd1f
[INFO] [stdout]                                at /rustc/90b35a6239c3d8bdabc530a6a0816f7ff89a0aaf/library/core/src/panic/unwind_safe.rs:272:9
[INFO] [stdout]   29:     0x62ffd27e9b47 - std::panicking::try::do_call::h873b7cf639554a5e
[INFO] [stdout]                                at /rustc/90b35a6239c3d8bdabc530a6a0816f7ff89a0aaf/library/std/src/panicking.rs:557:40
[INFO] [stdout]   30:     0x62ffd27e9b47 - std::panicking::try::hdb19862fad9c8bd1
[INFO] [stdout]                                at /rustc/90b35a6239c3d8bdabc530a6a0816f7ff89a0aaf/library/std/src/panicking.rs:520:19
[INFO] [stdout]   31:     0x62ffd27e9b47 - std::panic::catch_unwind::h281fe732d236d260
[INFO] [stdout]                                at /rustc/90b35a6239c3d8bdabc530a6a0816f7ff89a0aaf/library/std/src/panic.rs:358:14
[INFO] [stdout]   32:     0x62ffd27e9b47 - test::run_test_in_process::h949b6df8457ed338
[INFO] [stdout]                                at /rustc/90b35a6239c3d8bdabc530a6a0816f7ff89a0aaf/library/test/src/lib.rs:644:27
[INFO] [stdout]   33:     0x62ffd27e9b47 - test::run_test::{{closure}}::h52c556a6d4740e10
[INFO] [stdout]                                at /rustc/90b35a6239c3d8bdabc530a6a0816f7ff89a0aaf/library/test/src/lib.rs:565:43
[INFO] [stdout]   34:     0x62ffd27aee24 - test::run_test::{{closure}}::h4237f6381c45ccb9
[INFO] [stdout]                                at /rustc/90b35a6239c3d8bdabc530a6a0816f7ff89a0aaf/library/test/src/lib.rs:595:41
[INFO] [stdout]   35:     0x62ffd27aee24 - std::sys::backtrace::__rust_begin_short_backtrace::h505c97a579eca628
[INFO] [stdout]                                at /rustc/90b35a6239c3d8bdabc530a6a0816f7ff89a0aaf/library/std/src/sys/backtrace.rs:154:18
[INFO] [stdout]   36:     0x62ffd27b24ee - std::thread::Builder::spawn_unchecked_::{{closure}}::{{closure}}::h9e86b2e2bc107ea3
[INFO] [stdout]                                at /rustc/90b35a6239c3d8bdabc530a6a0816f7ff89a0aaf/library/std/src/thread/mod.rs:538:17
[INFO] [stdout]   37:     0x62ffd27b24ee - <core::panic::unwind_safe::AssertUnwindSafe<F> as core::ops::function::FnOnce<()>>::call_once::h8b06ddb275ff4a25
[INFO] [stdout]                                at /rustc/90b35a6239c3d8bdabc530a6a0816f7ff89a0aaf/library/core/src/panic/unwind_safe.rs:272:9
[INFO] [stdout]   38:     0x62ffd27b24ee - std::panicking::try::do_call::hb26ecd7cd9a9355d
[INFO] [stdout]                                at /rustc/90b35a6239c3d8bdabc530a6a0816f7ff89a0aaf/library/std/src/panicking.rs:557:40
[INFO] [stdout]   39:     0x62ffd27b24ee - std::panicking::try::h8ddeca9d705f9069
[INFO] [stdout]                                at /rustc/90b35a6239c3d8bdabc530a6a0816f7ff89a0aaf/library/std/src/panicking.rs:520:19
[INFO] [stdout]   40:     0x62ffd27b24ee - std::panic::catch_unwind::h49e1c33078844c46
[INFO] [stdout]                                at /rustc/90b35a6239c3d8bdabc530a6a0816f7ff89a0aaf/library/std/src/panic.rs:358:14
[INFO] [stdout]   41:     0x62ffd27b24ee - std::thread::Builder::spawn_unchecked_::{{closure}}::h6073db6ff56ad35d
[INFO] [stdout]                                at /rustc/90b35a6239c3d8bdabc530a6a0816f7ff89a0aaf/library/std/src/thread/mod.rs:537:30
[INFO] [stdout]   42:     0x62ffd27b24ee - core::ops::function::FnOnce::call_once{{vtable.shim}}::h2c5a5f3779c774f1
[INFO] [stdout]                                at /rustc/90b35a6239c3d8bdabc530a6a0816f7ff89a0aaf/library/core/src/ops/function.rs:250:5
[INFO] [stdout]   43:     0x62ffd2823d4b - <alloc::boxed::Box<F,A> as core::ops::function::FnOnce<Args>>::call_once::hf75717d9f28faebf
[INFO] [stdout]                                at /rustc/90b35a6239c3d8bdabc530a6a0816f7ff89a0aaf/library/alloc/src/boxed.rs:2454:9
[INFO] [stdout]   44:     0x62ffd2823d4b - <alloc::boxed::Box<F,A> as core::ops::function::FnOnce<Args>>::call_once::h7bd883a5f3c5f3c1
[INFO] [stdout]                                at /rustc/90b35a6239c3d8bdabc530a6a0816f7ff89a0aaf/library/alloc/src/boxed.rs:2454:9
[INFO] [stdout]   45:     0x62ffd2823d4b - std::sys::pal::unix::thread::Thread::new::thread_start::hcc78f3943333fa94
[INFO] [stdout]                                at /rustc/90b35a6239c3d8bdabc530a6a0816f7ff89a0aaf/library/std/src/sys/pal/unix/thread.rs:105:17
[INFO] [stdout]   46:     0x74e9beee3ac3 - <unknown>
[INFO] [stdout]   47:     0x74e9bef74a04 - clone
[INFO] [stdout]   48:                0x0 - <unknown>
[INFO] [stdout] 
[INFO] [stdout] 
[INFO] [stdout] failures:
[INFO] [stdout]     cli_tests
[INFO] [stdout] 
[INFO] [stdout] test result: FAILED. 0 passed; 1 failed; 0 ignored; 0 measured; 0 filtered out; finished in 0.17s
[INFO] [stdout] 
[INFO] [stderr] error: test failed, to rerun pass `--test cli_tests`
[INFO] running `Command { std: "docker" "inspect" "d3d65eaed59aba0dd172bbd2ae20f40d1ddfd56d79929e8d696f965ab4e9860a", kill_on_drop: false }`
[INFO] running `Command { std: "docker" "rm" "-f" "d3d65eaed59aba0dd172bbd2ae20f40d1ddfd56d79929e8d696f965ab4e9860a", kill_on_drop: false }`
[INFO] [stdout] d3d65eaed59aba0dd172bbd2ae20f40d1ddfd56d79929e8d696f965ab4e9860a
