[INFO] cloning repository https://github.com/hinto-janai/readable
[INFO] running `Command { std: "git" "-c" "credential.helper=" "-c" "credential.helper=/workspace/cargo-home/bin/git-credential-null" "clone" "--bare" "https://github.com/hinto-janai/readable" "/workspace/cache/git-repos/https%3A%2F%2Fgithub.com%2Fhinto-janai%2Freadable", kill_on_drop: false }`
[INFO] [stderr] Cloning into bare repository '/workspace/cache/git-repos/https%3A%2F%2Fgithub.com%2Fhinto-janai%2Freadable'...
[INFO] running `Command { std: "git" "rev-parse" "HEAD", kill_on_drop: false }`
[INFO] [stdout] 88c1d2444dd9c1307518112cdd7b55ab636d345c
[INFO] testing hinto-janai/readable against 1.83.0 for beta-1.84.0-4-retry
[INFO] running `Command { std: "git" "clone" "/workspace/cache/git-repos/https%3A%2F%2Fgithub.com%2Fhinto-janai%2Freadable" "/workspace/builds/worker-6-tc1/source", kill_on_drop: false }`
[INFO] [stderr] Cloning into '/workspace/builds/worker-6-tc1/source'...
[INFO] [stderr] done.
[INFO] validating manifest of git repo https://github.com/hinto-janai/readable on toolchain 1.83.0
[INFO] running `Command { std: CARGO_HOME="/workspace/cargo-home" RUSTUP_HOME="/workspace/rustup-home" "/workspace/cargo-home/bin/cargo" "+1.83.0" "metadata" "--manifest-path" "Cargo.toml" "--no-deps", kill_on_drop: false }`
[INFO] started tweaking git repo https://github.com/hinto-janai/readable
[INFO] finished tweaking git repo https://github.com/hinto-janai/readable
[INFO] tweaked toml for git repo https://github.com/hinto-janai/readable written to /workspace/builds/worker-6-tc1/source/Cargo.toml
[INFO] running `Command { std: CARGO_HOME="/workspace/cargo-home" RUSTUP_HOME="/workspace/rustup-home" "/workspace/cargo-home/bin/cargo" "+1.83.0" "generate-lockfile" "--manifest-path" "Cargo.toml", kill_on_drop: false }`
[INFO] [stderr]     Updating crates.io index
[INFO] [stderr]     Blocking waiting for file lock on package cache
[INFO] [stderr]      Locking 76 packages to latest compatible versions
[INFO] [stderr]       Adding compact_str v0.7.1 (available: v0.8.0)
[INFO] running `Command { std: CARGO_HOME="/workspace/cargo-home" RUSTUP_HOME="/workspace/rustup-home" "/workspace/cargo-home/bin/cargo" "+1.83.0" "fetch" "--manifest-path" "Cargo.toml", kill_on_drop: false }`
[INFO] [stderr]     Blocking waiting for file lock on package cache
[INFO] [stderr]  Downloading crates ...
[INFO] [stderr]   Downloaded nichi v0.5.1
[INFO] running `Command { std: "docker" "create" "-v" "/var/lib/crater-agent-workspace/builds/worker-6-tc1/target:/opt/rustwide/target:rw,Z" "-v" "/var/lib/crater-agent-workspace/builds/worker-6-tc1/source:/opt/rustwide/workdir:ro,Z" "-v" "/var/lib/crater-agent-workspace/cargo-home:/opt/rustwide/cargo-home:ro,Z" "-v" "/var/lib/crater-agent-workspace/rustup-home:/opt/rustwide/rustup-home:ro,Z" "-e" "SOURCE_DIR=/opt/rustwide/workdir" "-e" "CARGO_TARGET_DIR=/opt/rustwide/target" "-e" "CARGO_HOME=/opt/rustwide/cargo-home" "-e" "RUSTUP_HOME=/opt/rustwide/rustup-home" "-w" "/opt/rustwide/workdir" "-m" "1610612736" "--user" "0:0" "--network" "none" "ghcr.io/rust-lang/crates-build-env/linux@sha256:f3a9d4ad9d972b27faf3965f35b62e55ba32bbce8f20bc8fe909558a86702fde" "/opt/rustwide/cargo-home/bin/cargo" "+1.83.0" "metadata" "--no-deps" "--format-version=1", kill_on_drop: false }`
[INFO] [stdout] a60b188bedc00f508524709f1fcb2f72231935f76aae8ca25fec9c4ead526645
[INFO] running `Command { std: "docker" "start" "-a" "a60b188bedc00f508524709f1fcb2f72231935f76aae8ca25fec9c4ead526645", kill_on_drop: false }`
[INFO] running `Command { std: "docker" "inspect" "a60b188bedc00f508524709f1fcb2f72231935f76aae8ca25fec9c4ead526645", kill_on_drop: false }`
[INFO] running `Command { std: "docker" "rm" "-f" "a60b188bedc00f508524709f1fcb2f72231935f76aae8ca25fec9c4ead526645", kill_on_drop: false }`
[INFO] [stdout] a60b188bedc00f508524709f1fcb2f72231935f76aae8ca25fec9c4ead526645
[INFO] running `Command { std: "docker" "create" "-v" "/var/lib/crater-agent-workspace/builds/worker-6-tc1/target:/opt/rustwide/target:rw,Z" "-v" "/var/lib/crater-agent-workspace/builds/worker-6-tc1/source:/opt/rustwide/workdir:ro,Z" "-v" "/var/lib/crater-agent-workspace/cargo-home:/opt/rustwide/cargo-home:ro,Z" "-v" "/var/lib/crater-agent-workspace/rustup-home:/opt/rustwide/rustup-home:ro,Z" "-e" "SOURCE_DIR=/opt/rustwide/workdir" "-e" "CARGO_TARGET_DIR=/opt/rustwide/target" "-e" "CARGO_INCREMENTAL=0" "-e" "RUST_BACKTRACE=full" "-e" "RUSTFLAGS=--cap-lints=warn" "-e" "RUSTDOCFLAGS=--cap-lints=warn" "-e" "CARGO_HOME=/opt/rustwide/cargo-home" "-e" "RUSTUP_HOME=/opt/rustwide/rustup-home" "-w" "/opt/rustwide/workdir" "-m" "1610612736" "--user" "0:0" "--network" "none" "ghcr.io/rust-lang/crates-build-env/linux@sha256:f3a9d4ad9d972b27faf3965f35b62e55ba32bbce8f20bc8fe909558a86702fde" "/opt/rustwide/cargo-home/bin/cargo" "+1.83.0" "build" "--frozen" "--message-format=json", kill_on_drop: false }`
[INFO] [stdout] a97ec4aacd6a2feb3933d8ac7cf2d36e8858558205a2692bbf535ead8acd4f39
[INFO] running `Command { std: "docker" "start" "-a" "a97ec4aacd6a2feb3933d8ac7cf2d36e8858558205a2692bbf535ead8acd4f39", kill_on_drop: false }`
[INFO] [stderr]    Compiling proc-macro2 v1.0.92
[INFO] [stderr]    Compiling unicode-ident v1.0.14
[INFO] [stderr]    Compiling rustversion v1.0.18
[INFO] [stderr]    Compiling memchr v2.7.4
[INFO] [stderr]    Compiling autocfg v1.4.0
[INFO] [stderr]    Compiling serde v1.0.216
[INFO] [stderr]    Compiling virtue v0.0.13
[INFO] [stderr]    Compiling regex-syntax v0.8.5
[INFO] [stderr]    Compiling paste v1.0.15
[INFO] [stderr]    Compiling convert_case v0.4.0
[INFO] [stderr]    Compiling libc v0.2.168
[INFO] [stderr]    Compiling ryu v1.0.18
[INFO] [stderr]    Compiling itoa v1.0.14
[INFO] [stderr]    Compiling cfg-if v1.0.0
[INFO] [stderr]    Compiling bytes v1.9.0
[INFO] [stderr]    Compiling once_cell v1.20.2
[INFO] [stderr]    Compiling iana-time-zone v0.1.61
[INFO] [stderr]    Compiling static_assertions v1.1.0
[INFO] [stderr]    Compiling seq-macro v0.3.5
[INFO] [stderr]    Compiling aho-corasick v1.1.3
[INFO] [stderr]    Compiling num-traits v0.2.19
[INFO] [stderr]    Compiling bincode_derive v2.0.0-rc.3
[INFO] [stderr]    Compiling quote v1.0.37
[INFO] [stderr]    Compiling castaway v0.2.3
[INFO] [stderr]    Compiling bincode v2.0.0-rc.3
[INFO] [stderr]    Compiling syn v2.0.90
[INFO] [stderr]    Compiling chrono v0.4.39
[INFO] [stderr]    Compiling regex-automata v0.4.9
[INFO] [stderr]    Compiling serde_derive v1.0.216
[INFO] [stderr]    Compiling derive_more v0.99.18
[INFO] [stderr]    Compiling regex v1.11.1
[INFO] [stderr]    Compiling compact_str v0.7.1
[INFO] [stderr]    Compiling nichi v0.5.1
[INFO] [stderr]    Compiling readable v0.16.0 (/opt/rustwide/workdir)
[INFO] [stdout] warning: unused macro definition: `impl_not_const`
[INFO] [stdout]   --> src/macros.rs:54:14
[INFO] [stdout]    |
[INFO] [stdout] 54 | macro_rules! impl_not_const {
[INFO] [stdout]    |              ^^^^^^^^^^^^^^
[INFO] [stdout]    |
[INFO] [stdout]    = note: `#[warn(unused_macros)]` on by default
[INFO] [stdout] 
[INFO] [stdout] 
[INFO] [stdout] warning: unused import: `impl_not_const`
[INFO] [stdout]   --> src/macros.rs:87:16
[INFO] [stdout]    |
[INFO] [stdout] 87 | pub(crate) use impl_not_const;
[INFO] [stdout]    |                ^^^^^^^^^^^^^^
[INFO] [stdout]    |
[INFO] [stdout]    = note: `#[warn(unused_imports)]` on by default
[INFO] [stdout] 
[INFO] [stdout] 
[INFO] [stdout] warning: unused macro definition: `impl_nonu`
[INFO] [stdout]    --> src/num/int.rs:680:14
[INFO] [stdout]     |
[INFO] [stdout] 680 | macro_rules! impl_nonu {
[INFO] [stdout]     |              ^^^^^^^^^
[INFO] [stdout] 
[INFO] [stdout] 
[INFO] [stdout] warning: unused import: `CompactString`
[INFO] [stdout]   --> src/num/float.rs:10:35
[INFO] [stdout]    |
[INFO] [stdout] 10 | use compact_str::{format_compact, CompactString}; // docs
[INFO] [stdout]    |                                   ^^^^^^^^^^^^^
[INFO] [stdout] 
[INFO] [stdout] 
[INFO] [stdout] warning: unexpected `cfg` condition value: `unix`
[INFO] [stdout]   --> src/up/sys_uptime.rs:63:15
[INFO] [stdout]    |
[INFO] [stdout] 63 |     #[cfg(all(target_os = "unix", not(target_os = "linux")))]
[INFO] [stdout]    |               ^^^^^^^^^^^^^^^^^^
[INFO] [stdout]    |
[INFO] [stdout]    = note: expected values for `target_os` are: `aix`, `android`, `cuda`, `dragonfly`, `emscripten`, `espidf`, `freebsd`, `fuchsia`, `haiku`, `hermit`, `horizon`, `hurd`, `illumos`, `ios`, `l4re`, `linux`, `macos`, `netbsd`, `none`, `nto`, `nuttx`, `openbsd`, `psp`, `redox`, `rtems`, `solaris`, `solid_asp3`, `teeos`, `trusty`, `tvos`, `uefi`, `unknown`, `visionos`, `vita`, and `vxworks` and 5 more
[INFO] [stdout]    = note: see <https://doc.rust-lang.org/nightly/rustc/check-cfg/cargo-specifics.html> for more information about checking conditional configuration
[INFO] [stdout]    = note: `#[warn(unexpected_cfgs)]` on by default
[INFO] [stdout] 
[INFO] [stdout] 
[INFO] [stdout] warning: unreachable expression
[INFO] [stdout]    --> src/up/sys_uptime.rs:117:5
[INFO] [stdout]     |
[INFO] [stdout] 114 |         return timespec.tv_sec as u32;
[INFO] [stdout]     |         ----------------------------- any code following this expression is unreachable
[INFO] [stdout] ...
[INFO] [stdout] 117 |     0
[INFO] [stdout]     |     ^ unreachable expression
[INFO] [stdout]     |
[INFO] [stdout]     = note: `#[warn(unreachable_code)]` on by default
[INFO] [stdout] 
[INFO] [stdout] 
[INFO] [stdout] warning: trait `Sealed` is never used
[INFO] [stdout]   --> src/time/systime.rs:29:11
[INFO] [stdout]    |
[INFO] [stdout] 29 |     trait Sealed {}
[INFO] [stdout]    |           ^^^^^^
[INFO] [stdout]    |
[INFO] [stdout]    = note: `#[warn(dead_code)]` on by default
[INFO] [stdout] 
[INFO] [stdout] 
[INFO] [stdout] warning: trait `Sealed` is never used
[INFO] [stdout]   --> src/date/sysdate.rs:30:11
[INFO] [stdout]    |
[INFO] [stdout] 30 |     trait Sealed {}
[INFO] [stdout]    |           ^^^^^^
[INFO] [stdout] 
[INFO] [stdout] 
[INFO] [stdout] warning: path statement with no effect
[INFO] [stdout]    --> src/str/str.rs:129:9
[INFO] [stdout]     |
[INFO] [stdout] 129 |         Self::CAPACITY;
[INFO] [stdout]     |         ^^^^^^^^^^^^^^^
[INFO] [stdout]     |
[INFO] [stdout]     = note: `#[warn(path_statements)]` on by default
[INFO] [stdout] 
[INFO] [stdout] 
[INFO] [stdout] warning: path statement with no effect
[INFO] [stdout]    --> src/str/str.rs:174:9
[INFO] [stdout]     |
[INFO] [stdout] 174 |         Self::CAPACITY;
[INFO] [stdout]     |         ^^^^^^^^^^^^^^^
[INFO] [stdout] 
[INFO] [stdout] 
[INFO] [stderr]     Finished `dev` profile [unoptimized + debuginfo] target(s) in 23.39s
[INFO] running `Command { std: "docker" "inspect" "a97ec4aacd6a2feb3933d8ac7cf2d36e8858558205a2692bbf535ead8acd4f39", kill_on_drop: false }`
[INFO] running `Command { std: "docker" "rm" "-f" "a97ec4aacd6a2feb3933d8ac7cf2d36e8858558205a2692bbf535ead8acd4f39", kill_on_drop: false }`
[INFO] [stdout] a97ec4aacd6a2feb3933d8ac7cf2d36e8858558205a2692bbf535ead8acd4f39
[INFO] running `Command { std: "docker" "create" "-v" "/var/lib/crater-agent-workspace/builds/worker-6-tc1/target:/opt/rustwide/target:rw,Z" "-v" "/var/lib/crater-agent-workspace/builds/worker-6-tc1/source:/opt/rustwide/workdir:ro,Z" "-v" "/var/lib/crater-agent-workspace/cargo-home:/opt/rustwide/cargo-home:ro,Z" "-v" "/var/lib/crater-agent-workspace/rustup-home:/opt/rustwide/rustup-home:ro,Z" "-e" "SOURCE_DIR=/opt/rustwide/workdir" "-e" "CARGO_TARGET_DIR=/opt/rustwide/target" "-e" "CARGO_INCREMENTAL=0" "-e" "RUST_BACKTRACE=full" "-e" "RUSTFLAGS=--cap-lints=warn" "-e" "RUSTDOCFLAGS=--cap-lints=warn" "-e" "CARGO_HOME=/opt/rustwide/cargo-home" "-e" "RUSTUP_HOME=/opt/rustwide/rustup-home" "-w" "/opt/rustwide/workdir" "-m" "1610612736" "--user" "0:0" "--network" "none" "ghcr.io/rust-lang/crates-build-env/linux@sha256:f3a9d4ad9d972b27faf3965f35b62e55ba32bbce8f20bc8fe909558a86702fde" "/opt/rustwide/cargo-home/bin/cargo" "+1.83.0" "test" "--frozen" "--no-run" "--message-format=json", kill_on_drop: false }`
[INFO] [stdout] 8e711800562aade4a2567c5e8f9d27a8b7e72de9394463ad8ffd5f1c762a17ed
[INFO] running `Command { std: "docker" "start" "-a" "8e711800562aade4a2567c5e8f9d27a8b7e72de9394463ad8ffd5f1c762a17ed", kill_on_drop: false }`
[INFO] [stderr]    Compiling syn v2.0.90
[INFO] [stderr]    Compiling serde v1.0.216
[INFO] [stderr]    Compiling equivalent v1.0.1
[INFO] [stderr]    Compiling hashbrown v0.15.2
[INFO] [stderr]    Compiling winnow v0.6.20
[INFO] [stderr]    Compiling toml_datetime v0.6.8
[INFO] [stderr]    Compiling cfg_aliases v0.2.1
[INFO] [stderr]    Compiling serde_json v1.0.133
[INFO] [stderr]    Compiling borsh v1.5.3
[INFO] [stderr]    Compiling indexmap v2.7.0
[INFO] [stderr]    Compiling toml_edit v0.22.22
[INFO] [stderr]    Compiling proc-macro-crate v3.2.0
[INFO] [stderr]    Compiling serde_derive v1.0.216
[INFO] [stderr]    Compiling derive_more v0.99.18
[INFO] [stderr]    Compiling borsh-derive v1.5.3
[INFO] [stderr]    Compiling bincode v2.0.0-rc.3
[INFO] [stderr]    Compiling compact_str v0.7.1
[INFO] [stderr]    Compiling nichi v0.5.1
[INFO] [stderr]    Compiling readable v0.16.0 (/opt/rustwide/workdir)
[INFO] [stdout] warning: unused macro definition: `impl_not_const`
[INFO] [stdout]   --> src/macros.rs:54:14
[INFO] [stdout]    |
[INFO] [stdout] 54 | macro_rules! impl_not_const {
[INFO] [stdout]    |              ^^^^^^^^^^^^^^
[INFO] [stdout]    |
[INFO] [stdout]    = note: `#[warn(unused_macros)]` on by default
[INFO] [stdout] 
[INFO] [stdout] 
[INFO] [stdout] warning: unused import: `impl_not_const`
[INFO] [stdout]   --> src/macros.rs:87:16
[INFO] [stdout]    |
[INFO] [stdout] 87 | pub(crate) use impl_not_const;
[INFO] [stdout]    |                ^^^^^^^^^^^^^^
[INFO] [stdout]    |
[INFO] [stdout]    = note: `#[warn(unused_imports)]` on by default
[INFO] [stdout] 
[INFO] [stdout] 
[INFO] [stdout] warning: unused macro definition: `impl_nonu`
[INFO] [stdout]    --> src/num/int.rs:680:14
[INFO] [stdout]     |
[INFO] [stdout] 680 | macro_rules! impl_nonu {
[INFO] [stdout]     |              ^^^^^^^^^
[INFO] [stdout] 
[INFO] [stdout] 
[INFO] [stdout] warning: unused import: `CompactString`
[INFO] [stdout]   --> src/num/float.rs:10:35
[INFO] [stdout]    |
[INFO] [stdout] 10 | use compact_str::{format_compact, CompactString}; // docs
[INFO] [stdout]    |                                   ^^^^^^^^^^^^^
[INFO] [stdout] 
[INFO] [stdout] 
[INFO] [stdout] warning: unexpected `cfg` condition value: `unix`
[INFO] [stdout]   --> src/up/sys_uptime.rs:63:15
[INFO] [stdout]    |
[INFO] [stdout] 63 |     #[cfg(all(target_os = "unix", not(target_os = "linux")))]
[INFO] [stdout]    |               ^^^^^^^^^^^^^^^^^^
[INFO] [stdout]    |
[INFO] [stdout]    = note: expected values for `target_os` are: `aix`, `android`, `cuda`, `dragonfly`, `emscripten`, `espidf`, `freebsd`, `fuchsia`, `haiku`, `hermit`, `horizon`, `hurd`, `illumos`, `ios`, `l4re`, `linux`, `macos`, `netbsd`, `none`, `nto`, `nuttx`, `openbsd`, `psp`, `redox`, `rtems`, `solaris`, `solid_asp3`, `teeos`, `trusty`, `tvos`, `uefi`, `unknown`, `visionos`, `vita`, and `vxworks` and 5 more
[INFO] [stdout]    = note: see <https://doc.rust-lang.org/nightly/rustc/check-cfg/cargo-specifics.html> for more information about checking conditional configuration
[INFO] [stdout]    = note: `#[warn(unexpected_cfgs)]` on by default
[INFO] [stdout] 
[INFO] [stdout] 
[INFO] [stdout] warning: unused macro definition: `impl_not_const`
[INFO] [stdout]   --> src/macros.rs:54:14
[INFO] [stdout]    |
[INFO] [stdout] 54 | macro_rules! impl_not_const {
[INFO] [stdout]    |              ^^^^^^^^^^^^^^
[INFO] [stdout]    |
[INFO] [stdout]    = note: `#[warn(unused_macros)]` on by default
[INFO] [stdout] 
[INFO] [stdout] 
[INFO] [stdout] warning: unused import: `impl_not_const`
[INFO] [stdout]   --> src/macros.rs:87:16
[INFO] [stdout]    |
[INFO] [stdout] 87 | pub(crate) use impl_not_const;
[INFO] [stdout]    |                ^^^^^^^^^^^^^^
[INFO] [stdout]    |
[INFO] [stdout]    = note: `#[warn(unused_imports)]` on by default
[INFO] [stdout] 
[INFO] [stdout] 
[INFO] [stdout] warning: unused macro definition: `impl_nonu`
[INFO] [stdout]    --> src/num/int.rs:680:14
[INFO] [stdout]     |
[INFO] [stdout] 680 | macro_rules! impl_nonu {
[INFO] [stdout]     |              ^^^^^^^^^
[INFO] [stdout] 
[INFO] [stdout] 
[INFO] [stdout] warning: unused import: `CompactString`
[INFO] [stdout]   --> src/num/float.rs:10:35
[INFO] [stdout]    |
[INFO] [stdout] 10 | use compact_str::{format_compact, CompactString}; // docs
[INFO] [stdout]    |                                   ^^^^^^^^^^^^^
[INFO] [stdout] 
[INFO] [stdout] 
[INFO] [stdout] warning: unused import: `super::*`
[INFO] [stdout]    --> src/run/runtime_union.rs:381:9
[INFO] [stdout]     |
[INFO] [stdout] 381 |     use super::*;
[INFO] [stdout]     |         ^^^^^^^^
[INFO] [stdout] 
[INFO] [stdout] 
[INFO] [stdout] warning: unexpected `cfg` condition value: `unix`
[INFO] [stdout]   --> src/up/sys_uptime.rs:63:15
[INFO] [stdout]    |
[INFO] [stdout] 63 |     #[cfg(all(target_os = "unix", not(target_os = "linux")))]
[INFO] [stdout]    |               ^^^^^^^^^^^^^^^^^^
[INFO] [stdout]    |
[INFO] [stdout]    = note: expected values for `target_os` are: `aix`, `android`, `cuda`, `dragonfly`, `emscripten`, `espidf`, `freebsd`, `fuchsia`, `haiku`, `hermit`, `horizon`, `hurd`, `illumos`, `ios`, `l4re`, `linux`, `macos`, `netbsd`, `none`, `nto`, `nuttx`, `openbsd`, `psp`, `redox`, `rtems`, `solaris`, `solid_asp3`, `teeos`, `trusty`, `tvos`, `uefi`, `unknown`, `visionos`, `vita`, and `vxworks` and 5 more
[INFO] [stdout]    = note: see <https://doc.rust-lang.org/nightly/rustc/check-cfg/cargo-specifics.html> for more information about checking conditional configuration
[INFO] [stdout]    = note: `#[warn(unexpected_cfgs)]` on by default
[INFO] [stdout] 
[INFO] [stdout] 
[INFO] [stdout] warning: unused import: `super::*`
[INFO] [stdout]    --> src/time/time_unit.rs:978:9
[INFO] [stdout]     |
[INFO] [stdout] 978 |     use super::*;
[INFO] [stdout]     |         ^^^^^^^^
[INFO] [stdout] 
[INFO] [stdout] 
[INFO] [stdout] warning: unused import: `super::*`
[INFO] [stdout]    --> src/time/time.rs:453:9
[INFO] [stdout]     |
[INFO] [stdout] 453 |     use super::*;
[INFO] [stdout]     |         ^^^^^^^^
[INFO] [stdout] 
[INFO] [stdout] 
[INFO] [stdout] warning: unused import: `super::*`
[INFO] [stdout]    --> src/time/military.rs:386:9
[INFO] [stdout]     |
[INFO] [stdout] 386 |     use super::*;
[INFO] [stdout]     |         ^^^^^^^^
[INFO] [stdout] 
[INFO] [stdout] 
[INFO] [stdout] warning: unused import: `super::*`
[INFO] [stdout]    --> src/byte/byte.rs:462:9
[INFO] [stdout]     |
[INFO] [stdout] 462 |     use super::*;
[INFO] [stdout]     |         ^^^^^^^^
[INFO] [stdout] 
[INFO] [stdout] 
[INFO] [stdout] warning: unreachable expression
[INFO] [stdout]    --> src/up/sys_uptime.rs:117:5
[INFO] [stdout]     |
[INFO] [stdout] 114 |         return timespec.tv_sec as u32;
[INFO] [stdout]     |         ----------------------------- any code following this expression is unreachable
[INFO] [stdout] ...
[INFO] [stdout] 117 |     0
[INFO] [stdout]     |     ^ unreachable expression
[INFO] [stdout]     |
[INFO] [stdout]     = note: `#[warn(unreachable_code)]` on by default
[INFO] [stdout] 
[INFO] [stdout] 
[INFO] [stdout] warning: unreachable expression
[INFO] [stdout]    --> src/up/sys_uptime.rs:117:5
[INFO] [stdout]     |
[INFO] [stdout] 114 |         return timespec.tv_sec as u32;
[INFO] [stdout]     |         ----------------------------- any code following this expression is unreachable
[INFO] [stdout] ...
[INFO] [stdout] 117 |     0
[INFO] [stdout]     |     ^ unreachable expression
[INFO] [stdout]     |
[INFO] [stdout]     = note: `#[warn(unreachable_code)]` on by default
[INFO] [stdout] 
[INFO] [stdout] 
[INFO] [stdout] warning: trait `Sealed` is never used
[INFO] [stdout]   --> src/time/systime.rs:29:11
[INFO] [stdout]    |
[INFO] [stdout] 29 |     trait Sealed {}
[INFO] [stdout]    |           ^^^^^^
[INFO] [stdout]    |
[INFO] [stdout]    = note: `#[warn(dead_code)]` on by default
[INFO] [stdout] 
[INFO] [stdout] 
[INFO] [stdout] warning: trait `Sealed` is never used
[INFO] [stdout]   --> src/date/sysdate.rs:30:11
[INFO] [stdout]    |
[INFO] [stdout] 30 |     trait Sealed {}
[INFO] [stdout]    |           ^^^^^^
[INFO] [stdout] 
[INFO] [stdout] 
[INFO] [stdout] warning: path statement with no effect
[INFO] [stdout]    --> src/str/str.rs:129:9
[INFO] [stdout]     |
[INFO] [stdout] 129 |         Self::CAPACITY;
[INFO] [stdout]     |         ^^^^^^^^^^^^^^^
[INFO] [stdout]     |
[INFO] [stdout]     = note: `#[warn(path_statements)]` on by default
[INFO] [stdout] 
[INFO] [stdout] 
[INFO] [stdout] warning: path statement with no effect
[INFO] [stdout]    --> src/str/str.rs:174:9
[INFO] [stdout]     |
[INFO] [stdout] 174 |         Self::CAPACITY;
[INFO] [stdout]     |         ^^^^^^^^^^^^^^^
[INFO] [stdout] 
[INFO] [stdout] 
[INFO] [stdout] warning: trait `Sealed` is never used
[INFO] [stdout]   --> src/time/systime.rs:29:11
[INFO] [stdout]    |
[INFO] [stdout] 29 |     trait Sealed {}
[INFO] [stdout]    |           ^^^^^^
[INFO] [stdout]    |
[INFO] [stdout]    = note: `#[warn(dead_code)]` on by default
[INFO] [stdout] 
[INFO] [stdout] 
[INFO] [stdout] warning: trait `Sealed` is never used
[INFO] [stdout]   --> src/date/sysdate.rs:30:11
[INFO] [stdout]    |
[INFO] [stdout] 30 |     trait Sealed {}
[INFO] [stdout]    |           ^^^^^^
[INFO] [stdout] 
[INFO] [stdout] 
[INFO] [stdout] warning: path statement with no effect
[INFO] [stdout]    --> src/str/str.rs:129:9
[INFO] [stdout]     |
[INFO] [stdout] 129 |         Self::CAPACITY;
[INFO] [stdout]     |         ^^^^^^^^^^^^^^^
[INFO] [stdout]     |
[INFO] [stdout]     = note: `#[warn(path_statements)]` on by default
[INFO] [stdout] 
[INFO] [stdout] 
[INFO] [stdout] warning: path statement with no effect
[INFO] [stdout]    --> src/str/str.rs:174:9
[INFO] [stdout]     |
[INFO] [stdout] 174 |         Self::CAPACITY;
[INFO] [stdout]     |         ^^^^^^^^^^^^^^^
[INFO] [stdout] 
[INFO] [stdout] 
[INFO] [stderr]     Finished `test` profile [unoptimized + debuginfo] target(s) in 24.53s
[INFO] running `Command { std: "docker" "inspect" "8e711800562aade4a2567c5e8f9d27a8b7e72de9394463ad8ffd5f1c762a17ed", kill_on_drop: false }`
[INFO] running `Command { std: "docker" "rm" "-f" "8e711800562aade4a2567c5e8f9d27a8b7e72de9394463ad8ffd5f1c762a17ed", kill_on_drop: false }`
[INFO] [stdout] 8e711800562aade4a2567c5e8f9d27a8b7e72de9394463ad8ffd5f1c762a17ed
[INFO] running `Command { std: "docker" "create" "-v" "/var/lib/crater-agent-workspace/builds/worker-6-tc1/target:/opt/rustwide/target:rw,Z" "-v" "/var/lib/crater-agent-workspace/builds/worker-6-tc1/source:/opt/rustwide/workdir:ro,Z" "-v" "/var/lib/crater-agent-workspace/cargo-home:/opt/rustwide/cargo-home:ro,Z" "-v" "/var/lib/crater-agent-workspace/rustup-home:/opt/rustwide/rustup-home:ro,Z" "-e" "SOURCE_DIR=/opt/rustwide/workdir" "-e" "CARGO_TARGET_DIR=/opt/rustwide/target" "-e" "CARGO_INCREMENTAL=0" "-e" "RUST_BACKTRACE=full" "-e" "RUSTFLAGS=--cap-lints=warn" "-e" "RUSTDOCFLAGS=--cap-lints=warn" "-e" "CARGO_HOME=/opt/rustwide/cargo-home" "-e" "RUSTUP_HOME=/opt/rustwide/rustup-home" "-w" "/opt/rustwide/workdir" "-m" "1610612736" "--user" "0:0" "--network" "none" "ghcr.io/rust-lang/crates-build-env/linux@sha256:f3a9d4ad9d972b27faf3965f35b62e55ba32bbce8f20bc8fe909558a86702fde" "/opt/rustwide/cargo-home/bin/cargo" "+1.83.0" "test" "--frozen", kill_on_drop: false }`
[INFO] [stdout] 97e1c6c8bd8ecf557ccbb12e00bf7a5f14af031d8d9c27005cc7158a04ff9956
[INFO] running `Command { std: "docker" "start" "-a" "97e1c6c8bd8ecf557ccbb12e00bf7a5f14af031d8d9c27005cc7158a04ff9956", kill_on_drop: false }`
[INFO] [stderr] warning: unused macro definition: `impl_not_const`
[INFO] [stderr]   --> src/macros.rs:54:14
[INFO] [stderr]    |
[INFO] [stderr] 54 | macro_rules! impl_not_const {
[INFO] [stderr]    |              ^^^^^^^^^^^^^^
[INFO] [stderr]    |
[INFO] [stderr]    = note: `#[warn(unused_macros)]` on by default
[INFO] [stderr] 
[INFO] [stderr] warning: unused import: `impl_not_const`
[INFO] [stderr]   --> src/macros.rs:87:16
[INFO] [stderr]    |
[INFO] [stderr] 87 | pub(crate) use impl_not_const;
[INFO] [stderr]    |                ^^^^^^^^^^^^^^
[INFO] [stderr]    |
[INFO] [stderr]    = note: `#[warn(unused_imports)]` on by default
[INFO] [stderr] 
[INFO] [stderr] warning: unused macro definition: `impl_nonu`
[INFO] [stderr]    --> src/num/int.rs:680:14
[INFO] [stderr]     |
[INFO] [stderr] 680 | macro_rules! impl_nonu {
[INFO] [stderr]     |              ^^^^^^^^^
[INFO] [stderr] 
[INFO] [stderr] warning: unused import: `CompactString`
[INFO] [stderr]   --> src/num/float.rs:10:35
[INFO] [stderr]    |
[INFO] [stderr] 10 | use compact_str::{format_compact, CompactString}; // docs
[INFO] [stderr]    |                                   ^^^^^^^^^^^^^
[INFO] [stderr] 
[INFO] [stderr] warning: unexpected `cfg` condition value: `unix`
[INFO] [stderr]   --> src/up/sys_uptime.rs:63:15
[INFO] [stderr]    |
[INFO] [stderr] 63 |     #[cfg(all(target_os = "unix", not(target_os = "linux")))]
[INFO] [stderr]    |               ^^^^^^^^^^^^^^^^^^
[INFO] [stderr]    |
[INFO] [stderr]    = note: expected values for `target_os` are: `aix`, `android`, `cuda`, `dragonfly`, `emscripten`, `espidf`, `freebsd`, `fuchsia`, `haiku`, `hermit`, `horizon`, `hurd`, `illumos`, `ios`, `l4re`, `linux`, `macos`, `netbsd`, `none`, `nto`, `nuttx`, `openbsd`, `psp`, `redox`, `rtems`, `solaris`, `solid_asp3`, `teeos`, `trusty`, `tvos`, `uefi`, `unknown`, `visionos`, `vita`, and `vxworks` and 5 more
[INFO] [stderr]    = note: see <https://doc.rust-lang.org/nightly/rustc/check-cfg/cargo-specifics.html> for more information about checking conditional configuration
[INFO] [stderr]    = note: `#[warn(unexpected_cfgs)]` on by default
[INFO] [stderr] 
[INFO] [stderr] warning: unreachable expression
[INFO] [stderr]    --> src/up/sys_uptime.rs:117:5
[INFO] [stderr]     |
[INFO] [stderr] 114 |         return timespec.tv_sec as u32;
[INFO] [stderr]     |         ----------------------------- any code following this expression is unreachable
[INFO] [stderr] ...
[INFO] [stderr] 117 |     0
[INFO] [stderr]     |     ^ unreachable expression
[INFO] [stderr]     |
[INFO] [stderr]     = note: `#[warn(unreachable_code)]` on by default
[INFO] [stderr] 
[INFO] [stderr] warning: trait `Sealed` is never used
[INFO] [stderr]   --> src/time/systime.rs:29:11
[INFO] [stderr]    |
[INFO] [stderr] 29 |     trait Sealed {}
[INFO] [stderr]    |           ^^^^^^
[INFO] [stderr]    |
[INFO] [stderr]    = note: `#[warn(dead_code)]` on by default
[INFO] [stderr] 
[INFO] [stderr] warning: trait `Sealed` is never used
[INFO] [stderr]   --> src/date/sysdate.rs:30:11
[INFO] [stderr]    |
[INFO] [stderr] 30 |     trait Sealed {}
[INFO] [stderr]    |           ^^^^^^
[INFO] [stderr] 
[INFO] [stderr] warning: path statement with no effect
[INFO] [stderr]    --> src/str/str.rs:129:9
[INFO] [stderr]     |
[INFO] [stderr] 129 |         Self::CAPACITY;
[INFO] [stderr]     |         ^^^^^^^^^^^^^^^
[INFO] [stderr]     |
[INFO] [stderr]     = note: `#[warn(path_statements)]` on by default
[INFO] [stderr] 
[INFO] [stderr] warning: path statement with no effect
[INFO] [stderr]    --> src/str/str.rs:174:9
[INFO] [stderr]     |
[INFO] [stderr] 174 |         Self::CAPACITY;
[INFO] [stderr]     |         ^^^^^^^^^^^^^^^
[INFO] [stderr] 
[INFO] [stderr] warning: unused import: `super::*`
[INFO] [stderr]    --> src/run/runtime_union.rs:381:9
[INFO] [stderr]     |
[INFO] [stderr] 381 |     use super::*;
[INFO] [stderr]     |         ^^^^^^^^
[INFO] [stderr] 
[INFO] [stderr] warning: unused import: `super::*`
[INFO] [stderr]    --> src/time/time_unit.rs:978:9
[INFO] [stderr]     |
[INFO] [stderr] 978 |     use super::*;
[INFO] [stderr]     |         ^^^^^^^^
[INFO] [stderr] 
[INFO] [stderr] warning: unused import: `super::*`
[INFO] [stderr]    --> src/time/time.rs:453:9
[INFO] [stderr]     |
[INFO] [stderr] 453 |     use super::*;
[INFO] [stderr]     |         ^^^^^^^^
[INFO] [stderr] 
[INFO] [stderr] warning: unused import: `super::*`
[INFO] [stderr]    --> src/time/military.rs:386:9
[INFO] [stderr]     |
[INFO] [stderr] 386 |     use super::*;
[INFO] [stderr]     |         ^^^^^^^^
[INFO] [stderr] 
[INFO] [stderr] warning: unused import: `super::*`
[INFO] [stderr]    --> src/byte/byte.rs:462:9
[INFO] [stderr]     |
[INFO] [stderr] 462 |     use super::*;
[INFO] [stderr]     |         ^^^^^^^^
[INFO] [stderr] 
[INFO] [stderr] warning: `readable` (lib) generated 10 warnings (run `cargo fix --lib -p readable` to apply 2 suggestions)
[INFO] [stderr] warning: `readable` (lib test) generated 15 warnings (10 duplicates) (run `cargo fix --lib -p readable --tests` to apply 5 suggestions)
[INFO] [stderr]     Finished `test` profile [unoptimized + debuginfo] target(s) in 0.09s
[INFO] [stderr]      Running unittests src/lib.rs (/opt/rustwide/target/debug/deps/readable-229fab6980ff0fe5)
[INFO] [stdout] 
[INFO] [stdout] running 66 tests
[INFO] [stdout] test date::date::tests::invalid_years ... ok
[INFO] [stdout] test date::nichi::tests::from_str_ymd ... ok
[INFO] [stdout] test date::date::tests::from_str_ymd ... ok
[INFO] [stdout] test date::date::tests::from_str_mdy ... ok
[INFO] [stdout] test date::nichi::tests::invalid_years ... ok
[INFO] [stdout] test date::nichi::tests::invalid_dates ... ok
[INFO] [stdout] test date::nichi_full::tests::from_str_ymd ... ok
[INFO] [stdout] test date::nichi_full::tests::invalid_years ... ok
[INFO] [stdout] test date::date::tests::year ... ok
[INFO] [stdout] test num::float::tests::float ... ok
[INFO] [stdout] test date::nichi_full::tests::invalid_dates ... ok
[INFO] [stdout] test date::date::tests::from_str_dmy ... ok
[INFO] [stdout] test num::float::tests::special ... ok
[INFO] [stdout] test num::int::tests::special ... ok
[INFO] [stdout] test num::int::tests::unsigned ... ok
[INFO] [stdout] test num::percent::tests::from_int ... ok
[INFO] [stdout] test num::percent::tests::from_unsigned ... ok
[INFO] [stdout] test num::percent::tests::special ... ok
[INFO] [stdout] test num::percent::tests::percent ... ok
[INFO] [stdout] test num::unsigned::tests::float ... ok
[INFO] [stdout] test num::percent::tests::percent_dot ... ok
[INFO] [stdout] test num::unsigned::tests::special ... ok
[INFO] [stdout] test run::runtime::tests::_format_hms ... ok
[INFO] [stdout] test run::runtime::tests::_format_ms ... ok
[INFO] [stdout] test num::unsigned::tests::unsigned ... ok
[INFO] [stdout] test num::int::tests::float ... ok
[INFO] [stdout] test run::runtime::tests::overflow_float ... ok
[INFO] [stdout] test num::int::tests::int ... ok
[INFO] [stdout] test run::runtime_milli::tests::_format_hms ... ok
[INFO] [stdout] test run::runtime::tests::overflow_uint ... ok
[INFO] [stdout] test run::runtime::tests::special ... ok
[INFO] [stdout] test run::runtime_milli::tests::overflow_float ... ok
[INFO] [stdout] test run::runtime_milli::tests::overflow_uint ... ok
[INFO] [stdout] test run::runtime_milli::tests::special ... ok
[INFO] [stdout] test run::runtime_pad::tests::_format_hms ... ok
[INFO] [stdout] test date::date::tests::invalid_dates ... ok
[INFO] [stdout] test date::date::tests::cmp ... ok
[INFO] [stdout] test run::runtime_pad::tests::overflow_float ... ok
[INFO] [stdout] test run::runtime_pad::tests::overflow_uint ... ok
[INFO] [stdout] test run::runtime_pad::tests::special ... ok
[INFO] [stdout] test toa::itoa::tests::all_i128_lengths ... ok
[INFO] [stdout] test toa::itoa::tests::all_u128_lengths ... ok
[INFO] [stdout] test up::htop::tests::all_ints ... ok
[INFO] [stdout] test up::htop::tests::over ... ok
[INFO] [stdout] test up::htop::tests::special ... ok
[INFO] [stdout] test up::uptime::tests::all_ints ... ok
[INFO] [stdout] test up::uptime::tests::over ... ok
[INFO] [stdout] test up::uptime::tests::special ... ok
[INFO] [stdout] test up::uptime_full::tests::all_ints ... ok
[INFO] [stdout] test up::uptime_full::tests::over ... ok
[INFO] [stdout] test up::uptime_full::tests::special ... ok
[INFO] [stdout] test run::runtime::tests::all_uint ... ok
[INFO] [stdout] test run::runtime_pad::tests::all_uint ... ok
[INFO] [stdout] test run::runtime_milli::tests::all_uint ... ok
[INFO] [stdout] test run::runtime_pad::tests::all_floats ... ok
[INFO] [stdout] test run::runtime::tests::all_floats ... ok
[INFO] [stdout] test run::runtime_milli::tests::all_floats ... ok
[INFO] [stdout] test date::date::tests::variety_7 ... ok
[INFO] [stdout] test date::date::tests::variety_1 has been running for over 60 seconds
[INFO] [stdout] test date::date::tests::variety_2 has been running for over 60 seconds
[INFO] [stdout] test date::date::tests::variety_3 has been running for over 60 seconds
[INFO] [stdout] test date::date::tests::variety_4 has been running for over 60 seconds
[INFO] [stdout] test date::date::tests::variety_5 has been running for over 60 seconds
[INFO] [stdout] test date::date::tests::variety_6 has been running for over 60 seconds
[INFO] [stdout] test date::date::tests::variety_8 has been running for over 60 seconds
[INFO] [stdout] test date::date::tests::variety_9 has been running for over 60 seconds
[INFO] [stdout] test date::date::tests::variety_1 ... ok
[INFO] [stdout] test date::date::tests::variety_6 ... ok
[INFO] [stdout] test date::date::tests::variety_8 ... ok
[INFO] [stdout] test date::date::tests::variety_5 ... ok
[INFO] [stdout] test date::date::tests::variety_4 ... ok
[INFO] [stdout] test date::date::tests::variety_2 ... ok
[INFO] [stdout] test date::date::tests::variety_3 ... ok
[INFO] [stdout] test date::date::tests::variety_9 ... ok
[INFO] [stdout] 
[INFO] [stdout] test result: ok. 66 passed; 0 failed; 0 ignored; 0 measured; 0 filtered out; finished in 72.69s
[INFO] [stdout] 
[INFO] [stderr]    Doc-tests readable
[INFO] [stdout] 
[INFO] [stdout] running 471 tests
[INFO] [stdout] test src/../README.md - (line 114) ... FAILED
[INFO] [stdout] test src/../README.md - (line 48) ... ok
[INFO] [stdout] test src/../README.md - (line 26) ... FAILED
[INFO] [stdout] test src/../README.md - (line 55) ... ok
[INFO] [stdout] test src/../README.md - (line 36) ... ok
[INFO] [stdout] test src/../README.md - (line 68) ... ok
[INFO] [stdout] test src/../README.md - (line 121) ... ok
[INFO] [stdout] test src/../README.md - (line 84) ... ok
[INFO] [stdout] test src/../README.md - (line 21) ... ok
[INFO] [stdout] test src/../README.md - (line 62) ... ok
[INFO] [stdout] test src/../README.md - (line 100) ... ok
[INFO] [stdout] test src/../README.md - (line 77) ... ok
[INFO] [stdout] test src/../README.md - (line 41) ... ok
[INFO] [stdout] test src/byte/byte.rs - byte::byte::Byte (line 71) ... ok
[INFO] [stdout] test src/../README.md - (line 31) ... ok
[INFO] [stdout] test src/../README.md - (line 127) ... ok
[INFO] [stdout] test src/../README.md - (line 107) ... ok
[INFO] [stdout] test src/byte/byte.rs - byte::byte::Byte::BYTE (line 141) ... ok
[INFO] [stdout] test src/byte/byte.rs - byte::byte::Byte (line 59) ... ok
[INFO] [stdout] test src/byte/byte.rs - byte::byte::Byte::MAX_LEN (line 127) ... ok
[INFO] [stdout] test src/../README.md - (line 90) ... ok
[INFO] [stdout] test src/byte/byte.rs - byte::byte::Byte::is_unknown (line 222) ... ok
[INFO] [stdout] test src/byte/byte.rs - byte::byte::Byte::KILOBYTE (line 149) ... ok
[INFO] [stdout] test src/byte/byte.rs - byte::byte::Byte::TERABYTE (line 173) ... ok
[INFO] [stdout] test src/byte/byte.rs - byte::byte::Byte (line 83) ... FAILED
[INFO] [stdout] test src/byte/byte.rs - byte::byte::Byte (line 17) ... ok
[INFO] [stdout] test src/date/date.rs - date::date::Date (line 130) ... ok
[INFO] [stdout] test src/byte/byte.rs - byte::byte::Byte::PETABYTE (line 181) ... ok
[INFO] [stdout] test src/byte/byte.rs - byte::byte::Byte::MEGABYTE (line 157) ... ok
[INFO] [stdout] test src/byte/byte.rs - byte::byte::Byte::MAX (line 197) ... ok
[INFO] [stdout] test src/byte/byte.rs - byte::byte::Byte::GIGABYTE (line 165) ... ok
[INFO] [stdout] test src/date/date.rs - date::date::Date (line 270) ... ok
[INFO] [stdout] test src/byte/byte.rs - byte::byte::Byte::EXABYTE (line 189) ... ok
[INFO] [stdout] test src/byte/byte.rs - byte::byte::Byte::UNKNOWN (line 205) ... ok
[INFO] [stdout] test src/byte/byte.rs - byte::byte::Byte::ZERO (line 133) ... ok
[INFO] [stdout] test src/date/date.rs - date::date::Date::as_str_month (line 651) ... ok
[INFO] [stdout] test src/date/date.rs - date::date::Date (line 187) ... FAILED
[INFO] [stdout] test src/date/date.rs - date::date::Date (line 121) ... ok
[INFO] [stdout] test src/date/date.rs - date::date::Date::as_str_year (line 636) ... ok
[INFO] [stdout] test src/date/date.rs - date::date::Date::ZERO (line 301) ... ok
[INFO] [stdout] test src/date/date.rs - date::date::Date (line 236) ... ok
[INFO] [stdout] test src/date/date.rs - date::date::Date (line 206) ... ok
[INFO] [stdout] test src/date/date.rs - date::date::Date::as_str_day (line 673) ... ok
[INFO] [stdout] test src/date/date.rs - date::date::Date (line 168) ... ok
[INFO] [stdout] test src/date/date.rs - date::date::Date (line 147) ... ok
[INFO] [stdout] test src/date/date.rs - date::date::Date::is_unknown (line 1051) ... ok
[INFO] [stdout] test src/date/date.rs - date::date::Date::as_unix (line 617) ... ok
[INFO] [stdout] test src/date/date.rs - date::date::Date::MAX_LEN (line 288) ... ok
[INFO] [stdout] test src/date/date.rs - date::date::Date::UNKNOWN (line 311) ... ok
[INFO] [stdout] test src/date/date.rs - date::date::Date::from_unix (line 577) ... ok
[INFO] [stdout] test src/date/date.rs - date::date::Date (line 249) ... ok
[INFO] [stdout] test src/date/date.rs - date::date::Date::from_str (line 726) ... ok
[INFO] [stdout] test src/date/date.rs - date::date::Date::from_unix (line 566) ... ok
[INFO] [stdout] test src/date/date.rs - date::date::Date::from_str (line 705) ... ok
[INFO] [stdout] test src/date/date.rs - date::date::Date::ok (line 395) ... ok
[INFO] [stdout] test src/date/nichi.rs - date::nichi::Nichi (line 23) ... ok
[INFO] [stdout] test src/date/mod.rs - date (line 29) ... ok
[INFO] [stdout] test src/date/date.rs - date::date::Date::ok_month (line 365) ... ok
[INFO] [stdout] test src/date/date.rs - date::date::Date::weekday (line 535) ... ok
[INFO] [stdout] test src/date/date.rs - date::date::Date::ok_day (line 380) ... ok
[INFO] [stdout] test src/date/date.rs - date::date::Date::ok_year (line 350) ... ok
[INFO] [stdout] test src/date/nichi.rs - date::nichi::Nichi (line 13) ... ok
[INFO] [stdout] test src/date/nichi.rs - date::nichi::Nichi::UNKNOWN (line 70) ... ok
[INFO] [stdout] test src/date/mod.rs - date (line 4) ... ok
[INFO] [stdout] test src/date/nichi.rs - date::nichi::Nichi::is_unknown (line 353) ... ok
[INFO] [stdout] test src/date/mod.rs - date (line 59) ... ok
[INFO] [stdout] test src/date/nichi.rs - date::nichi::Nichi::from_unix (line 188) ... ok
[INFO] [stdout] test src/date/nichi.rs - date::nichi::Nichi::from_str (line 246) ... ok
[INFO] [stdout] test src/date/nichi.rs - date::nichi::Nichi (line 29) ... ok
[INFO] [stdout] test src/date/nichi_full.rs - date::nichi_full::NichiFull (line 21) ... ok
[INFO] [stdout] test src/date/nichi.rs - date::nichi::Nichi::from_str (line 256) ... ok
[INFO] [stdout] test src/date/mod.rs - date (line 78) ... ok
[INFO] [stdout] test src/date/nichi.rs - date::nichi::Nichi::from_str (line 264) ... FAILED
[INFO] [stdout] test src/date/nichi.rs - date::nichi::Nichi::as_unix (line 223) ... ok
[INFO] [stdout] test src/date/nichi.rs - date::nichi::Nichi::ZERO (line 60) ... ok
[INFO] [stdout] test src/date/nichi_full.rs - date::nichi_full::NichiFull::ZERO (line 58) ... ok
[INFO] [stdout] test src/date/nichi.rs - date::nichi::Nichi::weekday (line 110) ... ok
[INFO] [stdout] test src/date/nichi.rs - date::nichi::Nichi::from_str (line 283) ... ok
[INFO] [stdout] test src/date/nichi.rs - date::nichi::Nichi::from_str (line 296) ... ok
[INFO] [stdout] test src/date/nichi.rs - date::nichi::Nichi::from_unix (line 177) ... ok
[INFO] [stdout] test src/date/nichi_full.rs - date::nichi_full::NichiFull (line 27) ... ok
[INFO] [stdout] test src/date/nichi_full.rs - date::nichi_full::NichiFull::is_unknown (line 368) ... ok
[INFO] [stdout] test src/date/nichi_full.rs - date::nichi_full::NichiFull (line 11) ... ok
[INFO] [stdout] test src/date/nichi.rs - date::nichi::Nichi::MAX_LEN (line 50) ... ok
[INFO] [stdout] test src/date/nichi_full.rs - date::nichi_full::NichiFull::zero (line 95) ... ok
[INFO] [stdout] test src/date/nichi_full.rs - date::nichi_full::NichiFull::UNKNOWN (line 68) ... ok
[INFO] [stdout] test src/num/float.rs - num::float::Float (line 47) ... ok
[INFO] [stdout] test src/date/nichi_full.rs - date::nichi_full::NichiFull::as_unix (line 242) ... ok
[INFO] [stdout] test src/date/nichi_full.rs - date::nichi_full::NichiFull::MAX_LEN (line 48) ... FAILED
[INFO] [stdout] test src/date/nichi_full.rs - date::nichi_full::NichiFull::from_str (line 261) ... FAILED
[INFO] [stdout] test src/date/nichi_full.rs - date::nichi_full::NichiFull::from_unix (line 195) ... ok
[INFO] [stdout] test src/date/nichi_full.rs - date::nichi_full::NichiFull::from_str (line 311) ... FAILED
[INFO] [stdout] test src/date/nichi_full.rs - date::nichi_full::NichiFull::from_unix (line 207) ... ok
[INFO] [stdout] test src/num/float.rs - num::float::Float::MAX_LEN (line 152) ... ok
[INFO] [stdout] test src/date/nichi_full.rs - date::nichi_full::NichiFull::weekday (line 128) ... ok
[INFO] [stdout] test src/date/sysdate.rs - date::sysdate::SysDate::sysdate (line 14) ... ok
[INFO] [stdout] test src/num/float.rs - num::float::Float (line 23) ... ok
[INFO] [stdout] test src/date/nichi_full.rs - date::nichi_full::NichiFull::from_str (line 271) ... ok
[INFO] [stdout] test src/num/float.rs - num::float::Float::UNKNOWN (line 143) ... ok
[INFO] [stdout] test src/num/constants.rs - num::constants::COMMA (line 6) ... ok
[INFO] [stdout] test src/num/float.rs - num::float::Float (line 97) ... ok
[INFO] [stdout] test src/num/int.rs - num::int::Int (line 30) ... ok
[INFO] [stdout] test src/date/nichi_full.rs - date::nichi_full::NichiFull::from_str (line 279) ... ok
[INFO] [stdout] test src/date/nichi_full.rs - date::nichi_full::NichiFull::from_str (line 298) ... ok
[INFO] [stdout] test src/num/float.rs - num::float::Float (line 86) ... ok
[INFO] [stdout] test src/num/float.rs - num::float::Float::INFINITY (line 136) ... ok
[INFO] [stdout] test src/num/float.rs - num::float::Float (line 59) ... ok
[INFO] [stdout] test src/num/int.rs - num::int::Int::is_unknown (line 158) ... ok
[INFO] [stdout] test src/num/percent.rs - num::percent::Percent (line 41) ... ok
[INFO] [stdout] test src/num/float.rs - num::float::Float::NAN (line 129) ... ok
[INFO] [stdout] test src/num/int.rs - num::int::Int (line 66) ... ok
[INFO] [stdout] test src/num/float.rs - num::float::Float::is_unknown (line 205) ... ok
[INFO] [stdout] test src/num/float.rs - num::float::Float::ZERO (line 122) ... ok
[INFO] [stdout] test src/num/int.rs - num::int::Int (line 42) ... FAILED
[INFO] [stdout] test src/num/int.rs - num::int::Int (line 76) ... ok
[INFO] [stdout] test src/num/percent.rs - num::percent::Percent::MAX_LEN (line 169) ... ok
[INFO] [stdout] test src/num/percent.rs - num::percent::Percent (line 104) ... ok
[INFO] [stdout] test src/num/int.rs - num::int::Int::MAX (line 124) ... ok
[INFO] [stdout] test src/num/int.rs - num::int::Int::MAX_LEN (line 143) ... ok
[INFO] [stdout] test src/num/int.rs - num::int::Int::ZERO (line 110) ... ok
[INFO] [stdout] test src/num/unsigned.rs - num::unsigned::Unsigned (line 51) ... ok
[INFO] [stdout] test src/num/percent.rs - num::percent::Percent (line 97) ... ok
[INFO] [stdout] test src/num/percent.rs - num::percent::Percent (line 25) ... ok
[INFO] [stdout] test src/num/int.rs - num::int::Int::MIN (line 117) ... ok
[INFO] [stdout] test src/num/int.rs - num::int::Int::UNKNOWN (line 133) ... ok
[INFO] [stdout] test src/num/percent.rs - num::percent::Percent (line 88) ... ok
[INFO] [stdout] test src/num/percent.rs - num::percent::Percent::INFINITY (line 153) ... ok
[INFO] [stdout] test src/num/percent.rs - num::percent::Percent (line 53) ... ok
[INFO] [stdout] test src/num/unsigned.rs - num::unsigned::Unsigned::is_unknown (line 176) ... ok
[INFO] [stdout] test src/num/percent.rs - num::percent::Percent::NAN (line 146) ... ok
[INFO] [stdout] test src/num/percent.rs - num::percent::Percent::is_unknown (line 223) ... ok
[INFO] [stdout] test src/num/unsigned.rs - num::unsigned::Unsigned::ZERO (line 134) ... ok
[INFO] [stdout] test src/run/runtime.rs - run::runtime::Runtime (line 17) ... ok
[INFO] [stdout] test src/run/mod.rs - run (line 39) ... ok
[INFO] [stdout] test src/num/percent.rs - num::percent::Percent::UNKNOWN (line 160) ... ok
[INFO] [stdout] test src/num/percent.rs - num::percent::Percent::ZERO (line 139) ... ok
[INFO] [stdout] test src/num/unsigned.rs - num::unsigned::Unsigned (line 25) ... ok
[INFO] [stdout] test src/num/unsigned.rs - num::unsigned::Unsigned (line 87) ... ok
[INFO] [stdout] test src/num/unsigned.rs - num::unsigned::Unsigned::UNKNOWN (line 150) ... ok
[INFO] [stdout] test src/num/unsigned.rs - num::unsigned::Unsigned (line 63) ... ok
[INFO] [stdout] test src/num/unsigned.rs - num::unsigned::Unsigned::MAX (line 141) ... ok
[INFO] [stdout] test src/num/unsigned.rs - num::unsigned::Unsigned (line 97) ... ok
[INFO] [stdout] test src/run/mod.rs - run (line 6) ... ok
[INFO] [stdout] test src/run/runtime.rs - run::runtime::Runtime::is_unknown (line 144) ... ok
[INFO] [stdout] test src/num/unsigned.rs - num::unsigned::Unsigned::MAX_LEN (line 160) ... ok
[INFO] [stdout] test src/run/mod.rs - run (line 114) ... ok
[INFO] [stdout] test src/run/runtime_milli.rs - run::runtime_milli::RuntimeMilli (line 24) ... ok
[INFO] [stdout] test src/run/runtime.rs - run::runtime::Runtime::HOUR (line 114) ... ok
[INFO] [stdout] test src/run/runtime.rs - run::runtime::Runtime (line 23) ... ok
[INFO] [stdout] test src/run/runtime.rs - run::runtime::Runtime::DAY (line 121) ... ok
[INFO] [stdout] test src/run/mod.rs - run (line 83) ... ok
[INFO] [stdout] test src/run/runtime.rs - run::runtime::Runtime::SECOND (line 100) ... ok
[INFO] [stdout] test src/run/runtime.rs - run::runtime::Runtime::ZERO (line 93) ... ok
[INFO] [stdout] test src/run/runtime.rs - run::runtime::Runtime::MAX (line 128) ... ok
[INFO] [stdout] test src/run/runtime_milli.rs - run::runtime_milli::RuntimeMilli::MINUTE (line 114) ... ok
[INFO] [stdout] test src/run/runtime_milli.rs - run::runtime_milli::RuntimeMilli::ZERO (line 100) ... ok
[INFO] [stdout] test src/run/runtime_milli.rs - run::runtime_milli::RuntimeMilli (line 30) ... ok
[INFO] [stdout] test src/run/runtime.rs - run::runtime::Runtime::MINUTE (line 107) ... ok
[INFO] [stdout] test src/run/runtime_milli.rs - run::runtime_milli::RuntimeMilli::SECOND (line 107) ... ok
[INFO] [stdout] test src/run/runtime_milli.rs - run::runtime_milli::RuntimeMilli::is_unknown (line 235) ... ok
[INFO] [stdout] test src/run/runtime_pad.rs - run::runtime_pad::RuntimePad (line 30) ... ok
[INFO] [stdout] test src/run/runtime.rs - run::runtime::Runtime::UNKNOWN (line 86) ... ok
[INFO] [stdout] test src/run/runtime_milli.rs - run::runtime_milli::RuntimeMilli::MAX (line 135) ... ok
[INFO] [stdout] test src/run/runtime_pad.rs - run::runtime_pad::RuntimePad (line 12) ... ok
[INFO] [stdout] test src/run/runtime_milli.rs - run::runtime_milli::RuntimeMilli::as_str_runtime (line 190) ... ok
[INFO] [stdout] test src/run/runtime_milli.rs - run::runtime_milli::RuntimeMilli::HOUR (line 121) ... ok
[INFO] [stdout] test src/run/runtime_milli.rs - run::runtime_milli::RuntimeMilli (line 12) ... ok
[INFO] [stdout] test src/run/runtime_pad.rs - run::runtime_pad::RuntimePad (line 36) ... ok
[INFO] [stdout] test src/run/runtime_milli.rs - run::runtime_milli::RuntimeMilli::DAY (line 128) ... ok
[INFO] [stdout] test src/run/runtime_pad.rs - run::runtime_pad::RuntimePad::is_unknown (line 179) ... ok
[INFO] [stdout] test src/run/runtime_milli.rs - run::runtime_milli::RuntimeMilli::UNKNOWN (line 93) ... ok
[INFO] [stdout] test src/run/runtime_pad.rs - run::runtime_pad::RuntimePad::HOUR (line 127) ... ok
[INFO] [stdout] test src/run/runtime_milli.rs - run::runtime_milli::RuntimeMilli::as_str_pad (line 212) ... ok
[INFO] [stdout] test src/run/runtime_union.rs - run::runtime_union::RuntimeUnion (line 42) ... ok
[INFO] [stdout] test src/run/runtime_pad.rs - run::runtime_pad::RuntimePad::MAX (line 141) ... ok
[INFO] [stdout] test src/run/runtime_pad.rs - run::runtime_pad::RuntimePad::DAY (line 134) ... ok
[INFO] [stdout] test src/run/runtime_pad.rs - run::runtime_pad::RuntimePad::as_str_runtime (line 164) ... ok
[INFO] [stdout] test src/run/runtime_pad.rs - run::runtime_pad::RuntimePad::ZERO (line 106) ... ok
[INFO] [stdout] test src/run/runtime_pad.rs - run::runtime_pad::RuntimePad::MINUTE (line 120) ... ok
[INFO] [stdout] test src/run/runtime_union.rs - run::runtime_union::RuntimeUnion (line 22) ... ok
[INFO] [stdout] test src/run/runtime_union.rs - run::runtime_union::RuntimeUnion::MINUTE (line 151) ... ok
[INFO] [stdout] test src/run/runtime_pad.rs - run::runtime_pad::RuntimePad::SECOND (line 113) ... ok
[INFO] [stdout] test src/run/runtime_pad.rs - run::runtime_pad::RuntimePad::UNKNOWN (line 99) ... ok
[INFO] [stdout] test src/run/runtime_union.rs - run::runtime_union::RuntimeUnion::is_unknown (line 309) ... ok
[INFO] [stdout] test src/run/runtime_union.rs - run::runtime_union::RuntimeUnion::SECOND (line 136) ... ok
[INFO] [stdout] test src/run/runtime_union.rs - run::runtime_union::RuntimeUnion (line 48) ... ok
[INFO] [stdout] test src/run/runtime_union.rs - run::runtime_union::RuntimeUnion::to_pad (line 267) ... ok
[INFO] [stdout] test src/run/runtime_union.rs - run::runtime_union::RuntimeUnion::DAY (line 181) ... ok
[INFO] [stdout] test src/run/runtime_union.rs - run::runtime_union::RuntimeUnion::HOUR (line 166) ... ok
[INFO] [stdout] test src/run/runtime_union.rs - run::runtime_union::RuntimeUnion::MAX (line 196) ... ok
[INFO] [stdout] test src/run/runtime_union.rs - run::runtime_union::RuntimeUnion::UNKNOWN (line 107) ... ok
[INFO] [stdout] test src/run/runtime_union.rs - run::runtime_union::RuntimeUnion::ZERO (line 121) ... ok
[INFO] [stdout] test src/str/headtail.rs - str::headtail::Head<'a>::into_parts (line 386) ... ok
[INFO] [stdout] test src/run/runtime_union.rs - run::runtime_union::RuntimeUnion::as_str_pad (line 233) ... ok
[INFO] [stdout] test src/run/runtime_union.rs - run::runtime_union::RuntimeUnion::as_str_milli (line 243) ... ok
[INFO] [stdout] test src/run/runtime_union.rs - run::runtime_union::RuntimeUnion::into_inner (line 291) ... ok
[INFO] [stdout] test src/run/runtime_union.rs - run::runtime_union::RuntimeUnion::to_milli (line 279) ... ok
[INFO] [stdout] test src/str/headtail.rs - str::headtail::HeadTail (line 54) ... ok
[INFO] [stdout] test src/run/runtime_union.rs - run::runtime_union::RuntimeUnion::as_str (line 223) ... ok
[INFO] [stdout] test src/str/headtail.rs - str::headtail::HeadTail (line 22) ... ok
[INFO] [stdout] test src/run/runtime_union.rs - run::runtime_union::RuntimeUnion::to_runtime (line 255) ... ok
[INFO] [stdout] test src/str/headtail.rs - str::headtail::HeadDot<'a>::into_cow (line 525) ... ok
[INFO] [stdout] test src/str/str.rs - str::str::Str (line 42) ... ignored
[INFO] [stdout] test src/str/str.rs - str::str::Str (line 26) ... ok
[INFO] [stdout] test src/str/headtail.rs - str::headtail::HeadTail (line 37) ... ok
[INFO] [stdout] test src/str/headtail.rs - str::headtail::HeadTail::tail_dot (line 194) ... ok
[INFO] [stdout] test src/str/headtail.rs - str::headtail::HeadTail::head_tail (line 232) ... ok
[INFO] [stdout] test src/str/headtail.rs - str::headtail::HeadTailDot (line 632) ... ok
[INFO] [stdout] test src/str/headtail.rs - str::headtail::HeadTail::head (line 97) ... ok
[INFO] [stdout] test src/str/headtail.rs - str::headtail::HeadTail::head_tail_dot (line 287) ... ok
[INFO] [stdout] test src/str/headtail.rs - str::headtail::HeadTail (line 62) ... ok
[INFO] [stdout] test src/str/headtail.rs - str::headtail::TailDot<'a>::into_cow (line 525) ... ok
[INFO] [stdout] test src/str/headtail.rs - str::headtail::HeadTail (line 72) ... ok
[INFO] [stdout] test src/str/headtail.rs - str::headtail::Tail<'a>::into_parts (line 386) ... ok
[INFO] [stdout] test src/str/headtail.rs - str::headtail::HeadTail::head_dot (line 125) ... ok
[INFO] [stdout] test src/str/headtail.rs - str::headtail::HeadTailDot<'a>::into_parts (line 737) ... ok
[INFO] [stdout] test src/str/headtail.rs - str::headtail::HeadTailStr<'a>::into_parts (line 737) ... ok
[INFO] [stdout] test src/str/str.rs - str::str::Str<N>::as_bytes (line 417) ... ok
[INFO] [stdout] test src/str/headtail.rs - str::headtail::HeadTail::tail (line 157) ... ok
[INFO] [stdout] test src/str/str.rs - str::str::Str (line 52) ... ok
[INFO] [stdout] test src/str/str.rs - str::str::Str<N>::add (line 1570) ... ok
[INFO] [stdout] test src/str/str.rs - str::str::Str<N>::add_assign (line 1609) ... ok
[INFO] [stdout] test src/str/str.rs - str::str::Str<N>::as_ref (line 1625) ... ok
[INFO] [stdout] test src/str/str.rs - str::str::Str<N>::as_ptr (line 460) ... ok
[INFO] [stdout] test src/str/str.rs - str::str::Str<N>::add_assign (line 1598) ... ok
[INFO] [stdout] test src/str/str.rs - str::str::Str<N>::copy_str_unchecked (line 765) ... ok
[INFO] [stdout] test src/str/str.rs - str::str::Str<N>::as_bytes_all (line 239) ... ok
[INFO] [stdout] test src/str/str.rs - str::str::Str<N>::copy_str_unchecked (line 753) ... ok
[INFO] [stdout] test src/str/str.rs - str::str::Str<N>::add (line 1580) ... ok
[INFO] [stdout] test src/str/str.rs - str::str::Str<N>::copy_str_unchecked (line 773) ... ok
[INFO] [stdout] test src/str/str.rs - str::str::Str<N>::as_bytes_all_mut (line 263) ... ok
[INFO] [stdout] test src/str/str.rs - str::str::Str<N>::from_static_bytes (line 167) ... ignored
[INFO] [stdout] test src/str/str.rs - str::str::Str<N>::from_bytes_exact (line 1228) ... ok
[INFO] [stdout] test src/str/str.rs - str::str::Str<N>::as_str_mut (line 661) ... ok
[INFO] [stdout] test src/str/str.rs - str::str::Str<N>::from_static_str (line 226) ... ignored
[INFO] [stdout] test src/str/str.rs - str::str::Str<N>::as_str (line 634) ... ok
[INFO] [stdout] test src/str/str.rs - str::str::Str<N>::deref (line 1530) ... ok
[INFO] [stdout] test src/str/str.rs - str::str::Str<N>::as_mut_ptr (line 477) ... ok
[INFO] [stdout] test src/str/str.rs - str::str::Str<N>::as_bytes_mut (line 434) ... ok
[INFO] [stdout] test src/str/str.rs - str::str::Str<N>::copy_str (line 707) ... ok
[INFO] [stdout] test src/str/str.rs - str::str::Str<N>::extend (line 1673) ... ok
[INFO] [stdout] test src/str/str.rs - str::str::Str<N>::from_static_str (line 205) ... ok
[INFO] [stdout] test src/str/str.rs - str::str::Str<N>::copy_str_unchecked (line 781) ... ok
[INFO] [stdout] test src/str/str.rs - str::str::Str<N>::from_raw (line 1167) ... ok
[INFO] [stdout] test src/str/str.rs - str::str::Str<N>::extend (line 1655) ... ok
[INFO] [stdout] test src/str/str.rs - str::str::Str<N>::from_bytes_exact (line 1214) ... ok
[INFO] [stdout] test src/str/str.rs - str::str::Str<N>::from_static_bytes (line 153) ... ok
[INFO] [stdout] test src/str/str.rs - str::str::Str<N>::into_string (line 682) ... ok
[INFO] [stdout] test src/str/str.rs - str::str::Str<N>::into_vec (line 499) ... ok
[INFO] [stdout] test src/str/str.rs - str::str::Str<N>::into_raw (line 1151) ... ok
[INFO] [stdout] test src/str/str.rs - str::str::Str<N>::clear (line 544) ... ok
[INFO] [stdout] test src/str/str.rs - str::str::Str<N>::from_static_str (line 213) ... ok
[INFO] [stdout] test src/str/str.rs - str::str::Str<N>::push_char_panic (line 1068) ... ok
[INFO] [stdout] test src/str/str.rs - str::str::Str<N>::push_char_panic (line 1058) ... ok
[INFO] [stdout] test src/str/str.rs - str::str::Str<N>::invalid (line 523) ... ok
[INFO] [stdout] test src/str/str.rs - str::str::Str<N>::is_full (line 616) ... ok
[INFO] [stdout] test src/str/str.rs - str::str::Str<N>::from_str_exact (line 1200) ... ok
[INFO] [stdout] test src/str/str.rs - str::str::Str<N>::len (line 292) ... ok
[INFO] [stdout] test src/str/str.rs - str::str::Str<N>::from_static_bytes (line 145) ... ok
[INFO] [stdout] test src/str/str.rs - str::str::Str<N>::len_u8 (line 309) ... ok
[INFO] [stdout] test src/str/str.rs - str::str::Str<N>::from_str_exact (line 1189) ... ok
[INFO] [stdout] test src/str/str.rs - str::str::Str<N>::push_char (line 1024) ... ok
[INFO] [stdout] test src/str/str.rs - str::str::Str<N>::is_empty (line 599) ... ok
[INFO] [stdout] test src/str/str.rs - str::str::Str<N>::push_char_panic (line 1075) ... ok
[INFO] [stdout] test src/str/str.rs - str::str::Str<N>::new (line 119) ... ok
[INFO] [stdout] test src/str/str.rs - str::str::Str<N>::make_ascii_uppercase (line 1242) ... ok
[INFO] [stdout] test src/str/str.rs - str::str::Str<N>::pop (line 1352) ... ok
[INFO] [stdout] test src/str/str.rs - str::str::Str<N>::make_ascii_lowercase (line 1259) ... ok
[INFO] [stdout] test src/str/str.rs - str::str::Str<N>::push_char_saturating (line 1113) ... FAILED
[INFO] [stdout] test src/str/str.rs - str::str::Str<N>::remaining (line 403) ... ok
[INFO] [stdout] test src/str/str.rs - str::str::Str<N>::remove (line 1313) ... ok
[INFO] [stdout] test src/str/str.rs - str::str::Str<N>::push_char_saturating (line 1097) ... ok
[INFO] [stdout] test src/str/str.rs - str::str::Str<N>::push_str_panic (line 886) ... ok
[INFO] [stdout] test src/str/str.rs - str::str::Str<N>::push_str (line 812) ... ok
[INFO] [stdout] test src/str/str.rs - str::str::Str<N>::set_len (line 327) ... ok
[INFO] [stdout] test src/str/str.rs - str::str::Str<N>::push_str_panic (line 879) ... ok
[INFO] [stdout] test src/str/str.rs - str::str::Str<N>::truncate (line 1291) ... ok
[INFO] [stdout] test src/str/str.rs - str::str::Str<N>::push_str_panic (line 869) ... ok
[INFO] [stdout] test src/str/str.rs - str::str::Str<N>::try_from (line 1404) ... ignored
[INFO] [stdout] test src/str/str.rs - str::str::Str<N>::try_from (line 1404) ... ignored
[INFO] [stdout] test src/str/str.rs - str::str::Str<N>::try_from (line 1404) ... ignored
[INFO] [stdout] test src/str/str.rs - str::str::Str<N>::try_from (line 1404) ... ignored
[INFO] [stdout] test src/str/str.rs - str::str::Str<N>::try_from (line 1404) ... ignored
[INFO] [stdout] test src/str/str.rs - str::str::Str<N>::try_from (line 1404) ... ignored
[INFO] [stdout] test src/str/str.rs - str::str::Str<N>::try_from (line 1404) ... ignored
[INFO] [stdout] test src/str/str.rs - str::str::Str<N>::try_from (line 1404) ... ignored
[INFO] [stdout] test src/str/str.rs - str::str::Str<N>::try_from (line 1404) ... ignored
[INFO] [stdout] test src/str/str.rs - str::str::Str<N>::try_from (line 1404) ... ignored
[INFO] [stdout] test src/str/str.rs - str::str::Str<N>::try_from (line 1404) ... ignored
[INFO] [stdout] test src/str/str.rs - str::str::Str<N>::push_str_saturating (line 946) ... ok
[INFO] [stdout] test src/str/str.rs - str::str::Str<N>::push_str_saturating (line 931) ... ok
[INFO] [stdout] test src/str/str.rs - str::str::Str<N>::try_from (line 1393) ... ok
[INFO] [stdout] test src/str/str.rs - str::str::Str<N>::truncate (line 1280) ... ok
[INFO] [stdout] test src/str/str.rs - str::str::Str<N>::set_len_u8 (line 365) ... ok
[INFO] [stdout] test src/str/str.rs - str::str::Str<N>::try_from (line 1393) ... ok
[INFO] [stdout] test src/str/str.rs - str::str::Str<N>::try_from (line 1393) ... ok
[INFO] [stdout] test src/str/str.rs - str::str::Str<N>::try_from (line 1453) ... ok
[INFO] [stdout] test src/str/str.rs - str::str::Str<N>::try_from (line 1393) ... ok
[INFO] [stdout] test src/str/str.rs - str::str::Str<N>::try_from (line 1393) ... ok
[INFO] [stdout] test src/str/str.rs - str::str::Str<N>::try_from (line 1393) ... ok
[INFO] [stdout] test src/str/str.rs - str::str::Str<N>::try_from (line 1464) ... ignored
[INFO] [stdout] test src/str/str.rs - str::str::Str<N>::try_from (line 1464) ... ignored
[INFO] [stdout] test src/str/str.rs - str::str::Str<N>::try_from (line 1464) ... ignored
[INFO] [stdout] test src/str/str.rs - str::str::Str<N>::try_from (line 1464) ... ignored
[INFO] [stdout] test src/str/str.rs - str::str::Str<N>::try_from (line 1464) ... ignored
[INFO] [stdout] test src/str/str.rs - str::str::Str<N>::try_from (line 1464) ... ignored
[INFO] [stdout] test src/str/str.rs - str::str::Str<N>::try_from (line 1464) ... ignored
[INFO] [stdout] test src/str/str.rs - str::str::Str<N>::try_from (line 1464) ... ignored
[INFO] [stdout] test src/str/str.rs - str::str::Str<N>::try_from (line 1464) ... ignored
[INFO] [stdout] test src/str/str.rs - str::str::Str<N>::try_from (line 1464) ... ignored
[INFO] [stdout] test src/str/str.rs - str::str::Str<N>::try_from (line 1464) ... ignored
[INFO] [stdout] test src/str/str.rs - str::str::Str<N>::try_from (line 1393) ... ok
[INFO] [stdout] test src/str/str.rs - str::str::Str<N>::try_from (line 1393) ... ok
[INFO] [stdout] test src/str/str.rs - str::str::Str<N>::try_from (line 1453) ... ok
[INFO] [stdout] test src/str/str.rs - str::str::Str<N>::try_from (line 1393) ... ok
[INFO] [stdout] test src/str/str.rs - str::str::Str<N>::try_from (line 1453) ... ok
[INFO] [stdout] test src/str/str.rs - str::str::Str<N>::try_from (line 1453) ... ok
[INFO] [stdout] test src/time/free.rs - time::free::secs_to_hms (line 54) ... ok
[INFO] [stdout] test src/str/str.rs - str::str::Str<N>::try_from (line 1393) ... ok
[INFO] [stdout] test src/str/str.rs - str::str::Str<N>::try_from (line 1453) ... ok
[INFO] [stdout] test src/str/str.rs - str::str::Str<N>::try_from (line 1393) ... ok
[INFO] [stdout] test src/str/str.rs - str::str::Str<N>::try_from (line 1453) ... ok
[INFO] [stdout] test src/time/free.rs - time::free::unix_clock (line 29) ... ok
[INFO] [stdout] test src/str/str.rs - str::str::Str<N>::try_from (line 1453) ... ok
[INFO] [stdout] test src/str/str.rs - str::str::Str<N>::try_from (line 1453) ... ok
[INFO] [stdout] test src/str/str.rs - str::str::Str<N>::try_from (line 1453) ... ok
[INFO] [stdout] test src/str/str.rs - str::str::Str<N>::try_from (line 1453) ... ok
[INFO] [stdout] test src/time/military.rs - time::military::Military::MAX_LEN (line 88) ... ok
[INFO] [stdout] test src/time/military.rs - time::military::Military (line 31) ... ok
[INFO] [stdout] test src/time/free.rs - time::free::secs_to_clock (line 96) ... ok
[INFO] [stdout] test src/str/str.rs - str::str::Str<N>::write_char (line 1737) ... ok
[INFO] [stdout] test src/time/military.rs - time::military::Military::is_unknown (line 174) ... ok
[INFO] [stdout] test src/str/str.rs - str::str::Str<N>::write_str (line 1721) ... ok
[INFO] [stdout] test src/str/str.rs - str::str::Str<N>::zero (line 573) ... ok
[INFO] [stdout] test src/time/military.rs - time::military::Military (line 16) ... ok
[INFO] [stdout] test src/time/military.rs - time::military::Military::MAX (line 108) ... ok
[INFO] [stdout] test src/time/military.rs - time::military::Military (line 37) ... ok
[INFO] [stdout] test src/time/military.rs - time::military::Military::new (line 129) ... ok
[INFO] [stdout] test src/str/str.rs - str::str::Str<N>::try_from (line 1453) ... ok
[INFO] [stdout] test src/time/time.rs - time::time::Time (line 31) ... ok
[INFO] [stdout] test src/time/time.rs - time::time::Time::MAX_LEN (line 88) ... ok
[INFO] [stdout] test src/time/military.rs - time::military::Military::UNKNOWN (line 94) ... ok
[INFO] [stdout] test src/time/time.rs - time::time::Time (line 16) ... ok
[INFO] [stdout] test src/time/systime.rs - time::systime::SysTime::sys_time (line 14) ... ok
[INFO] [stdout] test src/time/time.rs - time::time::Time::is_unknown (line 174) ... ok
[INFO] [stdout] test src/time/military.rs - time::military::Military::ZERO (line 101) ... ok
[INFO] [stdout] test src/time/mod.rs - time (line 4) ... ok
[INFO] [stdout] test src/time/time.rs - time::time::Time (line 37) ... ok
[INFO] [stdout] test src/time/time.rs - time::time::Time::MAX (line 108) ... ok
[INFO] [stdout] test src/time/time_unit.rs - time::time_unit::TimeUnit (line 17) ... ok
[INFO] [stdout] test src/time/military.rs - time::military::Military::new_specified (line 151) ... ok
[INFO] [stdout] test src/time/mod.rs - time (line 16) ... ok
[INFO] [stdout] test src/time/mod.rs - time (line 31) ... ok
[INFO] [stdout] test src/time/time.rs - time::time::Time::ZERO (line 101) ... ok
[INFO] [stdout] test src/time/mod.rs - time (line 48) ... ok
[INFO] [stdout] test src/time/mod.rs - time (line 94) ... ok
[INFO] [stdout] test src/time/time_unit.rs - time::time_unit::TimeUnit (line 29) ... ok
[INFO] [stdout] test src/time/time_unit.rs - time::time_unit::TimeUnit (line 54) ... ok
[INFO] [stdout] test src/time/time_unit.rs - time::time_unit::TimeUnit::MAX (line 288) ... ok
[INFO] [stdout] test src/time/time_unit.rs - time::time_unit::TimeUnit::DAY (line 216) ... ok
[INFO] [stdout] test src/time/time.rs - time::time::Time::UNKNOWN (line 94) ... ok
[INFO] [stdout] test src/time/time_unit.rs - time::time_unit::TimeUnit::MINUTE (line 180) ... ok
[INFO] [stdout] test src/time/mod.rs - time (line 70) ... ok
[INFO] [stdout] test src/time/time_unit.rs - time::time_unit::TimeUnit::days (line 689) ... ok
[INFO] [stdout] test src/time/time_unit.rs - time::time_unit::TimeUnit::MONTH (line 252) ... ok
[INFO] [stdout] test src/time/time_unit.rs - time::time_unit::TimeUnit::HOUR (line 198) ... ok
[INFO] [stdout] test src/time/time_unit.rs - time::time_unit::TimeUnit::from_days (line 403) ... ok
[INFO] [stdout] test src/time/time.rs - time::time::Time::new_specified (line 151) ... ok
[INFO] [stdout] test src/time/time_unit.rs - time::time_unit::TimeUnit::WEEK (line 234) ... ok
[INFO] [stdout] test src/time/time_unit.rs - time::time_unit::TimeUnit::YEAR (line 270) ... ok
[INFO] [stdout] test src/time/time_unit.rs - time::time_unit::TimeUnit::hours (line 702) ... ok
[INFO] [stdout] test src/time/time_unit.rs - time::time_unit::TimeUnit (line 64) ... ok
[INFO] [stdout] test src/time/time_unit.rs - time::time_unit::TimeUnit::from_minutes (line 371) ... ok
[INFO] [stdout] test src/time/time_unit.rs - time::time_unit::TimeUnit::UNKNOWN (line 119) ... ok
[INFO] [stdout] test src/time/time_unit.rs - time::time_unit::TimeUnit::from_years (line 451) ... ok
[INFO] [stdout] test src/time/time_unit.rs - time::time_unit::TimeUnit::from_months (line 435) ... ok
[INFO] [stdout] test src/time/time_unit.rs - time::time_unit::TimeUnit::from_hours (line 387) ... ok
[INFO] [stdout] test src/time/time_unit.rs - time::time_unit::TimeUnit::ZERO (line 145) ... ok
[INFO] [stdout] test src/time/time_unit.rs - time::time_unit::TimeUnit::is_unknown (line 620) ... ok
[INFO] [stdout] test src/time/time_unit.rs - time::time_unit::TimeUnit::from_weeks (line 419) ... ok
[INFO] [stdout] test src/time/time_unit.rs - time::time_unit::TimeUnit::is_unknown (line 614) ... ok
[INFO] [stdout] test src/time/time.rs - time::time::Time::new (line 129) ... ok
[INFO] [stdout] test src/time/time_unit.rs - time::time_unit::TimeUnit::minutes (line 715) ... ok
[INFO] [stdout] test src/time/time_unit.rs - time::time_unit::TimeUnit::inner (line 635) ... ok
[INFO] [stdout] test src/time/time_unit.rs - time::time_unit::TimeUnit::new (line 325) ... ok
[INFO] [stdout] test src/time/time_unit.rs - time::time_unit::TimeUnit::new_variety (line 474) ... ok
[INFO] [stdout] test src/time/time_unit.rs - time::time_unit::TimeUnit::SECOND (line 162) ... ok
[INFO] [stdout] test src/time/time_unit.rs - time::time_unit::TimeUnit::seconds (line 729) ... ok
[INFO] [stdout] test src/time/time_unit.rs - time::time_unit::TimeUnit::months (line 664) ... ok
[INFO] [stdout] test src/toa/dtoa.rs - toa::dtoa::dtoa (line 795) ... ignored
[INFO] [stdout] test src/toa/dtoa.rs - toa::dtoa::dtoa (line 802) ... ignored
[INFO] [stdout] test src/toa/dtoa.rs - toa::dtoa::Dtoa (line 572) ... ok
[INFO] [stdout] test src/time/time_unit.rs - time::time_unit::TimeUnit::years (line 651) ... ok
[INFO] [stdout] test src/toa/dtoa.rs - toa::dtoa::DtoaTmp (line 717) ... ok
[INFO] [stdout] test src/time/time_unit.rs - time::time_unit::TimeUnit::new_variety (line 498) ... ok
[INFO] [stdout] test src/time/time_unit.rs - time::time_unit::TimeUnit::into_raw (line 550) ... ok
[INFO] [stdout] test src/time/time_unit.rs - time::time_unit::TimeUnit::weeks (line 676) ... ok
[INFO] [stdout] test src/toa/dtoa.rs - toa::dtoa::Dtoa (line 562) ... ok
[INFO] [stdout] test src/toa/dtoa.rs - toa::dtoa::Dtoa::new (line 599) ... ok
[INFO] [stdout] test src/toa/dtoa.rs - toa::dtoa::Dtoa::new_finite (line 637) ... ok
[INFO] [stdout] test src/toa/itoa.rs - toa::itoa::Itoa (line 43) ... ok
[INFO] [stdout] test src/toa/itoa.rs - toa::itoa::Itoa::len (line 114) ... ok
[INFO] [stdout] test src/toa/dtoa.rs - toa::dtoa::DtoaTmp (line 699) ... ok
[INFO] [stdout] test src/toa/itoa.rs - toa::itoa::itoa (line 247) ... ignored
[INFO] [stdout] test src/toa/itoa.rs - toa::itoa::itoa (line 254) ... ignored
[INFO] [stdout] test src/toa/dtoa.rs - toa::dtoa::DtoaTmp::format (line 742) ... ok
[INFO] [stdout] test src/toa/dtoa.rs - toa::dtoa::Dtoa::as_str (line 672) ... ok
[INFO] [stdout] test src/toa/itoa.rs - toa::itoa::ItoaTmp (line 144) ... ok
[INFO] [stdout] test src/toa/dtoa.rs - toa::dtoa::dtoa (line 812) ... ok
[INFO] [stdout] test src/toa/itoa.rs - toa::itoa::ItoaTmp (line 154) ... ok
[INFO] [stdout] test src/toa/dtoa.rs - toa::dtoa::IntoDtoa (line 900) ... ok
[INFO] [stdout] test src/toa/itoa.rs - toa::itoa::ItoaTmp::format (line 176) ... ok
[INFO] [stdout] test src/toa/dtoa.rs - toa::dtoa::dtoa (line 826) ... ok
[INFO] [stdout] test src/toa/itoa.rs - toa::itoa::Itoa (line 33) ... ok
[INFO] [stdout] test src/toa/itoa.rs - toa::itoa::ItoaTmp (line 136) ... ok
[INFO] [stdout] test src/toa/dtoa.rs - toa::dtoa::DtoaTmp (line 707) ... ok
[INFO] [stdout] test src/toa/itoa.rs - toa::itoa::Itoa::as_str (line 88) ... ok
[INFO] [stdout] test src/toa/itoa.rs - toa::itoa::Itoa::new (line 61) ... ok
[INFO] [stdout] test src/toa/itoa.rs - toa::itoa::itoa (line 264) ... ok
[INFO] [stdout] test src/toa/itoa.rs - toa::itoa::itoa (line 278) ... ok
[INFO] [stdout] test src/up/htop.rs - up::htop::Htop (line 44) ... ok
[INFO] [stdout] test src/toa/dtoa.rs - toa::dtoa::DtoaTmp::format_finite (line 771) ... ok
[INFO] [stdout] test src/up/htop.rs - up::htop::Htop::is_unknown (line 171) ... ok
[INFO] [stdout] test src/up/htop.rs - up::htop::Htop::MAX_LEN (line 84) ... ok
[INFO] [stdout] test src/up/htop.rs - up::htop::Htop::MAX (line 154) ... ok
[INFO] [stdout] test src/toa/itoa.rs - toa::itoa::Integer (line 347) ... ok
[INFO] [stdout] test src/up/htop.rs - up::htop::Htop (line 50) ... ok
[INFO] [stdout] test src/up/htop.rs - up::htop::Htop::ZERO (line 98) ... FAILED
[INFO] [stdout] test src/up/htop.rs - up::htop::Htop::SECOND (line 106) ... ok
[INFO] [stdout] test src/toa/mod.rs - toa (line 10) ... ok
[INFO] [stdout] test src/up/uptime.rs - up::uptime::Uptime (line 21) ... ok
[INFO] [stdout] test src/up/htop.rs - up::htop::Htop::YEAR (line 146) ... ok
[INFO] [stdout] test src/up/htop.rs - up::htop::Htop::MONTH (line 138) ... ok
[INFO] [stdout] test src/up/htop.rs - up::htop::Htop::HOUR (line 122) ... ok
[INFO] [stdout] test src/up/htop.rs - up::htop::Htop::MINUTE (line 114) ... ok
[INFO] [stdout] test src/up/mod.rs - up (line 105) ... ok
[INFO] [stdout] test src/up/htop.rs - up::htop::Htop::UNKNOWN (line 91) ... ok
[INFO] [stdout] test src/up/mod.rs - up (line 4) ... ok
[INFO] [stdout] test src/up/uptime.rs - up::uptime::Uptime::MAX_LEN (line 99) ... ok
[INFO] [stdout] test src/up/uptime.rs - up::uptime::Uptime::HOUR (line 134) ... ok
[INFO] [stdout] test src/up/htop.rs - up::htop::Htop::DAY (line 130) ... ok
[INFO] [stdout] test src/up/mod.rs - up (line 129) ... ok
[INFO] [stdout] test src/up/mod.rs - up (line 57) ... ok
[INFO] [stdout] test src/up/mod.rs - up (line 36) ... ok
[INFO] [stdout] test src/up/uptime.rs - up::uptime::Uptime (line 28) ... ok
[INFO] [stdout] test src/up/uptime.rs - up::uptime::Uptime (line 45) ... ok
[INFO] [stdout] test src/up/uptime.rs - up::uptime::Uptime (line 35) ... ok
[INFO] [stdout] test src/up/uptime.rs - up::uptime::Uptime::DAY (line 141) ... ok
[INFO] [stdout] test src/up/uptime_full.rs - up::uptime_full::UptimeFull (line 28) ... ok
[INFO] [stdout] test src/up/uptime.rs - up::uptime::Uptime::is_unknown (line 178) ... ok
[INFO] [stdout] test src/up/uptime.rs - up::uptime::Uptime::MONTH (line 148) ... ok
[INFO] [stdout] test src/up/uptime.rs - up::uptime::Uptime::MINUTE (line 127) ... ok
[INFO] [stdout] test src/up/uptime.rs - up::uptime::Uptime::YEAR (line 155) ... ok
[INFO] [stdout] test src/up/uptime.rs - up::uptime::Uptime::MAX (line 162) ... ok
[INFO] [stdout] test src/up/uptime_full.rs - up::uptime_full::UptimeFull::MAX_LEN (line 87) ... ok
[INFO] [stdout] test src/up/sys_uptime.rs - up::sys_uptime::SysUptime::sys_uptime (line 24) ... ok
[INFO] [stdout] test src/up/uptime_full.rs - up::uptime_full::UptimeFull (line 34) ... ok
[INFO] [stdout] test src/up/uptime_full.rs - up::uptime_full::UptimeFull (line 18) ... ok
[INFO] [stdout] test src/up/uptime_full.rs - up::uptime_full::UptimeFull::is_unknown (line 169) ... ok
[INFO] [stdout] test src/up/uptime_full.rs - up::uptime_full::UptimeFull::DAY (line 129) ... ok
[INFO] [stdout] test src/up/uptime.rs - up::uptime::Uptime::ZERO (line 113) ... ok
[INFO] [stdout] test src/up/uptime.rs - up::uptime::Uptime::UNKNOWN (line 106) ... ok
[INFO] [stdout] test src/up/uptime_full.rs - up::uptime_full::UptimeFull::HOUR (line 122) ... ok
[INFO] [stdout] test src/up/uptime_full.rs - up::uptime_full::UptimeFull::MONTH (line 136) ... ok
[INFO] [stdout] test src/up/uptime_full.rs - up::uptime_full::UptimeFull::MINUTE (line 115) ... ok
[INFO] [stdout] test src/up/uptime_full.rs - up::uptime_full::UptimeFull::MAX (line 150) ... ok
[INFO] [stdout] test src/up/uptime_full.rs - up::uptime_full::UptimeFull::UNKNOWN (line 94) ... ok
[INFO] [stdout] test src/up/uptime_full.rs - up::uptime_full::UptimeFull::YEAR (line 143) ... ok
[INFO] [stdout] test src/up/uptime.rs - up::uptime::Uptime::SECOND (line 120) ... ok
[INFO] [stdout] test src/up/uptime_full.rs - up::uptime_full::UptimeFull::SECOND (line 108) ... ok
[INFO] [stdout] test src/up/uptime_full.rs - up::uptime_full::UptimeFull::ZERO (line 101) ... ok
[INFO] [stdout] 
[INFO] [stdout] failures:
[INFO] [stdout] 
[INFO] [stdout] ---- src/../README.md - (line 114) stdout ----
[INFO] [stdout] error: linking with `cc` failed: exit status: 1
[INFO] [stdout]   |
[INFO] [stdout]   = note: LC_ALL="C" PATH="/opt/rustwide/rustup-home/toolchains/1.83.0-x86_64-unknown-linux-gnu/lib/rustlib/x86_64-unknown-linux-gnu/bin:/opt/rustwide/cargo-home/bin:/usr/local/sbin:/usr/local/bin:/usr/sbin:/usr/bin:/sbin:/bin" VSLANG="1033" "cc" "-m64" "/tmp/rustch1bp9e/symbols.o" "/tmp/rustdoctestytVecz/rust_out.rust_out.cb03291d53e4e161-cgu.0.rcgu.o" "/tmp/rustdoctestytVecz/rust_out.1s7umcihpz0t7nkz1uc2ifee9.rcgu.o" "-Wl,--as-needed" "-Wl,-Bstatic" "/opt/rustwide/target/debug/deps/libreadable-dd9ac130e75e3388.rlib" "/opt/rustwide/target/debug/deps/libnichi-590eed4664b2893b.rlib" "/opt/rustwide/target/debug/deps/libbincode-a1a8c9c5b2c65fd5.rlib" "/opt/rustwide/target/debug/deps/libregex-64f88d847001da0c.rlib" "/opt/rustwide/target/debug/deps/libregex_automata-be8c6f0bea44587d.rlib" "/opt/rustwide/target/debug/deps/libaho_corasick-7c62546353774bfd.rlib" "/opt/rustwide/target/debug/deps/libmemchr-6b84ce758acd6c63.rlib" "/opt/rustwide/target/debug/deps/libregex_syntax-155e812807b49638.rlib" "/opt/rustwide/target/debug/deps/libonce_cell-6f631f2a5f71cecc.rlib" "/opt/rustwide/target/debug/deps/libchrono-ba6303bd7b609f64.rlib" "/opt/rustwide/target/debug/deps/libnum_traits-e0ed76299063a97d.rlib" "/opt/rustwide/target/debug/deps/libiana_time_zone-327d1375b89fcc29.rlib" "/opt/rustwide/target/debug/deps/liblibc-48c07cb418e82d02.rlib" "/opt/rustwide/target/debug/deps/libcompact_str-36a0140d817e5f1b.rlib" "/opt/rustwide/target/debug/deps/libryu-bba83beca99dd7c0.rlib" "/opt/rustwide/target/debug/deps/libitoa-e8776415c5fe0047.rlib" "/opt/rustwide/target/debug/deps/libcfg_if-8217498f8667ada9.rlib" "/opt/rustwide/target/debug/deps/libstatic_assertions-3e50e277f96a204d.rlib" "/opt/rustwide/target/debug/deps/libcastaway-8a0a83a27e7ef2e3.rlib" "/opt/rustwide/target/debug/deps/libserde-053c25fc305238ae.rlib" "/opt/rustwide/target/debug/deps/libbytes-4283fbd60d33408b.rlib" "/opt/rustwide/rustup-home/toolchains/1.83.0-x86_64-unknown-linux-gnu/lib/rustlib/x86_64-unknown-linux-gnu/lib/libstd-ca74a2d9c5166d9f.rlib" "/opt/rustwide/rustup-home/toolchains/1.83.0-x86_64-unknown-linux-gnu/lib/rustlib/x86_64-unknown-linux-gnu/lib/libpanic_unwind-e31ab23316ed5080.rlib" "/opt/rustwide/rustup-home/toolchains/1.83.0-x86_64-unknown-linux-gnu/lib/rustlib/x86_64-unknown-linux-gnu/lib/libobject-27dc4aa955912662.rlib" "/opt/rustwide/rustup-home/toolchains/1.83.0-x86_64-unknown-linux-gnu/lib/rustlib/x86_64-unknown-linux-gnu/lib/libmemchr-bd0d6cccce077b99.rlib" "/opt/rustwide/rustup-home/toolchains/1.83.0-x86_64-unknown-linux-gnu/lib/rustlib/x86_64-unknown-linux-gnu/lib/libaddr2line-8d001680935b5e3c.rlib" "/opt/rustwide/rustup-home/toolchains/1.83.0-x86_64-unknown-linux-gnu/lib/rustlib/x86_64-unknown-linux-gnu/lib/libgimli-ba8ce71964f984f4.rlib" "/opt/rustwide/rustup-home/toolchains/1.83.0-x86_64-unknown-linux-gnu/lib/rustlib/x86_64-unknown-linux-gnu/lib/librustc_demangle-99a73526abcec14b.rlib" "/opt/rustwide/rustup-home/toolchains/1.83.0-x86_64-unknown-linux-gnu/lib/rustlib/x86_64-unknown-linux-gnu/lib/libstd_detect-63ac0d22cff92579.rlib" "/opt/rustwide/rustup-home/toolchains/1.83.0-x86_64-unknown-linux-gnu/lib/rustlib/x86_64-unknown-linux-gnu/lib/libhashbrown-9057355c92c922d5.rlib" "/opt/rustwide/rustup-home/toolchains/1.83.0-x86_64-unknown-linux-gnu/lib/rustlib/x86_64-unknown-linux-gnu/lib/librustc_std_workspace_alloc-358be9bc1f6bab04.rlib" "/opt/rustwide/rustup-home/toolchains/1.83.0-x86_64-unknown-linux-gnu/lib/rustlib/x86_64-unknown-linux-gnu/lib/libminiz_oxide-aca15549d5bff974.rlib" "/opt/rustwide/rustup-home/toolchains/1.83.0-x86_64-unknown-linux-gnu/lib/rustlib/x86_64-unknown-linux-gnu/lib/libadler-8251d2cef7072448.rlib" "/opt/rustwide/rustup-home/toolchains/1.83.0-x86_64-unknown-linux-gnu/lib/rustlib/x86_64-unknown-linux-gnu/lib/libunwind-7d50b86011c66411.rlib" "/opt/rustwide/rustup-home/toolchains/1.83.0-x86_64-unknown-linux-gnu/lib/rustlib/x86_64-unknown-linux-gnu/lib/libcfg_if-51ea098fce5006bf.rlib" "/opt/rustwide/rustup-home/toolchains/1.83.0-x86_64-unknown-linux-gnu/lib/rustlib/x86_64-unknown-linux-gnu/lib/liblibc-5a14e0d0b712e731.rlib" "/opt/rustwide/rustup-home/toolchains/1.83.0-x86_64-unknown-linux-gnu/lib/rustlib/x86_64-unknown-linux-gnu/lib/liballoc-8b83dbf3a7b8f999.rlib" "/opt/rustwide/rustup-home/toolchains/1.83.0-x86_64-unknown-linux-gnu/lib/rustlib/x86_64-unknown-linux-gnu/lib/librustc_std_workspace_core-c6fd227bdc7b39ff.rlib" "/opt/rustwide/rustup-home/toolchains/1.83.0-x86_64-unknown-linux-gnu/lib/rustlib/x86_64-unknown-linux-gnu/lib/libcore-959d3389fa3da8a5.rlib" "/opt/rustwide/rustup-home/toolchains/1.83.0-x86_64-unknown-linux-gnu/lib/rustlib/x86_64-unknown-linux-gnu/lib/libcompiler_builtins-abe05db089cc2c62.rlib" "-Wl,-Bdynamic" "-lgcc_s" "-lutil" "-lrt" "-lpthread" "-lm" "-ldl" "-lc" "-Wl,--eh-frame-hdr" "-Wl,-z,noexecstack" "-L" "/opt/rustwide/rustup-home/toolchains/1.83.0-x86_64-unknown-linux-gnu/lib/rustlib/x86_64-unknown-linux-gnu/lib" "-o" "/tmp/rustdoctestytVecz/rust_out" "-Wl,--gc-sections" "-pie" "-Wl,-z,relro,-z,now" "-nodefaultlibs"
[INFO] [stdout]   = note: collect2: fatal error: ld terminated with signal 9 [Killed]
[INFO] [stdout]           compilation terminated.
[INFO] [stdout]           
[INFO] [stdout] 
[INFO] [stdout] error: aborting due to 1 previous error
[INFO] [stdout] 
[INFO] [stdout] Couldn't compile the test.
[INFO] [stdout] ---- src/../README.md - (line 26) stdout ----
[INFO] [stdout] error: linking with `cc` failed: exit status: 1
[INFO] [stdout]   |
[INFO] [stdout]   = note: LC_ALL="C" PATH="/opt/rustwide/rustup-home/toolchains/1.83.0-x86_64-unknown-linux-gnu/lib/rustlib/x86_64-unknown-linux-gnu/bin:/opt/rustwide/cargo-home/bin:/usr/local/sbin:/usr/local/bin:/usr/sbin:/usr/bin:/sbin:/bin" VSLANG="1033" "cc" "-m64" "/tmp/rustcoF2w2Q/symbols.o" "/tmp/rustdoctesthWypaI/rust_out.rust_out.cb03291d53e4e161-cgu.0.rcgu.o" "/tmp/rustdoctesthWypaI/rust_out.1s7umcihpz0t7nkz1uc2ifee9.rcgu.o" "-Wl,--as-needed" "-Wl,-Bstatic" "/opt/rustwide/target/debug/deps/libreadable-dd9ac130e75e3388.rlib" "/opt/rustwide/target/debug/deps/libnichi-590eed4664b2893b.rlib" "/opt/rustwide/target/debug/deps/libbincode-a1a8c9c5b2c65fd5.rlib" "/opt/rustwide/target/debug/deps/libregex-64f88d847001da0c.rlib" "/opt/rustwide/target/debug/deps/libregex_automata-be8c6f0bea44587d.rlib" "/opt/rustwide/target/debug/deps/libaho_corasick-7c62546353774bfd.rlib" "/opt/rustwide/target/debug/deps/libmemchr-6b84ce758acd6c63.rlib" "/opt/rustwide/target/debug/deps/libregex_syntax-155e812807b49638.rlib" "/opt/rustwide/target/debug/deps/libonce_cell-6f631f2a5f71cecc.rlib" "/opt/rustwide/target/debug/deps/libchrono-ba6303bd7b609f64.rlib" "/opt/rustwide/target/debug/deps/libnum_traits-e0ed76299063a97d.rlib" "/opt/rustwide/target/debug/deps/libiana_time_zone-327d1375b89fcc29.rlib" "/opt/rustwide/target/debug/deps/liblibc-48c07cb418e82d02.rlib" "/opt/rustwide/target/debug/deps/libcompact_str-36a0140d817e5f1b.rlib" "/opt/rustwide/target/debug/deps/libryu-bba83beca99dd7c0.rlib" "/opt/rustwide/target/debug/deps/libitoa-e8776415c5fe0047.rlib" "/opt/rustwide/target/debug/deps/libcfg_if-8217498f8667ada9.rlib" "/opt/rustwide/target/debug/deps/libstatic_assertions-3e50e277f96a204d.rlib" "/opt/rustwide/target/debug/deps/libcastaway-8a0a83a27e7ef2e3.rlib" "/opt/rustwide/target/debug/deps/libserde-053c25fc305238ae.rlib" "/opt/rustwide/target/debug/deps/libbytes-4283fbd60d33408b.rlib" "/opt/rustwide/rustup-home/toolchains/1.83.0-x86_64-unknown-linux-gnu/lib/rustlib/x86_64-unknown-linux-gnu/lib/libstd-ca74a2d9c5166d9f.rlib" "/opt/rustwide/rustup-home/toolchains/1.83.0-x86_64-unknown-linux-gnu/lib/rustlib/x86_64-unknown-linux-gnu/lib/libpanic_unwind-e31ab23316ed5080.rlib" "/opt/rustwide/rustup-home/toolchains/1.83.0-x86_64-unknown-linux-gnu/lib/rustlib/x86_64-unknown-linux-gnu/lib/libobject-27dc4aa955912662.rlib" "/opt/rustwide/rustup-home/toolchains/1.83.0-x86_64-unknown-linux-gnu/lib/rustlib/x86_64-unknown-linux-gnu/lib/libmemchr-bd0d6cccce077b99.rlib" "/opt/rustwide/rustup-home/toolchains/1.83.0-x86_64-unknown-linux-gnu/lib/rustlib/x86_64-unknown-linux-gnu/lib/libaddr2line-8d001680935b5e3c.rlib" "/opt/rustwide/rustup-home/toolchains/1.83.0-x86_64-unknown-linux-gnu/lib/rustlib/x86_64-unknown-linux-gnu/lib/libgimli-ba8ce71964f984f4.rlib" "/opt/rustwide/rustup-home/toolchains/1.83.0-x86_64-unknown-linux-gnu/lib/rustlib/x86_64-unknown-linux-gnu/lib/librustc_demangle-99a73526abcec14b.rlib" "/opt/rustwide/rustup-home/toolchains/1.83.0-x86_64-unknown-linux-gnu/lib/rustlib/x86_64-unknown-linux-gnu/lib/libstd_detect-63ac0d22cff92579.rlib" "/opt/rustwide/rustup-home/toolchains/1.83.0-x86_64-unknown-linux-gnu/lib/rustlib/x86_64-unknown-linux-gnu/lib/libhashbrown-9057355c92c922d5.rlib" "/opt/rustwide/rustup-home/toolchains/1.83.0-x86_64-unknown-linux-gnu/lib/rustlib/x86_64-unknown-linux-gnu/lib/librustc_std_workspace_alloc-358be9bc1f6bab04.rlib" "/opt/rustwide/rustup-home/toolchains/1.83.0-x86_64-unknown-linux-gnu/lib/rustlib/x86_64-unknown-linux-gnu/lib/libminiz_oxide-aca15549d5bff974.rlib" "/opt/rustwide/rustup-home/toolchains/1.83.0-x86_64-unknown-linux-gnu/lib/rustlib/x86_64-unknown-linux-gnu/lib/libadler-8251d2cef7072448.rlib" "/opt/rustwide/rustup-home/toolchains/1.83.0-x86_64-unknown-linux-gnu/lib/rustlib/x86_64-unknown-linux-gnu/lib/libunwind-7d50b86011c66411.rlib" "/opt/rustwide/rustup-home/toolchains/1.83.0-x86_64-unknown-linux-gnu/lib/rustlib/x86_64-unknown-linux-gnu/lib/libcfg_if-51ea098fce5006bf.rlib" "/opt/rustwide/rustup-home/toolchains/1.83.0-x86_64-unknown-linux-gnu/lib/rustlib/x86_64-unknown-linux-gnu/lib/liblibc-5a14e0d0b712e731.rlib" "/opt/rustwide/rustup-home/toolchains/1.83.0-x86_64-unknown-linux-gnu/lib/rustlib/x86_64-unknown-linux-gnu/lib/liballoc-8b83dbf3a7b8f999.rlib" "/opt/rustwide/rustup-home/toolchains/1.83.0-x86_64-unknown-linux-gnu/lib/rustlib/x86_64-unknown-linux-gnu/lib/librustc_std_workspace_core-c6fd227bdc7b39ff.rlib" "/opt/rustwide/rustup-home/toolchains/1.83.0-x86_64-unknown-linux-gnu/lib/rustlib/x86_64-unknown-linux-gnu/lib/libcore-959d3389fa3da8a5.rlib" "/opt/rustwide/rustup-home/toolchains/1.83.0-x86_64-unknown-linux-gnu/lib/rustlib/x86_64-unknown-linux-gnu/lib/libcompiler_builtins-abe05db089cc2c62.rlib" "-Wl,-Bdynamic" "-lgcc_s" "-lutil" "-lrt" "-lpthread" "-lm" "-ldl" "-lc" "-Wl,--eh-frame-hdr" "-Wl,-z,noexecstack" "-L" "/opt/rustwide/rustup-home/toolchains/1.83.0-x86_64-unknown-linux-gnu/lib/rustlib/x86_64-unknown-linux-gnu/lib" "-o" "/tmp/rustdoctesthWypaI/rust_out" "-Wl,--gc-sections" "-pie" "-Wl,-z,relro,-z,now" "-nodefaultlibs"
[INFO] [stdout]   = note: collect2: fatal error: ld terminated with signal 9 [Killed]
[INFO] [stdout]           compilation terminated.
[INFO] [stdout]           
[INFO] [stdout] 
[INFO] [stdout] error: aborting due to 1 previous error
[INFO] [stdout] 
[INFO] [stdout] Couldn't compile the test.
[INFO] [stdout] ---- src/byte/byte.rs - byte::byte::Byte (line 83) stdout ----
[INFO] [stdout] error: linking with `cc` failed: exit status: 1
[INFO] [stdout]   |
[INFO] [stdout]   = note: LC_ALL="C" PATH="/opt/rustwide/rustup-home/toolchains/1.83.0-x86_64-unknown-linux-gnu/lib/rustlib/x86_64-unknown-linux-gnu/bin:/opt/rustwide/cargo-home/bin:/usr/local/sbin:/usr/local/bin:/usr/sbin:/usr/bin:/sbin:/bin" VSLANG="1033" "cc" "-m64" "/tmp/rustczjWcn6/symbols.o" "/tmp/rustdoctestSqnoxd/rust_out.rust_out.cb03291d53e4e161-cgu.0.rcgu.o" "/tmp/rustdoctestSqnoxd/rust_out.1s7umcihpz0t7nkz1uc2ifee9.rcgu.o" "-Wl,--as-needed" "-Wl,-Bstatic" "/opt/rustwide/target/debug/deps/libreadable-dd9ac130e75e3388.rlib" "/opt/rustwide/target/debug/deps/libnichi-590eed4664b2893b.rlib" "/opt/rustwide/target/debug/deps/libbincode-a1a8c9c5b2c65fd5.rlib" "/opt/rustwide/target/debug/deps/libregex-64f88d847001da0c.rlib" "/opt/rustwide/target/debug/deps/libregex_automata-be8c6f0bea44587d.rlib" "/opt/rustwide/target/debug/deps/libaho_corasick-7c62546353774bfd.rlib" "/opt/rustwide/target/debug/deps/libmemchr-6b84ce758acd6c63.rlib" "/opt/rustwide/target/debug/deps/libregex_syntax-155e812807b49638.rlib" "/opt/rustwide/target/debug/deps/libonce_cell-6f631f2a5f71cecc.rlib" "/opt/rustwide/target/debug/deps/libchrono-ba6303bd7b609f64.rlib" "/opt/rustwide/target/debug/deps/libnum_traits-e0ed76299063a97d.rlib" "/opt/rustwide/target/debug/deps/libiana_time_zone-327d1375b89fcc29.rlib" "/opt/rustwide/target/debug/deps/liblibc-48c07cb418e82d02.rlib" "/opt/rustwide/target/debug/deps/libcompact_str-36a0140d817e5f1b.rlib" "/opt/rustwide/target/debug/deps/libryu-bba83beca99dd7c0.rlib" "/opt/rustwide/target/debug/deps/libitoa-e8776415c5fe0047.rlib" "/opt/rustwide/target/debug/deps/libcfg_if-8217498f8667ada9.rlib" "/opt/rustwide/target/debug/deps/libstatic_assertions-3e50e277f96a204d.rlib" "/opt/rustwide/target/debug/deps/libcastaway-8a0a83a27e7ef2e3.rlib" "/opt/rustwide/target/debug/deps/libserde-053c25fc305238ae.rlib" "/opt/rustwide/target/debug/deps/libbytes-4283fbd60d33408b.rlib" "/opt/rustwide/rustup-home/toolchains/1.83.0-x86_64-unknown-linux-gnu/lib/rustlib/x86_64-unknown-linux-gnu/lib/libstd-ca74a2d9c5166d9f.rlib" "/opt/rustwide/rustup-home/toolchains/1.83.0-x86_64-unknown-linux-gnu/lib/rustlib/x86_64-unknown-linux-gnu/lib/libpanic_unwind-e31ab23316ed5080.rlib" "/opt/rustwide/rustup-home/toolchains/1.83.0-x86_64-unknown-linux-gnu/lib/rustlib/x86_64-unknown-linux-gnu/lib/libobject-27dc4aa955912662.rlib" "/opt/rustwide/rustup-home/toolchains/1.83.0-x86_64-unknown-linux-gnu/lib/rustlib/x86_64-unknown-linux-gnu/lib/libmemchr-bd0d6cccce077b99.rlib" "/opt/rustwide/rustup-home/toolchains/1.83.0-x86_64-unknown-linux-gnu/lib/rustlib/x86_64-unknown-linux-gnu/lib/libaddr2line-8d001680935b5e3c.rlib" "/opt/rustwide/rustup-home/toolchains/1.83.0-x86_64-unknown-linux-gnu/lib/rustlib/x86_64-unknown-linux-gnu/lib/libgimli-ba8ce71964f984f4.rlib" "/opt/rustwide/rustup-home/toolchains/1.83.0-x86_64-unknown-linux-gnu/lib/rustlib/x86_64-unknown-linux-gnu/lib/librustc_demangle-99a73526abcec14b.rlib" "/opt/rustwide/rustup-home/toolchains/1.83.0-x86_64-unknown-linux-gnu/lib/rustlib/x86_64-unknown-linux-gnu/lib/libstd_detect-63ac0d22cff92579.rlib" "/opt/rustwide/rustup-home/toolchains/1.83.0-x86_64-unknown-linux-gnu/lib/rustlib/x86_64-unknown-linux-gnu/lib/libhashbrown-9057355c92c922d5.rlib" "/opt/rustwide/rustup-home/toolchains/1.83.0-x86_64-unknown-linux-gnu/lib/rustlib/x86_64-unknown-linux-gnu/lib/librustc_std_workspace_alloc-358be9bc1f6bab04.rlib" "/opt/rustwide/rustup-home/toolchains/1.83.0-x86_64-unknown-linux-gnu/lib/rustlib/x86_64-unknown-linux-gnu/lib/libminiz_oxide-aca15549d5bff974.rlib" "/opt/rustwide/rustup-home/toolchains/1.83.0-x86_64-unknown-linux-gnu/lib/rustlib/x86_64-unknown-linux-gnu/lib/libadler-8251d2cef7072448.rlib" "/opt/rustwide/rustup-home/toolchains/1.83.0-x86_64-unknown-linux-gnu/lib/rustlib/x86_64-unknown-linux-gnu/lib/libunwind-7d50b86011c66411.rlib" "/opt/rustwide/rustup-home/toolchains/1.83.0-x86_64-unknown-linux-gnu/lib/rustlib/x86_64-unknown-linux-gnu/lib/libcfg_if-51ea098fce5006bf.rlib" "/opt/rustwide/rustup-home/toolchains/1.83.0-x86_64-unknown-linux-gnu/lib/rustlib/x86_64-unknown-linux-gnu/lib/liblibc-5a14e0d0b712e731.rlib" "/opt/rustwide/rustup-home/toolchains/1.83.0-x86_64-unknown-linux-gnu/lib/rustlib/x86_64-unknown-linux-gnu/lib/liballoc-8b83dbf3a7b8f999.rlib" "/opt/rustwide/rustup-home/toolchains/1.83.0-x86_64-unknown-linux-gnu/lib/rustlib/x86_64-unknown-linux-gnu/lib/librustc_std_workspace_core-c6fd227bdc7b39ff.rlib" "/opt/rustwide/rustup-home/toolchains/1.83.0-x86_64-unknown-linux-gnu/lib/rustlib/x86_64-unknown-linux-gnu/lib/libcore-959d3389fa3da8a5.rlib" "/opt/rustwide/rustup-home/toolchains/1.83.0-x86_64-unknown-linux-gnu/lib/rustlib/x86_64-unknown-linux-gnu/lib/libcompiler_builtins-abe05db089cc2c62.rlib" "-Wl,-Bdynamic" "-lgcc_s" "-lutil" "-lrt" "-lpthread" "-lm" "-ldl" "-lc" "-Wl,--eh-frame-hdr" "-Wl,-z,noexecstack" "-L" "/opt/rustwide/rustup-home/toolchains/1.83.0-x86_64-unknown-linux-gnu/lib/rustlib/x86_64-unknown-linux-gnu/lib" "-o" "/tmp/rustdoctestSqnoxd/rust_out" "-Wl,--gc-sections" "-pie" "-Wl,-z,relro,-z,now" "-nodefaultlibs"
[INFO] [stdout]   = note: collect2: fatal error: ld terminated with signal 9 [Killed]
[INFO] [stdout]           compilation terminated.
[INFO] [stdout]           
[INFO] [stdout] 
[INFO] [stdout] error: aborting due to 1 previous error
[INFO] [stdout] 
[INFO] [stdout] Couldn't compile the test.
[INFO] [stdout] ---- src/date/date.rs - date::date::Date (line 187) stdout ----
[INFO] [stdout] error: linking with `cc` failed: exit status: 1
[INFO] [stdout]   |
[INFO] [stdout]   = note: LC_ALL="C" PATH="/opt/rustwide/rustup-home/toolchains/1.83.0-x86_64-unknown-linux-gnu/lib/rustlib/x86_64-unknown-linux-gnu/bin:/opt/rustwide/cargo-home/bin:/usr/local/sbin:/usr/local/bin:/usr/sbin:/usr/bin:/sbin:/bin" VSLANG="1033" "cc" "-m64" "/tmp/rustc4yFBVj/symbols.o" "/tmp/rustdoctestBtpRe3/rust_out.rust_out.cb03291d53e4e161-cgu.0.rcgu.o" "/tmp/rustdoctestBtpRe3/rust_out.1s7umcihpz0t7nkz1uc2ifee9.rcgu.o" "-Wl,--as-needed" "-Wl,-Bstatic" "/opt/rustwide/target/debug/deps/libreadable-dd9ac130e75e3388.rlib" "/opt/rustwide/target/debug/deps/libnichi-590eed4664b2893b.rlib" "/opt/rustwide/target/debug/deps/libbincode-a1a8c9c5b2c65fd5.rlib" "/opt/rustwide/target/debug/deps/libregex-64f88d847001da0c.rlib" "/opt/rustwide/target/debug/deps/libregex_automata-be8c6f0bea44587d.rlib" "/opt/rustwide/target/debug/deps/libaho_corasick-7c62546353774bfd.rlib" "/opt/rustwide/target/debug/deps/libmemchr-6b84ce758acd6c63.rlib" "/opt/rustwide/target/debug/deps/libregex_syntax-155e812807b49638.rlib" "/opt/rustwide/target/debug/deps/libonce_cell-6f631f2a5f71cecc.rlib" "/opt/rustwide/target/debug/deps/libchrono-ba6303bd7b609f64.rlib" "/opt/rustwide/target/debug/deps/libnum_traits-e0ed76299063a97d.rlib" "/opt/rustwide/target/debug/deps/libiana_time_zone-327d1375b89fcc29.rlib" "/opt/rustwide/target/debug/deps/liblibc-48c07cb418e82d02.rlib" "/opt/rustwide/target/debug/deps/libcompact_str-36a0140d817e5f1b.rlib" "/opt/rustwide/target/debug/deps/libryu-bba83beca99dd7c0.rlib" "/opt/rustwide/target/debug/deps/libitoa-e8776415c5fe0047.rlib" "/opt/rustwide/target/debug/deps/libcfg_if-8217498f8667ada9.rlib" "/opt/rustwide/target/debug/deps/libstatic_assertions-3e50e277f96a204d.rlib" "/opt/rustwide/target/debug/deps/libcastaway-8a0a83a27e7ef2e3.rlib" "/opt/rustwide/target/debug/deps/libserde-053c25fc305238ae.rlib" "/opt/rustwide/target/debug/deps/libbytes-4283fbd60d33408b.rlib" "/opt/rustwide/rustup-home/toolchains/1.83.0-x86_64-unknown-linux-gnu/lib/rustlib/x86_64-unknown-linux-gnu/lib/libstd-ca74a2d9c5166d9f.rlib" "/opt/rustwide/rustup-home/toolchains/1.83.0-x86_64-unknown-linux-gnu/lib/rustlib/x86_64-unknown-linux-gnu/lib/libpanic_unwind-e31ab23316ed5080.rlib" "/opt/rustwide/rustup-home/toolchains/1.83.0-x86_64-unknown-linux-gnu/lib/rustlib/x86_64-unknown-linux-gnu/lib/libobject-27dc4aa955912662.rlib" "/opt/rustwide/rustup-home/toolchains/1.83.0-x86_64-unknown-linux-gnu/lib/rustlib/x86_64-unknown-linux-gnu/lib/libmemchr-bd0d6cccce077b99.rlib" "/opt/rustwide/rustup-home/toolchains/1.83.0-x86_64-unknown-linux-gnu/lib/rustlib/x86_64-unknown-linux-gnu/lib/libaddr2line-8d001680935b5e3c.rlib" "/opt/rustwide/rustup-home/toolchains/1.83.0-x86_64-unknown-linux-gnu/lib/rustlib/x86_64-unknown-linux-gnu/lib/libgimli-ba8ce71964f984f4.rlib" "/opt/rustwide/rustup-home/toolchains/1.83.0-x86_64-unknown-linux-gnu/lib/rustlib/x86_64-unknown-linux-gnu/lib/librustc_demangle-99a73526abcec14b.rlib" "/opt/rustwide/rustup-home/toolchains/1.83.0-x86_64-unknown-linux-gnu/lib/rustlib/x86_64-unknown-linux-gnu/lib/libstd_detect-63ac0d22cff92579.rlib" "/opt/rustwide/rustup-home/toolchains/1.83.0-x86_64-unknown-linux-gnu/lib/rustlib/x86_64-unknown-linux-gnu/lib/libhashbrown-9057355c92c922d5.rlib" "/opt/rustwide/rustup-home/toolchains/1.83.0-x86_64-unknown-linux-gnu/lib/rustlib/x86_64-unknown-linux-gnu/lib/librustc_std_workspace_alloc-358be9bc1f6bab04.rlib" "/opt/rustwide/rustup-home/toolchains/1.83.0-x86_64-unknown-linux-gnu/lib/rustlib/x86_64-unknown-linux-gnu/lib/libminiz_oxide-aca15549d5bff974.rlib" "/opt/rustwide/rustup-home/toolchains/1.83.0-x86_64-unknown-linux-gnu/lib/rustlib/x86_64-unknown-linux-gnu/lib/libadler-8251d2cef7072448.rlib" "/opt/rustwide/rustup-home/toolchains/1.83.0-x86_64-unknown-linux-gnu/lib/rustlib/x86_64-unknown-linux-gnu/lib/libunwind-7d50b86011c66411.rlib" "/opt/rustwide/rustup-home/toolchains/1.83.0-x86_64-unknown-linux-gnu/lib/rustlib/x86_64-unknown-linux-gnu/lib/libcfg_if-51ea098fce5006bf.rlib" "/opt/rustwide/rustup-home/toolchains/1.83.0-x86_64-unknown-linux-gnu/lib/rustlib/x86_64-unknown-linux-gnu/lib/liblibc-5a14e0d0b712e731.rlib" "/opt/rustwide/rustup-home/toolchains/1.83.0-x86_64-unknown-linux-gnu/lib/rustlib/x86_64-unknown-linux-gnu/lib/liballoc-8b83dbf3a7b8f999.rlib" "/opt/rustwide/rustup-home/toolchains/1.83.0-x86_64-unknown-linux-gnu/lib/rustlib/x86_64-unknown-linux-gnu/lib/librustc_std_workspace_core-c6fd227bdc7b39ff.rlib" "/opt/rustwide/rustup-home/toolchains/1.83.0-x86_64-unknown-linux-gnu/lib/rustlib/x86_64-unknown-linux-gnu/lib/libcore-959d3389fa3da8a5.rlib" "/opt/rustwide/rustup-home/toolchains/1.83.0-x86_64-unknown-linux-gnu/lib/rustlib/x86_64-unknown-linux-gnu/lib/libcompiler_builtins-abe05db089cc2c62.rlib" "-Wl,-Bdynamic" "-lgcc_s" "-lutil" "-lrt" "-lpthread" "-lm" "-ldl" "-lc" "-Wl,--eh-frame-hdr" "-Wl,-z,noexecstack" "-L" "/opt/rustwide/rustup-home/toolchains/1.83.0-x86_64-unknown-linux-gnu/lib/rustlib/x86_64-unknown-linux-gnu/lib" "-o" "/tmp/rustdoctestBtpRe3/rust_out" "-Wl,--gc-sections" "-pie" "-Wl,-z,relro,-z,now" "-nodefaultlibs"
[INFO] [stdout]   = note: collect2: fatal error: ld terminated with signal 9 [Killed]
[INFO] [stdout]           compilation terminated.
[INFO] [stdout]           
[INFO] [stdout] 
[INFO] [stdout] error: aborting due to 1 previous error
[INFO] [stdout] 
[INFO] [stdout] Couldn't compile the test.
[INFO] [stdout] ---- src/date/nichi.rs - date::nichi::Nichi::from_str (line 264) stdout ----
[INFO] [stdout] error: linking with `cc` failed: exit status: 1
[INFO] [stdout]   |
[INFO] [stdout]   = note: LC_ALL="C" PATH="/opt/rustwide/rustup-home/toolchains/1.83.0-x86_64-unknown-linux-gnu/lib/rustlib/x86_64-unknown-linux-gnu/bin:/opt/rustwide/cargo-home/bin:/usr/local/sbin:/usr/local/bin:/usr/sbin:/usr/bin:/sbin:/bin" VSLANG="1033" "cc" "-m64" "/tmp/rustcnhbfI7/symbols.o" "/tmp/rustdoctestmnX9xQ/rust_out.rust_out.cb03291d53e4e161-cgu.0.rcgu.o" "/tmp/rustdoctestmnX9xQ/rust_out.1s7umcihpz0t7nkz1uc2ifee9.rcgu.o" "-Wl,--as-needed" "-Wl,-Bstatic" "/opt/rustwide/target/debug/deps/libreadable-dd9ac130e75e3388.rlib" "/opt/rustwide/target/debug/deps/libnichi-590eed4664b2893b.rlib" "/opt/rustwide/target/debug/deps/libbincode-a1a8c9c5b2c65fd5.rlib" "/opt/rustwide/target/debug/deps/libregex-64f88d847001da0c.rlib" "/opt/rustwide/target/debug/deps/libregex_automata-be8c6f0bea44587d.rlib" "/opt/rustwide/target/debug/deps/libaho_corasick-7c62546353774bfd.rlib" "/opt/rustwide/target/debug/deps/libmemchr-6b84ce758acd6c63.rlib" "/opt/rustwide/target/debug/deps/libregex_syntax-155e812807b49638.rlib" "/opt/rustwide/target/debug/deps/libonce_cell-6f631f2a5f71cecc.rlib" "/opt/rustwide/target/debug/deps/libchrono-ba6303bd7b609f64.rlib" "/opt/rustwide/target/debug/deps/libnum_traits-e0ed76299063a97d.rlib" "/opt/rustwide/target/debug/deps/libiana_time_zone-327d1375b89fcc29.rlib" "/opt/rustwide/target/debug/deps/liblibc-48c07cb418e82d02.rlib" "/opt/rustwide/target/debug/deps/libcompact_str-36a0140d817e5f1b.rlib" "/opt/rustwide/target/debug/deps/libryu-bba83beca99dd7c0.rlib" "/opt/rustwide/target/debug/deps/libitoa-e8776415c5fe0047.rlib" "/opt/rustwide/target/debug/deps/libcfg_if-8217498f8667ada9.rlib" "/opt/rustwide/target/debug/deps/libstatic_assertions-3e50e277f96a204d.rlib" "/opt/rustwide/target/debug/deps/libcastaway-8a0a83a27e7ef2e3.rlib" "/opt/rustwide/target/debug/deps/libserde-053c25fc305238ae.rlib" "/opt/rustwide/target/debug/deps/libbytes-4283fbd60d33408b.rlib" "/opt/rustwide/rustup-home/toolchains/1.83.0-x86_64-unknown-linux-gnu/lib/rustlib/x86_64-unknown-linux-gnu/lib/libstd-ca74a2d9c5166d9f.rlib" "/opt/rustwide/rustup-home/toolchains/1.83.0-x86_64-unknown-linux-gnu/lib/rustlib/x86_64-unknown-linux-gnu/lib/libpanic_unwind-e31ab23316ed5080.rlib" "/opt/rustwide/rustup-home/toolchains/1.83.0-x86_64-unknown-linux-gnu/lib/rustlib/x86_64-unknown-linux-gnu/lib/libobject-27dc4aa955912662.rlib" "/opt/rustwide/rustup-home/toolchains/1.83.0-x86_64-unknown-linux-gnu/lib/rustlib/x86_64-unknown-linux-gnu/lib/libmemchr-bd0d6cccce077b99.rlib" "/opt/rustwide/rustup-home/toolchains/1.83.0-x86_64-unknown-linux-gnu/lib/rustlib/x86_64-unknown-linux-gnu/lib/libaddr2line-8d001680935b5e3c.rlib" "/opt/rustwide/rustup-home/toolchains/1.83.0-x86_64-unknown-linux-gnu/lib/rustlib/x86_64-unknown-linux-gnu/lib/libgimli-ba8ce71964f984f4.rlib" "/opt/rustwide/rustup-home/toolchains/1.83.0-x86_64-unknown-linux-gnu/lib/rustlib/x86_64-unknown-linux-gnu/lib/librustc_demangle-99a73526abcec14b.rlib" "/opt/rustwide/rustup-home/toolchains/1.83.0-x86_64-unknown-linux-gnu/lib/rustlib/x86_64-unknown-linux-gnu/lib/libstd_detect-63ac0d22cff92579.rlib" "/opt/rustwide/rustup-home/toolchains/1.83.0-x86_64-unknown-linux-gnu/lib/rustlib/x86_64-unknown-linux-gnu/lib/libhashbrown-9057355c92c922d5.rlib" "/opt/rustwide/rustup-home/toolchains/1.83.0-x86_64-unknown-linux-gnu/lib/rustlib/x86_64-unknown-linux-gnu/lib/librustc_std_workspace_alloc-358be9bc1f6bab04.rlib" "/opt/rustwide/rustup-home/toolchains/1.83.0-x86_64-unknown-linux-gnu/lib/rustlib/x86_64-unknown-linux-gnu/lib/libminiz_oxide-aca15549d5bff974.rlib" "/opt/rustwide/rustup-home/toolchains/1.83.0-x86_64-unknown-linux-gnu/lib/rustlib/x86_64-unknown-linux-gnu/lib/libadler-8251d2cef7072448.rlib" "/opt/rustwide/rustup-home/toolchains/1.83.0-x86_64-unknown-linux-gnu/lib/rustlib/x86_64-unknown-linux-gnu/lib/libunwind-7d50b86011c66411.rlib" "/opt/rustwide/rustup-home/toolchains/1.83.0-x86_64-unknown-linux-gnu/lib/rustlib/x86_64-unknown-linux-gnu/lib/libcfg_if-51ea098fce5006bf.rlib" "/opt/rustwide/rustup-home/toolchains/1.83.0-x86_64-unknown-linux-gnu/lib/rustlib/x86_64-unknown-linux-gnu/lib/liblibc-5a14e0d0b712e731.rlib" "/opt/rustwide/rustup-home/toolchains/1.83.0-x86_64-unknown-linux-gnu/lib/rustlib/x86_64-unknown-linux-gnu/lib/liballoc-8b83dbf3a7b8f999.rlib" "/opt/rustwide/rustup-home/toolchains/1.83.0-x86_64-unknown-linux-gnu/lib/rustlib/x86_64-unknown-linux-gnu/lib/librustc_std_workspace_core-c6fd227bdc7b39ff.rlib" "/opt/rustwide/rustup-home/toolchains/1.83.0-x86_64-unknown-linux-gnu/lib/rustlib/x86_64-unknown-linux-gnu/lib/libcore-959d3389fa3da8a5.rlib" "/opt/rustwide/rustup-home/toolchains/1.83.0-x86_64-unknown-linux-gnu/lib/rustlib/x86_64-unknown-linux-gnu/lib/libcompiler_builtins-abe05db089cc2c62.rlib" "-Wl,-Bdynamic" "-lgcc_s" "-lutil" "-lrt" "-lpthread" "-lm" "-ldl" "-lc" "-Wl,--eh-frame-hdr" "-Wl,-z,noexecstack" "-L" "/opt/rustwide/rustup-home/toolchains/1.83.0-x86_64-unknown-linux-gnu/lib/rustlib/x86_64-unknown-linux-gnu/lib" "-o" "/tmp/rustdoctestmnX9xQ/rust_out" "-Wl,--gc-sections" "-pie" "-Wl,-z,relro,-z,now" "-nodefaultlibs"
[INFO] [stdout]   = note: collect2: fatal error: ld terminated with signal 9 [Killed]
[INFO] [stdout]           compilation terminated.
[INFO] [stdout]           
[INFO] [stdout] 
[INFO] [stdout] error: aborting due to 1 previous error
[INFO] [stdout] 
[INFO] [stdout] Couldn't compile the test.
[INFO] [stdout] ---- src/date/nichi_full.rs - date::nichi_full::NichiFull::MAX_LEN (line 48) stdout ----
[INFO] [stdout] error: linking with `cc` failed: exit status: 1
[INFO] [stdout]   |
[INFO] [stdout]   = note: LC_ALL="C" PATH="/opt/rustwide/rustup-home/toolchains/1.83.0-x86_64-unknown-linux-gnu/lib/rustlib/x86_64-unknown-linux-gnu/bin:/opt/rustwide/cargo-home/bin:/usr/local/sbin:/usr/local/bin:/usr/sbin:/usr/bin:/sbin:/bin" VSLANG="1033" "cc" "-m64" "/tmp/rustcbOSTmJ/symbols.o" "/tmp/rustdoctestosS3l6/rust_out.rust_out.cb03291d53e4e161-cgu.0.rcgu.o" "/tmp/rustdoctestosS3l6/rust_out.1s7umcihpz0t7nkz1uc2ifee9.rcgu.o" "-Wl,--as-needed" "-Wl,-Bstatic" "/opt/rustwide/target/debug/deps/libreadable-dd9ac130e75e3388.rlib" "/opt/rustwide/target/debug/deps/libnichi-590eed4664b2893b.rlib" "/opt/rustwide/target/debug/deps/libbincode-a1a8c9c5b2c65fd5.rlib" "/opt/rustwide/target/debug/deps/libregex-64f88d847001da0c.rlib" "/opt/rustwide/target/debug/deps/libregex_automata-be8c6f0bea44587d.rlib" "/opt/rustwide/target/debug/deps/libaho_corasick-7c62546353774bfd.rlib" "/opt/rustwide/target/debug/deps/libmemchr-6b84ce758acd6c63.rlib" "/opt/rustwide/target/debug/deps/libregex_syntax-155e812807b49638.rlib" "/opt/rustwide/target/debug/deps/libonce_cell-6f631f2a5f71cecc.rlib" "/opt/rustwide/target/debug/deps/libchrono-ba6303bd7b609f64.rlib" "/opt/rustwide/target/debug/deps/libnum_traits-e0ed76299063a97d.rlib" "/opt/rustwide/target/debug/deps/libiana_time_zone-327d1375b89fcc29.rlib" "/opt/rustwide/target/debug/deps/liblibc-48c07cb418e82d02.rlib" "/opt/rustwide/target/debug/deps/libcompact_str-36a0140d817e5f1b.rlib" "/opt/rustwide/target/debug/deps/libryu-bba83beca99dd7c0.rlib" "/opt/rustwide/target/debug/deps/libitoa-e8776415c5fe0047.rlib" "/opt/rustwide/target/debug/deps/libcfg_if-8217498f8667ada9.rlib" "/opt/rustwide/target/debug/deps/libstatic_assertions-3e50e277f96a204d.rlib" "/opt/rustwide/target/debug/deps/libcastaway-8a0a83a27e7ef2e3.rlib" "/opt/rustwide/target/debug/deps/libserde-053c25fc305238ae.rlib" "/opt/rustwide/target/debug/deps/libbytes-4283fbd60d33408b.rlib" "/opt/rustwide/rustup-home/toolchains/1.83.0-x86_64-unknown-linux-gnu/lib/rustlib/x86_64-unknown-linux-gnu/lib/libstd-ca74a2d9c5166d9f.rlib" "/opt/rustwide/rustup-home/toolchains/1.83.0-x86_64-unknown-linux-gnu/lib/rustlib/x86_64-unknown-linux-gnu/lib/libpanic_unwind-e31ab23316ed5080.rlib" "/opt/rustwide/rustup-home/toolchains/1.83.0-x86_64-unknown-linux-gnu/lib/rustlib/x86_64-unknown-linux-gnu/lib/libobject-27dc4aa955912662.rlib" "/opt/rustwide/rustup-home/toolchains/1.83.0-x86_64-unknown-linux-gnu/lib/rustlib/x86_64-unknown-linux-gnu/lib/libmemchr-bd0d6cccce077b99.rlib" "/opt/rustwide/rustup-home/toolchains/1.83.0-x86_64-unknown-linux-gnu/lib/rustlib/x86_64-unknown-linux-gnu/lib/libaddr2line-8d001680935b5e3c.rlib" "/opt/rustwide/rustup-home/toolchains/1.83.0-x86_64-unknown-linux-gnu/lib/rustlib/x86_64-unknown-linux-gnu/lib/libgimli-ba8ce71964f984f4.rlib" "/opt/rustwide/rustup-home/toolchains/1.83.0-x86_64-unknown-linux-gnu/lib/rustlib/x86_64-unknown-linux-gnu/lib/librustc_demangle-99a73526abcec14b.rlib" "/opt/rustwide/rustup-home/toolchains/1.83.0-x86_64-unknown-linux-gnu/lib/rustlib/x86_64-unknown-linux-gnu/lib/libstd_detect-63ac0d22cff92579.rlib" "/opt/rustwide/rustup-home/toolchains/1.83.0-x86_64-unknown-linux-gnu/lib/rustlib/x86_64-unknown-linux-gnu/lib/libhashbrown-9057355c92c922d5.rlib" "/opt/rustwide/rustup-home/toolchains/1.83.0-x86_64-unknown-linux-gnu/lib/rustlib/x86_64-unknown-linux-gnu/lib/librustc_std_workspace_alloc-358be9bc1f6bab04.rlib" "/opt/rustwide/rustup-home/toolchains/1.83.0-x86_64-unknown-linux-gnu/lib/rustlib/x86_64-unknown-linux-gnu/lib/libminiz_oxide-aca15549d5bff974.rlib" "/opt/rustwide/rustup-home/toolchains/1.83.0-x86_64-unknown-linux-gnu/lib/rustlib/x86_64-unknown-linux-gnu/lib/libadler-8251d2cef7072448.rlib" "/opt/rustwide/rustup-home/toolchains/1.83.0-x86_64-unknown-linux-gnu/lib/rustlib/x86_64-unknown-linux-gnu/lib/libunwind-7d50b86011c66411.rlib" "/opt/rustwide/rustup-home/toolchains/1.83.0-x86_64-unknown-linux-gnu/lib/rustlib/x86_64-unknown-linux-gnu/lib/libcfg_if-51ea098fce5006bf.rlib" "/opt/rustwide/rustup-home/toolchains/1.83.0-x86_64-unknown-linux-gnu/lib/rustlib/x86_64-unknown-linux-gnu/lib/liblibc-5a14e0d0b712e731.rlib" "/opt/rustwide/rustup-home/toolchains/1.83.0-x86_64-unknown-linux-gnu/lib/rustlib/x86_64-unknown-linux-gnu/lib/liballoc-8b83dbf3a7b8f999.rlib" "/opt/rustwide/rustup-home/toolchains/1.83.0-x86_64-unknown-linux-gnu/lib/rustlib/x86_64-unknown-linux-gnu/lib/librustc_std_workspace_core-c6fd227bdc7b39ff.rlib" "/opt/rustwide/rustup-home/toolchains/1.83.0-x86_64-unknown-linux-gnu/lib/rustlib/x86_64-unknown-linux-gnu/lib/libcore-959d3389fa3da8a5.rlib" "/opt/rustwide/rustup-home/toolchains/1.83.0-x86_64-unknown-linux-gnu/lib/rustlib/x86_64-unknown-linux-gnu/lib/libcompiler_builtins-abe05db089cc2c62.rlib" "-Wl,-Bdynamic" "-lgcc_s" "-lutil" "-lrt" "-lpthread" "-lm" "-ldl" "-lc" "-Wl,--eh-frame-hdr" "-Wl,-z,noexecstack" "-L" "/opt/rustwide/rustup-home/toolchains/1.83.0-x86_64-unknown-linux-gnu/lib/rustlib/x86_64-unknown-linux-gnu/lib" "-o" "/tmp/rustdoctestosS3l6/rust_out" "-Wl,--gc-sections" "-pie" "-Wl,-z,relro,-z,now" "-nodefaultlibs"
[INFO] [stdout]   = note: collect2: fatal error: ld terminated with signal 9 [Killed]
[INFO] [stdout]           compilation terminated.
[INFO] [stdout]           
[INFO] [stdout] 
[INFO] [stdout] error: aborting due to 1 previous error
[INFO] [stdout] 
[INFO] [stdout] Couldn't compile the test.
[INFO] [stdout] ---- src/date/nichi_full.rs - date::nichi_full::NichiFull::from_str (line 261) stdout ----
[INFO] [stdout] error: linking with `cc` failed: exit status: 1
[INFO] [stdout]   |
[INFO] [stdout]   = note: LC_ALL="C" PATH="/opt/rustwide/rustup-home/toolchains/1.83.0-x86_64-unknown-linux-gnu/lib/rustlib/x86_64-unknown-linux-gnu/bin:/opt/rustwide/cargo-home/bin:/usr/local/sbin:/usr/local/bin:/usr/sbin:/usr/bin:/sbin:/bin" VSLANG="1033" "cc" "-m64" "/tmp/rustc0IIXRp/symbols.o" "/tmp/rustdoctestuz1Iaw/rust_out.rust_out.cb03291d53e4e161-cgu.0.rcgu.o" "/tmp/rustdoctestuz1Iaw/rust_out.1s7umcihpz0t7nkz1uc2ifee9.rcgu.o" "-Wl,--as-needed" "-Wl,-Bstatic" "/opt/rustwide/target/debug/deps/libreadable-dd9ac130e75e3388.rlib" "/opt/rustwide/target/debug/deps/libnichi-590eed4664b2893b.rlib" "/opt/rustwide/target/debug/deps/libbincode-a1a8c9c5b2c65fd5.rlib" "/opt/rustwide/target/debug/deps/libregex-64f88d847001da0c.rlib" "/opt/rustwide/target/debug/deps/libregex_automata-be8c6f0bea44587d.rlib" "/opt/rustwide/target/debug/deps/libaho_corasick-7c62546353774bfd.rlib" "/opt/rustwide/target/debug/deps/libmemchr-6b84ce758acd6c63.rlib" "/opt/rustwide/target/debug/deps/libregex_syntax-155e812807b49638.rlib" "/opt/rustwide/target/debug/deps/libonce_cell-6f631f2a5f71cecc.rlib" "/opt/rustwide/target/debug/deps/libchrono-ba6303bd7b609f64.rlib" "/opt/rustwide/target/debug/deps/libnum_traits-e0ed76299063a97d.rlib" "/opt/rustwide/target/debug/deps/libiana_time_zone-327d1375b89fcc29.rlib" "/opt/rustwide/target/debug/deps/liblibc-48c07cb418e82d02.rlib" "/opt/rustwide/target/debug/deps/libcompact_str-36a0140d817e5f1b.rlib" "/opt/rustwide/target/debug/deps/libryu-bba83beca99dd7c0.rlib" "/opt/rustwide/target/debug/deps/libitoa-e8776415c5fe0047.rlib" "/opt/rustwide/target/debug/deps/libcfg_if-8217498f8667ada9.rlib" "/opt/rustwide/target/debug/deps/libstatic_assertions-3e50e277f96a204d.rlib" "/opt/rustwide/target/debug/deps/libcastaway-8a0a83a27e7ef2e3.rlib" "/opt/rustwide/target/debug/deps/libserde-053c25fc305238ae.rlib" "/opt/rustwide/target/debug/deps/libbytes-4283fbd60d33408b.rlib" "/opt/rustwide/rustup-home/toolchains/1.83.0-x86_64-unknown-linux-gnu/lib/rustlib/x86_64-unknown-linux-gnu/lib/libstd-ca74a2d9c5166d9f.rlib" "/opt/rustwide/rustup-home/toolchains/1.83.0-x86_64-unknown-linux-gnu/lib/rustlib/x86_64-unknown-linux-gnu/lib/libpanic_unwind-e31ab23316ed5080.rlib" "/opt/rustwide/rustup-home/toolchains/1.83.0-x86_64-unknown-linux-gnu/lib/rustlib/x86_64-unknown-linux-gnu/lib/libobject-27dc4aa955912662.rlib" "/opt/rustwide/rustup-home/toolchains/1.83.0-x86_64-unknown-linux-gnu/lib/rustlib/x86_64-unknown-linux-gnu/lib/libmemchr-bd0d6cccce077b99.rlib" "/opt/rustwide/rustup-home/toolchains/1.83.0-x86_64-unknown-linux-gnu/lib/rustlib/x86_64-unknown-linux-gnu/lib/libaddr2line-8d001680935b5e3c.rlib" "/opt/rustwide/rustup-home/toolchains/1.83.0-x86_64-unknown-linux-gnu/lib/rustlib/x86_64-unknown-linux-gnu/lib/libgimli-ba8ce71964f984f4.rlib" "/opt/rustwide/rustup-home/toolchains/1.83.0-x86_64-unknown-linux-gnu/lib/rustlib/x86_64-unknown-linux-gnu/lib/librustc_demangle-99a73526abcec14b.rlib" "/opt/rustwide/rustup-home/toolchains/1.83.0-x86_64-unknown-linux-gnu/lib/rustlib/x86_64-unknown-linux-gnu/lib/libstd_detect-63ac0d22cff92579.rlib" "/opt/rustwide/rustup-home/toolchains/1.83.0-x86_64-unknown-linux-gnu/lib/rustlib/x86_64-unknown-linux-gnu/lib/libhashbrown-9057355c92c922d5.rlib" "/opt/rustwide/rustup-home/toolchains/1.83.0-x86_64-unknown-linux-gnu/lib/rustlib/x86_64-unknown-linux-gnu/lib/librustc_std_workspace_alloc-358be9bc1f6bab04.rlib" "/opt/rustwide/rustup-home/toolchains/1.83.0-x86_64-unknown-linux-gnu/lib/rustlib/x86_64-unknown-linux-gnu/lib/libminiz_oxide-aca15549d5bff974.rlib" "/opt/rustwide/rustup-home/toolchains/1.83.0-x86_64-unknown-linux-gnu/lib/rustlib/x86_64-unknown-linux-gnu/lib/libadler-8251d2cef7072448.rlib" "/opt/rustwide/rustup-home/toolchains/1.83.0-x86_64-unknown-linux-gnu/lib/rustlib/x86_64-unknown-linux-gnu/lib/libunwind-7d50b86011c66411.rlib" "/opt/rustwide/rustup-home/toolchains/1.83.0-x86_64-unknown-linux-gnu/lib/rustlib/x86_64-unknown-linux-gnu/lib/libcfg_if-51ea098fce5006bf.rlib" "/opt/rustwide/rustup-home/toolchains/1.83.0-x86_64-unknown-linux-gnu/lib/rustlib/x86_64-unknown-linux-gnu/lib/liblibc-5a14e0d0b712e731.rlib" "/opt/rustwide/rustup-home/toolchains/1.83.0-x86_64-unknown-linux-gnu/lib/rustlib/x86_64-unknown-linux-gnu/lib/liballoc-8b83dbf3a7b8f999.rlib" "/opt/rustwide/rustup-home/toolchains/1.83.0-x86_64-unknown-linux-gnu/lib/rustlib/x86_64-unknown-linux-gnu/lib/librustc_std_workspace_core-c6fd227bdc7b39ff.rlib" "/opt/rustwide/rustup-home/toolchains/1.83.0-x86_64-unknown-linux-gnu/lib/rustlib/x86_64-unknown-linux-gnu/lib/libcore-959d3389fa3da8a5.rlib" "/opt/rustwide/rustup-home/toolchains/1.83.0-x86_64-unknown-linux-gnu/lib/rustlib/x86_64-unknown-linux-gnu/lib/libcompiler_builtins-abe05db089cc2c62.rlib" "-Wl,-Bdynamic" "-lgcc_s" "-lutil" "-lrt" "-lpthread" "-lm" "-ldl" "-lc" "-Wl,--eh-frame-hdr" "-Wl,-z,noexecstack" "-L" "/opt/rustwide/rustup-home/toolchains/1.83.0-x86_64-unknown-linux-gnu/lib/rustlib/x86_64-unknown-linux-gnu/lib" "-o" "/tmp/rustdoctestuz1Iaw/rust_out" "-Wl,--gc-sections" "-pie" "-Wl,-z,relro,-z,now" "-nodefaultlibs"
[INFO] [stdout]   = note: collect2: fatal error: ld terminated with signal 9 [Killed]
[INFO] [stdout]           compilation terminated.
[INFO] [stdout]           
[INFO] [stdout] 
[INFO] [stdout] error: aborting due to 1 previous error
[INFO] [stdout] 
[INFO] [stdout] Couldn't compile the test.
[INFO] [stdout] ---- src/date/nichi_full.rs - date::nichi_full::NichiFull::from_str (line 311) stdout ----
[INFO] [stdout] error: linking with `cc` failed: exit status: 1
[INFO] [stdout]   |
[INFO] [stdout]   = note: LC_ALL="C" PATH="/opt/rustwide/rustup-home/toolchains/1.83.0-x86_64-unknown-linux-gnu/lib/rustlib/x86_64-unknown-linux-gnu/bin:/opt/rustwide/cargo-home/bin:/usr/local/sbin:/usr/local/bin:/usr/sbin:/usr/bin:/sbin:/bin" VSLANG="1033" "cc" "-m64" "/tmp/rustcr9LG3i/symbols.o" "/tmp/rustdoctestWIxUig/rust_out.rust_out.cb03291d53e4e161-cgu.0.rcgu.o" "/tmp/rustdoctestWIxUig/rust_out.1s7umcihpz0t7nkz1uc2ifee9.rcgu.o" "-Wl,--as-needed" "-Wl,-Bstatic" "/opt/rustwide/target/debug/deps/libreadable-dd9ac130e75e3388.rlib" "/opt/rustwide/target/debug/deps/libnichi-590eed4664b2893b.rlib" "/opt/rustwide/target/debug/deps/libbincode-a1a8c9c5b2c65fd5.rlib" "/opt/rustwide/target/debug/deps/libregex-64f88d847001da0c.rlib" "/opt/rustwide/target/debug/deps/libregex_automata-be8c6f0bea44587d.rlib" "/opt/rustwide/target/debug/deps/libaho_corasick-7c62546353774bfd.rlib" "/opt/rustwide/target/debug/deps/libmemchr-6b84ce758acd6c63.rlib" "/opt/rustwide/target/debug/deps/libregex_syntax-155e812807b49638.rlib" "/opt/rustwide/target/debug/deps/libonce_cell-6f631f2a5f71cecc.rlib" "/opt/rustwide/target/debug/deps/libchrono-ba6303bd7b609f64.rlib" "/opt/rustwide/target/debug/deps/libnum_traits-e0ed76299063a97d.rlib" "/opt/rustwide/target/debug/deps/libiana_time_zone-327d1375b89fcc29.rlib" "/opt/rustwide/target/debug/deps/liblibc-48c07cb418e82d02.rlib" "/opt/rustwide/target/debug/deps/libcompact_str-36a0140d817e5f1b.rlib" "/opt/rustwide/target/debug/deps/libryu-bba83beca99dd7c0.rlib" "/opt/rustwide/target/debug/deps/libitoa-e8776415c5fe0047.rlib" "/opt/rustwide/target/debug/deps/libcfg_if-8217498f8667ada9.rlib" "/opt/rustwide/target/debug/deps/libstatic_assertions-3e50e277f96a204d.rlib" "/opt/rustwide/target/debug/deps/libcastaway-8a0a83a27e7ef2e3.rlib" "/opt/rustwide/target/debug/deps/libserde-053c25fc305238ae.rlib" "/opt/rustwide/target/debug/deps/libbytes-4283fbd60d33408b.rlib" "/opt/rustwide/rustup-home/toolchains/1.83.0-x86_64-unknown-linux-gnu/lib/rustlib/x86_64-unknown-linux-gnu/lib/libstd-ca74a2d9c5166d9f.rlib" "/opt/rustwide/rustup-home/toolchains/1.83.0-x86_64-unknown-linux-gnu/lib/rustlib/x86_64-unknown-linux-gnu/lib/libpanic_unwind-e31ab23316ed5080.rlib" "/opt/rustwide/rustup-home/toolchains/1.83.0-x86_64-unknown-linux-gnu/lib/rustlib/x86_64-unknown-linux-gnu/lib/libobject-27dc4aa955912662.rlib" "/opt/rustwide/rustup-home/toolchains/1.83.0-x86_64-unknown-linux-gnu/lib/rustlib/x86_64-unknown-linux-gnu/lib/libmemchr-bd0d6cccce077b99.rlib" "/opt/rustwide/rustup-home/toolchains/1.83.0-x86_64-unknown-linux-gnu/lib/rustlib/x86_64-unknown-linux-gnu/lib/libaddr2line-8d001680935b5e3c.rlib" "/opt/rustwide/rustup-home/toolchains/1.83.0-x86_64-unknown-linux-gnu/lib/rustlib/x86_64-unknown-linux-gnu/lib/libgimli-ba8ce71964f984f4.rlib" "/opt/rustwide/rustup-home/toolchains/1.83.0-x86_64-unknown-linux-gnu/lib/rustlib/x86_64-unknown-linux-gnu/lib/librustc_demangle-99a73526abcec14b.rlib" "/opt/rustwide/rustup-home/toolchains/1.83.0-x86_64-unknown-linux-gnu/lib/rustlib/x86_64-unknown-linux-gnu/lib/libstd_detect-63ac0d22cff92579.rlib" "/opt/rustwide/rustup-home/toolchains/1.83.0-x86_64-unknown-linux-gnu/lib/rustlib/x86_64-unknown-linux-gnu/lib/libhashbrown-9057355c92c922d5.rlib" "/opt/rustwide/rustup-home/toolchains/1.83.0-x86_64-unknown-linux-gnu/lib/rustlib/x86_64-unknown-linux-gnu/lib/librustc_std_workspace_alloc-358be9bc1f6bab04.rlib" "/opt/rustwide/rustup-home/toolchains/1.83.0-x86_64-unknown-linux-gnu/lib/rustlib/x86_64-unknown-linux-gnu/lib/libminiz_oxide-aca15549d5bff974.rlib" "/opt/rustwide/rustup-home/toolchains/1.83.0-x86_64-unknown-linux-gnu/lib/rustlib/x86_64-unknown-linux-gnu/lib/libadler-8251d2cef7072448.rlib" "/opt/rustwide/rustup-home/toolchains/1.83.0-x86_64-unknown-linux-gnu/lib/rustlib/x86_64-unknown-linux-gnu/lib/libunwind-7d50b86011c66411.rlib" "/opt/rustwide/rustup-home/toolchains/1.83.0-x86_64-unknown-linux-gnu/lib/rustlib/x86_64-unknown-linux-gnu/lib/libcfg_if-51ea098fce5006bf.rlib" "/opt/rustwide/rustup-home/toolchains/1.83.0-x86_64-unknown-linux-gnu/lib/rustlib/x86_64-unknown-linux-gnu/lib/liblibc-5a14e0d0b712e731.rlib" "/opt/rustwide/rustup-home/toolchains/1.83.0-x86_64-unknown-linux-gnu/lib/rustlib/x86_64-unknown-linux-gnu/lib/liballoc-8b83dbf3a7b8f999.rlib" "/opt/rustwide/rustup-home/toolchains/1.83.0-x86_64-unknown-linux-gnu/lib/rustlib/x86_64-unknown-linux-gnu/lib/librustc_std_workspace_core-c6fd227bdc7b39ff.rlib" "/opt/rustwide/rustup-home/toolchains/1.83.0-x86_64-unknown-linux-gnu/lib/rustlib/x86_64-unknown-linux-gnu/lib/libcore-959d3389fa3da8a5.rlib" "/opt/rustwide/rustup-home/toolchains/1.83.0-x86_64-unknown-linux-gnu/lib/rustlib/x86_64-unknown-linux-gnu/lib/libcompiler_builtins-abe05db089cc2c62.rlib" "-Wl,-Bdynamic" "-lgcc_s" "-lutil" "-lrt" "-lpthread" "-lm" "-ldl" "-lc" "-Wl,--eh-frame-hdr" "-Wl,-z,noexecstack" "-L" "/opt/rustwide/rustup-home/toolchains/1.83.0-x86_64-unknown-linux-gnu/lib/rustlib/x86_64-unknown-linux-gnu/lib" "-o" "/tmp/rustdoctestWIxUig/rust_out" "-Wl,--gc-sections" "-pie" "-Wl,-z,relro,-z,now" "-nodefaultlibs"
[INFO] [stdout]   = note: collect2: fatal error: ld terminated with signal 9 [Killed]
[INFO] [stdout]           compilation terminated.
[INFO] [stdout]           
[INFO] [stdout] 
[INFO] [stdout] error: aborting due to 1 previous error
[INFO] [stdout] 
[INFO] [stdout] Couldn't compile the test.
[INFO] [stdout] ---- src/num/int.rs - num::int::Int (line 42) stdout ----
[INFO] [stdout] error: linking with `cc` failed: exit status: 1
[INFO] [stdout]   |
[INFO] [stdout]   = note: LC_ALL="C" PATH="/opt/rustwide/rustup-home/toolchains/1.83.0-x86_64-unknown-linux-gnu/lib/rustlib/x86_64-unknown-linux-gnu/bin:/opt/rustwide/cargo-home/bin:/usr/local/sbin:/usr/local/bin:/usr/sbin:/usr/bin:/sbin:/bin" VSLANG="1033" "cc" "-m64" "/tmp/rustcssKAiO/symbols.o" "/tmp/rustdoctestfSf5HM/rust_out.rust_out.cb03291d53e4e161-cgu.0.rcgu.o" "/tmp/rustdoctestfSf5HM/rust_out.1s7umcihpz0t7nkz1uc2ifee9.rcgu.o" "-Wl,--as-needed" "-Wl,-Bstatic" "/opt/rustwide/target/debug/deps/libreadable-dd9ac130e75e3388.rlib" "/opt/rustwide/target/debug/deps/libnichi-590eed4664b2893b.rlib" "/opt/rustwide/target/debug/deps/libbincode-a1a8c9c5b2c65fd5.rlib" "/opt/rustwide/target/debug/deps/libregex-64f88d847001da0c.rlib" "/opt/rustwide/target/debug/deps/libregex_automata-be8c6f0bea44587d.rlib" "/opt/rustwide/target/debug/deps/libaho_corasick-7c62546353774bfd.rlib" "/opt/rustwide/target/debug/deps/libmemchr-6b84ce758acd6c63.rlib" "/opt/rustwide/target/debug/deps/libregex_syntax-155e812807b49638.rlib" "/opt/rustwide/target/debug/deps/libonce_cell-6f631f2a5f71cecc.rlib" "/opt/rustwide/target/debug/deps/libchrono-ba6303bd7b609f64.rlib" "/opt/rustwide/target/debug/deps/libnum_traits-e0ed76299063a97d.rlib" "/opt/rustwide/target/debug/deps/libiana_time_zone-327d1375b89fcc29.rlib" "/opt/rustwide/target/debug/deps/liblibc-48c07cb418e82d02.rlib" "/opt/rustwide/target/debug/deps/libcompact_str-36a0140d817e5f1b.rlib" "/opt/rustwide/target/debug/deps/libryu-bba83beca99dd7c0.rlib" "/opt/rustwide/target/debug/deps/libitoa-e8776415c5fe0047.rlib" "/opt/rustwide/target/debug/deps/libcfg_if-8217498f8667ada9.rlib" "/opt/rustwide/target/debug/deps/libstatic_assertions-3e50e277f96a204d.rlib" "/opt/rustwide/target/debug/deps/libcastaway-8a0a83a27e7ef2e3.rlib" "/opt/rustwide/target/debug/deps/libserde-053c25fc305238ae.rlib" "/opt/rustwide/target/debug/deps/libbytes-4283fbd60d33408b.rlib" "/opt/rustwide/rustup-home/toolchains/1.83.0-x86_64-unknown-linux-gnu/lib/rustlib/x86_64-unknown-linux-gnu/lib/libstd-ca74a2d9c5166d9f.rlib" "/opt/rustwide/rustup-home/toolchains/1.83.0-x86_64-unknown-linux-gnu/lib/rustlib/x86_64-unknown-linux-gnu/lib/libpanic_unwind-e31ab23316ed5080.rlib" "/opt/rustwide/rustup-home/toolchains/1.83.0-x86_64-unknown-linux-gnu/lib/rustlib/x86_64-unknown-linux-gnu/lib/libobject-27dc4aa955912662.rlib" "/opt/rustwide/rustup-home/toolchains/1.83.0-x86_64-unknown-linux-gnu/lib/rustlib/x86_64-unknown-linux-gnu/lib/libmemchr-bd0d6cccce077b99.rlib" "/opt/rustwide/rustup-home/toolchains/1.83.0-x86_64-unknown-linux-gnu/lib/rustlib/x86_64-unknown-linux-gnu/lib/libaddr2line-8d001680935b5e3c.rlib" "/opt/rustwide/rustup-home/toolchains/1.83.0-x86_64-unknown-linux-gnu/lib/rustlib/x86_64-unknown-linux-gnu/lib/libgimli-ba8ce71964f984f4.rlib" "/opt/rustwide/rustup-home/toolchains/1.83.0-x86_64-unknown-linux-gnu/lib/rustlib/x86_64-unknown-linux-gnu/lib/librustc_demangle-99a73526abcec14b.rlib" "/opt/rustwide/rustup-home/toolchains/1.83.0-x86_64-unknown-linux-gnu/lib/rustlib/x86_64-unknown-linux-gnu/lib/libstd_detect-63ac0d22cff92579.rlib" "/opt/rustwide/rustup-home/toolchains/1.83.0-x86_64-unknown-linux-gnu/lib/rustlib/x86_64-unknown-linux-gnu/lib/libhashbrown-9057355c92c922d5.rlib" "/opt/rustwide/rustup-home/toolchains/1.83.0-x86_64-unknown-linux-gnu/lib/rustlib/x86_64-unknown-linux-gnu/lib/librustc_std_workspace_alloc-358be9bc1f6bab04.rlib" "/opt/rustwide/rustup-home/toolchains/1.83.0-x86_64-unknown-linux-gnu/lib/rustlib/x86_64-unknown-linux-gnu/lib/libminiz_oxide-aca15549d5bff974.rlib" "/opt/rustwide/rustup-home/toolchains/1.83.0-x86_64-unknown-linux-gnu/lib/rustlib/x86_64-unknown-linux-gnu/lib/libadler-8251d2cef7072448.rlib" "/opt/rustwide/rustup-home/toolchains/1.83.0-x86_64-unknown-linux-gnu/lib/rustlib/x86_64-unknown-linux-gnu/lib/libunwind-7d50b86011c66411.rlib" "/opt/rustwide/rustup-home/toolchains/1.83.0-x86_64-unknown-linux-gnu/lib/rustlib/x86_64-unknown-linux-gnu/lib/libcfg_if-51ea098fce5006bf.rlib" "/opt/rustwide/rustup-home/toolchains/1.83.0-x86_64-unknown-linux-gnu/lib/rustlib/x86_64-unknown-linux-gnu/lib/liblibc-5a14e0d0b712e731.rlib" "/opt/rustwide/rustup-home/toolchains/1.83.0-x86_64-unknown-linux-gnu/lib/rustlib/x86_64-unknown-linux-gnu/lib/liballoc-8b83dbf3a7b8f999.rlib" "/opt/rustwide/rustup-home/toolchains/1.83.0-x86_64-unknown-linux-gnu/lib/rustlib/x86_64-unknown-linux-gnu/lib/librustc_std_workspace_core-c6fd227bdc7b39ff.rlib" "/opt/rustwide/rustup-home/toolchains/1.83.0-x86_64-unknown-linux-gnu/lib/rustlib/x86_64-unknown-linux-gnu/lib/libcore-959d3389fa3da8a5.rlib" "/opt/rustwide/rustup-home/toolchains/1.83.0-x86_64-unknown-linux-gnu/lib/rustlib/x86_64-unknown-linux-gnu/lib/libcompiler_builtins-abe05db089cc2c62.rlib" "-Wl,-Bdynamic" "-lgcc_s" "-lutil" "-lrt" "-lpthread" "-lm" "-ldl" "-lc" "-Wl,--eh-frame-hdr" "-Wl,-z,noexecstack" "-L" "/opt/rustwide/rustup-home/toolchains/1.83.0-x86_64-unknown-linux-gnu/lib/rustlib/x86_64-unknown-linux-gnu/lib" "-o" "/tmp/rustdoctestfSf5HM/rust_out" "-Wl,--gc-sections" "-pie" "-Wl,-z,relro,-z,now" "-nodefaultlibs"
[INFO] [stdout]   = note: collect2: fatal error: ld terminated with signal 9 [Killed]
[INFO] [stdout]           compilation terminated.
[INFO] [stdout]           
[INFO] [stdout] 
[INFO] [stdout] error: aborting due to 1 previous error
[INFO] [stdout] 
[INFO] [stdout] Couldn't compile the test.
[INFO] [stdout] ---- src/str/str.rs - str::str::Str<N>::push_char_saturating (line 1113) stdout ----
[INFO] [stdout] error: linking with `cc` failed: exit status: 1
[INFO] [stdout]   |
[INFO] [stdout]   = note: LC_ALL="C" PATH="/opt/rustwide/rustup-home/toolchains/1.83.0-x86_64-unknown-linux-gnu/lib/rustlib/x86_64-unknown-linux-gnu/bin:/opt/rustwide/cargo-home/bin:/usr/local/sbin:/usr/local/bin:/usr/sbin:/usr/bin:/sbin:/bin" VSLANG="1033" "cc" "-m64" "/tmp/rustc4Apb5U/symbols.o" "/tmp/rustdoctestUcUoSt/rust_out.rust_out.cb03291d53e4e161-cgu.0.rcgu.o" "/tmp/rustdoctestUcUoSt/rust_out.1s7umcihpz0t7nkz1uc2ifee9.rcgu.o" "-Wl,--as-needed" "-Wl,-Bstatic" "/opt/rustwide/target/debug/deps/libreadable-dd9ac130e75e3388.rlib" "/opt/rustwide/target/debug/deps/libnichi-590eed4664b2893b.rlib" "/opt/rustwide/target/debug/deps/libbincode-a1a8c9c5b2c65fd5.rlib" "/opt/rustwide/target/debug/deps/libregex-64f88d847001da0c.rlib" "/opt/rustwide/target/debug/deps/libregex_automata-be8c6f0bea44587d.rlib" "/opt/rustwide/target/debug/deps/libaho_corasick-7c62546353774bfd.rlib" "/opt/rustwide/target/debug/deps/libmemchr-6b84ce758acd6c63.rlib" "/opt/rustwide/target/debug/deps/libregex_syntax-155e812807b49638.rlib" "/opt/rustwide/target/debug/deps/libonce_cell-6f631f2a5f71cecc.rlib" "/opt/rustwide/target/debug/deps/libchrono-ba6303bd7b609f64.rlib" "/opt/rustwide/target/debug/deps/libnum_traits-e0ed76299063a97d.rlib" "/opt/rustwide/target/debug/deps/libiana_time_zone-327d1375b89fcc29.rlib" "/opt/rustwide/target/debug/deps/liblibc-48c07cb418e82d02.rlib" "/opt/rustwide/target/debug/deps/libcompact_str-36a0140d817e5f1b.rlib" "/opt/rustwide/target/debug/deps/libryu-bba83beca99dd7c0.rlib" "/opt/rustwide/target/debug/deps/libitoa-e8776415c5fe0047.rlib" "/opt/rustwide/target/debug/deps/libcfg_if-8217498f8667ada9.rlib" "/opt/rustwide/target/debug/deps/libstatic_assertions-3e50e277f96a204d.rlib" "/opt/rustwide/target/debug/deps/libcastaway-8a0a83a27e7ef2e3.rlib" "/opt/rustwide/target/debug/deps/libserde-053c25fc305238ae.rlib" "/opt/rustwide/target/debug/deps/libbytes-4283fbd60d33408b.rlib" "/opt/rustwide/rustup-home/toolchains/1.83.0-x86_64-unknown-linux-gnu/lib/rustlib/x86_64-unknown-linux-gnu/lib/libstd-ca74a2d9c5166d9f.rlib" "/opt/rustwide/rustup-home/toolchains/1.83.0-x86_64-unknown-linux-gnu/lib/rustlib/x86_64-unknown-linux-gnu/lib/libpanic_unwind-e31ab23316ed5080.rlib" "/opt/rustwide/rustup-home/toolchains/1.83.0-x86_64-unknown-linux-gnu/lib/rustlib/x86_64-unknown-linux-gnu/lib/libobject-27dc4aa955912662.rlib" "/opt/rustwide/rustup-home/toolchains/1.83.0-x86_64-unknown-linux-gnu/lib/rustlib/x86_64-unknown-linux-gnu/lib/libmemchr-bd0d6cccce077b99.rlib" "/opt/rustwide/rustup-home/toolchains/1.83.0-x86_64-unknown-linux-gnu/lib/rustlib/x86_64-unknown-linux-gnu/lib/libaddr2line-8d001680935b5e3c.rlib" "/opt/rustwide/rustup-home/toolchains/1.83.0-x86_64-unknown-linux-gnu/lib/rustlib/x86_64-unknown-linux-gnu/lib/libgimli-ba8ce71964f984f4.rlib" "/opt/rustwide/rustup-home/toolchains/1.83.0-x86_64-unknown-linux-gnu/lib/rustlib/x86_64-unknown-linux-gnu/lib/librustc_demangle-99a73526abcec14b.rlib" "/opt/rustwide/rustup-home/toolchains/1.83.0-x86_64-unknown-linux-gnu/lib/rustlib/x86_64-unknown-linux-gnu/lib/libstd_detect-63ac0d22cff92579.rlib" "/opt/rustwide/rustup-home/toolchains/1.83.0-x86_64-unknown-linux-gnu/lib/rustlib/x86_64-unknown-linux-gnu/lib/libhashbrown-9057355c92c922d5.rlib" "/opt/rustwide/rustup-home/toolchains/1.83.0-x86_64-unknown-linux-gnu/lib/rustlib/x86_64-unknown-linux-gnu/lib/librustc_std_workspace_alloc-358be9bc1f6bab04.rlib" "/opt/rustwide/rustup-home/toolchains/1.83.0-x86_64-unknown-linux-gnu/lib/rustlib/x86_64-unknown-linux-gnu/lib/libminiz_oxide-aca15549d5bff974.rlib" "/opt/rustwide/rustup-home/toolchains/1.83.0-x86_64-unknown-linux-gnu/lib/rustlib/x86_64-unknown-linux-gnu/lib/libadler-8251d2cef7072448.rlib" "/opt/rustwide/rustup-home/toolchains/1.83.0-x86_64-unknown-linux-gnu/lib/rustlib/x86_64-unknown-linux-gnu/lib/libunwind-7d50b86011c66411.rlib" "/opt/rustwide/rustup-home/toolchains/1.83.0-x86_64-unknown-linux-gnu/lib/rustlib/x86_64-unknown-linux-gnu/lib/libcfg_if-51ea098fce5006bf.rlib" "/opt/rustwide/rustup-home/toolchains/1.83.0-x86_64-unknown-linux-gnu/lib/rustlib/x86_64-unknown-linux-gnu/lib/liblibc-5a14e0d0b712e731.rlib" "/opt/rustwide/rustup-home/toolchains/1.83.0-x86_64-unknown-linux-gnu/lib/rustlib/x86_64-unknown-linux-gnu/lib/liballoc-8b83dbf3a7b8f999.rlib" "/opt/rustwide/rustup-home/toolchains/1.83.0-x86_64-unknown-linux-gnu/lib/rustlib/x86_64-unknown-linux-gnu/lib/librustc_std_workspace_core-c6fd227bdc7b39ff.rlib" "/opt/rustwide/rustup-home/toolchains/1.83.0-x86_64-unknown-linux-gnu/lib/rustlib/x86_64-unknown-linux-gnu/lib/libcore-959d3389fa3da8a5.rlib" "/opt/rustwide/rustup-home/toolchains/1.83.0-x86_64-unknown-linux-gnu/lib/rustlib/x86_64-unknown-linux-gnu/lib/libcompiler_builtins-abe05db089cc2c62.rlib" "-Wl,-Bdynamic" "-lgcc_s" "-lutil" "-lrt" "-lpthread" "-lm" "-ldl" "-lc" "-Wl,--eh-frame-hdr" "-Wl,-z,noexecstack" "-L" "/opt/rustwide/rustup-home/toolchains/1.83.0-x86_64-unknown-linux-gnu/lib/rustlib/x86_64-unknown-linux-gnu/lib" "-o" "/tmp/rustdoctestUcUoSt/rust_out" "-Wl,--gc-sections" "-pie" "-Wl,-z,relro,-z,now" "-nodefaultlibs"
[INFO] [stdout]   = note: collect2: fatal error: ld terminated with signal 9 [Killed]
[INFO] [stdout]           compilation terminated.
[INFO] [stdout]           
[INFO] [stdout] 
[INFO] [stdout] error: aborting due to 1 previous error
[INFO] [stdout] 
[INFO] [stdout] Couldn't compile the test.
[INFO] [stdout] ---- src/up/htop.rs - up::htop::Htop::ZERO (line 98) stdout ----
[INFO] [stdout] error: linking with `cc` failed: exit status: 1
[INFO] [stdout]   |
[INFO] [stdout]   = note: LC_ALL="C" PATH="/opt/rustwide/rustup-home/toolchains/1.83.0-x86_64-unknown-linux-gnu/lib/rustlib/x86_64-unknown-linux-gnu/bin:/opt/rustwide/cargo-home/bin:/usr/local/sbin:/usr/local/bin:/usr/sbin:/usr/bin:/sbin:/bin" VSLANG="1033" "cc" "-m64" "/tmp/rustczm7Fjd/symbols.o" "/tmp/rustdoctestnzglLi/rust_out.rust_out.cb03291d53e4e161-cgu.0.rcgu.o" "/tmp/rustdoctestnzglLi/rust_out.1s7umcihpz0t7nkz1uc2ifee9.rcgu.o" "-Wl,--as-needed" "-Wl,-Bstatic" "/opt/rustwide/target/debug/deps/libreadable-dd9ac130e75e3388.rlib" "/opt/rustwide/target/debug/deps/libnichi-590eed4664b2893b.rlib" "/opt/rustwide/target/debug/deps/libbincode-a1a8c9c5b2c65fd5.rlib" "/opt/rustwide/target/debug/deps/libregex-64f88d847001da0c.rlib" "/opt/rustwide/target/debug/deps/libregex_automata-be8c6f0bea44587d.rlib" "/opt/rustwide/target/debug/deps/libaho_corasick-7c62546353774bfd.rlib" "/opt/rustwide/target/debug/deps/libmemchr-6b84ce758acd6c63.rlib" "/opt/rustwide/target/debug/deps/libregex_syntax-155e812807b49638.rlib" "/opt/rustwide/target/debug/deps/libonce_cell-6f631f2a5f71cecc.rlib" "/opt/rustwide/target/debug/deps/libchrono-ba6303bd7b609f64.rlib" "/opt/rustwide/target/debug/deps/libnum_traits-e0ed76299063a97d.rlib" "/opt/rustwide/target/debug/deps/libiana_time_zone-327d1375b89fcc29.rlib" "/opt/rustwide/target/debug/deps/liblibc-48c07cb418e82d02.rlib" "/opt/rustwide/target/debug/deps/libcompact_str-36a0140d817e5f1b.rlib" "/opt/rustwide/target/debug/deps/libryu-bba83beca99dd7c0.rlib" "/opt/rustwide/target/debug/deps/libitoa-e8776415c5fe0047.rlib" "/opt/rustwide/target/debug/deps/libcfg_if-8217498f8667ada9.rlib" "/opt/rustwide/target/debug/deps/libstatic_assertions-3e50e277f96a204d.rlib" "/opt/rustwide/target/debug/deps/libcastaway-8a0a83a27e7ef2e3.rlib" "/opt/rustwide/target/debug/deps/libserde-053c25fc305238ae.rlib" "/opt/rustwide/target/debug/deps/libbytes-4283fbd60d33408b.rlib" "/opt/rustwide/rustup-home/toolchains/1.83.0-x86_64-unknown-linux-gnu/lib/rustlib/x86_64-unknown-linux-gnu/lib/libstd-ca74a2d9c5166d9f.rlib" "/opt/rustwide/rustup-home/toolchains/1.83.0-x86_64-unknown-linux-gnu/lib/rustlib/x86_64-unknown-linux-gnu/lib/libpanic_unwind-e31ab23316ed5080.rlib" "/opt/rustwide/rustup-home/toolchains/1.83.0-x86_64-unknown-linux-gnu/lib/rustlib/x86_64-unknown-linux-gnu/lib/libobject-27dc4aa955912662.rlib" "/opt/rustwide/rustup-home/toolchains/1.83.0-x86_64-unknown-linux-gnu/lib/rustlib/x86_64-unknown-linux-gnu/lib/libmemchr-bd0d6cccce077b99.rlib" "/opt/rustwide/rustup-home/toolchains/1.83.0-x86_64-unknown-linux-gnu/lib/rustlib/x86_64-unknown-linux-gnu/lib/libaddr2line-8d001680935b5e3c.rlib" "/opt/rustwide/rustup-home/toolchains/1.83.0-x86_64-unknown-linux-gnu/lib/rustlib/x86_64-unknown-linux-gnu/lib/libgimli-ba8ce71964f984f4.rlib" "/opt/rustwide/rustup-home/toolchains/1.83.0-x86_64-unknown-linux-gnu/lib/rustlib/x86_64-unknown-linux-gnu/lib/librustc_demangle-99a73526abcec14b.rlib" "/opt/rustwide/rustup-home/toolchains/1.83.0-x86_64-unknown-linux-gnu/lib/rustlib/x86_64-unknown-linux-gnu/lib/libstd_detect-63ac0d22cff92579.rlib" "/opt/rustwide/rustup-home/toolchains/1.83.0-x86_64-unknown-linux-gnu/lib/rustlib/x86_64-unknown-linux-gnu/lib/libhashbrown-9057355c92c922d5.rlib" "/opt/rustwide/rustup-home/toolchains/1.83.0-x86_64-unknown-linux-gnu/lib/rustlib/x86_64-unknown-linux-gnu/lib/librustc_std_workspace_alloc-358be9bc1f6bab04.rlib" "/opt/rustwide/rustup-home/toolchains/1.83.0-x86_64-unknown-linux-gnu/lib/rustlib/x86_64-unknown-linux-gnu/lib/libminiz_oxide-aca15549d5bff974.rlib" "/opt/rustwide/rustup-home/toolchains/1.83.0-x86_64-unknown-linux-gnu/lib/rustlib/x86_64-unknown-linux-gnu/lib/libadler-8251d2cef7072448.rlib" "/opt/rustwide/rustup-home/toolchains/1.83.0-x86_64-unknown-linux-gnu/lib/rustlib/x86_64-unknown-linux-gnu/lib/libunwind-7d50b86011c66411.rlib" "/opt/rustwide/rustup-home/toolchains/1.83.0-x86_64-unknown-linux-gnu/lib/rustlib/x86_64-unknown-linux-gnu/lib/libcfg_if-51ea098fce5006bf.rlib" "/opt/rustwide/rustup-home/toolchains/1.83.0-x86_64-unknown-linux-gnu/lib/rustlib/x86_64-unknown-linux-gnu/lib/liblibc-5a14e0d0b712e731.rlib" "/opt/rustwide/rustup-home/toolchains/1.83.0-x86_64-unknown-linux-gnu/lib/rustlib/x86_64-unknown-linux-gnu/lib/liballoc-8b83dbf3a7b8f999.rlib" "/opt/rustwide/rustup-home/toolchains/1.83.0-x86_64-unknown-linux-gnu/lib/rustlib/x86_64-unknown-linux-gnu/lib/librustc_std_workspace_core-c6fd227bdc7b39ff.rlib" "/opt/rustwide/rustup-home/toolchains/1.83.0-x86_64-unknown-linux-gnu/lib/rustlib/x86_64-unknown-linux-gnu/lib/libcore-959d3389fa3da8a5.rlib" "/opt/rustwide/rustup-home/toolchains/1.83.0-x86_64-unknown-linux-gnu/lib/rustlib/x86_64-unknown-linux-gnu/lib/libcompiler_builtins-abe05db089cc2c62.rlib" "-Wl,-Bdynamic" "-lgcc_s" "-lutil" "-lrt" "-lpthread" "-lm" "-ldl" "-lc" "-Wl,--eh-frame-hdr" "-Wl,-z,noexecstack" "-L" "/opt/rustwide/rustup-home/toolchains/1.83.0-x86_64-unknown-linux-gnu/lib/rustlib/x86_64-unknown-linux-gnu/lib" "-o" "/tmp/rustdoctestnzglLi/rust_out" "-Wl,--gc-sections" "-pie" "-Wl,-z,relro,-z,now" "-nodefaultlibs"
[INFO] [stdout]   = note: collect2: fatal error: ld terminated with signal 9 [Killed]
[INFO] [stdout]           compilation terminated.
[INFO] [stdout]           
[INFO] [stdout] 
[INFO] [stdout] error: aborting due to 1 previous error
[INFO] [stdout] 
[INFO] [stdout] Couldn't compile the test.
[INFO] [stdout] 
[INFO] [stdout] failures:
[INFO] [stdout]     src/../README.md - (line 114)
[INFO] [stdout]     src/../README.md - (line 26)
[INFO] [stdout]     src/byte/byte.rs - byte::byte::Byte (line 83)
[INFO] [stdout]     src/date/date.rs - date::date::Date (line 187)
[INFO] [stdout]     src/date/nichi.rs - date::nichi::Nichi::from_str (line 264)
[INFO] [stdout]     src/date/nichi_full.rs - date::nichi_full::NichiFull::MAX_LEN (line 48)
[INFO] [stdout]     src/date/nichi_full.rs - date::nichi_full::NichiFull::from_str (line 261)
[INFO] [stdout]     src/date/nichi_full.rs - date::nichi_full::NichiFull::from_str (line 311)
[INFO] [stdout]     src/num/int.rs - num::int::Int (line 42)
[INFO] [stdout]     src/str/str.rs - str::str::Str<N>::push_char_saturating (line 1113)
[INFO] [stdout]     src/up/htop.rs - up::htop::Htop::ZERO (line 98)
[INFO] [stdout] 
[INFO] [stdout] test result: FAILED. 431 passed; 11 failed; 29 ignored; 0 measured; 0 filtered out; finished in 123.48s
[INFO] [stdout] 
[INFO] [stderr] error: doctest failed, to rerun pass `--doc`
[INFO] running `Command { std: "docker" "inspect" "97e1c6c8bd8ecf557ccbb12e00bf7a5f14af031d8d9c27005cc7158a04ff9956", kill_on_drop: false }`
[INFO] running `Command { std: "docker" "rm" "-f" "97e1c6c8bd8ecf557ccbb12e00bf7a5f14af031d8d9c27005cc7158a04ff9956", kill_on_drop: false }`
[INFO] [stdout] 97e1c6c8bd8ecf557ccbb12e00bf7a5f14af031d8d9c27005cc7158a04ff9956
