[INFO] cloning repository https://github.com/hexfae/voyager
[INFO] running `Command { std: "git" "-c" "credential.helper=" "-c" "credential.helper=/workspace/cargo-home/bin/git-credential-null" "clone" "--bare" "https://github.com/hexfae/voyager" "/workspace/cache/git-repos/https%3A%2F%2Fgithub.com%2Fhexfae%2Fvoyager", kill_on_drop: false }`
[INFO] [stderr] Cloning into bare repository '/workspace/cache/git-repos/https%3A%2F%2Fgithub.com%2Fhexfae%2Fvoyager'...
[INFO] running `Command { std: "git" "rev-parse" "HEAD", kill_on_drop: false }`
[INFO] [stdout] b108f0dccfbdf5cec46afada9c64c1d003fdbb0d
[INFO] testing hexfae/voyager against beta-2024-12-08 for beta-1.84.0-4-retry
[INFO] running `Command { std: "git" "clone" "/workspace/cache/git-repos/https%3A%2F%2Fgithub.com%2Fhexfae%2Fvoyager" "/workspace/builds/worker-5-tc2/source", kill_on_drop: false }`
[INFO] [stderr] Cloning into '/workspace/builds/worker-5-tc2/source'...
[INFO] [stderr] done.
[INFO] validating manifest of git repo https://github.com/hexfae/voyager on toolchain beta-2024-12-08
[INFO] running `Command { std: CARGO_HOME="/workspace/cargo-home" RUSTUP_HOME="/workspace/rustup-home" "/workspace/cargo-home/bin/cargo" "+beta-2024-12-08" "metadata" "--manifest-path" "Cargo.toml" "--no-deps", kill_on_drop: false }`
[INFO] started tweaking git repo https://github.com/hexfae/voyager
[INFO] finished tweaking git repo https://github.com/hexfae/voyager
[INFO] tweaked toml for git repo https://github.com/hexfae/voyager written to /workspace/builds/worker-5-tc2/source/Cargo.toml
[INFO] crate git repo https://github.com/hexfae/voyager already has a lockfile, it will not be regenerated
[INFO] running `Command { std: CARGO_HOME="/workspace/cargo-home" RUSTUP_HOME="/workspace/rustup-home" "/workspace/cargo-home/bin/cargo" "+beta-2024-12-08" "fetch" "--manifest-path" "Cargo.toml", kill_on_drop: false }`
[INFO] running `Command { std: "docker" "create" "-v" "/var/lib/crater-agent-workspace/builds/worker-5-tc2/target:/opt/rustwide/target:rw,Z" "-v" "/var/lib/crater-agent-workspace/builds/worker-5-tc2/source:/opt/rustwide/workdir:ro,Z" "-v" "/var/lib/crater-agent-workspace/cargo-home:/opt/rustwide/cargo-home:ro,Z" "-v" "/var/lib/crater-agent-workspace/rustup-home:/opt/rustwide/rustup-home:ro,Z" "-e" "SOURCE_DIR=/opt/rustwide/workdir" "-e" "CARGO_TARGET_DIR=/opt/rustwide/target" "-e" "CARGO_HOME=/opt/rustwide/cargo-home" "-e" "RUSTUP_HOME=/opt/rustwide/rustup-home" "-w" "/opt/rustwide/workdir" "-m" "1610612736" "--user" "0:0" "--network" "none" "ghcr.io/rust-lang/crates-build-env/linux@sha256:f3a9d4ad9d972b27faf3965f35b62e55ba32bbce8f20bc8fe909558a86702fde" "/opt/rustwide/cargo-home/bin/cargo" "+beta-2024-12-08" "metadata" "--no-deps" "--format-version=1", kill_on_drop: false }`
[INFO] [stdout] 5526c9520444aee4607bb5c29b76ee96f7b444285441b1a4dbc3d4f5b018f9e7
[INFO] running `Command { std: "docker" "start" "-a" "5526c9520444aee4607bb5c29b76ee96f7b444285441b1a4dbc3d4f5b018f9e7", kill_on_drop: false }`
[INFO] running `Command { std: "docker" "inspect" "5526c9520444aee4607bb5c29b76ee96f7b444285441b1a4dbc3d4f5b018f9e7", kill_on_drop: false }`
[INFO] running `Command { std: "docker" "rm" "-f" "5526c9520444aee4607bb5c29b76ee96f7b444285441b1a4dbc3d4f5b018f9e7", kill_on_drop: false }`
[INFO] [stdout] 5526c9520444aee4607bb5c29b76ee96f7b444285441b1a4dbc3d4f5b018f9e7
[INFO] running `Command { std: "docker" "create" "-v" "/var/lib/crater-agent-workspace/builds/worker-5-tc2/target:/opt/rustwide/target:rw,Z" "-v" "/var/lib/crater-agent-workspace/builds/worker-5-tc2/source:/opt/rustwide/workdir:ro,Z" "-v" "/var/lib/crater-agent-workspace/cargo-home:/opt/rustwide/cargo-home:ro,Z" "-v" "/var/lib/crater-agent-workspace/rustup-home:/opt/rustwide/rustup-home:ro,Z" "-e" "SOURCE_DIR=/opt/rustwide/workdir" "-e" "CARGO_TARGET_DIR=/opt/rustwide/target" "-e" "CARGO_INCREMENTAL=0" "-e" "RUST_BACKTRACE=full" "-e" "RUSTFLAGS=--cap-lints=warn" "-e" "RUSTDOCFLAGS=--cap-lints=warn" "-e" "CARGO_HOME=/opt/rustwide/cargo-home" "-e" "RUSTUP_HOME=/opt/rustwide/rustup-home" "-w" "/opt/rustwide/workdir" "-m" "1610612736" "--user" "0:0" "--network" "none" "ghcr.io/rust-lang/crates-build-env/linux@sha256:f3a9d4ad9d972b27faf3965f35b62e55ba32bbce8f20bc8fe909558a86702fde" "/opt/rustwide/cargo-home/bin/cargo" "+beta-2024-12-08" "build" "--frozen" "--message-format=json", kill_on_drop: false }`
[INFO] [stdout] 8a89c9bb90c46cc78beebfdd8efcba87319b8daa758ac4e686971a7777e45a07
[INFO] running `Command { std: "docker" "start" "-a" "8a89c9bb90c46cc78beebfdd8efcba87319b8daa758ac4e686971a7777e45a07", kill_on_drop: false }`
[INFO] [stderr]    Compiling proc-macro2 v1.0.78
[INFO] [stderr]    Compiling unicode-ident v1.0.12
[INFO] [stderr]    Compiling libc v0.2.151
[INFO] [stderr]    Compiling autocfg v1.1.0
[INFO] [stderr]    Compiling serde v1.0.203
[INFO] [stderr]    Compiling cfg-if v1.0.0
[INFO] [stderr]    Compiling log v0.4.20
[INFO] [stderr]    Compiling once_cell v1.18.0
[INFO] [stderr]    Compiling itoa v1.0.9
[INFO] [stderr]    Compiling percent-encoding v2.3.1
[INFO] [stderr]    Compiling scopeguard v1.2.0
[INFO] [stderr]    Compiling pin-project-lite v0.2.13
[INFO] [stderr]    Compiling smallvec v1.13.2
[INFO] [stderr]    Compiling tinyvec_macros v0.1.1
[INFO] [stderr]    Compiling futures-sink v0.3.30
[INFO] [stderr]    Compiling crossbeam-utils v0.8.19
[INFO] [stderr]    Compiling futures-core v0.3.30
[INFO] [stderr]    Compiling tinyvec v1.6.0
[INFO] [stderr]    Compiling version_check v0.9.4
[INFO] [stderr]    Compiling futures-task v0.3.30
[INFO] [stderr]    Compiling pin-utils v0.1.0
[INFO] [stderr]    Compiling rustversion v1.0.14
[INFO] [stderr]    Compiling bytes v1.6.0
[INFO] [stderr]    Compiling fnv v1.0.7
[INFO] [stderr]    Compiling form_urlencoded v1.2.1
[INFO] [stderr]    Compiling tracing-core v0.1.32
[INFO] [stderr]    Compiling unicode-bidi v0.3.14
[INFO] [stderr]    Compiling thiserror v1.0.61
[INFO] [stderr]    Compiling mime v0.3.17
[INFO] [stderr]    Compiling parking_lot_core v0.9.9
[INFO] [stderr]    Compiling lock_api v0.4.11
[INFO] [stderr]    Compiling slab v0.4.9
[INFO] [stderr]    Compiling num-traits v0.2.18
[INFO] [stderr]    Compiling semver v1.0.23
[INFO] [stderr]    Compiling http v1.1.0
[INFO] [stderr]    Compiling tower-layer v0.3.2
[INFO] [stderr]    Compiling async-trait v0.1.76
[INFO] [stderr]    Compiling tower-service v0.3.2
[INFO] [stderr]    Compiling simd-adler32 v0.3.7
[INFO] [stderr]    Compiling num-conv v0.1.0
[INFO] [stderr]    Compiling unicode-normalization v0.1.22
[INFO] [stderr]    Compiling time-core v0.1.2
[INFO] [stderr]    Compiling typenum v1.17.0
[INFO] [stderr]    Compiling powerfmt v0.2.0
[INFO] [stderr]    Compiling unicase v2.7.0
[INFO] [stderr]    Compiling time-macros v0.2.18
[INFO] [stderr]    Compiling futures-channel v0.3.30
[INFO] [stderr]    Compiling sync_wrapper v0.1.2
[INFO] [stderr]    Compiling subtle v2.5.0
[INFO] [stderr]    Compiling serde_json v1.0.111
[INFO] [stderr]    Compiling crossbeam-epoch v0.9.18
[INFO] [stderr]    Compiling bitflags v1.3.2
[INFO] [stderr]    Compiling rayon-core v1.12.1
[INFO] [stderr]    Compiling either v1.10.0
[INFO] [stderr]    Compiling ryu v1.0.15
[INFO] [stderr]    Compiling idna v0.5.0
[INFO] [stderr]    Compiling memchr v2.6.3
[INFO] [stderr]    Compiling adler v1.0.2
[INFO] [stderr]    Compiling quote v1.0.35
[INFO] [stderr]    Compiling ppv-lite86 v0.2.17
[INFO] [stderr]    Compiling miniz_oxide v0.7.1
[INFO] [stderr]    Compiling syn v1.0.109
[INFO] [stderr]    Compiling getrandom v0.2.10
[INFO] [stderr]    Compiling syn v2.0.48
[INFO] [stderr]    Compiling mio v0.8.10
[INFO] [stderr]    Compiling signal-hook-registry v1.4.1
[INFO] [stderr]    Compiling http-body v1.0.0
[INFO] [stderr]    Compiling rand_core v0.6.4
[INFO] [stderr]    Compiling socket2 v0.5.5
[INFO] [stderr]    Compiling num_cpus v1.16.0
[INFO] [stderr]    Compiling axum-core v0.4.3
[INFO] [stderr]    Compiling url v2.5.0
[INFO] [stderr]    Compiling crossbeam-deque v0.8.5
[INFO] [stderr]    Compiling rand_chacha v0.3.1
[INFO] [stderr]    Compiling httparse v1.8.0
[INFO] [stderr]    Compiling anyhow v1.0.80
[INFO] [stderr]    Compiling cc v1.0.83
[INFO] [stderr]    Compiling mime_guess v2.0.4
[INFO] [stderr]    Compiling rand v0.8.5
[INFO] [stderr]    Compiling cookie v0.18.0
[INFO] [stderr]    Compiling crc32fast v1.4.2
[INFO] [stderr]    Compiling num-integer v0.1.46
[INFO] [stderr]    Compiling aligned-vec v0.5.0
[INFO] [stderr]    Compiling minimal-lexical v0.2.1
[INFO] [stderr]    Compiling paste v1.0.15
[INFO] [stderr]    Compiling futures-io v0.3.30
[INFO] [stderr]    Compiling libm v0.2.8
[INFO] [stderr]    Compiling num-bigint v0.4.5
[INFO] [stderr]    Compiling signal-hook v0.3.17
[INFO] [stderr]    Compiling base64 v0.22.1
[INFO] [stderr]    Compiling v_frame v0.3.8
[INFO] [stderr]    Compiling nom v7.1.3
[INFO] [stderr]    Compiling flate2 v1.0.30
[INFO] [stderr]    Compiling rayon v1.10.0
[INFO] [stderr]    Compiling hybrid-array v0.2.0-rc.8
[INFO] [stderr]    Compiling crypto-common v0.2.0-pre.5
[INFO] [stderr]    Compiling itertools v0.10.5
[INFO] [stderr]    Compiling thread_local v1.1.7
[INFO] [stderr]    Compiling untrusted v0.9.0
[INFO] [stderr]    Compiling lazy_static v1.4.0
[INFO] [stderr]    Compiling bytemuck v1.16.0
[INFO] [stderr]    Compiling rust_hawktracer_proc_macro v0.4.1
[INFO] [stderr]    Compiling ring v0.17.8
[INFO] [stderr]    Compiling rust_hawktracer_normal_macro v0.4.1
[INFO] [stderr]    Compiling httpdate v1.0.3
[INFO] [stderr]    Compiling rustls-pki-types v1.7.0
[INFO] [stderr]    Compiling rust_hawktracer v0.7.0
[INFO] [stderr]    Compiling simd_helpers v0.1.0
[INFO] [stderr]    Compiling axum v0.7.5
[INFO] [stderr]    Compiling inotify-sys v0.1.5
[INFO] [stderr]    Compiling crossbeam-channel v0.5.12
[INFO] [stderr]    Compiling overload v0.1.1
[INFO] [stderr]    Compiling radium v0.7.0
[INFO] [stderr]    Compiling block-buffer v0.11.0-pre.5
[INFO] [stderr]    Compiling rustls v0.22.4
[INFO] [stderr]    Compiling weezl v0.1.8
[INFO] [stderr]    Compiling digest v0.11.0-pre.8
[INFO] [stderr]    Compiling num-rational v0.4.2
[INFO] [stderr]    Compiling bitstream-io v1.10.0
[INFO] [stderr]    Compiling same-file v1.0.6
[INFO] [stderr]    Compiling base64ct v1.6.0
[INFO] [stderr]    Compiling new_debug_unreachable v1.0.6
[INFO] [stderr]    Compiling noop_proc_macro v0.3.0
[INFO] [stderr]    Compiling byteorder v1.5.0
[INFO] [stderr]    Compiling doc-comment v0.3.3
[INFO] [stderr]    Compiling imgref v1.10.1
[INFO] [stderr]    Compiling blake2 v0.11.0-pre.3
[INFO] [stderr]    Compiling walkdir v2.5.0
[INFO] [stderr]    Compiling humansize v2.1.3
[INFO] [stderr]    Compiling nu-ansi-term v0.46.0
[INFO] [stderr]    Compiling password-hash v0.5.0
[INFO] [stderr]    Compiling inotify v0.9.6
[INFO] [stderr]    Compiling loop9 v0.1.5
[INFO] [stderr]    Compiling signal-hook-mio v0.2.3
[INFO] [stderr]    Compiling rgb v0.8.37
[INFO] [stderr]    Compiling sharded-slab v0.1.4
[INFO] [stderr]    Compiling filetime v0.2.23
[INFO] [stderr]    Compiling askama_parser v0.2.1
[INFO] [stderr]    Compiling fdeflate v0.3.4
[INFO] [stderr]    Compiling zune-inflate v0.2.54
[INFO] [stderr]    Compiling tracing-log v0.2.0
[INFO] [stderr]    Compiling half v2.4.1
[INFO] [stderr]    Compiling bit_field v0.10.2
[INFO] [stderr]    Compiling byteorder-lite v0.1.0
[INFO] [stderr]    Compiling color_quant v1.1.0
[INFO] [stderr]    Compiling jpeg-decoder v0.3.1
[INFO] [stderr]    Compiling unicode-segmentation v1.11.0
[INFO] [stderr]    Compiling cpufeatures v0.2.12
[INFO] [stderr]    Compiling lebe v0.5.2
[INFO] [stderr]    Compiling quick-error v2.0.1
[INFO] [stderr]    Compiling matchit v0.7.3
[INFO] [stderr]    Compiling sync_wrapper v1.0.1
[INFO] [stderr]    Compiling zeroize v1.8.1
[INFO] [stderr]    Compiling unicode-xid v0.2.4
[INFO] [stderr]    Compiling askama_escape v0.10.3
[INFO] [stderr]    Compiling zune-core v0.4.12
[INFO] [stderr]    Compiling tap v1.0.1
[INFO] [stderr]    Compiling gif v0.13.1
[INFO] [stderr]    Compiling argon2 v0.6.0-pre.0
[INFO] [stderr]    Compiling wyz v0.5.1
[INFO] [stderr]    Compiling tiff v0.9.1
[INFO] [stderr]    Compiling png v0.17.13
[INFO] [stderr]    Compiling zune-jpeg v0.4.11
[INFO] [stderr]    Compiling num-derive v0.3.3
[INFO] [stderr]    Compiling maybe-rayon v0.1.1
[INFO] [stderr]    Compiling newline-converter v0.3.0
[INFO] [stderr]    Compiling tracing-subscriber v0.3.18
[INFO] [stderr]    Compiling notify v6.1.1
[INFO] [stderr]    Compiling fxhash v0.2.1
[INFO] [stderr]    Compiling webpki-roots v0.26.3
[INFO] [stderr]    Compiling qoi v0.4.1
[INFO] [stderr]    Compiling fuzzy-matcher v0.3.7
[INFO] [stderr]    Compiling rustc-hash v1.1.0
[INFO] [stderr]    Compiling strsim v0.10.0
[INFO] [stderr]    Compiling unicode-width v0.1.11
[INFO] [stderr]    Compiling base64 v0.21.7
[INFO] [stderr]    Compiling funty v2.0.0
[INFO] [stderr]    Compiling urlencoding v2.1.3
[INFO] [stderr]    Compiling hashbrown v0.14.0
[INFO] [stderr]    Compiling finl_unicode v1.2.0
[INFO] [stderr]    Compiling heck v0.5.0
[INFO] [stderr]    Compiling dyn-clone v1.0.17
[INFO] [stderr]    Compiling notify-debouncer-mini v0.4.1
[INFO] [stderr]    Compiling password-auth v1.1.0-pre.0
[INFO] [stderr]    Compiling itertools v0.13.0
[INFO] [stderr]    Compiling strum v0.26.3
[INFO] [stderr]    Compiling bitvec v1.0.1
[INFO] [stderr]    Compiling serde_derive v1.0.203
[INFO] [stderr]    Compiling futures-macro v0.3.30
[INFO] [stderr]    Compiling tokio-macros v2.3.0
[INFO] [stderr]    Compiling thiserror-impl v1.0.61
[INFO] [stderr]    Compiling tracing-attributes v0.1.27
[INFO] [stderr]    Compiling pin-project-internal v1.1.3
[INFO] [stderr]    Compiling arg_enum_proc_macro v0.3.4
[INFO] [stderr]    Compiling derive_more-impl v1.0.0-beta.6
[INFO] [stderr]    Compiling strum_macros v0.26.4
[INFO] [stderr]    Compiling image-webp v0.1.2
[INFO] [stderr]    Compiling futures-util v0.3.30
[INFO] [stderr]    Compiling tokio v1.38.0
[INFO] [stderr]    Compiling pin-project v1.1.3
[INFO] [stderr]    Compiling tracing v0.1.40
[INFO] [stderr]    Compiling derive_more v1.0.0-beta.6
[INFO] [stderr]    Compiling http-body-util v0.1.0
[INFO] [stderr]    Compiling futures v0.3.30
[INFO] [stderr]    Compiling hyper v1.3.1
[INFO] [stderr]    Compiling tower v0.4.13
[INFO] [stderr]    Compiling hyper-util v0.1.3
[INFO] [stderr]    Compiling deranged v0.3.11
[INFO] [stderr]    Compiling arrayvec v0.7.4
[INFO] [stderr]    Compiling bitflags v2.4.2
[INFO] [stderr]    Compiling serde_urlencoded v0.7.1
[INFO] [stderr]    Compiling serde_path_to_error v0.1.14
[INFO] [stderr]    Compiling ulid v1.1.2
[INFO] [stderr]    Compiling bincode v1.3.3
[INFO] [stderr]    Compiling spin v0.9.8
[INFO] [stderr]    Compiling parking_lot v0.12.3
[INFO] [stderr]    Compiling dashmap v6.0.1
[INFO] [stderr]    Compiling ron v0.8.1
[INFO] [stderr]    Compiling tower-http v0.5.2
[INFO] [stderr]    Compiling av1-grain v0.2.3
[INFO] [stderr]    Compiling avif-serialize v0.8.1
[INFO] [stderr]    Compiling rustrict v0.7.25
[INFO] [stderr]    Compiling toml v0.5.11
[INFO] [stderr]    Compiling basic-toml v0.1.8
[INFO] [stderr]    Compiling flume v0.11.0
[INFO] [stderr]    Compiling rustc_version v0.4.0
[INFO] [stderr]    Compiling crossterm v0.25.0
[INFO] [stderr]    Compiling time v0.3.36
[INFO] [stderr]    Compiling exr v1.72.0
[INFO] [stderr]    Compiling cargo-lock v8.0.3
[INFO] [stderr]    Compiling askama_derive v0.12.5
[INFO] [stderr]    Compiling built v0.5.2
[INFO] [stderr]    Compiling inquire v0.7.5
[INFO] [stderr]    Compiling rav1e v0.6.6
[INFO] [stderr]    Compiling rustls-webpki v0.102.4
[INFO] [stderr]    Compiling tower-sessions-core v0.12.2
[INFO] [stderr]    Compiling tracing-appender v0.2.3
[INFO] [stderr]    Compiling tower-cookies v0.10.0
[INFO] [stderr]    Compiling tower-sessions-memory-store v0.12.2
[INFO] [stderr]    Compiling tower-sessions v0.12.2
[INFO] [stderr]    Compiling askama v0.12.1
[INFO] [stderr]    Compiling askama_axum v0.4.0
[INFO] [stderr]    Compiling ureq v2.9.7
[INFO] [stderr]    Compiling axum-login v0.15.3
[INFO] [stderr]    Compiling ravif v0.11.3
[INFO] [stderr]    Compiling image v0.25.1
[INFO] [stderr]    Compiling voyager v0.9.6 (/opt/rustwide/workdir)
[INFO] [stderr]     Finished `dev` profile [unoptimized + debuginfo] target(s) in 1m 55s
[INFO] running `Command { std: "docker" "inspect" "8a89c9bb90c46cc78beebfdd8efcba87319b8daa758ac4e686971a7777e45a07", kill_on_drop: false }`
[INFO] running `Command { std: "docker" "rm" "-f" "8a89c9bb90c46cc78beebfdd8efcba87319b8daa758ac4e686971a7777e45a07", kill_on_drop: false }`
[INFO] [stdout] 8a89c9bb90c46cc78beebfdd8efcba87319b8daa758ac4e686971a7777e45a07
[INFO] running `Command { std: "docker" "create" "-v" "/var/lib/crater-agent-workspace/builds/worker-5-tc2/target:/opt/rustwide/target:rw,Z" "-v" "/var/lib/crater-agent-workspace/builds/worker-5-tc2/source:/opt/rustwide/workdir:ro,Z" "-v" "/var/lib/crater-agent-workspace/cargo-home:/opt/rustwide/cargo-home:ro,Z" "-v" "/var/lib/crater-agent-workspace/rustup-home:/opt/rustwide/rustup-home:ro,Z" "-e" "SOURCE_DIR=/opt/rustwide/workdir" "-e" "CARGO_TARGET_DIR=/opt/rustwide/target" "-e" "CARGO_INCREMENTAL=0" "-e" "RUST_BACKTRACE=full" "-e" "RUSTFLAGS=--cap-lints=warn" "-e" "RUSTDOCFLAGS=--cap-lints=warn" "-e" "CARGO_HOME=/opt/rustwide/cargo-home" "-e" "RUSTUP_HOME=/opt/rustwide/rustup-home" "-w" "/opt/rustwide/workdir" "-m" "1610612736" "--user" "0:0" "--network" "none" "ghcr.io/rust-lang/crates-build-env/linux@sha256:f3a9d4ad9d972b27faf3965f35b62e55ba32bbce8f20bc8fe909558a86702fde" "/opt/rustwide/cargo-home/bin/cargo" "+beta-2024-12-08" "test" "--frozen" "--no-run" "--message-format=json", kill_on_drop: false }`
[INFO] [stdout] 0e363a9d62812a7a394fe97f2234398b1c46a382a3ce58a72ed722f5e5798777
[INFO] running `Command { std: "docker" "start" "-a" "0e363a9d62812a7a394fe97f2234398b1c46a382a3ce58a72ed722f5e5798777", kill_on_drop: false }`
[INFO] [stderr]    Compiling futures-io v0.3.30
[INFO] [stderr]    Compiling unicase v2.7.0
[INFO] [stderr]    Compiling rand v0.8.5
[INFO] [stderr]    Compiling try-lock v0.2.5
[INFO] [stderr]    Compiling http v0.2.11
[INFO] [stderr]    Compiling diff v0.1.13
[INFO] [stderr]    Compiling yansi v0.5.1
[INFO] [stderr]    Compiling reserve-port v2.0.1
[INFO] [stderr]    Compiling auto-future v1.0.0
[INFO] [stderr]    Compiling want v0.3.1
[INFO] [stderr]    Compiling futures-util v0.3.30
[INFO] [stderr]    Compiling mime_guess v2.0.4
[INFO] [stderr]    Compiling pretty_assertions v1.4.0
[INFO] [stderr]    Compiling ulid v1.1.2
[INFO] [stderr]    Compiling askama_derive v0.12.5
[INFO] [stderr]    Compiling askama v0.12.1
[INFO] [stderr]    Compiling http-body-util v0.1.0
[INFO] [stderr]    Compiling tower v0.4.13
[INFO] [stderr]    Compiling futures v0.3.30
[INFO] [stderr]    Compiling hyper v1.3.1
[INFO] [stderr]    Compiling rust-multipart-rfc7578_2 v0.6.1
[INFO] [stderr]    Compiling axum-core v0.4.3
[INFO] [stderr]    Compiling tower-http v0.5.2
[INFO] [stderr]    Compiling hyper-util v0.1.3
[INFO] [stderr]    Compiling tower-sessions-core v0.12.2
[INFO] [stderr]    Compiling axum v0.7.5
[INFO] [stderr]    Compiling tower-cookies v0.10.0
[INFO] [stderr]    Compiling askama_axum v0.4.0
[INFO] [stderr]    Compiling tower-sessions-memory-store v0.12.2
[INFO] [stderr]    Compiling tower-sessions v0.12.2
[INFO] [stderr]    Compiling axum-login v0.15.3
[INFO] [stderr]    Compiling axum-test v15.2.0
[INFO] [stderr]    Compiling voyager v0.9.6 (/opt/rustwide/workdir)
[INFO] [stderr]     Finished `test` profile [unoptimized + debuginfo] target(s) in 34.74s
[INFO] running `Command { std: "docker" "inspect" "0e363a9d62812a7a394fe97f2234398b1c46a382a3ce58a72ed722f5e5798777", kill_on_drop: false }`
[INFO] running `Command { std: "docker" "rm" "-f" "0e363a9d62812a7a394fe97f2234398b1c46a382a3ce58a72ed722f5e5798777", kill_on_drop: false }`
[INFO] [stdout] 0e363a9d62812a7a394fe97f2234398b1c46a382a3ce58a72ed722f5e5798777
[INFO] running `Command { std: "docker" "create" "-v" "/var/lib/crater-agent-workspace/builds/worker-5-tc2/target:/opt/rustwide/target:rw,Z" "-v" "/var/lib/crater-agent-workspace/builds/worker-5-tc2/source:/opt/rustwide/workdir:ro,Z" "-v" "/var/lib/crater-agent-workspace/cargo-home:/opt/rustwide/cargo-home:ro,Z" "-v" "/var/lib/crater-agent-workspace/rustup-home:/opt/rustwide/rustup-home:ro,Z" "-e" "SOURCE_DIR=/opt/rustwide/workdir" "-e" "CARGO_TARGET_DIR=/opt/rustwide/target" "-e" "CARGO_INCREMENTAL=0" "-e" "RUST_BACKTRACE=full" "-e" "RUSTFLAGS=--cap-lints=warn" "-e" "RUSTDOCFLAGS=--cap-lints=warn" "-e" "CARGO_HOME=/opt/rustwide/cargo-home" "-e" "RUSTUP_HOME=/opt/rustwide/rustup-home" "-w" "/opt/rustwide/workdir" "-m" "1610612736" "--user" "0:0" "--network" "none" "ghcr.io/rust-lang/crates-build-env/linux@sha256:f3a9d4ad9d972b27faf3965f35b62e55ba32bbce8f20bc8fe909558a86702fde" "/opt/rustwide/cargo-home/bin/cargo" "+beta-2024-12-08" "test" "--frozen", kill_on_drop: false }`
[INFO] [stdout] 7d63a70f2497fdfcd7526d4dc627f5aa0c47f9feb99f0cc7ea8a293374287044
[INFO] running `Command { std: "docker" "start" "-a" "7d63a70f2497fdfcd7526d4dc627f5aa0c47f9feb99f0cc7ea8a293374287044", kill_on_drop: false }`
[INFO] [stderr]     Finished `test` profile [unoptimized + debuginfo] target(s) in 0.25s
[INFO] [stderr]      Running unittests src/main.rs (/opt/rustwide/target/debug/deps/voyager-04877ba3a33126b8)
[INFO] [stdout] 
[INFO] [stdout] running 1 test
[INFO] [stdout] test utils::tests::voyager_tests::test_get ... FAILED
[INFO] [stdout] 
[INFO] [stdout] failures:
[INFO] [stdout] 
[INFO] [stdout] ---- utils::tests::voyager_tests::test_get stdout ----
[INFO] [stdout] [src/utils/tests.rs:84:9] &response = TestResponse {
[INFO] [stdout]     method: GET,
[INFO] [stdout]     full_request_url: Url {
[INFO] [stdout]         scheme: "http",
[INFO] [stdout]         cannot_be_a_base: false,
[INFO] [stdout]         username: "",
[INFO] [stdout]         password: None,
[INFO] [stdout]         host: Some(
[INFO] [stdout]             Domain(
[INFO] [stdout]                 "localhost",
[INFO] [stdout]             ),
[INFO] [stdout]         ),
[INFO] [stdout]         port: None,
[INFO] [stdout]         path: "/voyager",
[INFO] [stdout]         query: None,
[INFO] [stdout]         fragment: None,
[INFO] [stdout]     },
[INFO] [stdout]     headers: {
[INFO] [stdout]         "content-type": "text/plain; charset=utf-8",
[INFO] [stdout]         "content-length": "191",
[INFO] [stdout]     },
[INFO] [stdout]     status_code: 500,
[INFO] [stdout]     response_body: b"Missing request extension: Extension of type `axum::extract::connect_info::ConnectInfo<core::net::socket_addr::SocketAddr>` was not found. Perhaps you forgot to add it? See `axum::Extension`.",
[INFO] [stdout] }
[INFO] [stdout] thread 'utils::tests::voyager_tests::test_get' panicked at src/utils/tests.rs:85:9:
[INFO] [stdout] assertion failed: `(left == right)`
[INFO] [stdout] 
[INFO] [stdout] [1mDiff[0m [31m< left[0m / [32mright >[0m :
[INFO] [stdout] [31m<[0m[1;48;5;52;31m5[0m[31m00[0m
[INFO] [stdout] [32m>[0m[1;48;5;22;32m2[0m[32m00[0m
[INFO] [stdout] 
[INFO] [stdout] 
[INFO] [stdout] stack backtrace:
[INFO] [stdout]    0:     0x59a5f47e633a - std::backtrace_rs::backtrace::libunwind::trace::h8810477743020387
[INFO] [stdout]                                at /rustc/202008a1b8de96d2e5b6bc02d379db03a877d34d/library/std/src/../../backtrace/src/backtrace/libunwind.rs:116:5
[INFO] [stdout]    1:     0x59a5f47e633a - std::backtrace_rs::backtrace::trace_unsynchronized::h3aa55355dd6c54a6
[INFO] [stdout]                                at /rustc/202008a1b8de96d2e5b6bc02d379db03a877d34d/library/std/src/../../backtrace/src/backtrace/mod.rs:66:5
[INFO] [stdout]    2:     0x59a5f47e633a - std::sys::backtrace::_print_fmt::h8588b0f62410823f
[INFO] [stdout]                                at /rustc/202008a1b8de96d2e5b6bc02d379db03a877d34d/library/std/src/sys/backtrace.rs:66:9
[INFO] [stdout]    3:     0x59a5f47e633a - <std::sys::backtrace::BacktraceLock::print::DisplayBacktrace as core::fmt::Display>::fmt::h98c26ac25ffe89bb
[INFO] [stdout]                                at /rustc/202008a1b8de96d2e5b6bc02d379db03a877d34d/library/std/src/sys/backtrace.rs:39:26
[INFO] [stdout]    4:     0x59a5f48109d3 - core::fmt::rt::Argument::fmt::hf95377f4aebd453b
[INFO] [stdout]                                at /rustc/202008a1b8de96d2e5b6bc02d379db03a877d34d/library/core/src/fmt/rt.rs:177:76
[INFO] [stdout]    5:     0x59a5f48109d3 - core::fmt::write::h0dd5f6e2238c7982
[INFO] [stdout]                                at /rustc/202008a1b8de96d2e5b6bc02d379db03a877d34d/library/core/src/fmt/mod.rs:1189:21
[INFO] [stdout]    6:     0x59a5f47e1c93 - std::io::Write::write_fmt::h03bb0ca26e6faf8c
[INFO] [stdout]                                at /rustc/202008a1b8de96d2e5b6bc02d379db03a877d34d/library/std/src/io/mod.rs:1884:15
[INFO] [stdout]    7:     0x59a5f47e6182 - std::sys::backtrace::BacktraceLock::print::h5c19c1c038ee186d
[INFO] [stdout]                                at /rustc/202008a1b8de96d2e5b6bc02d379db03a877d34d/library/std/src/sys/backtrace.rs:42:9
[INFO] [stdout]    8:     0x59a5f47e77bd - std::panicking::default_hook::{{closure}}::h77172f079a1fcb13
[INFO] [stdout]                                at /rustc/202008a1b8de96d2e5b6bc02d379db03a877d34d/library/std/src/panicking.rs:268:22
[INFO] [stdout]    9:     0x59a5f47e75c7 - std::panicking::default_hook::he5f8e3b203ccddba
[INFO] [stdout]                                at /rustc/202008a1b8de96d2e5b6bc02d379db03a877d34d/library/std/src/panicking.rs:292:9
[INFO] [stdout]   10:     0x59a5f3bb1917 - <alloc::boxed::Box<F,A> as core::ops::function::Fn<Args>>::call::h7a3c7b4a1ae77f2f
[INFO] [stdout]                                at /rustc/202008a1b8de96d2e5b6bc02d379db03a877d34d/library/alloc/src/boxed.rs:1986:9
[INFO] [stdout]   11:     0x59a5f3bb1917 - test::test_main::{{closure}}::hf0d3b69ae9b353d1
[INFO] [stdout]                                at /rustc/202008a1b8de96d2e5b6bc02d379db03a877d34d/library/test/src/lib.rs:134:21
[INFO] [stdout]   12:     0x59a5f47e7e68 - <alloc::boxed::Box<F,A> as core::ops::function::Fn<Args>>::call::h6332e82e7b189abd
[INFO] [stdout]                                at /rustc/202008a1b8de96d2e5b6bc02d379db03a877d34d/library/alloc/src/boxed.rs:1986:9
[INFO] [stdout]   13:     0x59a5f47e7e68 - std::panicking::rust_panic_with_hook::h53863d4e9018df39
[INFO] [stdout]                                at /rustc/202008a1b8de96d2e5b6bc02d379db03a877d34d/library/std/src/panicking.rs:809:13
[INFO] [stdout]   14:     0x59a5f47e7c2a - std::panicking::begin_panic_handler::{{closure}}::h67280e6fa0757873
[INFO] [stdout]                                at /rustc/202008a1b8de96d2e5b6bc02d379db03a877d34d/library/std/src/panicking.rs:674:13
[INFO] [stdout]   15:     0x59a5f47e6819 - std::sys::backtrace::__rust_end_short_backtrace::h1dac3f54d6fbbeb2
[INFO] [stdout]                                at /rustc/202008a1b8de96d2e5b6bc02d379db03a877d34d/library/std/src/sys/backtrace.rs:170:18
[INFO] [stdout]   16:     0x59a5f47e78bc - rust_begin_unwind
[INFO] [stdout]                                at /rustc/202008a1b8de96d2e5b6bc02d379db03a877d34d/library/std/src/panicking.rs:665:5
[INFO] [stdout]   17:     0x59a5f3a3f330 - core::panicking::panic_fmt::h6792bd1b2bf01041
[INFO] [stdout]                                at /rustc/202008a1b8de96d2e5b6bc02d379db03a877d34d/library/core/src/panicking.rs:76:14
[INFO] [stdout]   18:     0x59a5f3b20992 - voyager::utils::tests::voyager_tests::test_get::{{closure}}::h9f00662bba3db7eb
[INFO] [stdout]                                at /opt/rustwide/workdir/src/utils/tests.rs:85:9
[INFO] [stdout]   19:     0x59a5f3aaafdf - <core::pin::Pin<P> as core::future::future::Future>::poll::h914d2b37a85f38f5
[INFO] [stdout]                                at /rustc/202008a1b8de96d2e5b6bc02d379db03a877d34d/library/core/src/future/future.rs:124:9
[INFO] [stdout]   20:     0x59a5f3aaaf1b - <core::pin::Pin<P> as core::future::future::Future>::poll::h5ab73cdee27d93d9
[INFO] [stdout]                                at /rustc/202008a1b8de96d2e5b6bc02d379db03a877d34d/library/core/src/future/future.rs:124:9
[INFO] [stdout]   21:     0x59a5f3b2d6ce - tokio::runtime::scheduler::current_thread::CoreGuard::block_on::{{closure}}::{{closure}}::{{closure}}::hb68a07bf1157c380
[INFO] [stdout]                                at /opt/rustwide/cargo-home/registry/src/index.crates.io-6f17d22bba15001f/tokio-1.38.0/src/runtime/scheduler/current_thread/mod.rs:659:57
[INFO] [stdout]   22:     0x59a5f3b2d5f5 - tokio::runtime::coop::with_budget::h868becc9073ea806
[INFO] [stdout]                                at /opt/rustwide/cargo-home/registry/src/index.crates.io-6f17d22bba15001f/tokio-1.38.0/src/runtime/coop.rs:107:5
[INFO] [stdout]   23:     0x59a5f3b2d5f5 - tokio::runtime::coop::budget::hc759d10181fc551d
[INFO] [stdout]                                at /opt/rustwide/cargo-home/registry/src/index.crates.io-6f17d22bba15001f/tokio-1.38.0/src/runtime/coop.rs:73:5
[INFO] [stdout]   24:     0x59a5f3b2d5f5 - tokio::runtime::scheduler::current_thread::CoreGuard::block_on::{{closure}}::{{closure}}::h57b48db01afd85b3
[INFO] [stdout]                                at /opt/rustwide/cargo-home/registry/src/index.crates.io-6f17d22bba15001f/tokio-1.38.0/src/runtime/scheduler/current_thread/mod.rs:659:25
[INFO] [stdout]   25:     0x59a5f3b2c1dd - tokio::runtime::scheduler::current_thread::Context::enter::hb4ab46133657b3a4
[INFO] [stdout]                                at /opt/rustwide/cargo-home/registry/src/index.crates.io-6f17d22bba15001f/tokio-1.38.0/src/runtime/scheduler/current_thread/mod.rs:404:19
[INFO] [stdout]   26:     0x59a5f3b2cd9e - tokio::runtime::scheduler::current_thread::CoreGuard::block_on::{{closure}}::h595a3741bc4573a3
[INFO] [stdout]                                at /opt/rustwide/cargo-home/registry/src/index.crates.io-6f17d22bba15001f/tokio-1.38.0/src/runtime/scheduler/current_thread/mod.rs:658:36
[INFO] [stdout]   27:     0x59a5f3b2cacb - tokio::runtime::scheduler::current_thread::CoreGuard::enter::{{closure}}::ha6984afa5e057ec0
[INFO] [stdout]                                at /opt/rustwide/cargo-home/registry/src/index.crates.io-6f17d22bba15001f/tokio-1.38.0/src/runtime/scheduler/current_thread/mod.rs:737:68
[INFO] [stdout]   28:     0x59a5f3a61e7a - tokio::runtime::context::scoped::Scoped<T>::set::h30004586280afe1c
[INFO] [stdout]                                at /opt/rustwide/cargo-home/registry/src/index.crates.io-6f17d22bba15001f/tokio-1.38.0/src/runtime/context/scoped.rs:40:9
[INFO] [stdout]   29:     0x59a5f3ae8e7a - tokio::runtime::context::set_scheduler::{{closure}}::he8462a2481a7d256
[INFO] [stdout]                                at /opt/rustwide/cargo-home/registry/src/index.crates.io-6f17d22bba15001f/tokio-1.38.0/src/runtime/context.rs:180:26
[INFO] [stdout]   30:     0x59a5f3a42815 - std::thread::local::LocalKey<T>::try_with::h67fb5a510cf83c1a
[INFO] [stdout]                                at /rustc/202008a1b8de96d2e5b6bc02d379db03a877d34d/library/std/src/thread/local.rs:283:12
[INFO] [stdout]   31:     0x59a5f3a4266c - std::thread::local::LocalKey<T>::with::hb7345526e19581d7
[INFO] [stdout]                                at /rustc/202008a1b8de96d2e5b6bc02d379db03a877d34d/library/std/src/thread/local.rs:260:9
[INFO] [stdout]   32:     0x59a5f3ae8e21 - tokio::runtime::context::set_scheduler::he673746535147d67
[INFO] [stdout]                                at /opt/rustwide/cargo-home/registry/src/index.crates.io-6f17d22bba15001f/tokio-1.38.0/src/runtime/context.rs:180:9
[INFO] [stdout]   33:     0x59a5f3b2c7fe - tokio::runtime::scheduler::current_thread::CoreGuard::enter::h464745a9a6d27a5d
[INFO] [stdout]                                at /opt/rustwide/cargo-home/registry/src/index.crates.io-6f17d22bba15001f/tokio-1.38.0/src/runtime/scheduler/current_thread/mod.rs:737:27
[INFO] [stdout]   34:     0x59a5f3b2cb08 - tokio::runtime::scheduler::current_thread::CoreGuard::block_on::hfd1b35fa880b314b
[INFO] [stdout]                                at /opt/rustwide/cargo-home/registry/src/index.crates.io-6f17d22bba15001f/tokio-1.38.0/src/runtime/scheduler/current_thread/mod.rs:646:19
[INFO] [stdout]   35:     0x59a5f3b2b8ac - tokio::runtime::scheduler::current_thread::CurrentThread::block_on::{{closure}}::h67170a4503154402
[INFO] [stdout]                                at /opt/rustwide/cargo-home/registry/src/index.crates.io-6f17d22bba15001f/tokio-1.38.0/src/runtime/scheduler/current_thread/mod.rs:175:28
[INFO] [stdout]   36:     0x59a5f3a55517 - tokio::runtime::context::runtime::enter_runtime::hbe2fc96207a4124a
[INFO] [stdout]                                at /opt/rustwide/cargo-home/registry/src/index.crates.io-6f17d22bba15001f/tokio-1.38.0/src/runtime/context/runtime.rs:65:16
[INFO] [stdout]   37:     0x59a5f3b2b7a6 - tokio::runtime::scheduler::current_thread::CurrentThread::block_on::h3b51c001555caba8
[INFO] [stdout]                                at /opt/rustwide/cargo-home/registry/src/index.crates.io-6f17d22bba15001f/tokio-1.38.0/src/runtime/scheduler/current_thread/mod.rs:167:9
[INFO] [stdout]   38:     0x59a5f3a748aa - tokio::runtime::runtime::Runtime::block_on::he290daebf50d0b23
[INFO] [stdout]                                at /opt/rustwide/cargo-home/registry/src/index.crates.io-6f17d22bba15001f/tokio-1.38.0/src/runtime/runtime.rs:347:47
[INFO] [stdout]   39:     0x59a5f3b2032e - voyager::utils::tests::voyager_tests::test_get::h2f54672eeb7b68c9
[INFO] [stdout]                                at /opt/rustwide/workdir/src/utils/tests.rs:86:9
[INFO] [stdout]   40:     0x59a5f3b201cd - voyager::utils::tests::voyager_tests::test_get::{{closure}}::h864eb2c5c7d7a828
[INFO] [stdout]                                at /opt/rustwide/workdir/src/utils/tests.rs:81:28
[INFO] [stdout]   41:     0x59a5f3aa2126 - core::ops::function::FnOnce::call_once::hb796d231e479d5dc
[INFO] [stdout]                                at /rustc/202008a1b8de96d2e5b6bc02d379db03a877d34d/library/core/src/ops/function.rs:250:5
[INFO] [stdout]   42:     0x59a5f3bb643b - core::ops::function::FnOnce::call_once::h871bf86719ec9aa4
[INFO] [stdout]                                at /rustc/202008a1b8de96d2e5b6bc02d379db03a877d34d/library/core/src/ops/function.rs:250:5
[INFO] [stdout]   43:     0x59a5f3bb643b - test::__rust_begin_short_backtrace::h2167df1e2b7d76fd
[INFO] [stdout]                                at /rustc/202008a1b8de96d2e5b6bc02d379db03a877d34d/library/test/src/lib.rs:632:18
[INFO] [stdout]   44:     0x59a5f3bb5e28 - test::run_test_in_process::{{closure}}::h15d92f75a3adfb79
[INFO] [stdout]                                at /rustc/202008a1b8de96d2e5b6bc02d379db03a877d34d/library/test/src/lib.rs:655:60
[INFO] [stdout]   45:     0x59a5f3bb5e28 - <core::panic::unwind_safe::AssertUnwindSafe<F> as core::ops::function::FnOnce<()>>::call_once::hb6c8955835a8dbbb
[INFO] [stdout]                                at /rustc/202008a1b8de96d2e5b6bc02d379db03a877d34d/library/core/src/panic/unwind_safe.rs:272:9
[INFO] [stdout]   46:     0x59a5f3bb5e28 - std::panicking::try::do_call::hc79d0fc888a0bd30
[INFO] [stdout]                                at /rustc/202008a1b8de96d2e5b6bc02d379db03a877d34d/library/std/src/panicking.rs:557:40
[INFO] [stdout]   47:     0x59a5f3bb5e28 - std::panicking::try::hb8a7878e3a8589d6
[INFO] [stdout]                                at /rustc/202008a1b8de96d2e5b6bc02d379db03a877d34d/library/std/src/panicking.rs:520:19
[INFO] [stdout]   48:     0x59a5f3bb5e28 - std::panic::catch_unwind::hb8e4600ff0ff5cfa
[INFO] [stdout]                                at /rustc/202008a1b8de96d2e5b6bc02d379db03a877d34d/library/std/src/panic.rs:358:14
[INFO] [stdout]   49:     0x59a5f3bb5e28 - test::run_test_in_process::hc2900b0b18688dd6
[INFO] [stdout]                                at /rustc/202008a1b8de96d2e5b6bc02d379db03a877d34d/library/test/src/lib.rs:655:27
[INFO] [stdout]   50:     0x59a5f3bb5e28 - test::run_test::{{closure}}::hac2a9cb07be3d48d
[INFO] [stdout]                                at /rustc/202008a1b8de96d2e5b6bc02d379db03a877d34d/library/test/src/lib.rs:576:43
[INFO] [stdout]   51:     0x59a5f3b798ca - test::run_test::{{closure}}::h4a5b729e66a38cd8
[INFO] [stdout]                                at /rustc/202008a1b8de96d2e5b6bc02d379db03a877d34d/library/test/src/lib.rs:606:41
[INFO] [stdout]   52:     0x59a5f3b798ca - std::sys::backtrace::__rust_begin_short_backtrace::h0496fb742492f573
[INFO] [stdout]                                at /rustc/202008a1b8de96d2e5b6bc02d379db03a877d34d/library/std/src/sys/backtrace.rs:154:18
[INFO] [stdout]   53:     0x59a5f3b7d244 - std::thread::Builder::spawn_unchecked_::{{closure}}::{{closure}}::hbb6d257c550a54bd
[INFO] [stdout]                                at /rustc/202008a1b8de96d2e5b6bc02d379db03a877d34d/library/std/src/thread/mod.rs:561:17
[INFO] [stdout]   54:     0x59a5f3b7d244 - <core::panic::unwind_safe::AssertUnwindSafe<F> as core::ops::function::FnOnce<()>>::call_once::h46696fe4a6832328
[INFO] [stdout]                                at /rustc/202008a1b8de96d2e5b6bc02d379db03a877d34d/library/core/src/panic/unwind_safe.rs:272:9
[INFO] [stdout]   55:     0x59a5f3b7d244 - std::panicking::try::do_call::h2625a51b667bfb64
[INFO] [stdout]                                at /rustc/202008a1b8de96d2e5b6bc02d379db03a877d34d/library/std/src/panicking.rs:557:40
[INFO] [stdout]   56:     0x59a5f3b7d244 - std::panicking::try::hb956a59a1973aa4c
[INFO] [stdout]                                at /rustc/202008a1b8de96d2e5b6bc02d379db03a877d34d/library/std/src/panicking.rs:520:19
[INFO] [stdout]   57:     0x59a5f3b7d244 - std::panic::catch_unwind::h64f3b9d1067ef6a0
[INFO] [stdout]                                at /rustc/202008a1b8de96d2e5b6bc02d379db03a877d34d/library/std/src/panic.rs:358:14
[INFO] [stdout]   58:     0x59a5f3b7d244 - std::thread::Builder::spawn_unchecked_::{{closure}}::h42b2841295b6c0b2
[INFO] [stdout]                                at /rustc/202008a1b8de96d2e5b6bc02d379db03a877d34d/library/std/src/thread/mod.rs:559:30
[INFO] [stdout]   59:     0x59a5f3b7d244 - core::ops::function::FnOnce::call_once{{vtable.shim}}::h6127de71b8124639
[INFO] [stdout]                                at /rustc/202008a1b8de96d2e5b6bc02d379db03a877d34d/library/core/src/ops/function.rs:250:5
[INFO] [stdout]   60:     0x59a5f47ebf8b - <alloc::boxed::Box<F,A> as core::ops::function::FnOnce<Args>>::call_once::h42f0ba71002a1b2c
[INFO] [stdout]                                at /rustc/202008a1b8de96d2e5b6bc02d379db03a877d34d/library/alloc/src/boxed.rs:1972:9
[INFO] [stdout]   61:     0x59a5f47ebf8b - <alloc::boxed::Box<F,A> as core::ops::function::FnOnce<Args>>::call_once::had9e47d7a3dcecb8
[INFO] [stdout]                                at /rustc/202008a1b8de96d2e5b6bc02d379db03a877d34d/library/alloc/src/boxed.rs:1972:9
[INFO] [stdout]   62:     0x59a5f47ebf8b - std::sys::pal::unix::thread::Thread::new::thread_start::h48cf765408f6f5f2
[INFO] [stdout]                                at /rustc/202008a1b8de96d2e5b6bc02d379db03a877d34d/library/std/src/sys/pal/unix/thread.rs:105:17
[INFO] [stdout]   63:     0x7d3cce98aac3 - <unknown>
[INFO] [stdout]   64:     0x7d3ccea1ba04 - clone
[INFO] [stdout]   65:                0x0 - <unknown>
[INFO] [stdout] 
[INFO] [stdout] 
[INFO] [stdout] failures:
[INFO] [stdout]     utils::tests::voyager_tests::test_get
[INFO] [stdout] 
[INFO] [stdout] test result: FAILED. 0 passed; 1 failed; 0 ignored; 0 measured; 0 filtered out; finished in 0.08s
[INFO] [stdout] 
[INFO] [stderr] error: test failed, to rerun pass `--bin voyager`
[INFO] running `Command { std: "docker" "inspect" "7d63a70f2497fdfcd7526d4dc627f5aa0c47f9feb99f0cc7ea8a293374287044", kill_on_drop: false }`
[INFO] running `Command { std: "docker" "rm" "-f" "7d63a70f2497fdfcd7526d4dc627f5aa0c47f9feb99f0cc7ea8a293374287044", kill_on_drop: false }`
[INFO] [stdout] 7d63a70f2497fdfcd7526d4dc627f5aa0c47f9feb99f0cc7ea8a293374287044
