[INFO] cloning repository https://github.com/herrsmitty8128/cli_tools
[INFO] running `Command { std: "git" "-c" "credential.helper=" "-c" "credential.helper=/workspace/cargo-home/bin/git-credential-null" "clone" "--bare" "https://github.com/herrsmitty8128/cli_tools" "/workspace/cache/git-repos/https%3A%2F%2Fgithub.com%2Fherrsmitty8128%2Fcli_tools", kill_on_drop: false }`
[INFO] [stderr] Cloning into bare repository '/workspace/cache/git-repos/https%3A%2F%2Fgithub.com%2Fherrsmitty8128%2Fcli_tools'...
[INFO] running `Command { std: "git" "rev-parse" "HEAD", kill_on_drop: false }`
[INFO] [stdout] d1aad4639843a4415679522643921a7d87fa9ea2
[INFO] testing herrsmitty8128/cli_tools against 1.83.0 for beta-1.84.0-4-retry
[INFO] running `Command { std: "git" "clone" "/workspace/cache/git-repos/https%3A%2F%2Fgithub.com%2Fherrsmitty8128%2Fcli_tools" "/workspace/builds/worker-4-tc1/source", kill_on_drop: false }`
[INFO] [stderr] Cloning into '/workspace/builds/worker-4-tc1/source'...
[INFO] [stderr] done.
[INFO] validating manifest of git repo https://github.com/herrsmitty8128/cli_tools on toolchain 1.83.0
[INFO] running `Command { std: CARGO_HOME="/workspace/cargo-home" RUSTUP_HOME="/workspace/rustup-home" "/workspace/cargo-home/bin/cargo" "+1.83.0" "metadata" "--manifest-path" "Cargo.toml" "--no-deps", kill_on_drop: false }`
[INFO] started tweaking git repo https://github.com/herrsmitty8128/cli_tools
[INFO] finished tweaking git repo https://github.com/herrsmitty8128/cli_tools
[INFO] tweaked toml for git repo https://github.com/herrsmitty8128/cli_tools written to /workspace/builds/worker-4-tc1/source/Cargo.toml
[INFO] crate git repo https://github.com/herrsmitty8128/cli_tools already has a lockfile, it will not be regenerated
[INFO] running `Command { std: CARGO_HOME="/workspace/cargo-home" RUSTUP_HOME="/workspace/rustup-home" "/workspace/cargo-home/bin/cargo" "+1.83.0" "fetch" "--manifest-path" "Cargo.toml", kill_on_drop: false }`
[INFO] running `Command { std: "docker" "create" "-v" "/var/lib/crater-agent-workspace/builds/worker-4-tc1/target:/opt/rustwide/target:rw,Z" "-v" "/var/lib/crater-agent-workspace/builds/worker-4-tc1/source:/opt/rustwide/workdir:ro,Z" "-v" "/var/lib/crater-agent-workspace/cargo-home:/opt/rustwide/cargo-home:ro,Z" "-v" "/var/lib/crater-agent-workspace/rustup-home:/opt/rustwide/rustup-home:ro,Z" "-e" "SOURCE_DIR=/opt/rustwide/workdir" "-e" "CARGO_TARGET_DIR=/opt/rustwide/target" "-e" "CARGO_HOME=/opt/rustwide/cargo-home" "-e" "RUSTUP_HOME=/opt/rustwide/rustup-home" "-w" "/opt/rustwide/workdir" "-m" "1610612736" "--user" "0:0" "--network" "none" "ghcr.io/rust-lang/crates-build-env/linux@sha256:f3a9d4ad9d972b27faf3965f35b62e55ba32bbce8f20bc8fe909558a86702fde" "/opt/rustwide/cargo-home/bin/cargo" "+1.83.0" "metadata" "--no-deps" "--format-version=1", kill_on_drop: false }`
[INFO] [stdout] 2e17604c54b9528f65cb00ab961198cff601d80af465dab383dbee6be30242e1
[INFO] running `Command { std: "docker" "start" "-a" "2e17604c54b9528f65cb00ab961198cff601d80af465dab383dbee6be30242e1", kill_on_drop: false }`
[INFO] running `Command { std: "docker" "inspect" "2e17604c54b9528f65cb00ab961198cff601d80af465dab383dbee6be30242e1", kill_on_drop: false }`
[INFO] running `Command { std: "docker" "rm" "-f" "2e17604c54b9528f65cb00ab961198cff601d80af465dab383dbee6be30242e1", kill_on_drop: false }`
[INFO] [stdout] 2e17604c54b9528f65cb00ab961198cff601d80af465dab383dbee6be30242e1
[INFO] running `Command { std: "docker" "create" "-v" "/var/lib/crater-agent-workspace/builds/worker-4-tc1/target:/opt/rustwide/target:rw,Z" "-v" "/var/lib/crater-agent-workspace/builds/worker-4-tc1/source:/opt/rustwide/workdir:ro,Z" "-v" "/var/lib/crater-agent-workspace/cargo-home:/opt/rustwide/cargo-home:ro,Z" "-v" "/var/lib/crater-agent-workspace/rustup-home:/opt/rustwide/rustup-home:ro,Z" "-e" "SOURCE_DIR=/opt/rustwide/workdir" "-e" "CARGO_TARGET_DIR=/opt/rustwide/target" "-e" "CARGO_INCREMENTAL=0" "-e" "RUST_BACKTRACE=full" "-e" "RUSTFLAGS=--cap-lints=warn" "-e" "RUSTDOCFLAGS=--cap-lints=warn" "-e" "CARGO_HOME=/opt/rustwide/cargo-home" "-e" "RUSTUP_HOME=/opt/rustwide/rustup-home" "-w" "/opt/rustwide/workdir" "-m" "1610612736" "--user" "0:0" "--network" "none" "ghcr.io/rust-lang/crates-build-env/linux@sha256:f3a9d4ad9d972b27faf3965f35b62e55ba32bbce8f20bc8fe909558a86702fde" "/opt/rustwide/cargo-home/bin/cargo" "+1.83.0" "build" "--frozen" "--message-format=json", kill_on_drop: false }`
[INFO] [stdout] 62cb461de7789ec22497fbe90ca5bf8f25d9ea91ca248ef92e63f79dd76ae508
[INFO] running `Command { std: "docker" "start" "-a" "62cb461de7789ec22497fbe90ca5bf8f25d9ea91ca248ef92e63f79dd76ae508", kill_on_drop: false }`
[INFO] [stderr]    Compiling cli_tools v0.1.0 (/opt/rustwide/workdir)
[INFO] [stderr]     Finished `dev` profile [unoptimized + debuginfo] target(s) in 0.92s
[INFO] running `Command { std: "docker" "inspect" "62cb461de7789ec22497fbe90ca5bf8f25d9ea91ca248ef92e63f79dd76ae508", kill_on_drop: false }`
[INFO] running `Command { std: "docker" "rm" "-f" "62cb461de7789ec22497fbe90ca5bf8f25d9ea91ca248ef92e63f79dd76ae508", kill_on_drop: false }`
[INFO] [stdout] 62cb461de7789ec22497fbe90ca5bf8f25d9ea91ca248ef92e63f79dd76ae508
[INFO] running `Command { std: "docker" "create" "-v" "/var/lib/crater-agent-workspace/builds/worker-4-tc1/target:/opt/rustwide/target:rw,Z" "-v" "/var/lib/crater-agent-workspace/builds/worker-4-tc1/source:/opt/rustwide/workdir:ro,Z" "-v" "/var/lib/crater-agent-workspace/cargo-home:/opt/rustwide/cargo-home:ro,Z" "-v" "/var/lib/crater-agent-workspace/rustup-home:/opt/rustwide/rustup-home:ro,Z" "-e" "SOURCE_DIR=/opt/rustwide/workdir" "-e" "CARGO_TARGET_DIR=/opt/rustwide/target" "-e" "CARGO_INCREMENTAL=0" "-e" "RUST_BACKTRACE=full" "-e" "RUSTFLAGS=--cap-lints=warn" "-e" "RUSTDOCFLAGS=--cap-lints=warn" "-e" "CARGO_HOME=/opt/rustwide/cargo-home" "-e" "RUSTUP_HOME=/opt/rustwide/rustup-home" "-w" "/opt/rustwide/workdir" "-m" "1610612736" "--user" "0:0" "--network" "none" "ghcr.io/rust-lang/crates-build-env/linux@sha256:f3a9d4ad9d972b27faf3965f35b62e55ba32bbce8f20bc8fe909558a86702fde" "/opt/rustwide/cargo-home/bin/cargo" "+1.83.0" "test" "--frozen" "--no-run" "--message-format=json", kill_on_drop: false }`
[INFO] [stdout] 4f6e473de8d8cf2f8960901a3c928ddd777f9a4a1e1d1d2f336cccef566046db
[INFO] running `Command { std: "docker" "start" "-a" "4f6e473de8d8cf2f8960901a3c928ddd777f9a4a1e1d1d2f336cccef566046db", kill_on_drop: false }`
[INFO] [stderr]    Compiling cli_tools v0.1.0 (/opt/rustwide/workdir)
[INFO] [stderr]     Finished `test` profile [unoptimized + debuginfo] target(s) in 0.61s
[INFO] running `Command { std: "docker" "inspect" "4f6e473de8d8cf2f8960901a3c928ddd777f9a4a1e1d1d2f336cccef566046db", kill_on_drop: false }`
[INFO] running `Command { std: "docker" "rm" "-f" "4f6e473de8d8cf2f8960901a3c928ddd777f9a4a1e1d1d2f336cccef566046db", kill_on_drop: false }`
[INFO] [stdout] 4f6e473de8d8cf2f8960901a3c928ddd777f9a4a1e1d1d2f336cccef566046db
[INFO] running `Command { std: "docker" "create" "-v" "/var/lib/crater-agent-workspace/builds/worker-4-tc1/target:/opt/rustwide/target:rw,Z" "-v" "/var/lib/crater-agent-workspace/builds/worker-4-tc1/source:/opt/rustwide/workdir:ro,Z" "-v" "/var/lib/crater-agent-workspace/cargo-home:/opt/rustwide/cargo-home:ro,Z" "-v" "/var/lib/crater-agent-workspace/rustup-home:/opt/rustwide/rustup-home:ro,Z" "-e" "SOURCE_DIR=/opt/rustwide/workdir" "-e" "CARGO_TARGET_DIR=/opt/rustwide/target" "-e" "CARGO_INCREMENTAL=0" "-e" "RUST_BACKTRACE=full" "-e" "RUSTFLAGS=--cap-lints=warn" "-e" "RUSTDOCFLAGS=--cap-lints=warn" "-e" "CARGO_HOME=/opt/rustwide/cargo-home" "-e" "RUSTUP_HOME=/opt/rustwide/rustup-home" "-w" "/opt/rustwide/workdir" "-m" "1610612736" "--user" "0:0" "--network" "none" "ghcr.io/rust-lang/crates-build-env/linux@sha256:f3a9d4ad9d972b27faf3965f35b62e55ba32bbce8f20bc8fe909558a86702fde" "/opt/rustwide/cargo-home/bin/cargo" "+1.83.0" "test" "--frozen", kill_on_drop: false }`
[INFO] [stdout] 6fd160c9fc19e2cde476ce9321c8fc82856cb383608e69d7277826888c42ff3b
[INFO] running `Command { std: "docker" "start" "-a" "6fd160c9fc19e2cde476ce9321c8fc82856cb383608e69d7277826888c42ff3b", kill_on_drop: false }`
[INFO] [stderr]     Finished `test` profile [unoptimized + debuginfo] target(s) in 0.01s
[INFO] [stderr]      Running unittests src/lib.rs (/opt/rustwide/target/debug/deps/cli_tools-f0ef077526bf24aa)
[INFO] [stdout] 
[INFO] [stdout] running 0 tests
[INFO] [stdout] 
[INFO] [stdout] test result: ok. 0 passed; 0 failed; 0 ignored; 0 measured; 0 filtered out; finished in 0.00s
[INFO] [stdout] 
[INFO] [stderr]      Running unittests src/main.rs (/opt/rustwide/target/debug/deps/cli_tools-38eaaf6be2f88a1e)
[INFO] [stdout] 
[INFO] [stdout] running 0 tests
[INFO] [stdout] 
[INFO] [stderr]    Doc-tests cli_tools
[INFO] [stdout] test result: ok. 0 passed; 0 failed; 0 ignored; 0 measured; 0 filtered out; finished in 0.00s
[INFO] [stdout] 
[INFO] [stdout] 
[INFO] [stdout] running 1 test
[INFO] [stdout] test src/lib.rs - pbar::ProgressBar::listen (line 419) ... FAILED
[INFO] [stdout] 
[INFO] [stdout] failures:
[INFO] [stdout] 
[INFO] [stdout] ---- src/lib.rs - pbar::ProgressBar::listen (line 419) stdout ----
[INFO] [stdout] error[E0432]: unresolved import `cli_tools::pbar::Progress`
[INFO] [stdout]  --> src/lib.rs:421:23
[INFO] [stdout]   |
[INFO] [stdout] 5 | use cli_tools::pbar::{Progress, ProgressBar};
[INFO] [stdout]   |                       ^^^^^^^^ no `Progress` in `pbar`
[INFO] [stdout] 
[INFO] [stdout] error[E0412]: cannot find type `Message` in this scope
[INFO] [stdout]   --> src/lib.rs:429:36
[INFO] [stdout]    |
[INFO] [stdout] 13 |     let (tx, rx) = mpsc::channel::<Message>();
[INFO] [stdout]    |                                    ^^^^^^^ not found in this scope
[INFO] [stdout]    |
[INFO] [stdout] help: consider importing this enum
[INFO] [stdout]    |
[INFO] [stdout] 2  + use cli_tools::pbar::Message;
[INFO] [stdout]    |
[INFO] [stdout] 
[INFO] [stdout] error[E0599]: no method named `show_thread` found for struct `ProgressBar` in the current scope
[INFO] [stdout]   --> src/lib.rs:447:10
[INFO] [stdout]    |
[INFO] [stdout] 31 |     pbar.show_thread(&rx);
[INFO] [stdout]    |          ^^^^^^^^^^^ method not found in `ProgressBar`
[INFO] [stdout] 
[INFO] [stdout] error: aborting due to 3 previous errors
[INFO] [stdout] 
[INFO] [stdout] Some errors have detailed explanations: E0412, E0432, E0599.
[INFO] [stdout] For more information about an error, try `rustc --explain E0412`.
[INFO] [stdout] Couldn't compile the test.
[INFO] [stdout] 
[INFO] [stdout] failures:
[INFO] [stdout]     src/lib.rs - pbar::ProgressBar::listen (line 419)
[INFO] [stdout] 
[INFO] [stdout] test result: FAILED. 0 passed; 1 failed; 0 ignored; 0 measured; 0 filtered out; finished in 0.13s
[INFO] [stdout] 
[INFO] [stderr] error: doctest failed, to rerun pass `--doc`
[INFO] running `Command { std: "docker" "inspect" "6fd160c9fc19e2cde476ce9321c8fc82856cb383608e69d7277826888c42ff3b", kill_on_drop: false }`
[INFO] running `Command { std: "docker" "rm" "-f" "6fd160c9fc19e2cde476ce9321c8fc82856cb383608e69d7277826888c42ff3b", kill_on_drop: false }`
[INFO] [stdout] 6fd160c9fc19e2cde476ce9321c8fc82856cb383608e69d7277826888c42ff3b
