[INFO] cloning repository https://github.com/henke443/svp
[INFO] running `Command { std: "git" "-c" "credential.helper=" "-c" "credential.helper=/workspace/cargo-home/bin/git-credential-null" "clone" "--bare" "https://github.com/henke443/svp" "/workspace/cache/git-repos/https%3A%2F%2Fgithub.com%2Fhenke443%2Fsvp", kill_on_drop: false }`
[INFO] [stderr] Cloning into bare repository '/workspace/cache/git-repos/https%3A%2F%2Fgithub.com%2Fhenke443%2Fsvp'...
[INFO] running `Command { std: "git" "rev-parse" "HEAD", kill_on_drop: false }`
[INFO] [stdout] f8ad7fdf05d73bdc7848cb78bbb2f84c0f837629
[INFO] testing henke443/svp against 1.83.0 for beta-1.84.0-4-retry
[INFO] running `Command { std: "git" "clone" "/workspace/cache/git-repos/https%3A%2F%2Fgithub.com%2Fhenke443%2Fsvp" "/workspace/builds/worker-4-tc1/source", kill_on_drop: false }`
[INFO] [stderr] Cloning into '/workspace/builds/worker-4-tc1/source'...
[INFO] [stderr] done.
[INFO] validating manifest of git repo https://github.com/henke443/svp on toolchain 1.83.0
[INFO] running `Command { std: CARGO_HOME="/workspace/cargo-home" RUSTUP_HOME="/workspace/rustup-home" "/workspace/cargo-home/bin/cargo" "+1.83.0" "metadata" "--manifest-path" "Cargo.toml" "--no-deps", kill_on_drop: false }`
[INFO] started tweaking git repo https://github.com/henke443/svp
[INFO] finished tweaking git repo https://github.com/henke443/svp
[INFO] tweaked toml for git repo https://github.com/henke443/svp written to /workspace/builds/worker-4-tc1/source/Cargo.toml
[INFO] crate git repo https://github.com/henke443/svp already has a lockfile, it will not be regenerated
[INFO] running `Command { std: CARGO_HOME="/workspace/cargo-home" RUSTUP_HOME="/workspace/rustup-home" "/workspace/cargo-home/bin/cargo" "+1.83.0" "fetch" "--manifest-path" "Cargo.toml", kill_on_drop: false }`
[INFO] [stderr]  Downloading crates ...
[INFO] [stderr]   Downloaded usvg v0.41.0
[INFO] [stderr]   Downloaded svgtypes v0.15.0
[INFO] [stderr]   Downloaded resvg v0.41.0
[INFO] [stderr]   Downloaded rustybuzz v0.13.0
[INFO] running `Command { std: "docker" "create" "-v" "/var/lib/crater-agent-workspace/builds/worker-4-tc1/target:/opt/rustwide/target:rw,Z" "-v" "/var/lib/crater-agent-workspace/builds/worker-4-tc1/source:/opt/rustwide/workdir:ro,Z" "-v" "/var/lib/crater-agent-workspace/cargo-home:/opt/rustwide/cargo-home:ro,Z" "-v" "/var/lib/crater-agent-workspace/rustup-home:/opt/rustwide/rustup-home:ro,Z" "-e" "SOURCE_DIR=/opt/rustwide/workdir" "-e" "CARGO_TARGET_DIR=/opt/rustwide/target" "-e" "CARGO_HOME=/opt/rustwide/cargo-home" "-e" "RUSTUP_HOME=/opt/rustwide/rustup-home" "-w" "/opt/rustwide/workdir" "-m" "1610612736" "--user" "0:0" "--network" "none" "ghcr.io/rust-lang/crates-build-env/linux@sha256:f3a9d4ad9d972b27faf3965f35b62e55ba32bbce8f20bc8fe909558a86702fde" "/opt/rustwide/cargo-home/bin/cargo" "+1.83.0" "metadata" "--no-deps" "--format-version=1", kill_on_drop: false }`
[INFO] [stdout] 98f828a752b68d3115a0b616748a78d9eca6c6d5a5d90e0b6792ac5cde07d7d0
[INFO] running `Command { std: "docker" "start" "-a" "98f828a752b68d3115a0b616748a78d9eca6c6d5a5d90e0b6792ac5cde07d7d0", kill_on_drop: false }`
[INFO] running `Command { std: "docker" "inspect" "98f828a752b68d3115a0b616748a78d9eca6c6d5a5d90e0b6792ac5cde07d7d0", kill_on_drop: false }`
[INFO] running `Command { std: "docker" "rm" "-f" "98f828a752b68d3115a0b616748a78d9eca6c6d5a5d90e0b6792ac5cde07d7d0", kill_on_drop: false }`
[INFO] [stdout] 98f828a752b68d3115a0b616748a78d9eca6c6d5a5d90e0b6792ac5cde07d7d0
[INFO] running `Command { std: "docker" "create" "-v" "/var/lib/crater-agent-workspace/builds/worker-4-tc1/target:/opt/rustwide/target:rw,Z" "-v" "/var/lib/crater-agent-workspace/builds/worker-4-tc1/source:/opt/rustwide/workdir:ro,Z" "-v" "/var/lib/crater-agent-workspace/cargo-home:/opt/rustwide/cargo-home:ro,Z" "-v" "/var/lib/crater-agent-workspace/rustup-home:/opt/rustwide/rustup-home:ro,Z" "-e" "SOURCE_DIR=/opt/rustwide/workdir" "-e" "CARGO_TARGET_DIR=/opt/rustwide/target" "-e" "CARGO_INCREMENTAL=0" "-e" "RUST_BACKTRACE=full" "-e" "RUSTFLAGS=--cap-lints=warn" "-e" "RUSTDOCFLAGS=--cap-lints=warn" "-e" "CARGO_HOME=/opt/rustwide/cargo-home" "-e" "RUSTUP_HOME=/opt/rustwide/rustup-home" "-w" "/opt/rustwide/workdir" "-m" "1610612736" "--user" "0:0" "--network" "none" "ghcr.io/rust-lang/crates-build-env/linux@sha256:f3a9d4ad9d972b27faf3965f35b62e55ba32bbce8f20bc8fe909558a86702fde" "/opt/rustwide/cargo-home/bin/cargo" "+1.83.0" "build" "--frozen" "--message-format=json", kill_on_drop: false }`
[INFO] [stdout] 3871031abc25dc3cd092268a1773b712c167fb265f5ec57632163624be17c427
[INFO] running `Command { std: "docker" "start" "-a" "3871031abc25dc3cd092268a1773b712c167fb265f5ec57632163624be17c427", kill_on_drop: false }`
[INFO] [stderr]    Compiling crc32fast v1.4.0
[INFO] [stderr]    Compiling simd-adler32 v0.3.7
[INFO] [stderr]    Compiling libc v0.2.153
[INFO] [stderr]    Compiling version_check v0.9.4
[INFO] [stderr]    Compiling cfg-if v1.0.0
[INFO] [stderr]    Compiling bytemuck v1.15.0
[INFO] [stderr]    Compiling adler v1.0.2
[INFO] [stderr]    Compiling smallvec v1.13.2
[INFO] [stderr]    Compiling float-cmp v0.9.0
[INFO] [stderr]    Compiling arrayvec v0.7.4
[INFO] [stderr]    Compiling log v0.4.21
[INFO] [stderr]    Compiling slotmap v1.0.7
[INFO] [stderr]    Compiling miniz_oxide v0.7.2
[INFO] [stderr]    Compiling strict-num v0.1.1
[INFO] [stderr]    Compiling tinyvec_macros v0.1.1
[INFO] [stderr]    Compiling roxmltree v0.19.0
[INFO] [stderr]    Compiling ttf-parser v0.20.0
[INFO] [stderr]    Compiling arrayref v0.3.7
[INFO] [stderr]    Compiling tinyvec v1.6.0
[INFO] [stderr]    Compiling tiny-skia-path v0.11.4
[INFO] [stderr]    Compiling kurbo v0.11.0
[INFO] [stderr]    Compiling flate2 v1.0.28
[INFO] [stderr]    Compiling fontconfig-parser v0.5.6
[INFO] [stderr]    Compiling memmap2 v0.9.4
[INFO] [stderr]    Compiling fdeflate v0.3.4
[INFO] [stderr]    Compiling siphasher v1.0.1
[INFO] [stderr]    Compiling unicode-script v0.5.6
[INFO] [stderr]    Compiling memchr v2.7.2
[INFO] [stderr]    Compiling unicode-ccc v0.2.0
[INFO] [stderr]    Compiling bitflags v1.3.2
[INFO] [stderr]    Compiling bitflags v2.5.0
[INFO] [stderr]    Compiling unicode-bidi-mirroring v0.2.0
[INFO] [stderr]    Compiling unicode-properties v0.1.1
[INFO] [stderr]    Compiling png v0.17.13
[INFO] [stderr]    Compiling svgtypes v0.15.0
[INFO] [stderr]    Compiling simplecss v0.2.1
[INFO] [stderr]    Compiling imagesize v0.12.0
[INFO] [stderr]    Compiling aho-corasick v1.1.3
[INFO] [stderr]    Compiling cc v1.0.92
[INFO] [stderr]    Compiling unicode-bidi v0.3.15
[INFO] [stderr]    Compiling rustybuzz v0.13.0
[INFO] [stderr]    Compiling fontdb v0.16.2
[INFO] [stderr]    Compiling unicode-vo v0.1.0
[INFO] [stderr]    Compiling regex-syntax v0.8.3
[INFO] [stderr]    Compiling pico-args v0.5.0
[INFO] [stderr]    Compiling xmlwriter v0.1.0
[INFO] [stderr]    Compiling weezl v0.1.8
[INFO] [stderr]    Compiling data-url v0.3.1
[INFO] [stderr]    Compiling base64 v0.22.0
[INFO] [stderr]    Compiling color_quant v1.1.0
[INFO] [stderr]    Compiling gif v0.13.1
[INFO] [stderr]    Compiling pdf2svg v0.1.0 (/opt/rustwide/workdir)
[INFO] [stderr]    Compiling tiny-skia v0.11.4
[INFO] [stderr]    Compiling rgb v0.8.37
[INFO] [stderr]    Compiling jpeg-decoder v0.3.1
[INFO] [stderr]    Compiling usvg v0.41.0
[INFO] [stderr]    Compiling regex-automata v0.4.6
[INFO] [stderr]    Compiling resvg v0.41.0
[INFO] [stderr]    Compiling regex v1.10.4
[INFO] [stdout] warning: unused import: `Seek`
[INFO] [stdout]  --> src/lib.rs:3:21
[INFO] [stdout]   |
[INFO] [stdout] 3 | use std::io::{Read, Seek, Write};
[INFO] [stdout]   |                     ^^^^
[INFO] [stdout]   |
[INFO] [stdout]   = note: `#[warn(unused_imports)]` on by default
[INFO] [stdout] 
[INFO] [stdout] 
[INFO] [stdout] warning: variable does not need to be mutable
[INFO] [stdout]   --> src/lib.rs:48:13
[INFO] [stdout]    |
[INFO] [stdout] 48 |         let mut svg_data = String::from_utf8(buffer.clone()).unwrap();
[INFO] [stdout]    |             ----^^^^^^^^
[INFO] [stdout]    |             |
[INFO] [stdout]    |             help: remove this `mut`
[INFO] [stdout]    |
[INFO] [stdout]    = note: `#[warn(unused_mut)]` on by default
[INFO] [stdout] 
[INFO] [stdout] 
[INFO] [stdout] warning: unused variable: `output`
[INFO] [stdout]   --> src/lib.rs:86:9
[INFO] [stdout]    |
[INFO] [stdout] 86 |     let output = std::process::Command::new(PathBuf::from(env!("CARGO_MANIFEST_DIR")).join("pdf2svg-windows/dist-64bits/pdf2svg.exe").to_...
[INFO] [stdout]    |         ^^^^^^ help: if this is intentional, prefix it with an underscore: `_output`
[INFO] [stdout]    |
[INFO] [stdout]    = note: `#[warn(unused_variables)]` on by default
[INFO] [stdout] 
[INFO] [stdout] 
[INFO] [stdout] warning: struct `SvgSimplifier` is never constructed
[INFO] [stdout]   --> src/lib.rs:12:8
[INFO] [stdout]    |
[INFO] [stdout] 12 | struct SvgSimplifier;
[INFO] [stdout]    |        ^^^^^^^^^^^^^
[INFO] [stdout]    |
[INFO] [stdout]    = note: `#[warn(dead_code)]` on by default
[INFO] [stdout] 
[INFO] [stdout] 
[INFO] [stdout] warning: function `testing` is never used
[INFO] [stdout]  --> src/lib.rs:8:8
[INFO] [stdout]   |
[INFO] [stdout] 8 |     fn testing(x: u8) -> u8;
[INFO] [stdout]   |        ^^^^^^^
[INFO] [stdout] 
[INFO] [stdout] 
[INFO] [stderr]     Finished `dev` profile [unoptimized + debuginfo] target(s) in 49.42s
[INFO] running `Command { std: "docker" "inspect" "3871031abc25dc3cd092268a1773b712c167fb265f5ec57632163624be17c427", kill_on_drop: false }`
[INFO] running `Command { std: "docker" "rm" "-f" "3871031abc25dc3cd092268a1773b712c167fb265f5ec57632163624be17c427", kill_on_drop: false }`
[INFO] [stdout] 3871031abc25dc3cd092268a1773b712c167fb265f5ec57632163624be17c427
[INFO] running `Command { std: "docker" "create" "-v" "/var/lib/crater-agent-workspace/builds/worker-4-tc1/target:/opt/rustwide/target:rw,Z" "-v" "/var/lib/crater-agent-workspace/builds/worker-4-tc1/source:/opt/rustwide/workdir:ro,Z" "-v" "/var/lib/crater-agent-workspace/cargo-home:/opt/rustwide/cargo-home:ro,Z" "-v" "/var/lib/crater-agent-workspace/rustup-home:/opt/rustwide/rustup-home:ro,Z" "-e" "SOURCE_DIR=/opt/rustwide/workdir" "-e" "CARGO_TARGET_DIR=/opt/rustwide/target" "-e" "CARGO_INCREMENTAL=0" "-e" "RUST_BACKTRACE=full" "-e" "RUSTFLAGS=--cap-lints=warn" "-e" "RUSTDOCFLAGS=--cap-lints=warn" "-e" "CARGO_HOME=/opt/rustwide/cargo-home" "-e" "RUSTUP_HOME=/opt/rustwide/rustup-home" "-w" "/opt/rustwide/workdir" "-m" "1610612736" "--user" "0:0" "--network" "none" "ghcr.io/rust-lang/crates-build-env/linux@sha256:f3a9d4ad9d972b27faf3965f35b62e55ba32bbce8f20bc8fe909558a86702fde" "/opt/rustwide/cargo-home/bin/cargo" "+1.83.0" "test" "--frozen" "--no-run" "--message-format=json", kill_on_drop: false }`
[INFO] [stdout] 18c96dcf759952be2dc355c0f48ea1e5f19a4e240d4a029aa842668e5e5a33fc
[INFO] running `Command { std: "docker" "start" "-a" "18c96dcf759952be2dc355c0f48ea1e5f19a4e240d4a029aa842668e5e5a33fc", kill_on_drop: false }`
[INFO] [stderr]    Compiling pdf2svg v0.1.0 (/opt/rustwide/workdir)
[INFO] [stdout] warning: unused import: `Seek`
[INFO] [stdout]  --> src/lib.rs:3:21
[INFO] [stdout]   |
[INFO] [stdout] 3 | use std::io::{Read, Seek, Write};
[INFO] [stdout]   |                     ^^^^
[INFO] [stdout]   |
[INFO] [stdout]   = note: `#[warn(unused_imports)]` on by default
[INFO] [stdout] 
[INFO] [stdout] 
[INFO] [stdout] warning: variable does not need to be mutable
[INFO] [stdout]   --> src/lib.rs:48:13
[INFO] [stdout]    |
[INFO] [stdout] 48 |         let mut svg_data = String::from_utf8(buffer.clone()).unwrap();
[INFO] [stdout]    |             ----^^^^^^^^
[INFO] [stdout]    |             |
[INFO] [stdout]    |             help: remove this `mut`
[INFO] [stdout]    |
[INFO] [stdout]    = note: `#[warn(unused_mut)]` on by default
[INFO] [stdout] 
[INFO] [stdout] 
[INFO] [stdout] warning: unused variable: `output`
[INFO] [stdout]   --> src/lib.rs:86:9
[INFO] [stdout]    |
[INFO] [stdout] 86 |     let output = std::process::Command::new(PathBuf::from(env!("CARGO_MANIFEST_DIR")).join("pdf2svg-windows/dist-64bits/pdf2svg.exe").to_...
[INFO] [stdout]    |         ^^^^^^ help: if this is intentional, prefix it with an underscore: `_output`
[INFO] [stdout]    |
[INFO] [stdout]    = note: `#[warn(unused_variables)]` on by default
[INFO] [stdout] 
[INFO] [stdout] 
[INFO] [stdout] warning: struct `SvgSimplifier` is never constructed
[INFO] [stdout]   --> src/lib.rs:12:8
[INFO] [stdout]    |
[INFO] [stdout] 12 | struct SvgSimplifier;
[INFO] [stdout]    |        ^^^^^^^^^^^^^
[INFO] [stdout]    |
[INFO] [stdout]    = note: `#[warn(dead_code)]` on by default
[INFO] [stdout] 
[INFO] [stdout] 
[INFO] [stdout] warning: function `testing` is never used
[INFO] [stdout]  --> src/lib.rs:8:8
[INFO] [stdout]   |
[INFO] [stdout] 8 |     fn testing(x: u8) -> u8;
[INFO] [stdout]   |        ^^^^^^^
[INFO] [stdout] 
[INFO] [stdout] 
[INFO] [stdout] warning: unused import: `Seek`
[INFO] [stdout]  --> src/lib.rs:3:21
[INFO] [stdout]   |
[INFO] [stdout] 3 | use std::io::{Read, Seek, Write};
[INFO] [stdout]   |                     ^^^^
[INFO] [stdout]   |
[INFO] [stdout]   = note: `#[warn(unused_imports)]` on by default
[INFO] [stdout] 
[INFO] [stdout] 
[INFO] [stdout] warning: variable does not need to be mutable
[INFO] [stdout]   --> src/lib.rs:48:13
[INFO] [stdout]    |
[INFO] [stdout] 48 |         let mut svg_data = String::from_utf8(buffer.clone()).unwrap();
[INFO] [stdout]    |             ----^^^^^^^^
[INFO] [stdout]    |             |
[INFO] [stdout]    |             help: remove this `mut`
[INFO] [stdout]    |
[INFO] [stdout]    = note: `#[warn(unused_mut)]` on by default
[INFO] [stdout] 
[INFO] [stdout] 
[INFO] [stdout] warning: unused variable: `output`
[INFO] [stdout]   --> src/lib.rs:86:9
[INFO] [stdout]    |
[INFO] [stdout] 86 |     let output = std::process::Command::new(PathBuf::from(env!("CARGO_MANIFEST_DIR")).join("pdf2svg-windows/dist-64bits/pdf2svg.exe").to_...
[INFO] [stdout]    |         ^^^^^^ help: if this is intentional, prefix it with an underscore: `_output`
[INFO] [stdout]    |
[INFO] [stdout]    = note: `#[warn(unused_variables)]` on by default
[INFO] [stdout] 
[INFO] [stdout] 
[INFO] [stdout] warning: struct `SvgSimplifier` is never constructed
[INFO] [stdout]   --> src/lib.rs:12:8
[INFO] [stdout]    |
[INFO] [stdout] 12 | struct SvgSimplifier;
[INFO] [stdout]    |        ^^^^^^^^^^^^^
[INFO] [stdout]    |
[INFO] [stdout]    = note: `#[warn(dead_code)]` on by default
[INFO] [stdout] 
[INFO] [stdout] 
[INFO] [stderr]     Finished `test` profile [unoptimized + debuginfo] target(s) in 1.62s
[INFO] running `Command { std: "docker" "inspect" "18c96dcf759952be2dc355c0f48ea1e5f19a4e240d4a029aa842668e5e5a33fc", kill_on_drop: false }`
[INFO] running `Command { std: "docker" "rm" "-f" "18c96dcf759952be2dc355c0f48ea1e5f19a4e240d4a029aa842668e5e5a33fc", kill_on_drop: false }`
[INFO] [stdout] 18c96dcf759952be2dc355c0f48ea1e5f19a4e240d4a029aa842668e5e5a33fc
[INFO] running `Command { std: "docker" "create" "-v" "/var/lib/crater-agent-workspace/builds/worker-4-tc1/target:/opt/rustwide/target:rw,Z" "-v" "/var/lib/crater-agent-workspace/builds/worker-4-tc1/source:/opt/rustwide/workdir:ro,Z" "-v" "/var/lib/crater-agent-workspace/cargo-home:/opt/rustwide/cargo-home:ro,Z" "-v" "/var/lib/crater-agent-workspace/rustup-home:/opt/rustwide/rustup-home:ro,Z" "-e" "SOURCE_DIR=/opt/rustwide/workdir" "-e" "CARGO_TARGET_DIR=/opt/rustwide/target" "-e" "CARGO_INCREMENTAL=0" "-e" "RUST_BACKTRACE=full" "-e" "RUSTFLAGS=--cap-lints=warn" "-e" "RUSTDOCFLAGS=--cap-lints=warn" "-e" "CARGO_HOME=/opt/rustwide/cargo-home" "-e" "RUSTUP_HOME=/opt/rustwide/rustup-home" "-w" "/opt/rustwide/workdir" "-m" "1610612736" "--user" "0:0" "--network" "none" "ghcr.io/rust-lang/crates-build-env/linux@sha256:f3a9d4ad9d972b27faf3965f35b62e55ba32bbce8f20bc8fe909558a86702fde" "/opt/rustwide/cargo-home/bin/cargo" "+1.83.0" "test" "--frozen", kill_on_drop: false }`
[INFO] [stdout] b71f06d245832baa8d2b03c2635a82fa0edd45734902bdd5730bfe66d9257a16
[INFO] running `Command { std: "docker" "start" "-a" "b71f06d245832baa8d2b03c2635a82fa0edd45734902bdd5730bfe66d9257a16", kill_on_drop: false }`
[INFO] [stderr] warning: unused import: `Seek`
[INFO] [stderr]  --> src/lib.rs:3:21
[INFO] [stderr]   |
[INFO] [stderr] 3 | use std::io::{Read, Seek, Write};
[INFO] [stderr]   |                     ^^^^
[INFO] [stderr]   |
[INFO] [stderr]   = note: `#[warn(unused_imports)]` on by default
[INFO] [stderr] 
[INFO] [stderr] warning: variable does not need to be mutable
[INFO] [stderr]   --> src/lib.rs:48:13
[INFO] [stderr]    |
[INFO] [stderr] 48 |         let mut svg_data = String::from_utf8(buffer.clone()).unwrap();
[INFO] [stderr]    |             ----^^^^^^^^
[INFO] [stderr]    |             |
[INFO] [stderr]    |             help: remove this `mut`
[INFO] [stderr]    |
[INFO] [stderr]    = note: `#[warn(unused_mut)]` on by default
[INFO] [stderr] 
[INFO] [stderr] warning: unused variable: `output`
[INFO] [stderr]   --> src/lib.rs:86:9
[INFO] [stderr]    |
[INFO] [stderr] 86 |     let output = std::process::Command::new(PathBuf::from(env!("CARGO_MANIFEST_DIR")).join("pdf2svg-windows/dist-64bits/pdf2svg.exe").to_...
[INFO] [stderr]    |         ^^^^^^ help: if this is intentional, prefix it with an underscore: `_output`
[INFO] [stderr]    |
[INFO] [stderr]    = note: `#[warn(unused_variables)]` on by default
[INFO] [stderr] 
[INFO] [stderr] warning: struct `SvgSimplifier` is never constructed
[INFO] [stderr]   --> src/lib.rs:12:8
[INFO] [stderr]    |
[INFO] [stderr] 12 | struct SvgSimplifier;
[INFO] [stderr]    |        ^^^^^^^^^^^^^
[INFO] [stderr]    |
[INFO] [stderr]    = note: `#[warn(dead_code)]` on by default
[INFO] [stderr] 
[INFO] [stderr] warning: function `testing` is never used
[INFO] [stderr]  --> src/lib.rs:8:8
[INFO] [stderr]   |
[INFO] [stderr] 8 |     fn testing(x: u8) -> u8;
[INFO] [stderr]   |        ^^^^^^^
[INFO] [stderr] 
[INFO] [stderr] warning: `pdf2svg` (lib) generated 5 warnings (run `cargo fix --lib -p pdf2svg` to apply 2 suggestions)
[INFO] [stderr] warning: `pdf2svg` (lib test) generated 4 warnings (4 duplicates)
[INFO] [stderr]     Finished `test` profile [unoptimized + debuginfo] target(s) in 0.09s
[INFO] [stderr]      Running unittests src/lib.rs (/opt/rustwide/target/debug/deps/pdf2svg-e9f14e4bbd203ab6)
[INFO] [stdout] 
[INFO] [stdout] running 2 tests
[INFO] [stdout] test tests::it_works ... ok
[INFO] [stdout] test tests::it_really_works ... FAILED
[INFO] [stdout] 
[INFO] [stdout] failures:
[INFO] [stdout] 
[INFO] [stdout] ---- tests::it_really_works stdout ----
[INFO] [stdout] thread 'tests::it_really_works' panicked at src/lib.rs:91:10:
[INFO] [stdout] failed to execute process: Os { code: 13, kind: PermissionDenied, message: "Permission denied" }
[INFO] [stdout] stack backtrace:
[INFO] [stdout]    0:     0x5e7fe344bbba - std::backtrace_rs::backtrace::libunwind::trace::h5a5b8284f2d0c266
[INFO] [stdout]                                at /rustc/90b35a6239c3d8bdabc530a6a0816f7ff89a0aaf/library/std/src/../../backtrace/src/backtrace/libunwind.rs:116:5
[INFO] [stdout]    1:     0x5e7fe344bbba - std::backtrace_rs::backtrace::trace_unsynchronized::h76d4f1c9b0b875e3
[INFO] [stdout]                                at /rustc/90b35a6239c3d8bdabc530a6a0816f7ff89a0aaf/library/std/src/../../backtrace/src/backtrace/mod.rs:66:5
[INFO] [stdout]    2:     0x5e7fe344bbba - std::sys::backtrace::_print_fmt::hc4546b8364a537c6
[INFO] [stdout]                                at /rustc/90b35a6239c3d8bdabc530a6a0816f7ff89a0aaf/library/std/src/sys/backtrace.rs:66:9
[INFO] [stdout]    3:     0x5e7fe344bbba - <std::sys::backtrace::BacktraceLock::print::DisplayBacktrace as core::fmt::Display>::fmt::h5b6bd5631a6d1f6b
[INFO] [stdout]                                at /rustc/90b35a6239c3d8bdabc530a6a0816f7ff89a0aaf/library/std/src/sys/backtrace.rs:39:26
[INFO] [stdout]    4:     0x5e7fe3471643 - core::fmt::rt::Argument::fmt::h270f6602a2b96f62
[INFO] [stdout]                                at /rustc/90b35a6239c3d8bdabc530a6a0816f7ff89a0aaf/library/core/src/fmt/rt.rs:177:76
[INFO] [stdout]    5:     0x5e7fe3471643 - core::fmt::write::h7550c97b06c86515
[INFO] [stdout]                                at /rustc/90b35a6239c3d8bdabc530a6a0816f7ff89a0aaf/library/core/src/fmt/mod.rs:1186:21
[INFO] [stdout]    6:     0x5e7fe3448be3 - std::io::Write::write_fmt::h509ff860e5956e5e
[INFO] [stdout]                                at /rustc/90b35a6239c3d8bdabc530a6a0816f7ff89a0aaf/library/std/src/io/mod.rs:1839:15
[INFO] [stdout]    7:     0x5e7fe344ba02 - std::sys::backtrace::BacktraceLock::print::h2395ccd2c84ba3aa
[INFO] [stdout]                                at /rustc/90b35a6239c3d8bdabc530a6a0816f7ff89a0aaf/library/std/src/sys/backtrace.rs:42:9
[INFO] [stdout]    8:     0x5e7fe344d01a - std::panicking::default_hook::{{closure}}::he19d4c7230e07961
[INFO] [stdout]                                at /rustc/90b35a6239c3d8bdabc530a6a0816f7ff89a0aaf/library/std/src/panicking.rs:268:22
[INFO] [stdout]    9:     0x5e7fe344ce24 - std::panicking::default_hook::hf614597d3c67bbdb
[INFO] [stdout]                                at /rustc/90b35a6239c3d8bdabc530a6a0816f7ff89a0aaf/library/std/src/panicking.rs:292:9
[INFO] [stdout]   10:     0x5e7fe3191ef9 - <alloc::boxed::Box<F,A> as core::ops::function::Fn<Args>>::call::h39b51ce4599c23d1
[INFO] [stdout]                                at /rustc/90b35a6239c3d8bdabc530a6a0816f7ff89a0aaf/library/alloc/src/boxed.rs:2468:9
[INFO] [stdout]   11:     0x5e7fe3191ef9 - test::test_main::{{closure}}::he977ae839a582784
[INFO] [stdout]                                at /rustc/90b35a6239c3d8bdabc530a6a0816f7ff89a0aaf/library/test/src/lib.rs:133:21
[INFO] [stdout]   12:     0x5e7fe344d6b8 - <alloc::boxed::Box<F,A> as core::ops::function::Fn<Args>>::call::h9455091b6b06f9fb
[INFO] [stdout]                                at /rustc/90b35a6239c3d8bdabc530a6a0816f7ff89a0aaf/library/alloc/src/boxed.rs:2468:9
[INFO] [stdout]   13:     0x5e7fe344d6b8 - std::panicking::rust_panic_with_hook::h8942133a8b252070
[INFO] [stdout]                                at /rustc/90b35a6239c3d8bdabc530a6a0816f7ff89a0aaf/library/std/src/panicking.rs:809:13
[INFO] [stdout]   14:     0x5e7fe344d47a - std::panicking::begin_panic_handler::{{closure}}::hb5f5963570096b29
[INFO] [stdout]                                at /rustc/90b35a6239c3d8bdabc530a6a0816f7ff89a0aaf/library/std/src/panicking.rs:674:13
[INFO] [stdout]   15:     0x5e7fe344c099 - std::sys::backtrace::__rust_end_short_backtrace::h6208cedc1922feda
[INFO] [stdout]                                at /rustc/90b35a6239c3d8bdabc530a6a0816f7ff89a0aaf/library/std/src/sys/backtrace.rs:170:18
[INFO] [stdout]   16:     0x5e7fe344d10c - rust_begin_unwind
[INFO] [stdout]                                at /rustc/90b35a6239c3d8bdabc530a6a0816f7ff89a0aaf/library/std/src/panicking.rs:665:5
[INFO] [stdout]   17:     0x5e7fe3148130 - core::panicking::panic_fmt::h0c3082644d1bf418
[INFO] [stdout]                                at /rustc/90b35a6239c3d8bdabc530a6a0816f7ff89a0aaf/library/core/src/panicking.rs:74:14
[INFO] [stdout]   18:     0x5e7fe31485b6 - core::result::unwrap_failed::hd20b4aa073bda1e2
[INFO] [stdout]                                at /rustc/90b35a6239c3d8bdabc530a6a0816f7ff89a0aaf/library/core/src/result.rs:1700:5
[INFO] [stdout]   19:     0x5e7fe3152d38 - core::result::Result<T,E>::expect::h82f3c2a5d01d2de7
[INFO] [stdout]                                at /rustc/90b35a6239c3d8bdabc530a6a0816f7ff89a0aaf/library/core/src/result.rs:1061:23
[INFO] [stdout]   20:     0x5e7fe3155d70 - pdf2svg::pdf_to_svg::hf7bd4631186b15c7
[INFO] [stdout]                                at /opt/rustwide/workdir/src/lib.rs:86:18
[INFO] [stdout]   21:     0x5e7fe314b51c - pdf2svg::tests::it_really_works::h42a0edf86ced111b
[INFO] [stdout]                                at /opt/rustwide/workdir/src/lib.rs:106:9
[INFO] [stdout]   22:     0x5e7fe314b4d7 - pdf2svg::tests::it_really_works::{{closure}}::h77485485afa9c9f1
[INFO] [stdout]                                at /opt/rustwide/workdir/src/lib.rs:105:25
[INFO] [stdout]   23:     0x5e7fe3151096 - core::ops::function::FnOnce::call_once::h602995dce1e65d1b
[INFO] [stdout]                                at /rustc/90b35a6239c3d8bdabc530a6a0816f7ff89a0aaf/library/core/src/ops/function.rs:250:5
[INFO] [stdout]   24:     0x5e7fe31968bb - core::ops::function::FnOnce::call_once::h109cf8051a59b34e
[INFO] [stdout]                                at /rustc/90b35a6239c3d8bdabc530a6a0816f7ff89a0aaf/library/core/src/ops/function.rs:250:5
[INFO] [stdout]   25:     0x5e7fe31968bb - test::__rust_begin_short_backtrace::hf4fff89d377446ba
[INFO] [stdout]                                at /rustc/90b35a6239c3d8bdabc530a6a0816f7ff89a0aaf/library/test/src/lib.rs:621:18
[INFO] [stdout]   26:     0x5e7fe31960f7 - test::run_test_in_process::{{closure}}::h0e39181dd7ee5a43
[INFO] [stdout]                                at /rustc/90b35a6239c3d8bdabc530a6a0816f7ff89a0aaf/library/test/src/lib.rs:644:60
[INFO] [stdout]   27:     0x5e7fe31960f7 - <core::panic::unwind_safe::AssertUnwindSafe<F> as core::ops::function::FnOnce<()>>::call_once::hc5a66a30f0bdfd1f
[INFO] [stdout]                                at /rustc/90b35a6239c3d8bdabc530a6a0816f7ff89a0aaf/library/core/src/panic/unwind_safe.rs:272:9
[INFO] [stdout]   28:     0x5e7fe31960f7 - std::panicking::try::do_call::h873b7cf639554a5e
[INFO] [stdout]                                at /rustc/90b35a6239c3d8bdabc530a6a0816f7ff89a0aaf/library/std/src/panicking.rs:557:40
[INFO] [stdout]   29:     0x5e7fe31960f7 - std::panicking::try::hdb19862fad9c8bd1
[INFO] [stdout]                                at /rustc/90b35a6239c3d8bdabc530a6a0816f7ff89a0aaf/library/std/src/panicking.rs:520:19
[INFO] [stderr] error: test failed, to rerun pass `--lib`
[INFO] [stdout]   30:     0x5e7fe31960f7 - std::panic::catch_unwind::h281fe732d236d260
[INFO] [stdout]                                at /rustc/90b35a6239c3d8bdabc530a6a0816f7ff89a0aaf/library/std/src/panic.rs:358:14
[INFO] [stdout]   31:     0x5e7fe31960f7 - test::run_test_in_process::h949b6df8457ed338
[INFO] [stdout]                                at /rustc/90b35a6239c3d8bdabc530a6a0816f7ff89a0aaf/library/test/src/lib.rs:644:27
[INFO] [stdout]   32:     0x5e7fe31960f7 - test::run_test::{{closure}}::h52c556a6d4740e10
[INFO] [stdout]                                at /rustc/90b35a6239c3d8bdabc530a6a0816f7ff89a0aaf/library/test/src/lib.rs:565:43
[INFO] [stdout]   33:     0x5e7fe315b3d4 - test::run_test::{{closure}}::h4237f6381c45ccb9
[INFO] [stdout]                                at /rustc/90b35a6239c3d8bdabc530a6a0816f7ff89a0aaf/library/test/src/lib.rs:595:41
[INFO] [stdout]   34:     0x5e7fe315b3d4 - std::sys::backtrace::__rust_begin_short_backtrace::h505c97a579eca628
[INFO] [stdout]                                at /rustc/90b35a6239c3d8bdabc530a6a0816f7ff89a0aaf/library/std/src/sys/backtrace.rs:154:18
[INFO] [stdout]   35:     0x5e7fe315ea9e - std::thread::Builder::spawn_unchecked_::{{closure}}::{{closure}}::h9e86b2e2bc107ea3
[INFO] [stdout]                                at /rustc/90b35a6239c3d8bdabc530a6a0816f7ff89a0aaf/library/std/src/thread/mod.rs:538:17
[INFO] [stdout]   36:     0x5e7fe315ea9e - <core::panic::unwind_safe::AssertUnwindSafe<F> as core::ops::function::FnOnce<()>>::call_once::h8b06ddb275ff4a25
[INFO] [stdout]                                at /rustc/90b35a6239c3d8bdabc530a6a0816f7ff89a0aaf/library/core/src/panic/unwind_safe.rs:272:9
[INFO] [stdout]   37:     0x5e7fe315ea9e - std::panicking::try::do_call::hb26ecd7cd9a9355d
[INFO] [stdout]                                at /rustc/90b35a6239c3d8bdabc530a6a0816f7ff89a0aaf/library/std/src/panicking.rs:557:40
[INFO] [stdout]   38:     0x5e7fe315ea9e - std::panicking::try::h8ddeca9d705f9069
[INFO] [stdout]                                at /rustc/90b35a6239c3d8bdabc530a6a0816f7ff89a0aaf/library/std/src/panicking.rs:520:19
[INFO] [stdout]   39:     0x5e7fe315ea9e - std::panic::catch_unwind::h49e1c33078844c46
[INFO] [stdout]                                at /rustc/90b35a6239c3d8bdabc530a6a0816f7ff89a0aaf/library/std/src/panic.rs:358:14
[INFO] [stdout]   40:     0x5e7fe315ea9e - std::thread::Builder::spawn_unchecked_::{{closure}}::h6073db6ff56ad35d
[INFO] [stdout]                                at /rustc/90b35a6239c3d8bdabc530a6a0816f7ff89a0aaf/library/std/src/thread/mod.rs:537:30
[INFO] [stdout]   41:     0x5e7fe315ea9e - core::ops::function::FnOnce::call_once{{vtable.shim}}::h2c5a5f3779c774f1
[INFO] [stdout]                                at /rustc/90b35a6239c3d8bdabc530a6a0816f7ff89a0aaf/library/core/src/ops/function.rs:250:5
[INFO] [stdout]   42:     0x5e7fe34514fb - <alloc::boxed::Box<F,A> as core::ops::function::FnOnce<Args>>::call_once::hf75717d9f28faebf
[INFO] [stdout]                                at /rustc/90b35a6239c3d8bdabc530a6a0816f7ff89a0aaf/library/alloc/src/boxed.rs:2454:9
[INFO] [stdout]   43:     0x5e7fe34514fb - <alloc::boxed::Box<F,A> as core::ops::function::FnOnce<Args>>::call_once::h7bd883a5f3c5f3c1
[INFO] [stdout]                                at /rustc/90b35a6239c3d8bdabc530a6a0816f7ff89a0aaf/library/alloc/src/boxed.rs:2454:9
[INFO] [stdout]   44:     0x5e7fe34514fb - std::sys::pal::unix::thread::Thread::new::thread_start::hcc78f3943333fa94
[INFO] [stdout]                                at /rustc/90b35a6239c3d8bdabc530a6a0816f7ff89a0aaf/library/std/src/sys/pal/unix/thread.rs:105:17
[INFO] [stdout]   45:     0x743e5c5d9ac3 - <unknown>
[INFO] [stdout]   46:     0x743e5c66aa04 - clone
[INFO] [stdout]   47:                0x0 - <unknown>
[INFO] [stdout] 
[INFO] [stdout] 
[INFO] [stdout] failures:
[INFO] [stdout]     tests::it_really_works
[INFO] [stdout] 
[INFO] [stdout] test result: FAILED. 1 passed; 1 failed; 0 ignored; 0 measured; 0 filtered out; finished in 0.10s
[INFO] [stdout] 
[INFO] running `Command { std: "docker" "inspect" "b71f06d245832baa8d2b03c2635a82fa0edd45734902bdd5730bfe66d9257a16", kill_on_drop: false }`
[INFO] running `Command { std: "docker" "rm" "-f" "b71f06d245832baa8d2b03c2635a82fa0edd45734902bdd5730bfe66d9257a16", kill_on_drop: false }`
[INFO] [stdout] b71f06d245832baa8d2b03c2635a82fa0edd45734902bdd5730bfe66d9257a16
