[INFO] cloning repository https://github.com/hegde-atri/hegdeatri-util-rs
[INFO] running `Command { std: "git" "-c" "credential.helper=" "-c" "credential.helper=/workspace/cargo-home/bin/git-credential-null" "clone" "--bare" "https://github.com/hegde-atri/hegdeatri-util-rs" "/workspace/cache/git-repos/https%3A%2F%2Fgithub.com%2Fhegde-atri%2Fhegdeatri-util-rs", kill_on_drop: false }`
[INFO] [stderr] Cloning into bare repository '/workspace/cache/git-repos/https%3A%2F%2Fgithub.com%2Fhegde-atri%2Fhegdeatri-util-rs'...
[INFO] running `Command { std: "git" "rev-parse" "HEAD", kill_on_drop: false }`
[INFO] [stdout] 506e50c60cf619d9993898d53b0bc7ccc586b30f
[INFO] testing hegde-atri/hegdeatri-util-rs against beta-2024-12-08 for beta-1.84.0-4-retry
[INFO] running `Command { std: "git" "clone" "/workspace/cache/git-repos/https%3A%2F%2Fgithub.com%2Fhegde-atri%2Fhegdeatri-util-rs" "/workspace/builds/worker-1-tc2/source", kill_on_drop: false }`
[INFO] [stderr] Cloning into '/workspace/builds/worker-1-tc2/source'...
[INFO] [stderr] done.
[INFO] validating manifest of git repo https://github.com/hegde-atri/hegdeatri-util-rs on toolchain beta-2024-12-08
[INFO] running `Command { std: CARGO_HOME="/workspace/cargo-home" RUSTUP_HOME="/workspace/rustup-home" "/workspace/cargo-home/bin/cargo" "+beta-2024-12-08" "metadata" "--manifest-path" "Cargo.toml" "--no-deps", kill_on_drop: false }`
[INFO] started tweaking git repo https://github.com/hegde-atri/hegdeatri-util-rs
[INFO] finished tweaking git repo https://github.com/hegde-atri/hegdeatri-util-rs
[INFO] tweaked toml for git repo https://github.com/hegde-atri/hegdeatri-util-rs written to /workspace/builds/worker-1-tc2/source/Cargo.toml
[INFO] crate git repo https://github.com/hegde-atri/hegdeatri-util-rs already has a lockfile, it will not be regenerated
[INFO] running `Command { std: CARGO_HOME="/workspace/cargo-home" RUSTUP_HOME="/workspace/rustup-home" "/workspace/cargo-home/bin/cargo" "+beta-2024-12-08" "fetch" "--manifest-path" "Cargo.toml", kill_on_drop: false }`
[INFO] running `Command { std: "docker" "create" "-v" "/var/lib/crater-agent-workspace/builds/worker-1-tc2/target:/opt/rustwide/target:rw,Z" "-v" "/var/lib/crater-agent-workspace/builds/worker-1-tc2/source:/opt/rustwide/workdir:ro,Z" "-v" "/var/lib/crater-agent-workspace/cargo-home:/opt/rustwide/cargo-home:ro,Z" "-v" "/var/lib/crater-agent-workspace/rustup-home:/opt/rustwide/rustup-home:ro,Z" "-e" "SOURCE_DIR=/opt/rustwide/workdir" "-e" "CARGO_TARGET_DIR=/opt/rustwide/target" "-e" "CARGO_HOME=/opt/rustwide/cargo-home" "-e" "RUSTUP_HOME=/opt/rustwide/rustup-home" "-w" "/opt/rustwide/workdir" "-m" "1610612736" "--user" "0:0" "--network" "none" "ghcr.io/rust-lang/crates-build-env/linux@sha256:f3a9d4ad9d972b27faf3965f35b62e55ba32bbce8f20bc8fe909558a86702fde" "/opt/rustwide/cargo-home/bin/cargo" "+beta-2024-12-08" "metadata" "--no-deps" "--format-version=1", kill_on_drop: false }`
[INFO] [stdout] 9148c92f71807589f56a2a9d9cb32353e873f4b71fe1676b090895fab3f9d4f8
[INFO] running `Command { std: "docker" "start" "-a" "9148c92f71807589f56a2a9d9cb32353e873f4b71fe1676b090895fab3f9d4f8", kill_on_drop: false }`
[INFO] running `Command { std: "docker" "inspect" "9148c92f71807589f56a2a9d9cb32353e873f4b71fe1676b090895fab3f9d4f8", kill_on_drop: false }`
[INFO] running `Command { std: "docker" "rm" "-f" "9148c92f71807589f56a2a9d9cb32353e873f4b71fe1676b090895fab3f9d4f8", kill_on_drop: false }`
[INFO] [stdout] 9148c92f71807589f56a2a9d9cb32353e873f4b71fe1676b090895fab3f9d4f8
[INFO] running `Command { std: "docker" "create" "-v" "/var/lib/crater-agent-workspace/builds/worker-1-tc2/target:/opt/rustwide/target:rw,Z" "-v" "/var/lib/crater-agent-workspace/builds/worker-1-tc2/source:/opt/rustwide/workdir:ro,Z" "-v" "/var/lib/crater-agent-workspace/cargo-home:/opt/rustwide/cargo-home:ro,Z" "-v" "/var/lib/crater-agent-workspace/rustup-home:/opt/rustwide/rustup-home:ro,Z" "-e" "SOURCE_DIR=/opt/rustwide/workdir" "-e" "CARGO_TARGET_DIR=/opt/rustwide/target" "-e" "CARGO_INCREMENTAL=0" "-e" "RUST_BACKTRACE=full" "-e" "RUSTFLAGS=--cap-lints=warn" "-e" "RUSTDOCFLAGS=--cap-lints=warn" "-e" "CARGO_HOME=/opt/rustwide/cargo-home" "-e" "RUSTUP_HOME=/opt/rustwide/rustup-home" "-w" "/opt/rustwide/workdir" "-m" "1610612736" "--user" "0:0" "--network" "none" "ghcr.io/rust-lang/crates-build-env/linux@sha256:f3a9d4ad9d972b27faf3965f35b62e55ba32bbce8f20bc8fe909558a86702fde" "/opt/rustwide/cargo-home/bin/cargo" "+beta-2024-12-08" "build" "--frozen" "--message-format=json", kill_on_drop: false }`
[INFO] [stdout] 918959e7c3d6fa36bf69026d4ff1f85e681db460466dc52fe25681288fdb5e1e
[INFO] running `Command { std: "docker" "start" "-a" "918959e7c3d6fa36bf69026d4ff1f85e681db460466dc52fe25681288fdb5e1e", kill_on_drop: false }`
[INFO] [stderr]    Compiling rustix v0.38.28
[INFO] [stderr]    Compiling bitflags v2.4.1
[INFO] [stderr]    Compiling linux-raw-sys v0.4.12
[INFO] [stderr]    Compiling home v0.5.9
[INFO] [stderr]    Compiling either v1.9.0
[INFO] [stderr]    Compiling which v4.4.2
[INFO] [stderr]    Compiling ha-utils v0.0.1 (/opt/rustwide/workdir)
[INFO] [stderr]     Finished `dev` profile [unoptimized + debuginfo] target(s) in 4.23s
[INFO] running `Command { std: "docker" "inspect" "918959e7c3d6fa36bf69026d4ff1f85e681db460466dc52fe25681288fdb5e1e", kill_on_drop: false }`
[INFO] running `Command { std: "docker" "rm" "-f" "918959e7c3d6fa36bf69026d4ff1f85e681db460466dc52fe25681288fdb5e1e", kill_on_drop: false }`
[INFO] [stdout] 918959e7c3d6fa36bf69026d4ff1f85e681db460466dc52fe25681288fdb5e1e
[INFO] running `Command { std: "docker" "create" "-v" "/var/lib/crater-agent-workspace/builds/worker-1-tc2/target:/opt/rustwide/target:rw,Z" "-v" "/var/lib/crater-agent-workspace/builds/worker-1-tc2/source:/opt/rustwide/workdir:ro,Z" "-v" "/var/lib/crater-agent-workspace/cargo-home:/opt/rustwide/cargo-home:ro,Z" "-v" "/var/lib/crater-agent-workspace/rustup-home:/opt/rustwide/rustup-home:ro,Z" "-e" "SOURCE_DIR=/opt/rustwide/workdir" "-e" "CARGO_TARGET_DIR=/opt/rustwide/target" "-e" "CARGO_INCREMENTAL=0" "-e" "RUST_BACKTRACE=full" "-e" "RUSTFLAGS=--cap-lints=warn" "-e" "RUSTDOCFLAGS=--cap-lints=warn" "-e" "CARGO_HOME=/opt/rustwide/cargo-home" "-e" "RUSTUP_HOME=/opt/rustwide/rustup-home" "-w" "/opt/rustwide/workdir" "-m" "1610612736" "--user" "0:0" "--network" "none" "ghcr.io/rust-lang/crates-build-env/linux@sha256:f3a9d4ad9d972b27faf3965f35b62e55ba32bbce8f20bc8fe909558a86702fde" "/opt/rustwide/cargo-home/bin/cargo" "+beta-2024-12-08" "test" "--frozen" "--no-run" "--message-format=json", kill_on_drop: false }`
[INFO] [stdout] 2ab81013e55a27f701a10b08c39614f4293323d0b3e88b12a8c933acd86ff32c
[INFO] running `Command { std: "docker" "start" "-a" "2ab81013e55a27f701a10b08c39614f4293323d0b3e88b12a8c933acd86ff32c", kill_on_drop: false }`
[INFO] [stderr]    Compiling ha-utils v0.0.1 (/opt/rustwide/workdir)
[INFO] [stderr]     Finished `test` profile [unoptimized + debuginfo] target(s) in 0.71s
[INFO] running `Command { std: "docker" "inspect" "2ab81013e55a27f701a10b08c39614f4293323d0b3e88b12a8c933acd86ff32c", kill_on_drop: false }`
[INFO] running `Command { std: "docker" "rm" "-f" "2ab81013e55a27f701a10b08c39614f4293323d0b3e88b12a8c933acd86ff32c", kill_on_drop: false }`
[INFO] [stdout] 2ab81013e55a27f701a10b08c39614f4293323d0b3e88b12a8c933acd86ff32c
[INFO] running `Command { std: "docker" "create" "-v" "/var/lib/crater-agent-workspace/builds/worker-1-tc2/target:/opt/rustwide/target:rw,Z" "-v" "/var/lib/crater-agent-workspace/builds/worker-1-tc2/source:/opt/rustwide/workdir:ro,Z" "-v" "/var/lib/crater-agent-workspace/cargo-home:/opt/rustwide/cargo-home:ro,Z" "-v" "/var/lib/crater-agent-workspace/rustup-home:/opt/rustwide/rustup-home:ro,Z" "-e" "SOURCE_DIR=/opt/rustwide/workdir" "-e" "CARGO_TARGET_DIR=/opt/rustwide/target" "-e" "CARGO_INCREMENTAL=0" "-e" "RUST_BACKTRACE=full" "-e" "RUSTFLAGS=--cap-lints=warn" "-e" "RUSTDOCFLAGS=--cap-lints=warn" "-e" "CARGO_HOME=/opt/rustwide/cargo-home" "-e" "RUSTUP_HOME=/opt/rustwide/rustup-home" "-w" "/opt/rustwide/workdir" "-m" "1610612736" "--user" "0:0" "--network" "none" "ghcr.io/rust-lang/crates-build-env/linux@sha256:f3a9d4ad9d972b27faf3965f35b62e55ba32bbce8f20bc8fe909558a86702fde" "/opt/rustwide/cargo-home/bin/cargo" "+beta-2024-12-08" "test" "--frozen", kill_on_drop: false }`
[INFO] [stdout] 9b28f6ecddd05b75c381ea1e5473b26f5a17f5647ef6f546d977a0e286fb7c7f
[INFO] running `Command { std: "docker" "start" "-a" "9b28f6ecddd05b75c381ea1e5473b26f5a17f5647ef6f546d977a0e286fb7c7f", kill_on_drop: false }`
[INFO] [stderr]     Finished `test` profile [unoptimized + debuginfo] target(s) in 0.03s
[INFO] [stderr]      Running unittests src/lib.rs (/opt/rustwide/target/debug/deps/ha_utils-338a9e2e3e64ff52)
[INFO] [stdout] 
[INFO] [stdout] running 3 tests
[INFO] [stdout] test cmd::tests::test_exec_valid ... ok
[INFO] [stdout] test cmd::tests::test_exec_cwd_invalid - should panic ... ok
[INFO] [stderr]    Doc-tests ha_utils
[INFO] [stdout] test cmd::tests::test_exec_cmd_invalid - should panic ... ok
[INFO] [stdout] 
[INFO] [stdout] test result: ok. 3 passed; 0 failed; 0 ignored; 0 measured; 0 filtered out; finished in 0.04s
[INFO] [stdout] 
[INFO] [stdout] 
[INFO] [stdout] running 3 tests
[INFO] [stdout] test src/cmd.rs - cmd::exec (line 23) ... FAILED
[INFO] [stdout] test src/cmd.rs - cmd::exec (line 28) ... FAILED
[INFO] [stdout] test src/cmd.rs - cmd::get_pwd (line 75) ... FAILED
[INFO] [stdout] 
[INFO] [stdout] failures:
[INFO] [stdout] 
[INFO] [stdout] ---- src/cmd.rs - cmd::exec (line 23) stdout ----
[INFO] [stdout] error[E0425]: cannot find function `exec` in this scope
[INFO] [stdout]  --> src/cmd.rs:24:1
[INFO] [stdout]   |
[INFO] [stdout] 3 | exec("hyprctl workspaces", Path::new("/home/user/repo"));
[INFO] [stdout]   | ^^^^ not found in this scope
[INFO] [stdout]   |
[INFO] [stdout] help: consider importing this function
[INFO] [stdout]   |
[INFO] [stdout] 2 + use ha_utils::cmd::exec;
[INFO] [stdout]   |
[INFO] [stdout] 
[INFO] [stdout] error[E0433]: failed to resolve: use of undeclared type `Path`
[INFO] [stdout]  --> src/cmd.rs:24:28
[INFO] [stdout]   |
[INFO] [stdout] 3 | exec("hyprctl workspaces", Path::new("/home/user/repo"));
[INFO] [stdout]   |                            ^^^^ use of undeclared type `Path`
[INFO] [stdout]   |
[INFO] [stdout] help: consider importing one of these structs
[INFO] [stdout]   |
[INFO] [stdout] 2 + use std::path::Path;
[INFO] [stdout]   |
[INFO] [stdout] 2 + use which::Path;
[INFO] [stdout]   |
[INFO] [stdout] 
[INFO] [stdout] error: aborting due to 2 previous errors
[INFO] [stdout] 
[INFO] [stdout] Some errors have detailed explanations: E0425, E0433.
[INFO] [stdout] For more information about an error, try `rustc --explain E0425`.
[INFO] [stdout] Couldn't compile the test.
[INFO] [stdout] ---- src/cmd.rs - cmd::exec (line 28) stdout ----
[INFO] [stdout] error[E0425]: cannot find function `exec` in this scope
[INFO] [stdout]  --> src/cmd.rs:29:1
[INFO] [stdout]   |
[INFO] [stdout] 3 | exec("hyprctl workspaces", None);
[INFO] [stdout]   | ^^^^ not found in this scope
[INFO] [stdout]   |
[INFO] [stdout] help: consider importing this function
[INFO] [stdout]   |
[INFO] [stdout] 2 + use ha_utils::cmd::exec;
[INFO] [stdout]   |
[INFO] [stdout] 
[INFO] [stdout] error: aborting due to 1 previous error
[INFO] [stdout] 
[INFO] [stdout] For more information about this error, try `rustc --explain E0425`.
[INFO] [stdout] Couldn't compile the test.
[INFO] [stdout] ---- src/cmd.rs - cmd::get_pwd (line 75) stdout ----
[INFO] [stdout] error[E0425]: cannot find function `get_pwd` in this scope
[INFO] [stdout]  --> src/cmd.rs:76:1
[INFO] [stdout]   |
[INFO] [stdout] 3 | get_pwd(None);
[INFO] [stdout]   | ^^^^^^^ not found in this scope
[INFO] [stdout]   |
[INFO] [stdout] help: consider importing this function
[INFO] [stdout]   |
[INFO] [stdout] 2 + use ha_utils::cmd::get_pwd;
[INFO] [stdout]   |
[INFO] [stdout] 
[INFO] [stdout] error: aborting due to 1 previous error
[INFO] [stdout] 
[INFO] [stdout] For more information about this error, try `rustc --explain E0425`.
[INFO] [stdout] Couldn't compile the test.
[INFO] [stdout] 
[INFO] [stdout] failures:
[INFO] [stdout]     src/cmd.rs - cmd::exec (line 23)
[INFO] [stdout]     src/cmd.rs - cmd::exec (line 28)
[INFO] [stdout]     src/cmd.rs - cmd::get_pwd (line 75)
[INFO] [stdout] 
[INFO] [stdout] test result: FAILED. 0 passed; 3 failed; 0 ignored; 0 measured; 0 filtered out; finished in 0.19s
[INFO] [stdout] 
[INFO] [stderr] error: doctest failed, to rerun pass `--doc`
[INFO] running `Command { std: "docker" "inspect" "9b28f6ecddd05b75c381ea1e5473b26f5a17f5647ef6f546d977a0e286fb7c7f", kill_on_drop: false }`
[INFO] running `Command { std: "docker" "rm" "-f" "9b28f6ecddd05b75c381ea1e5473b26f5a17f5647ef6f546d977a0e286fb7c7f", kill_on_drop: false }`
[INFO] [stdout] 9b28f6ecddd05b75c381ea1e5473b26f5a17f5647ef6f546d977a0e286fb7c7f
