[INFO] cloning repository https://github.com/harrisonturton/netlink-rs
[INFO] running `Command { std: "git" "-c" "credential.helper=" "-c" "credential.helper=/workspace/cargo-home/bin/git-credential-null" "clone" "--bare" "https://github.com/harrisonturton/netlink-rs" "/workspace/cache/git-repos/https%3A%2F%2Fgithub.com%2Fharrisonturton%2Fnetlink-rs", kill_on_drop: false }`
[INFO] [stderr] Cloning into bare repository '/workspace/cache/git-repos/https%3A%2F%2Fgithub.com%2Fharrisonturton%2Fnetlink-rs'...
[INFO] running `Command { std: "git" "rev-parse" "HEAD", kill_on_drop: false }`
[INFO] [stdout] 70597902b1a866fcd9ea24e1442a5549b120b8e5
[INFO] testing harrisonturton/netlink-rs against beta-2024-12-08 for beta-1.84.0-4-retry
[INFO] running `Command { std: "git" "clone" "/workspace/cache/git-repos/https%3A%2F%2Fgithub.com%2Fharrisonturton%2Fnetlink-rs" "/workspace/builds/worker-6-tc2/source", kill_on_drop: false }`
[INFO] [stderr] Cloning into '/workspace/builds/worker-6-tc2/source'...
[INFO] [stderr] done.
[INFO] validating manifest of git repo https://github.com/harrisonturton/netlink-rs on toolchain beta-2024-12-08
[INFO] running `Command { std: CARGO_HOME="/workspace/cargo-home" RUSTUP_HOME="/workspace/rustup-home" "/workspace/cargo-home/bin/cargo" "+beta-2024-12-08" "metadata" "--manifest-path" "Cargo.toml" "--no-deps", kill_on_drop: false }`
[INFO] started tweaking git repo https://github.com/harrisonturton/netlink-rs
[INFO] finished tweaking git repo https://github.com/harrisonturton/netlink-rs
[INFO] tweaked toml for git repo https://github.com/harrisonturton/netlink-rs written to /workspace/builds/worker-6-tc2/source/Cargo.toml
[INFO] crate git repo https://github.com/harrisonturton/netlink-rs already has a lockfile, it will not be regenerated
[INFO] running `Command { std: CARGO_HOME="/workspace/cargo-home" RUSTUP_HOME="/workspace/rustup-home" "/workspace/cargo-home/bin/cargo" "+beta-2024-12-08" "fetch" "--manifest-path" "Cargo.toml", kill_on_drop: false }`
[INFO] [stderr]     Blocking waiting for file lock on package cache
[INFO] running `Command { std: "docker" "create" "-v" "/var/lib/crater-agent-workspace/builds/worker-6-tc2/target:/opt/rustwide/target:rw,Z" "-v" "/var/lib/crater-agent-workspace/builds/worker-6-tc2/source:/opt/rustwide/workdir:ro,Z" "-v" "/var/lib/crater-agent-workspace/cargo-home:/opt/rustwide/cargo-home:ro,Z" "-v" "/var/lib/crater-agent-workspace/rustup-home:/opt/rustwide/rustup-home:ro,Z" "-e" "SOURCE_DIR=/opt/rustwide/workdir" "-e" "CARGO_TARGET_DIR=/opt/rustwide/target" "-e" "CARGO_HOME=/opt/rustwide/cargo-home" "-e" "RUSTUP_HOME=/opt/rustwide/rustup-home" "-w" "/opt/rustwide/workdir" "-m" "1610612736" "--user" "0:0" "--network" "none" "ghcr.io/rust-lang/crates-build-env/linux@sha256:f3a9d4ad9d972b27faf3965f35b62e55ba32bbce8f20bc8fe909558a86702fde" "/opt/rustwide/cargo-home/bin/cargo" "+beta-2024-12-08" "metadata" "--no-deps" "--format-version=1", kill_on_drop: false }`
[INFO] [stdout] ca7d193b5d095cd65a53cce85e3c675f10249acd1489417597c393f0dfe3462a
[INFO] running `Command { std: "docker" "start" "-a" "ca7d193b5d095cd65a53cce85e3c675f10249acd1489417597c393f0dfe3462a", kill_on_drop: false }`
[INFO] running `Command { std: "docker" "inspect" "ca7d193b5d095cd65a53cce85e3c675f10249acd1489417597c393f0dfe3462a", kill_on_drop: false }`
[INFO] running `Command { std: "docker" "rm" "-f" "ca7d193b5d095cd65a53cce85e3c675f10249acd1489417597c393f0dfe3462a", kill_on_drop: false }`
[INFO] [stdout] ca7d193b5d095cd65a53cce85e3c675f10249acd1489417597c393f0dfe3462a
[INFO] running `Command { std: "docker" "create" "-v" "/var/lib/crater-agent-workspace/builds/worker-6-tc2/target:/opt/rustwide/target:rw,Z" "-v" "/var/lib/crater-agent-workspace/builds/worker-6-tc2/source:/opt/rustwide/workdir:ro,Z" "-v" "/var/lib/crater-agent-workspace/cargo-home:/opt/rustwide/cargo-home:ro,Z" "-v" "/var/lib/crater-agent-workspace/rustup-home:/opt/rustwide/rustup-home:ro,Z" "-e" "SOURCE_DIR=/opt/rustwide/workdir" "-e" "CARGO_TARGET_DIR=/opt/rustwide/target" "-e" "CARGO_INCREMENTAL=0" "-e" "RUST_BACKTRACE=full" "-e" "RUSTFLAGS=--cap-lints=warn" "-e" "RUSTDOCFLAGS=--cap-lints=warn" "-e" "CARGO_HOME=/opt/rustwide/cargo-home" "-e" "RUSTUP_HOME=/opt/rustwide/rustup-home" "-w" "/opt/rustwide/workdir" "-m" "1610612736" "--user" "0:0" "--network" "none" "ghcr.io/rust-lang/crates-build-env/linux@sha256:f3a9d4ad9d972b27faf3965f35b62e55ba32bbce8f20bc8fe909558a86702fde" "/opt/rustwide/cargo-home/bin/cargo" "+beta-2024-12-08" "build" "--frozen" "--message-format=json", kill_on_drop: false }`
[INFO] [stdout] 696c8f5ef88081d3e4e6114939e7d37541a831a61d77d38196f4a093c893c41c
[INFO] running `Command { std: "docker" "start" "-a" "696c8f5ef88081d3e4e6114939e7d37541a831a61d77d38196f4a093c893c41c", kill_on_drop: false }`
[INFO] [stderr]    Compiling proc-macro2 v1.0.60
[INFO] [stderr]    Compiling unicode-ident v1.0.9
[INFO] [stderr]    Compiling quote v1.0.28
[INFO] [stderr]    Compiling syn v1.0.109
[INFO] [stderr]    Compiling fnv v1.0.7
[INFO] [stderr]    Compiling strsim v0.10.0
[INFO] [stderr]    Compiling ident_case v1.0.1
[INFO] [stderr]    Compiling autocfg v1.1.0
[INFO] [stderr]    Compiling serde v1.0.164
[INFO] [stderr]    Compiling libc v0.2.146
[INFO] [stderr]    Compiling thiserror v1.0.40
[INFO] [stderr]    Compiling cfg-if v1.0.0
[INFO] [stderr]    Compiling pin-utils v0.1.0
[INFO] [stderr]    Compiling static_assertions v1.1.0
[INFO] [stderr]    Compiling bitflags v1.3.2
[INFO] [stderr]    Compiling log v0.4.19
[INFO] [stderr]    Compiling memoffset v0.7.1
[INFO] [stderr]    Compiling syn v2.0.18
[INFO] [stderr]    Compiling nix v0.26.2
[INFO] [stderr]    Compiling serde_derive v1.0.164
[INFO] [stderr]    Compiling thiserror-impl v1.0.40
[INFO] [stderr]    Compiling serde_repr v0.1.12
[INFO] [stderr]    Compiling darling_core v0.14.4
[INFO] [stderr]    Compiling darling_macro v0.14.4
[INFO] [stderr]    Compiling darling v0.14.4
[INFO] [stderr]    Compiling derive_builder_core v0.12.0
[INFO] [stderr]    Compiling derive_builder_macro v0.12.0
[INFO] [stderr]    Compiling derive_builder v0.12.0
[INFO] [stderr]    Compiling bincode v1.3.3
[INFO] [stderr]    Compiling netlink v0.1.0 (/opt/rustwide/workdir)
[INFO] [stderr]     Finished `dev` profile [unoptimized + debuginfo] target(s) in 14.65s
[INFO] running `Command { std: "docker" "inspect" "696c8f5ef88081d3e4e6114939e7d37541a831a61d77d38196f4a093c893c41c", kill_on_drop: false }`
[INFO] running `Command { std: "docker" "rm" "-f" "696c8f5ef88081d3e4e6114939e7d37541a831a61d77d38196f4a093c893c41c", kill_on_drop: false }`
[INFO] [stdout] 696c8f5ef88081d3e4e6114939e7d37541a831a61d77d38196f4a093c893c41c
[INFO] running `Command { std: "docker" "create" "-v" "/var/lib/crater-agent-workspace/builds/worker-6-tc2/target:/opt/rustwide/target:rw,Z" "-v" "/var/lib/crater-agent-workspace/builds/worker-6-tc2/source:/opt/rustwide/workdir:ro,Z" "-v" "/var/lib/crater-agent-workspace/cargo-home:/opt/rustwide/cargo-home:ro,Z" "-v" "/var/lib/crater-agent-workspace/rustup-home:/opt/rustwide/rustup-home:ro,Z" "-e" "SOURCE_DIR=/opt/rustwide/workdir" "-e" "CARGO_TARGET_DIR=/opt/rustwide/target" "-e" "CARGO_INCREMENTAL=0" "-e" "RUST_BACKTRACE=full" "-e" "RUSTFLAGS=--cap-lints=warn" "-e" "RUSTDOCFLAGS=--cap-lints=warn" "-e" "CARGO_HOME=/opt/rustwide/cargo-home" "-e" "RUSTUP_HOME=/opt/rustwide/rustup-home" "-w" "/opt/rustwide/workdir" "-m" "1610612736" "--user" "0:0" "--network" "none" "ghcr.io/rust-lang/crates-build-env/linux@sha256:f3a9d4ad9d972b27faf3965f35b62e55ba32bbce8f20bc8fe909558a86702fde" "/opt/rustwide/cargo-home/bin/cargo" "+beta-2024-12-08" "test" "--frozen" "--no-run" "--message-format=json", kill_on_drop: false }`
[INFO] [stdout] 0e6fd437ff803aba46c42880c56d1e891d3100451cf4d6c1291a9d169789d50c
[INFO] running `Command { std: "docker" "start" "-a" "0e6fd437ff803aba46c42880c56d1e891d3100451cf4d6c1291a9d169789d50c", kill_on_drop: false }`
[INFO] [stderr]    Compiling netlink v0.1.0 (/opt/rustwide/workdir)
[INFO] [stderr]     Finished `test` profile [unoptimized + debuginfo] target(s) in 1.07s
[INFO] running `Command { std: "docker" "inspect" "0e6fd437ff803aba46c42880c56d1e891d3100451cf4d6c1291a9d169789d50c", kill_on_drop: false }`
[INFO] running `Command { std: "docker" "rm" "-f" "0e6fd437ff803aba46c42880c56d1e891d3100451cf4d6c1291a9d169789d50c", kill_on_drop: false }`
[INFO] [stdout] 0e6fd437ff803aba46c42880c56d1e891d3100451cf4d6c1291a9d169789d50c
[INFO] running `Command { std: "docker" "create" "-v" "/var/lib/crater-agent-workspace/builds/worker-6-tc2/target:/opt/rustwide/target:rw,Z" "-v" "/var/lib/crater-agent-workspace/builds/worker-6-tc2/source:/opt/rustwide/workdir:ro,Z" "-v" "/var/lib/crater-agent-workspace/cargo-home:/opt/rustwide/cargo-home:ro,Z" "-v" "/var/lib/crater-agent-workspace/rustup-home:/opt/rustwide/rustup-home:ro,Z" "-e" "SOURCE_DIR=/opt/rustwide/workdir" "-e" "CARGO_TARGET_DIR=/opt/rustwide/target" "-e" "CARGO_INCREMENTAL=0" "-e" "RUST_BACKTRACE=full" "-e" "RUSTFLAGS=--cap-lints=warn" "-e" "RUSTDOCFLAGS=--cap-lints=warn" "-e" "CARGO_HOME=/opt/rustwide/cargo-home" "-e" "RUSTUP_HOME=/opt/rustwide/rustup-home" "-w" "/opt/rustwide/workdir" "-m" "1610612736" "--user" "0:0" "--network" "none" "ghcr.io/rust-lang/crates-build-env/linux@sha256:f3a9d4ad9d972b27faf3965f35b62e55ba32bbce8f20bc8fe909558a86702fde" "/opt/rustwide/cargo-home/bin/cargo" "+beta-2024-12-08" "test" "--frozen", kill_on_drop: false }`
[INFO] [stdout] 22b49482610e68354e74cc51c9ffdb9333b89b7c01f2c558d809fb4362ab22b5
[INFO] running `Command { std: "docker" "start" "-a" "22b49482610e68354e74cc51c9ffdb9333b89b7c01f2c558d809fb4362ab22b5", kill_on_drop: false }`
[INFO] [stderr]     Finished `test` profile [unoptimized + debuginfo] target(s) in 0.04s
[INFO] [stderr]      Running unittests src/lib.rs (/opt/rustwide/target/debug/deps/netlink-cea9bde9fc18cd4f)
[INFO] [stdout] 
[INFO] [stdout] running 0 tests
[INFO] [stdout] 
[INFO] [stdout] test result: ok. 0 passed; 0 failed; 0 ignored; 0 measured; 0 filtered out; finished in 0.00s
[INFO] [stdout] 
[INFO] [stderr]    Doc-tests netlink
[INFO] [stdout] 
[INFO] [stdout] running 1 test
[INFO] [stdout] test src/core/socket.rs - core::socket::NetlinkStream (line 78) ... FAILED
[INFO] [stderr] error: doctest failed, to rerun pass `--doc`
[INFO] [stdout] 
[INFO] [stdout] failures:
[INFO] [stdout] 
[INFO] [stdout] ---- src/core/socket.rs - core::socket::NetlinkStream (line 78) stdout ----
[INFO] [stdout] error[E0432]: unresolved imports `netlink::route::RouteHeader`, `netlink::route::RouteMessageType`
[INFO] [stdout]  --> src/core/socket.rs:81:22
[INFO] [stdout]   |
[INFO] [stdout] 5 | use netlink::route::{RouteHeader, RouteMessageType, AF_INET};
[INFO] [stdout]   |                      ^^^^^^^^^^^  ^^^^^^^^^^^^^^^^ no `RouteMessageType` in `route`
[INFO] [stdout]   |                      |
[INFO] [stdout]   |                      no `RouteHeader` in `route`
[INFO] [stdout]   |
[INFO] [stdout]   = help: consider importing this enum instead:
[INFO] [stdout]           netlink::route::route::RouteMessageType
[INFO] [stdout] 
[INFO] [stdout] error: aborting due to 1 previous error
[INFO] [stdout] 
[INFO] [stdout] For more information about this error, try `rustc --explain E0432`.
[INFO] [stdout] Couldn't compile the test.
[INFO] [stdout] 
[INFO] [stdout] failures:
[INFO] [stdout]     src/core/socket.rs - core::socket::NetlinkStream (line 78)
[INFO] [stdout] 
[INFO] [stdout] test result: FAILED. 0 passed; 1 failed; 0 ignored; 0 measured; 0 filtered out; finished in 0.14s
[INFO] [stdout] 
[INFO] running `Command { std: "docker" "inspect" "22b49482610e68354e74cc51c9ffdb9333b89b7c01f2c558d809fb4362ab22b5", kill_on_drop: false }`
[INFO] running `Command { std: "docker" "rm" "-f" "22b49482610e68354e74cc51c9ffdb9333b89b7c01f2c558d809fb4362ab22b5", kill_on_drop: false }`
[INFO] [stdout] 22b49482610e68354e74cc51c9ffdb9333b89b7c01f2c558d809fb4362ab22b5
