[INFO] cloning repository https://github.com/hangj/inttype-enum
[INFO] running `Command { std: "git" "-c" "credential.helper=" "-c" "credential.helper=/workspace/cargo-home/bin/git-credential-null" "clone" "--bare" "https://github.com/hangj/inttype-enum" "/workspace/cache/git-repos/https%3A%2F%2Fgithub.com%2Fhangj%2Finttype-enum", kill_on_drop: false }`
[INFO] [stderr] Cloning into bare repository '/workspace/cache/git-repos/https%3A%2F%2Fgithub.com%2Fhangj%2Finttype-enum'...
[INFO] running `Command { std: "git" "rev-parse" "HEAD", kill_on_drop: false }`
[INFO] [stdout] 2546bae67464a9287a3275df56c1041efe279674
[INFO] testing hangj/inttype-enum against beta-2024-12-08 for beta-1.84.0-4-retry
[INFO] running `Command { std: "git" "clone" "/workspace/cache/git-repos/https%3A%2F%2Fgithub.com%2Fhangj%2Finttype-enum" "/workspace/builds/worker-0-tc2/source", kill_on_drop: false }`
[INFO] [stderr] Cloning into '/workspace/builds/worker-0-tc2/source'...
[INFO] [stderr] done.
[INFO] validating manifest of git repo https://github.com/hangj/inttype-enum on toolchain beta-2024-12-08
[INFO] running `Command { std: CARGO_HOME="/workspace/cargo-home" RUSTUP_HOME="/workspace/rustup-home" "/workspace/cargo-home/bin/cargo" "+beta-2024-12-08" "metadata" "--manifest-path" "Cargo.toml" "--no-deps", kill_on_drop: false }`
[INFO] started tweaking git repo https://github.com/hangj/inttype-enum
[INFO] finished tweaking git repo https://github.com/hangj/inttype-enum
[INFO] tweaked toml for git repo https://github.com/hangj/inttype-enum written to /workspace/builds/worker-0-tc2/source/Cargo.toml
[INFO] crate git repo https://github.com/hangj/inttype-enum already has a lockfile, it will not be regenerated
[INFO] running `Command { std: CARGO_HOME="/workspace/cargo-home" RUSTUP_HOME="/workspace/rustup-home" "/workspace/cargo-home/bin/cargo" "+beta-2024-12-08" "fetch" "--manifest-path" "Cargo.toml", kill_on_drop: false }`
[INFO] running `Command { std: "docker" "create" "-v" "/var/lib/crater-agent-workspace/builds/worker-0-tc2/target:/opt/rustwide/target:rw,Z" "-v" "/var/lib/crater-agent-workspace/builds/worker-0-tc2/source:/opt/rustwide/workdir:ro,Z" "-v" "/var/lib/crater-agent-workspace/cargo-home:/opt/rustwide/cargo-home:ro,Z" "-v" "/var/lib/crater-agent-workspace/rustup-home:/opt/rustwide/rustup-home:ro,Z" "-e" "SOURCE_DIR=/opt/rustwide/workdir" "-e" "CARGO_TARGET_DIR=/opt/rustwide/target" "-e" "CARGO_HOME=/opt/rustwide/cargo-home" "-e" "RUSTUP_HOME=/opt/rustwide/rustup-home" "-w" "/opt/rustwide/workdir" "-m" "1610612736" "--user" "0:0" "--network" "none" "ghcr.io/rust-lang/crates-build-env/linux@sha256:f3a9d4ad9d972b27faf3965f35b62e55ba32bbce8f20bc8fe909558a86702fde" "/opt/rustwide/cargo-home/bin/cargo" "+beta-2024-12-08" "metadata" "--no-deps" "--format-version=1", kill_on_drop: false }`
[INFO] [stdout] 43f19395e261813019f43be4727875f8303c547564a8f9c617ba3699113d6b55
[INFO] running `Command { std: "docker" "start" "-a" "43f19395e261813019f43be4727875f8303c547564a8f9c617ba3699113d6b55", kill_on_drop: false }`
[INFO] running `Command { std: "docker" "inspect" "43f19395e261813019f43be4727875f8303c547564a8f9c617ba3699113d6b55", kill_on_drop: false }`
[INFO] running `Command { std: "docker" "rm" "-f" "43f19395e261813019f43be4727875f8303c547564a8f9c617ba3699113d6b55", kill_on_drop: false }`
[INFO] [stdout] 43f19395e261813019f43be4727875f8303c547564a8f9c617ba3699113d6b55
[INFO] running `Command { std: "docker" "create" "-v" "/var/lib/crater-agent-workspace/builds/worker-0-tc2/target:/opt/rustwide/target:rw,Z" "-v" "/var/lib/crater-agent-workspace/builds/worker-0-tc2/source:/opt/rustwide/workdir:ro,Z" "-v" "/var/lib/crater-agent-workspace/cargo-home:/opt/rustwide/cargo-home:ro,Z" "-v" "/var/lib/crater-agent-workspace/rustup-home:/opt/rustwide/rustup-home:ro,Z" "-e" "SOURCE_DIR=/opt/rustwide/workdir" "-e" "CARGO_TARGET_DIR=/opt/rustwide/target" "-e" "CARGO_INCREMENTAL=0" "-e" "RUST_BACKTRACE=full" "-e" "RUSTFLAGS=--cap-lints=warn" "-e" "RUSTDOCFLAGS=--cap-lints=warn" "-e" "CARGO_HOME=/opt/rustwide/cargo-home" "-e" "RUSTUP_HOME=/opt/rustwide/rustup-home" "-w" "/opt/rustwide/workdir" "-m" "1610612736" "--user" "0:0" "--network" "none" "ghcr.io/rust-lang/crates-build-env/linux@sha256:f3a9d4ad9d972b27faf3965f35b62e55ba32bbce8f20bc8fe909558a86702fde" "/opt/rustwide/cargo-home/bin/cargo" "+beta-2024-12-08" "build" "--frozen" "--message-format=json", kill_on_drop: false }`
[INFO] [stdout] d402b3ed7dab766c00d5967a9a19f627d2060b56c172709eafe7e2409277edc8
[INFO] running `Command { std: "docker" "start" "-a" "d402b3ed7dab766c00d5967a9a19f627d2060b56c172709eafe7e2409277edc8", kill_on_drop: false }`
[INFO] [stderr]    Compiling proc-macro2 v1.0.92
[INFO] [stderr]    Compiling unicode-ident v1.0.9
[INFO] [stderr]    Compiling quote v1.0.37
[INFO] [stderr]    Compiling syn v2.0.90
[INFO] [stderr]    Compiling inttype-enum v0.1.5 (/opt/rustwide/workdir)
[INFO] [stderr]     Finished `dev` profile [unoptimized + debuginfo] target(s) in 7.53s
[INFO] running `Command { std: "docker" "inspect" "d402b3ed7dab766c00d5967a9a19f627d2060b56c172709eafe7e2409277edc8", kill_on_drop: false }`
[INFO] running `Command { std: "docker" "rm" "-f" "d402b3ed7dab766c00d5967a9a19f627d2060b56c172709eafe7e2409277edc8", kill_on_drop: false }`
[INFO] [stdout] d402b3ed7dab766c00d5967a9a19f627d2060b56c172709eafe7e2409277edc8
[INFO] running `Command { std: "docker" "create" "-v" "/var/lib/crater-agent-workspace/builds/worker-0-tc2/target:/opt/rustwide/target:rw,Z" "-v" "/var/lib/crater-agent-workspace/builds/worker-0-tc2/source:/opt/rustwide/workdir:ro,Z" "-v" "/var/lib/crater-agent-workspace/cargo-home:/opt/rustwide/cargo-home:ro,Z" "-v" "/var/lib/crater-agent-workspace/rustup-home:/opt/rustwide/rustup-home:ro,Z" "-e" "SOURCE_DIR=/opt/rustwide/workdir" "-e" "CARGO_TARGET_DIR=/opt/rustwide/target" "-e" "CARGO_INCREMENTAL=0" "-e" "RUST_BACKTRACE=full" "-e" "RUSTFLAGS=--cap-lints=warn" "-e" "RUSTDOCFLAGS=--cap-lints=warn" "-e" "CARGO_HOME=/opt/rustwide/cargo-home" "-e" "RUSTUP_HOME=/opt/rustwide/rustup-home" "-w" "/opt/rustwide/workdir" "-m" "1610612736" "--user" "0:0" "--network" "none" "ghcr.io/rust-lang/crates-build-env/linux@sha256:f3a9d4ad9d972b27faf3965f35b62e55ba32bbce8f20bc8fe909558a86702fde" "/opt/rustwide/cargo-home/bin/cargo" "+beta-2024-12-08" "test" "--frozen" "--no-run" "--message-format=json", kill_on_drop: false }`
[INFO] [stdout] 97dc2e6698696d4432dfbc5a90454092574fc59df3aa5753703c0561894037d4
[INFO] running `Command { std: "docker" "start" "-a" "97dc2e6698696d4432dfbc5a90454092574fc59df3aa5753703c0561894037d4", kill_on_drop: false }`
[INFO] [stderr]    Compiling proc-macro2 v1.0.92
[INFO] [stderr]    Compiling unicode-ident v1.0.9
[INFO] [stderr]    Compiling quote v1.0.37
[INFO] [stderr]    Compiling syn v2.0.90
[INFO] [stderr]    Compiling inttype-enum v0.1.5 (/opt/rustwide/workdir)
[INFO] [stderr]     Finished `test` profile [unoptimized + debuginfo] target(s) in 9.60s
[INFO] running `Command { std: "docker" "inspect" "97dc2e6698696d4432dfbc5a90454092574fc59df3aa5753703c0561894037d4", kill_on_drop: false }`
[INFO] running `Command { std: "docker" "rm" "-f" "97dc2e6698696d4432dfbc5a90454092574fc59df3aa5753703c0561894037d4", kill_on_drop: false }`
[INFO] [stdout] 97dc2e6698696d4432dfbc5a90454092574fc59df3aa5753703c0561894037d4
[INFO] running `Command { std: "docker" "create" "-v" "/var/lib/crater-agent-workspace/builds/worker-0-tc2/target:/opt/rustwide/target:rw,Z" "-v" "/var/lib/crater-agent-workspace/builds/worker-0-tc2/source:/opt/rustwide/workdir:ro,Z" "-v" "/var/lib/crater-agent-workspace/cargo-home:/opt/rustwide/cargo-home:ro,Z" "-v" "/var/lib/crater-agent-workspace/rustup-home:/opt/rustwide/rustup-home:ro,Z" "-e" "SOURCE_DIR=/opt/rustwide/workdir" "-e" "CARGO_TARGET_DIR=/opt/rustwide/target" "-e" "CARGO_INCREMENTAL=0" "-e" "RUST_BACKTRACE=full" "-e" "RUSTFLAGS=--cap-lints=warn" "-e" "RUSTDOCFLAGS=--cap-lints=warn" "-e" "CARGO_HOME=/opt/rustwide/cargo-home" "-e" "RUSTUP_HOME=/opt/rustwide/rustup-home" "-w" "/opt/rustwide/workdir" "-m" "1610612736" "--user" "0:0" "--network" "none" "ghcr.io/rust-lang/crates-build-env/linux@sha256:f3a9d4ad9d972b27faf3965f35b62e55ba32bbce8f20bc8fe909558a86702fde" "/opt/rustwide/cargo-home/bin/cargo" "+beta-2024-12-08" "test" "--frozen", kill_on_drop: false }`
[INFO] [stdout] 78d8cbab8c732b7cb5c09a01a5cba01a9a9ad9c8a40452ddf93d829d4b266fec
[INFO] running `Command { std: "docker" "start" "-a" "78d8cbab8c732b7cb5c09a01a5cba01a9a9ad9c8a40452ddf93d829d4b266fec", kill_on_drop: false }`
[INFO] [stderr]     Finished `test` profile [unoptimized + debuginfo] target(s) in 0.02s
[INFO] [stderr]      Running unittests src/lib.rs (/opt/rustwide/target/debug/deps/inttype_enum-7e649979e72572e2)
[INFO] [stdout] 
[INFO] [stdout] running 0 tests
[INFO] [stdout] 
[INFO] [stdout] test result: ok. 0 passed; 0 failed; 0 ignored; 0 measured; 0 filtered out; finished in 0.00s
[INFO] [stdout] 
[INFO] [stdout] 
[INFO] [stderr]      Running tests/test.rs (/opt/rustwide/target/debug/deps/test-f8f10d750a0053e6)
[INFO] [stdout] running 1 test
[INFO] [stdout] test test ... ok
[INFO] [stdout] 
[INFO] [stdout] test result: ok. 1 passed; 0 failed; 0 ignored; 0 measured; 0 filtered out; finished in 0.01s
[INFO] [stdout] 
[INFO] [stderr]    Doc-tests inttype_enum
[INFO] [stdout] 
[INFO] [stdout] running 2 tests
[INFO] [stdout] test src/lib.rs - (line 30) ... FAILED
[INFO] [stdout] test src/lib.rs - (line 16) ... FAILED
[INFO] [stdout] 
[INFO] [stdout] failures:
[INFO] [stdout] 
[INFO] [stdout] ---- src/lib.rs - (line 30) stdout ----
[INFO] [stdout] error: cannot find derive macro `IntType` in this scope
[INFO] [stdout]  --> src/lib.rs:31:10
[INFO] [stdout]   |
[INFO] [stdout] 3 | #[derive(IntType)]
[INFO] [stdout]   |          ^^^^^^^
[INFO] [stdout]   |
[INFO] [stdout] help: consider importing this derive macro
[INFO] [stdout]   |
[INFO] [stdout] 2 + use inttype_enum::IntType;
[INFO] [stdout]   |
[INFO] [stdout] 
[INFO] [stdout] error: cannot find attribute `default` in this scope
[INFO] [stdout]  --> src/lib.rs:36:7
[INFO] [stdout]   |
[INFO] [stdout] 8 |     #[default]
[INFO] [stdout]   |       ^^^^^^^
[INFO] [stdout]   |
[INFO] [stdout] help: consider adding a derive
[INFO] [stdout]   |
[INFO] [stdout] 5 + #[derive(Default)]
[INFO] [stdout] 6 | enum Method {
[INFO] [stdout]   |
[INFO] [stdout] 
[INFO] [stdout] error[E0277]: the trait bound `Method: From<{integer}>` is not satisfied
[INFO] [stdout]   --> src/lib.rs:39:20
[INFO] [stdout]    |
[INFO] [stdout] 11 | assert!(matches!(1.into(), Method::A));
[INFO] [stdout]    |                    ^^^^ the trait `From<{integer}>` is not implemented for `Method`
[INFO] [stdout]    |
[INFO] [stdout]    = note: required for `{integer}` to implement `Into<Method>`
[INFO] [stdout] 
[INFO] [stdout] error[E0277]: the trait bound `Method: From<{integer}>` is not satisfied
[INFO] [stdout]   --> src/lib.rs:40:20
[INFO] [stdout]    |
[INFO] [stdout] 12 | assert!(matches!(0.into(), Method::C));
[INFO] [stdout]    |                    ^^^^ the trait `From<{integer}>` is not implemented for `Method`
[INFO] [stdout]    |
[INFO] [stdout]    = note: required for `{integer}` to implement `Into<Method>`
[INFO] [stdout] 
[INFO] [stdout] error: aborting due to 4 previous errors
[INFO] [stdout] 
[INFO] [stdout] For more information about this error, try `rustc --explain E0277`.
[INFO] [stdout] Couldn't compile the test.
[INFO] [stdout] ---- src/lib.rs - (line 16) stdout ----
[INFO] [stdout] error: cannot find derive macro `IntType` in this scope
[INFO] [stdout]  --> src/lib.rs:17:10
[INFO] [stdout]   |
[INFO] [stdout] 3 | #[derive(IntType)]
[INFO] [stdout]   |          ^^^^^^^
[INFO] [stdout]   |
[INFO] [stdout] help: consider importing this derive macro
[INFO] [stdout]   |
[INFO] [stdout] 2 + use inttype_enum::IntType;
[INFO] [stdout]   |
[INFO] [stdout] 
[INFO] [stdout] error[E0277]: the trait bound `u8: From<Cmd>` is not satisfied
[INFO] [stdout]   --> src/lib.rs:25:29
[INFO] [stdout]    |
[INFO] [stdout] 11 | let conn: u8 = Cmd::Connect.into();
[INFO] [stdout]    |                             ^^^^ the trait `From<Cmd>` is not implemented for `u8`
[INFO] [stdout]    |
[INFO] [stdout]    = help: the following other types implement trait `From<T>`:
[INFO] [stdout]              `u8` implements `From<Char>`
[INFO] [stdout]              `u8` implements `From<bool>`
[INFO] [stdout]    = note: required for `Cmd` to implement `Into<u8>`
[INFO] [stdout] 
[INFO] [stdout] error[E0277]: the trait bound `Cmd: TryFrom<u8>` is not satisfied
[INFO] [stdout]   --> src/lib.rs:26:18
[INFO] [stdout]    |
[INFO] [stdout] 12 | assert!(matches!(Cmd::try_from(conn), Ok(Cmd::Connect)));
[INFO] [stdout]    |                  ^^^ the trait `From<u8>` is not implemented for `Cmd`
[INFO] [stdout]    |
[INFO] [stdout]    = note: required for `u8` to implement `Into<Cmd>`
[INFO] [stdout]    = note: required for `Cmd` to implement `TryFrom<u8>`
[INFO] [stdout] 
[INFO] [stdout] error[E0277]: the trait bound `Cmd: TryFrom<{integer}>` is not satisfied
[INFO] [stdout]   --> src/lib.rs:27:18
[INFO] [stdout]    |
[INFO] [stdout] 13 | assert!(matches!(Cmd::try_from(0), Err(_)));
[INFO] [stdout]    |                  ^^^ the trait `From<{integer}>` is not implemented for `Cmd`
[INFO] [stdout]    |
[INFO] [stdout]    = note: required for `{integer}` to implement `Into<Cmd>`
[INFO] [stdout]    = note: required for `Cmd` to implement `TryFrom<{integer}>`
[INFO] [stdout] 
[INFO] [stdout] error[E0277]: the trait bound `Cmd: From<u8>` is not satisfied
[INFO] [stdout]   --> src/lib.rs:26:18
[INFO] [stdout]    |
[INFO] [stdout] 12 | assert!(matches!(Cmd::try_from(conn), Ok(Cmd::Connect)));
[INFO] [stdout]    |                  ^^^^^^^^^^^^^^^^^^^ the trait `From<u8>` is not implemented for `Cmd`
[INFO] [stdout]    |
[INFO] [stdout]    = note: required for `u8` to implement `Into<Cmd>`
[INFO] [stdout]    = note: required for `Cmd` to implement `TryFrom<u8>`
[INFO] [stdout] 
[INFO] [stdout] error[E0277]: the trait bound `Cmd: From<{integer}>` is not satisfied
[INFO] [stdout]   --> src/lib.rs:27:18
[INFO] [stdout]    |
[INFO] [stdout] 13 | assert!(matches!(Cmd::try_from(0), Err(_)));
[INFO] [stdout]    |                  ^^^^^^^^^^^^^^^^ the trait `From<{integer}>` is not implemented for `Cmd`
[INFO] [stdout]    |
[INFO] [stdout]    = note: required for `{integer}` to implement `Into<Cmd>`
[INFO] [stdout]    = note: required for `Cmd` to implement `TryFrom<{integer}>`
[INFO] [stdout] 
[INFO] [stdout] error: aborting due to 6 previous errors
[INFO] [stdout] 
[INFO] [stdout] For more information about this error, try `rustc --explain E0277`.
[INFO] [stdout] Couldn't compile the test.
[INFO] [stdout] 
[INFO] [stdout] failures:
[INFO] [stdout]     src/lib.rs - (line 16)
[INFO] [stdout]     src/lib.rs - (line 30)
[INFO] [stdout] 
[INFO] [stdout] test result: FAILED. 0 passed; 2 failed; 0 ignored; 0 measured; 0 filtered out; finished in 0.16s
[INFO] [stdout] 
[INFO] [stderr] error: doctest failed, to rerun pass `--doc`
[INFO] running `Command { std: "docker" "inspect" "78d8cbab8c732b7cb5c09a01a5cba01a9a9ad9c8a40452ddf93d829d4b266fec", kill_on_drop: false }`
[INFO] running `Command { std: "docker" "rm" "-f" "78d8cbab8c732b7cb5c09a01a5cba01a9a9ad9c8a40452ddf93d829d4b266fec", kill_on_drop: false }`
[INFO] [stdout] 78d8cbab8c732b7cb5c09a01a5cba01a9a9ad9c8a40452ddf93d829d4b266fec
