[INFO] cloning repository https://github.com/hanar3/yanp-r
[INFO] running `Command { std: "git" "-c" "credential.helper=" "-c" "credential.helper=/workspace/cargo-home/bin/git-credential-null" "clone" "--bare" "https://github.com/hanar3/yanp-r" "/workspace/cache/git-repos/https%3A%2F%2Fgithub.com%2Fhanar3%2Fyanp-r", kill_on_drop: false }`
[INFO] [stderr] Cloning into bare repository '/workspace/cache/git-repos/https%3A%2F%2Fgithub.com%2Fhanar3%2Fyanp-r'...
[INFO] running `Command { std: "git" "rev-parse" "HEAD", kill_on_drop: false }`
[INFO] [stdout] a3ffd06e3b223d62e9b1b8ba4348e91963e6d070
[INFO] testing hanar3/yanp-r against 1.83.0 for beta-1.84.0-4-retry
[INFO] running `Command { std: "git" "clone" "/workspace/cache/git-repos/https%3A%2F%2Fgithub.com%2Fhanar3%2Fyanp-r" "/workspace/builds/worker-0-tc1/source", kill_on_drop: false }`
[INFO] [stderr] Cloning into '/workspace/builds/worker-0-tc1/source'...
[INFO] [stderr] done.
[INFO] validating manifest of git repo https://github.com/hanar3/yanp-r on toolchain 1.83.0
[INFO] running `Command { std: CARGO_HOME="/workspace/cargo-home" RUSTUP_HOME="/workspace/rustup-home" "/workspace/cargo-home/bin/cargo" "+1.83.0" "metadata" "--manifest-path" "Cargo.toml" "--no-deps", kill_on_drop: false }`
[INFO] started tweaking git repo https://github.com/hanar3/yanp-r
[INFO] finished tweaking git repo https://github.com/hanar3/yanp-r
[INFO] tweaked toml for git repo https://github.com/hanar3/yanp-r written to /workspace/builds/worker-0-tc1/source/Cargo.toml
[INFO] crate git repo https://github.com/hanar3/yanp-r already has a lockfile, it will not be regenerated
[INFO] running `Command { std: CARGO_HOME="/workspace/cargo-home" RUSTUP_HOME="/workspace/rustup-home" "/workspace/cargo-home/bin/cargo" "+1.83.0" "fetch" "--manifest-path" "Cargo.toml", kill_on_drop: false }`
[INFO] running `Command { std: "docker" "create" "-v" "/var/lib/crater-agent-workspace/builds/worker-0-tc1/target:/opt/rustwide/target:rw,Z" "-v" "/var/lib/crater-agent-workspace/builds/worker-0-tc1/source:/opt/rustwide/workdir:ro,Z" "-v" "/var/lib/crater-agent-workspace/cargo-home:/opt/rustwide/cargo-home:ro,Z" "-v" "/var/lib/crater-agent-workspace/rustup-home:/opt/rustwide/rustup-home:ro,Z" "-e" "SOURCE_DIR=/opt/rustwide/workdir" "-e" "CARGO_TARGET_DIR=/opt/rustwide/target" "-e" "CARGO_HOME=/opt/rustwide/cargo-home" "-e" "RUSTUP_HOME=/opt/rustwide/rustup-home" "-w" "/opt/rustwide/workdir" "-m" "1610612736" "--user" "0:0" "--network" "none" "ghcr.io/rust-lang/crates-build-env/linux@sha256:f3a9d4ad9d972b27faf3965f35b62e55ba32bbce8f20bc8fe909558a86702fde" "/opt/rustwide/cargo-home/bin/cargo" "+1.83.0" "metadata" "--no-deps" "--format-version=1", kill_on_drop: false }`
[INFO] [stdout] e9646aafe7bfdd2ad723ffa349d7fbaa2f31d3f003ea2090fd02187b2a67734a
[INFO] running `Command { std: "docker" "start" "-a" "e9646aafe7bfdd2ad723ffa349d7fbaa2f31d3f003ea2090fd02187b2a67734a", kill_on_drop: false }`
[INFO] running `Command { std: "docker" "inspect" "e9646aafe7bfdd2ad723ffa349d7fbaa2f31d3f003ea2090fd02187b2a67734a", kill_on_drop: false }`
[INFO] running `Command { std: "docker" "rm" "-f" "e9646aafe7bfdd2ad723ffa349d7fbaa2f31d3f003ea2090fd02187b2a67734a", kill_on_drop: false }`
[INFO] [stdout] e9646aafe7bfdd2ad723ffa349d7fbaa2f31d3f003ea2090fd02187b2a67734a
[INFO] running `Command { std: "docker" "create" "-v" "/var/lib/crater-agent-workspace/builds/worker-0-tc1/target:/opt/rustwide/target:rw,Z" "-v" "/var/lib/crater-agent-workspace/builds/worker-0-tc1/source:/opt/rustwide/workdir:ro,Z" "-v" "/var/lib/crater-agent-workspace/cargo-home:/opt/rustwide/cargo-home:ro,Z" "-v" "/var/lib/crater-agent-workspace/rustup-home:/opt/rustwide/rustup-home:ro,Z" "-e" "SOURCE_DIR=/opt/rustwide/workdir" "-e" "CARGO_TARGET_DIR=/opt/rustwide/target" "-e" "CARGO_INCREMENTAL=0" "-e" "RUST_BACKTRACE=full" "-e" "RUSTFLAGS=--cap-lints=warn" "-e" "RUSTDOCFLAGS=--cap-lints=warn" "-e" "CARGO_HOME=/opt/rustwide/cargo-home" "-e" "RUSTUP_HOME=/opt/rustwide/rustup-home" "-w" "/opt/rustwide/workdir" "-m" "1610612736" "--user" "0:0" "--network" "none" "ghcr.io/rust-lang/crates-build-env/linux@sha256:f3a9d4ad9d972b27faf3965f35b62e55ba32bbce8f20bc8fe909558a86702fde" "/opt/rustwide/cargo-home/bin/cargo" "+1.83.0" "build" "--frozen" "--message-format=json", kill_on_drop: false }`
[INFO] [stdout] f58cfaa57ad1625870d61da429bab91df749de4c306a2c5fe784dc6ee7d12514
[INFO] running `Command { std: "docker" "start" "-a" "f58cfaa57ad1625870d61da429bab91df749de4c306a2c5fe784dc6ee7d12514", kill_on_drop: false }`
[INFO] [stderr]    Compiling proc-macro2 v1.0.89
[INFO] [stderr]    Compiling unicode-ident v1.0.13
[INFO] [stderr]    Compiling memchr v2.7.4
[INFO] [stderr]    Compiling serde v1.0.215
[INFO] [stderr]    Compiling serde_json v1.0.132
[INFO] [stderr]    Compiling aho-corasick v1.1.3
[INFO] [stderr]    Compiling quote v1.0.37
[INFO] [stderr]    Compiling syn v2.0.87
[INFO] [stderr]    Compiling regex-automata v0.4.9
[INFO] [stderr]    Compiling serde_derive v1.0.215
[INFO] [stderr]    Compiling regex v1.11.1
[INFO] [stderr]    Compiling yanp-r v0.1.0 (/opt/rustwide/workdir)
[INFO] [stderr]     Finished `dev` profile [unoptimized + debuginfo] target(s) in 11.99s
[INFO] running `Command { std: "docker" "inspect" "f58cfaa57ad1625870d61da429bab91df749de4c306a2c5fe784dc6ee7d12514", kill_on_drop: false }`
[INFO] running `Command { std: "docker" "rm" "-f" "f58cfaa57ad1625870d61da429bab91df749de4c306a2c5fe784dc6ee7d12514", kill_on_drop: false }`
[INFO] [stdout] f58cfaa57ad1625870d61da429bab91df749de4c306a2c5fe784dc6ee7d12514
[INFO] running `Command { std: "docker" "create" "-v" "/var/lib/crater-agent-workspace/builds/worker-0-tc1/target:/opt/rustwide/target:rw,Z" "-v" "/var/lib/crater-agent-workspace/builds/worker-0-tc1/source:/opt/rustwide/workdir:ro,Z" "-v" "/var/lib/crater-agent-workspace/cargo-home:/opt/rustwide/cargo-home:ro,Z" "-v" "/var/lib/crater-agent-workspace/rustup-home:/opt/rustwide/rustup-home:ro,Z" "-e" "SOURCE_DIR=/opt/rustwide/workdir" "-e" "CARGO_TARGET_DIR=/opt/rustwide/target" "-e" "CARGO_INCREMENTAL=0" "-e" "RUST_BACKTRACE=full" "-e" "RUSTFLAGS=--cap-lints=warn" "-e" "RUSTDOCFLAGS=--cap-lints=warn" "-e" "CARGO_HOME=/opt/rustwide/cargo-home" "-e" "RUSTUP_HOME=/opt/rustwide/rustup-home" "-w" "/opt/rustwide/workdir" "-m" "1610612736" "--user" "0:0" "--network" "none" "ghcr.io/rust-lang/crates-build-env/linux@sha256:f3a9d4ad9d972b27faf3965f35b62e55ba32bbce8f20bc8fe909558a86702fde" "/opt/rustwide/cargo-home/bin/cargo" "+1.83.0" "test" "--frozen" "--no-run" "--message-format=json", kill_on_drop: false }`
[INFO] [stdout] 0b6671ec34c7e61a58a94336b2e2fac78b0311f45e9cd381ec08aa64a2295b29
[INFO] running `Command { std: "docker" "start" "-a" "0b6671ec34c7e61a58a94336b2e2fac78b0311f45e9cd381ec08aa64a2295b29", kill_on_drop: false }`
[INFO] [stderr]    Compiling yanp-r v0.1.0 (/opt/rustwide/workdir)
[INFO] [stderr]     Finished `test` profile [unoptimized + debuginfo] target(s) in 2.46s
[INFO] running `Command { std: "docker" "inspect" "0b6671ec34c7e61a58a94336b2e2fac78b0311f45e9cd381ec08aa64a2295b29", kill_on_drop: false }`
[INFO] running `Command { std: "docker" "rm" "-f" "0b6671ec34c7e61a58a94336b2e2fac78b0311f45e9cd381ec08aa64a2295b29", kill_on_drop: false }`
[INFO] [stdout] 0b6671ec34c7e61a58a94336b2e2fac78b0311f45e9cd381ec08aa64a2295b29
[INFO] running `Command { std: "docker" "create" "-v" "/var/lib/crater-agent-workspace/builds/worker-0-tc1/target:/opt/rustwide/target:rw,Z" "-v" "/var/lib/crater-agent-workspace/builds/worker-0-tc1/source:/opt/rustwide/workdir:ro,Z" "-v" "/var/lib/crater-agent-workspace/cargo-home:/opt/rustwide/cargo-home:ro,Z" "-v" "/var/lib/crater-agent-workspace/rustup-home:/opt/rustwide/rustup-home:ro,Z" "-e" "SOURCE_DIR=/opt/rustwide/workdir" "-e" "CARGO_TARGET_DIR=/opt/rustwide/target" "-e" "CARGO_INCREMENTAL=0" "-e" "RUST_BACKTRACE=full" "-e" "RUSTFLAGS=--cap-lints=warn" "-e" "RUSTDOCFLAGS=--cap-lints=warn" "-e" "CARGO_HOME=/opt/rustwide/cargo-home" "-e" "RUSTUP_HOME=/opt/rustwide/rustup-home" "-w" "/opt/rustwide/workdir" "-m" "1610612736" "--user" "0:0" "--network" "none" "ghcr.io/rust-lang/crates-build-env/linux@sha256:f3a9d4ad9d972b27faf3965f35b62e55ba32bbce8f20bc8fe909558a86702fde" "/opt/rustwide/cargo-home/bin/cargo" "+1.83.0" "test" "--frozen", kill_on_drop: false }`
[INFO] [stdout] 78f90e5422d556c321b94597b331506c83357a65ee7f930872c2e20c5a3235a8
[INFO] running `Command { std: "docker" "start" "-a" "78f90e5422d556c321b94597b331506c83357a65ee7f930872c2e20c5a3235a8", kill_on_drop: false }`
[INFO] [stderr]     Finished `test` profile [unoptimized + debuginfo] target(s) in 0.07s
[INFO] [stderr]      Running unittests src/main.rs (/opt/rustwide/target/debug/deps/yanp_r-6f6bf412b21c8562)
[INFO] [stdout] 
[INFO] [stdout] running 43 tests
[INFO] [stdout] test tests::parses_a_string_literal ... ok
[INFO] [stdout] test tests::parses_a_singlequote_string_literal ... ok
[INFO] [stdout] test tests::parses_a_numeric_literal ... ok
[INFO] [stdout] test tests::parses_basic_unary_expression ... ok
[INFO] [stdout] test tests::parses_a_multiplicative_expression ... ok
[INFO] [stdout] test tests::parses_block_statement ... ok
[INFO] [stdout] test tests::parses_complex_assignment ... ok
[INFO] [stdout] test tests::parses_a_chained_binary_expression ... ok
[INFO] [stdout] test tests::parses_a_chained_multiplication_with_correct_operator_precedence ... ok
[INFO] [stdout] test tests::parses_computed_member_expression_assignment ... ok
[INFO] [stdout] test tests::parses_an_assignment ... ok
[INFO] [stdout] test tests::parses_a_simple_sum_expression ... ok
[INFO] [stdout] test tests::parses_a_variable_declaration_with_assignment ... ok
[INFO] [stdout] test tests::parses_a_parenthesized_binary_expression ... ok
[INFO] [stdout] test tests::parses_a_member_call_expression ... FAILED
[INFO] [stdout] test tests::parses_chained_assignment_inside_variable_decl ... ok
[INFO] [stdout] test tests::parses_equality_op ... ok
[INFO] [stdout] test tests::parses_chained_unary_expression ... ok
[INFO] [stdout] test tests::parses_a_call_expression ... ok
[INFO] [stdout] test tests::parses_a_parenthesized_binary_expression_2 ... ok
[INFO] [stdout] test tests::parses_a_function_with_empty_params ... ok
[INFO] [stdout] test tests::parses_chained_variable_assignment ... ok
[INFO] [stdout] test tests::parses_logical ... ok
[INFO] [stdout] test tests::parses_multiple_variable_declarations ... ok
[INFO] [stdout] test tests::parses_logical_or_with_binary ... ok
[INFO] [stdout] test tests::parses_member_non_computed_member_expression_assignment ... ok
[INFO] [stdout] test tests::parses_infinite_for_statement ... ok
[INFO] [stdout] test tests::parses_logical_and_with_binary ... ok
[INFO] [stdout] test tests::parses_relational_op_lt ... ok
[INFO] [stdout] test tests::skips_multiline_comments ... ok
[INFO] [stdout] test tests::skips_spaces ... ok
[INFO] [stdout] test tests::parses_do_while_statement ... ok
[INFO] [stdout] test tests::parses_relational_op_gt ... ok
[INFO] [stdout] test tests::parses_if_statement ... ok
[INFO] [stdout] test tests::parses_function_declaration ... ok
[INFO] [stdout] test tests::parses_variable_declaration ... ok
[INFO] [stdout] test tests::parses_variable_assignment_with_binary_expressions ... ok
[INFO] [stdout] test tests::parses_ifelse_statement ... ok
[INFO] [stdout] test tests::parses_neq ... ok
[INFO] [stdout] test tests::skips_single_line_comments ... ok
[INFO] [stdout] test tests::parses_while_statement ... ok
[INFO] [stdout] test tests::parses_ifelse_with_relational_op ... ok
[INFO] [stdout] test tests::parses_for_statement ... ok
[INFO] [stdout] 
[INFO] [stdout] failures:
[INFO] [stdout] 
[INFO] [stdout] ---- tests::parses_a_member_call_expression stdout ----
[INFO] [stdout] thread 'tests::parses_a_member_call_expression' panicked at src/main.rs:1665:9:
[INFO] [stdout] assertion `left == right` failed
[INFO] [stdout]   left: "{\"type\":\"Program\",\"body\":[{\"type\":\"ExpressionStatement\",\"expression\":{\"type\":\"CallExpression\",\"callee\":{\"type\":\"MemberExpression\",\"computed\":false,\"object\":{\"type\":\"Identifier\",\"name\":\"console\"},\"property\":{\"type\":\"Identifier\",\"name\":\"log\"}},\"arguments\":[{\"type\":\"Identifier\",\"name\":\"x\"},{\"type\":\"Identifier\",\"name\":\"y\"}]}}]}"
[INFO] [stdout]  right: "{\"type\":\"Program\",\"body\":[{\"type\":\"ExpressionStatement\",\"expression\":{\"type\":\"AssignmentExpression\",\"operator\":\"=\",\"left\":{\"type\":\"MemberExpression\",\"computed\":true,\"object\":{\"type\":\"Identifier\",\"name\":\"foo\"},\"property\":{\"type\":\"NumericLiteral\",\"value\":0}},\"right\":{\"type\":\"NumericLiteral\",\"value\":0}}}]}"
[INFO] [stdout] stack backtrace:
[INFO] [stdout]    0:     0x55680f2e16da - std::backtrace_rs::backtrace::libunwind::trace::h5a5b8284f2d0c266
[INFO] [stdout]                                at /rustc/90b35a6239c3d8bdabc530a6a0816f7ff89a0aaf/library/std/src/../../backtrace/src/backtrace/libunwind.rs:116:5
[INFO] [stdout]    1:     0x55680f2e16da - std::backtrace_rs::backtrace::trace_unsynchronized::h76d4f1c9b0b875e3
[INFO] [stdout]                                at /rustc/90b35a6239c3d8bdabc530a6a0816f7ff89a0aaf/library/std/src/../../backtrace/src/backtrace/mod.rs:66:5
[INFO] [stdout]    2:     0x55680f2e16da - std::sys::backtrace::_print_fmt::hc4546b8364a537c6
[INFO] [stdout]                                at /rustc/90b35a6239c3d8bdabc530a6a0816f7ff89a0aaf/library/std/src/sys/backtrace.rs:66:9
[INFO] [stdout]    3:     0x55680f2e16da - <std::sys::backtrace::BacktraceLock::print::DisplayBacktrace as core::fmt::Display>::fmt::h5b6bd5631a6d1f6b
[INFO] [stdout]                                at /rustc/90b35a6239c3d8bdabc530a6a0816f7ff89a0aaf/library/std/src/sys/backtrace.rs:39:26
[INFO] [stdout]    4:     0x55680f306fc3 - core::fmt::rt::Argument::fmt::h270f6602a2b96f62
[INFO] [stdout]                                at /rustc/90b35a6239c3d8bdabc530a6a0816f7ff89a0aaf/library/core/src/fmt/rt.rs:177:76
[INFO] [stdout]    5:     0x55680f306fc3 - core::fmt::write::h7550c97b06c86515
[INFO] [stdout]                                at /rustc/90b35a6239c3d8bdabc530a6a0816f7ff89a0aaf/library/core/src/fmt/mod.rs:1186:21
[INFO] [stdout]    6:     0x55680f2de8a3 - std::io::Write::write_fmt::h509ff860e5956e5e
[INFO] [stdout]                                at /rustc/90b35a6239c3d8bdabc530a6a0816f7ff89a0aaf/library/std/src/io/mod.rs:1839:15
[INFO] [stdout]    7:     0x55680f2e1522 - std::sys::backtrace::BacktraceLock::print::h2395ccd2c84ba3aa
[INFO] [stdout]                                at /rustc/90b35a6239c3d8bdabc530a6a0816f7ff89a0aaf/library/std/src/sys/backtrace.rs:42:9
[INFO] [stdout]    8:     0x55680f2e2b3a - std::panicking::default_hook::{{closure}}::he19d4c7230e07961
[INFO] [stdout]                                at /rustc/90b35a6239c3d8bdabc530a6a0816f7ff89a0aaf/library/std/src/panicking.rs:268:22
[INFO] [stdout]    9:     0x55680f2e2944 - std::panicking::default_hook::hf614597d3c67bbdb
[INFO] [stdout]                                at /rustc/90b35a6239c3d8bdabc530a6a0816f7ff89a0aaf/library/std/src/panicking.rs:292:9
[INFO] [stdout]   10:     0x55680f028419 - <alloc::boxed::Box<F,A> as core::ops::function::Fn<Args>>::call::h39b51ce4599c23d1
[INFO] [stdout]                                at /rustc/90b35a6239c3d8bdabc530a6a0816f7ff89a0aaf/library/alloc/src/boxed.rs:2468:9
[INFO] [stdout]   11:     0x55680f028419 - test::test_main::{{closure}}::he977ae839a582784
[INFO] [stdout]                                at /rustc/90b35a6239c3d8bdabc530a6a0816f7ff89a0aaf/library/test/src/lib.rs:133:21
[INFO] [stdout]   12:     0x55680f2e31d8 - <alloc::boxed::Box<F,A> as core::ops::function::Fn<Args>>::call::h9455091b6b06f9fb
[INFO] [stdout]                                at /rustc/90b35a6239c3d8bdabc530a6a0816f7ff89a0aaf/library/alloc/src/boxed.rs:2468:9
[INFO] [stdout]   13:     0x55680f2e31d8 - std::panicking::rust_panic_with_hook::h8942133a8b252070
[INFO] [stdout]                                at /rustc/90b35a6239c3d8bdabc530a6a0816f7ff89a0aaf/library/std/src/panicking.rs:809:13
[INFO] [stdout]   14:     0x55680f2e2f9a - std::panicking::begin_panic_handler::{{closure}}::hb5f5963570096b29
[INFO] [stdout]                                at /rustc/90b35a6239c3d8bdabc530a6a0816f7ff89a0aaf/library/std/src/panicking.rs:674:13
[INFO] [stdout]   15:     0x55680f2e1bb9 - std::sys::backtrace::__rust_end_short_backtrace::h6208cedc1922feda
[INFO] [stdout]                                at /rustc/90b35a6239c3d8bdabc530a6a0816f7ff89a0aaf/library/std/src/sys/backtrace.rs:170:18
[INFO] [stdout]   16:     0x55680f2e2c2c - rust_begin_unwind
[INFO] [stdout]                                at /rustc/90b35a6239c3d8bdabc530a6a0816f7ff89a0aaf/library/std/src/panicking.rs:665:5
[INFO] [stdout]   17:     0x55680efc9130 - core::panicking::panic_fmt::h0c3082644d1bf418
[INFO] [stdout]                                at /rustc/90b35a6239c3d8bdabc530a6a0816f7ff89a0aaf/library/core/src/panicking.rs:74:14
[INFO] [stdout]   18:     0x55680efc9534 - core::panicking::assert_failed_inner::h2ddf1fcc067fa858
[INFO] [stdout]   19:     0x55680efeabf0 - core::panicking::assert_failed::hb16db20ce3534166
[INFO] [stdout]                                at /rustc/90b35a6239c3d8bdabc530a6a0816f7ff89a0aaf/library/core/src/panicking.rs:367:5
[INFO] [stdout]   20:     0x55680efe6394 - yanp_r::tests::parses_a_member_call_expression::h9ab6aabf1e42e4ca
[INFO] [stdout]                                at /opt/rustwide/workdir/src/main.rs:1665:9
[INFO] [stdout]   21:     0x55680efe6157 - yanp_r::tests::parses_a_member_call_expression::{{closure}}::h1f91f834f1664cdf
[INFO] [stdout]                                at /opt/rustwide/workdir/src/main.rs:1657:45
[INFO] [stdout]   22:     0x55680efe8876 - core::ops::function::FnOnce::call_once::h78eb14944c772f29
[INFO] [stdout]                                at /rustc/90b35a6239c3d8bdabc530a6a0816f7ff89a0aaf/library/core/src/ops/function.rs:250:5
[INFO] [stdout]   23:     0x55680f02cddb - core::ops::function::FnOnce::call_once::h109cf8051a59b34e
[INFO] [stdout]                                at /rustc/90b35a6239c3d8bdabc530a6a0816f7ff89a0aaf/library/core/src/ops/function.rs:250:5
[INFO] [stdout]   24:     0x55680f02cddb - test::__rust_begin_short_backtrace::hf4fff89d377446ba
[INFO] [stdout]                                at /rustc/90b35a6239c3d8bdabc530a6a0816f7ff89a0aaf/library/test/src/lib.rs:621:18
[INFO] [stdout]   25:     0x55680f02c617 - test::run_test_in_process::{{closure}}::h0e39181dd7ee5a43
[INFO] [stdout]                                at /rustc/90b35a6239c3d8bdabc530a6a0816f7ff89a0aaf/library/test/src/lib.rs:644:60
[INFO] [stdout]   26:     0x55680f02c617 - <core::panic::unwind_safe::AssertUnwindSafe<F> as core::ops::function::FnOnce<()>>::call_once::hc5a66a30f0bdfd1f
[INFO] [stdout]                                at /rustc/90b35a6239c3d8bdabc530a6a0816f7ff89a0aaf/library/core/src/panic/unwind_safe.rs:272:9
[INFO] [stdout]   27:     0x55680f02c617 - std::panicking::try::do_call::h873b7cf639554a5e
[INFO] [stdout]                                at /rustc/90b35a6239c3d8bdabc530a6a0816f7ff89a0aaf/library/std/src/panicking.rs:557:40
[INFO] [stdout]   28:     0x55680f02c617 - std::panicking::try::hdb19862fad9c8bd1
[INFO] [stdout]                                at /rustc/90b35a6239c3d8bdabc530a6a0816f7ff89a0aaf/library/std/src/panicking.rs:520:19
[INFO] [stdout]   29:     0x55680f02c617 - std::panic::catch_unwind::h281fe732d236d260
[INFO] [stdout]                                at /rustc/90b35a6239c3d8bdabc530a6a0816f7ff89a0aaf/library/std/src/panic.rs:358:14
[INFO] [stdout]   30:     0x55680f02c617 - test::run_test_in_process::h949b6df8457ed338
[INFO] [stdout]                                at /rustc/90b35a6239c3d8bdabc530a6a0816f7ff89a0aaf/library/test/src/lib.rs:644:27
[INFO] [stdout]   31:     0x55680f02c617 - test::run_test::{{closure}}::h52c556a6d4740e10
[INFO] [stdout]                                at /rustc/90b35a6239c3d8bdabc530a6a0816f7ff89a0aaf/library/test/src/lib.rs:565:43
[INFO] [stdout]   32:     0x55680eff18f4 - test::run_test::{{closure}}::h4237f6381c45ccb9
[INFO] [stdout]                                at /rustc/90b35a6239c3d8bdabc530a6a0816f7ff89a0aaf/library/test/src/lib.rs:595:41
[INFO] [stdout]   33:     0x55680eff18f4 - std::sys::backtrace::__rust_begin_short_backtrace::h505c97a579eca628
[INFO] [stdout]                                at /rustc/90b35a6239c3d8bdabc530a6a0816f7ff89a0aaf/library/std/src/sys/backtrace.rs:154:18
[INFO] [stdout]   34:     0x55680eff4fbe - std::thread::Builder::spawn_unchecked_::{{closure}}::{{closure}}::h9e86b2e2bc107ea3
[INFO] [stdout]                                at /rustc/90b35a6239c3d8bdabc530a6a0816f7ff89a0aaf/library/std/src/thread/mod.rs:538:17
[INFO] [stdout]   35:     0x55680eff4fbe - <core::panic::unwind_safe::AssertUnwindSafe<F> as core::ops::function::FnOnce<()>>::call_once::h8b06ddb275ff4a25
[INFO] [stdout]                                at /rustc/90b35a6239c3d8bdabc530a6a0816f7ff89a0aaf/library/core/src/panic/unwind_safe.rs:272:9
[INFO] [stdout]   36:     0x55680eff4fbe - std::panicking::try::do_call::hb26ecd7cd9a9355d
[INFO] [stdout]                                at /rustc/90b35a6239c3d8bdabc530a6a0816f7ff89a0aaf/library/std/src/panicking.rs:557:40
[INFO] [stdout]   37:     0x55680eff4fbe - std::panicking::try::h8ddeca9d705f9069
[INFO] [stdout]                                at /rustc/90b35a6239c3d8bdabc530a6a0816f7ff89a0aaf/library/std/src/panicking.rs:520:19
[INFO] [stdout]   38:     0x55680eff4fbe - std::panic::catch_unwind::h49e1c33078844c46
[INFO] [stdout]                                at /rustc/90b35a6239c3d8bdabc530a6a0816f7ff89a0aaf/library/std/src/panic.rs:358:14
[INFO] [stdout]   39:     0x55680eff4fbe - std::thread::Builder::spawn_unchecked_::{{closure}}::h6073db6ff56ad35d
[INFO] [stdout]                                at /rustc/90b35a6239c3d8bdabc530a6a0816f7ff89a0aaf/library/std/src/thread/mod.rs:537:30
[INFO] [stdout]   40:     0x55680eff4fbe - core::ops::function::FnOnce::call_once{{vtable.shim}}::h2c5a5f3779c774f1
[INFO] [stdout]                                at /rustc/90b35a6239c3d8bdabc530a6a0816f7ff89a0aaf/library/core/src/ops/function.rs:250:5
[INFO] [stdout]   41:     0x55680f2e6f2b - <alloc::boxed::Box<F,A> as core::ops::function::FnOnce<Args>>::call_once::hf75717d9f28faebf
[INFO] [stdout]                                at /rustc/90b35a6239c3d8bdabc530a6a0816f7ff89a0aaf/library/alloc/src/boxed.rs:2454:9
[INFO] [stdout]   42:     0x55680f2e6f2b - <alloc::boxed::Box<F,A> as core::ops::function::FnOnce<Args>>::call_once::h7bd883a5f3c5f3c1
[INFO] [stdout]                                at /rustc/90b35a6239c3d8bdabc530a6a0816f7ff89a0aaf/library/alloc/src/boxed.rs:2454:9
[INFO] [stdout]   43:     0x55680f2e6f2b - std::sys::pal::unix::thread::Thread::new::thread_start::hcc78f3943333fa94
[INFO] [stdout]                                at /rustc/90b35a6239c3d8bdabc530a6a0816f7ff89a0aaf/library/std/src/sys/pal/unix/thread.rs:105:17
[INFO] [stdout]   44:     0x7fdcfda9dac3 - <unknown>
[INFO] [stdout]   45:     0x7fdcfdb2ea04 - clone
[INFO] [stdout]   46:                0x0 - <unknown>
[INFO] [stdout] 
[INFO] [stdout] 
[INFO] [stdout] failures:
[INFO] [stdout]     tests::parses_a_member_call_expression
[INFO] [stdout] 
[INFO] [stdout] test result: FAILED. 42 passed; 1 failed; 0 ignored; 0 measured; 0 filtered out; finished in 1.05s
[INFO] [stdout] 
[INFO] [stderr] error: test failed, to rerun pass `--bin yanp-r`
[INFO] running `Command { std: "docker" "inspect" "78f90e5422d556c321b94597b331506c83357a65ee7f930872c2e20c5a3235a8", kill_on_drop: false }`
[INFO] running `Command { std: "docker" "rm" "-f" "78f90e5422d556c321b94597b331506c83357a65ee7f930872c2e20c5a3235a8", kill_on_drop: false }`
[INFO] [stdout] 78f90e5422d556c321b94597b331506c83357a65ee7f930872c2e20c5a3235a8
