[INFO] cloning repository https://github.com/hadi-xlx/zeptomail_rs
[INFO] running `Command { std: "git" "-c" "credential.helper=" "-c" "credential.helper=/workspace/cargo-home/bin/git-credential-null" "clone" "--bare" "https://github.com/hadi-xlx/zeptomail_rs" "/workspace/cache/git-repos/https%3A%2F%2Fgithub.com%2Fhadi-xlx%2Fzeptomail_rs", kill_on_drop: false }`
[INFO] [stderr] Cloning into bare repository '/workspace/cache/git-repos/https%3A%2F%2Fgithub.com%2Fhadi-xlx%2Fzeptomail_rs'...
[INFO] running `Command { std: "git" "rev-parse" "HEAD", kill_on_drop: false }`
[INFO] [stdout] fd2856f8c054d54e894bf0e939dfe95d358b55ba
[INFO] testing hadi-xlx/zeptomail_rs against beta-2024-12-08 for beta-1.84.0-4-retry
[INFO] running `Command { std: "git" "clone" "/workspace/cache/git-repos/https%3A%2F%2Fgithub.com%2Fhadi-xlx%2Fzeptomail_rs" "/workspace/builds/worker-6-tc2/source", kill_on_drop: false }`
[INFO] [stderr] Cloning into '/workspace/builds/worker-6-tc2/source'...
[INFO] [stderr] done.
[INFO] validating manifest of git repo https://github.com/hadi-xlx/zeptomail_rs on toolchain beta-2024-12-08
[INFO] running `Command { std: CARGO_HOME="/workspace/cargo-home" RUSTUP_HOME="/workspace/rustup-home" "/workspace/cargo-home/bin/cargo" "+beta-2024-12-08" "metadata" "--manifest-path" "Cargo.toml" "--no-deps", kill_on_drop: false }`
[INFO] started tweaking git repo https://github.com/hadi-xlx/zeptomail_rs
[INFO] finished tweaking git repo https://github.com/hadi-xlx/zeptomail_rs
[INFO] tweaked toml for git repo https://github.com/hadi-xlx/zeptomail_rs written to /workspace/builds/worker-6-tc2/source/Cargo.toml
[INFO] crate git repo https://github.com/hadi-xlx/zeptomail_rs already has a lockfile, it will not be regenerated
[INFO] running `Command { std: CARGO_HOME="/workspace/cargo-home" RUSTUP_HOME="/workspace/rustup-home" "/workspace/cargo-home/bin/cargo" "+beta-2024-12-08" "fetch" "--manifest-path" "Cargo.toml", kill_on_drop: false }`
[INFO] running `Command { std: "docker" "create" "-v" "/var/lib/crater-agent-workspace/builds/worker-6-tc2/target:/opt/rustwide/target:rw,Z" "-v" "/var/lib/crater-agent-workspace/builds/worker-6-tc2/source:/opt/rustwide/workdir:ro,Z" "-v" "/var/lib/crater-agent-workspace/cargo-home:/opt/rustwide/cargo-home:ro,Z" "-v" "/var/lib/crater-agent-workspace/rustup-home:/opt/rustwide/rustup-home:ro,Z" "-e" "SOURCE_DIR=/opt/rustwide/workdir" "-e" "CARGO_TARGET_DIR=/opt/rustwide/target" "-e" "CARGO_HOME=/opt/rustwide/cargo-home" "-e" "RUSTUP_HOME=/opt/rustwide/rustup-home" "-w" "/opt/rustwide/workdir" "-m" "1610612736" "--user" "0:0" "--network" "none" "ghcr.io/rust-lang/crates-build-env/linux@sha256:f3a9d4ad9d972b27faf3965f35b62e55ba32bbce8f20bc8fe909558a86702fde" "/opt/rustwide/cargo-home/bin/cargo" "+beta-2024-12-08" "metadata" "--no-deps" "--format-version=1", kill_on_drop: false }`
[INFO] [stdout] 8fe4b56a02f3a8630a1cd1d80a6053f4f6765a5976fdac89c1070631eba889ce
[INFO] running `Command { std: "docker" "start" "-a" "8fe4b56a02f3a8630a1cd1d80a6053f4f6765a5976fdac89c1070631eba889ce", kill_on_drop: false }`
[INFO] running `Command { std: "docker" "inspect" "8fe4b56a02f3a8630a1cd1d80a6053f4f6765a5976fdac89c1070631eba889ce", kill_on_drop: false }`
[INFO] running `Command { std: "docker" "rm" "-f" "8fe4b56a02f3a8630a1cd1d80a6053f4f6765a5976fdac89c1070631eba889ce", kill_on_drop: false }`
[INFO] [stdout] 8fe4b56a02f3a8630a1cd1d80a6053f4f6765a5976fdac89c1070631eba889ce
[INFO] running `Command { std: "docker" "create" "-v" "/var/lib/crater-agent-workspace/builds/worker-6-tc2/target:/opt/rustwide/target:rw,Z" "-v" "/var/lib/crater-agent-workspace/builds/worker-6-tc2/source:/opt/rustwide/workdir:ro,Z" "-v" "/var/lib/crater-agent-workspace/cargo-home:/opt/rustwide/cargo-home:ro,Z" "-v" "/var/lib/crater-agent-workspace/rustup-home:/opt/rustwide/rustup-home:ro,Z" "-e" "SOURCE_DIR=/opt/rustwide/workdir" "-e" "CARGO_TARGET_DIR=/opt/rustwide/target" "-e" "CARGO_INCREMENTAL=0" "-e" "RUST_BACKTRACE=full" "-e" "RUSTFLAGS=--cap-lints=warn" "-e" "RUSTDOCFLAGS=--cap-lints=warn" "-e" "CARGO_HOME=/opt/rustwide/cargo-home" "-e" "RUSTUP_HOME=/opt/rustwide/rustup-home" "-w" "/opt/rustwide/workdir" "-m" "1610612736" "--user" "0:0" "--network" "none" "ghcr.io/rust-lang/crates-build-env/linux@sha256:f3a9d4ad9d972b27faf3965f35b62e55ba32bbce8f20bc8fe909558a86702fde" "/opt/rustwide/cargo-home/bin/cargo" "+beta-2024-12-08" "build" "--frozen" "--message-format=json", kill_on_drop: false }`
[INFO] [stdout] a0633ec7be1cf8e1db094399ad4ac9c3d0baca431fbd6c01b7ad153ee6eadf73
[INFO] running `Command { std: "docker" "start" "-a" "a0633ec7be1cf8e1db094399ad4ac9c3d0baca431fbd6c01b7ad153ee6eadf73", kill_on_drop: false }`
[INFO] [stderr]    Compiling libc v0.2.157
[INFO] [stderr]    Compiling proc-macro2 v1.0.86
[INFO] [stderr]    Compiling unicode-ident v1.0.12
[INFO] [stderr]    Compiling shlex v1.3.0
[INFO] [stderr]    Compiling autocfg v1.3.0
[INFO] [stderr]    Compiling bytes v1.7.1
[INFO] [stderr]    Compiling pin-project-lite v0.2.14
[INFO] [stderr]    Compiling parking_lot_core v0.9.10
[INFO] [stderr]    Compiling once_cell v1.19.0
[INFO] [stderr]    Compiling smallvec v1.13.2
[INFO] [stderr]    Compiling cc v1.1.13
[INFO] [stderr]    Compiling scopeguard v1.2.0
[INFO] [stderr]    Compiling itoa v1.0.11
[INFO] [stderr]    Compiling futures-core v0.3.30
[INFO] [stderr]    Compiling pkg-config v0.3.30
[INFO] [stderr]    Compiling lock_api v0.4.12
[INFO] [stderr]    Compiling vcpkg v0.2.15
[INFO] [stderr]    Compiling slab v0.4.9
[INFO] [stderr]    Compiling http v1.1.0
[INFO] [stderr]    Compiling futures-task v0.3.30
[INFO] [stderr]    Compiling quote v1.0.36
[INFO] [stderr]    Compiling futures-util v0.3.30
[INFO] [stderr]    Compiling tracing-core v0.1.32
[INFO] [stderr]    Compiling syn v2.0.75
[INFO] [stderr]    Compiling mio v1.0.2
[INFO] [stderr]    Compiling signal-hook-registry v1.4.2
[INFO] [stderr]    Compiling parking_lot v0.12.3
[INFO] [stderr]    Compiling socket2 v0.5.7
[INFO] [stderr]    Compiling equivalent v1.0.1
[INFO] [stderr]    Compiling version_check v0.9.5
[INFO] [stderr]    Compiling openssl-sys v0.9.103
[INFO] [stderr]    Compiling ring v0.17.8
[INFO] [stderr]    Compiling hashbrown v0.14.5
[INFO] [stderr]    Compiling httparse v1.9.4
[INFO] [stderr]    Compiling rustls-pki-types v1.8.0
[INFO] [stderr]    Compiling futures-sink v0.3.30
[INFO] [stderr]    Compiling unicase v2.7.0
[INFO] [stderr]    Compiling http-body v1.0.1
[INFO] [stderr]    Compiling tracing v0.1.40
[INFO] [stderr]    Compiling getrandom v0.2.15
[INFO] [stderr]    Compiling atomic-waker v1.1.2
[INFO] [stderr]    Compiling untrusted v0.9.0
[INFO] [stderr]    Compiling spin v0.9.8
[INFO] [stderr]    Compiling try-lock v0.2.5
[INFO] [stderr]    Compiling openssl v0.10.66
[INFO] [stderr]    Compiling want v0.3.1
[INFO] [stderr]    Compiling indexmap v2.4.0
[INFO] [stderr]    Compiling futures-channel v0.3.30
[INFO] [stderr]    Compiling serde v1.0.208
[INFO] [stderr]    Compiling native-tls v0.2.12
[INFO] [stderr]    Compiling rustls v0.23.12
[INFO] [stderr]    Compiling tower-layer v0.3.3
[INFO] [stderr]    Compiling tinyvec_macros v0.1.1
[INFO] [stderr]    Compiling tower-service v0.3.3
[INFO] [stderr]    Compiling tinyvec v1.8.0
[INFO] [stderr]    Compiling subtle v2.6.1
[INFO] [stderr]    Compiling log v0.4.22
[INFO] [stderr]    Compiling percent-encoding v2.3.1
[INFO] [stderr]    Compiling zeroize v1.8.1
[INFO] [stderr]    Compiling form_urlencoded v1.2.1
[INFO] [stderr]    Compiling mime_guess v2.0.5
[INFO] [stderr]    Compiling serde_json v1.0.125
[INFO] [stderr]    Compiling ryu v1.0.18
[INFO] [stderr]    Compiling unicode-bidi v0.3.15
[INFO] [stderr]    Compiling http-body-util v0.1.2
[INFO] [stderr]    Compiling webpki-roots v0.26.3
[INFO] [stderr]    Compiling base64 v0.22.1
[INFO] [stderr]    Compiling mime v0.3.17
[INFO] [stderr]    Compiling memchr v2.7.4
[INFO] [stderr]    Compiling encoding_rs v0.8.34
[INFO] [stderr]    Compiling unicode-normalization v0.1.23
[INFO] [stderr]    Compiling rustls-pemfile v2.1.3
[INFO] [stderr]    Compiling ipnet v2.9.0
[INFO] [stderr]    Compiling sync_wrapper v1.0.1
[INFO] [stderr]    Compiling idna v0.5.0
[INFO] [stderr]    Compiling url v2.5.2
[INFO] [stderr]    Compiling tokio-macros v2.4.0
[INFO] [stderr]    Compiling pin-project-internal v1.1.5
[INFO] [stderr]    Compiling openssl-macros v0.1.1
[INFO] [stderr]    Compiling serde_derive v1.0.208
[INFO] [stderr]    Compiling tokio v1.39.3
[INFO] [stderr]    Compiling rustls-webpki v0.102.6
[INFO] [stderr]    Compiling pin-project v1.1.5
[INFO] [stderr]    Compiling tokio-util v0.7.11
[INFO] [stderr]    Compiling tower v0.4.13
[INFO] [stderr]    Compiling tokio-rustls v0.26.0
[INFO] [stderr]    Compiling tokio-native-tls v0.3.1
[INFO] [stderr]    Compiling h2 v0.4.5
[INFO] [stderr]    Compiling serde_urlencoded v0.7.1
[INFO] [stderr]    Compiling hyper v1.4.1
[INFO] [stderr]    Compiling hyper-util v0.1.7
[INFO] [stderr]    Compiling hyper-tls v0.6.0
[INFO] [stderr]    Compiling hyper-rustls v0.27.2
[INFO] [stderr]    Compiling reqwest v0.12.5
[INFO] [stderr]    Compiling zeptomail_rs v0.1.0 (/opt/rustwide/workdir)
[INFO] [stderr]     Finished `dev` profile [unoptimized + debuginfo] target(s) in 1m 38s
[INFO] running `Command { std: "docker" "inspect" "a0633ec7be1cf8e1db094399ad4ac9c3d0baca431fbd6c01b7ad153ee6eadf73", kill_on_drop: false }`
[INFO] running `Command { std: "docker" "rm" "-f" "a0633ec7be1cf8e1db094399ad4ac9c3d0baca431fbd6c01b7ad153ee6eadf73", kill_on_drop: false }`
[INFO] [stdout] a0633ec7be1cf8e1db094399ad4ac9c3d0baca431fbd6c01b7ad153ee6eadf73
[INFO] running `Command { std: "docker" "create" "-v" "/var/lib/crater-agent-workspace/builds/worker-6-tc2/target:/opt/rustwide/target:rw,Z" "-v" "/var/lib/crater-agent-workspace/builds/worker-6-tc2/source:/opt/rustwide/workdir:ro,Z" "-v" "/var/lib/crater-agent-workspace/cargo-home:/opt/rustwide/cargo-home:ro,Z" "-v" "/var/lib/crater-agent-workspace/rustup-home:/opt/rustwide/rustup-home:ro,Z" "-e" "SOURCE_DIR=/opt/rustwide/workdir" "-e" "CARGO_TARGET_DIR=/opt/rustwide/target" "-e" "CARGO_INCREMENTAL=0" "-e" "RUST_BACKTRACE=full" "-e" "RUSTFLAGS=--cap-lints=warn" "-e" "RUSTDOCFLAGS=--cap-lints=warn" "-e" "CARGO_HOME=/opt/rustwide/cargo-home" "-e" "RUSTUP_HOME=/opt/rustwide/rustup-home" "-w" "/opt/rustwide/workdir" "-m" "1610612736" "--user" "0:0" "--network" "none" "ghcr.io/rust-lang/crates-build-env/linux@sha256:f3a9d4ad9d972b27faf3965f35b62e55ba32bbce8f20bc8fe909558a86702fde" "/opt/rustwide/cargo-home/bin/cargo" "+beta-2024-12-08" "test" "--frozen" "--no-run" "--message-format=json", kill_on_drop: false }`
[INFO] [stdout] 97ef4ce97e574ed8a815842899fadcd3494a1de053e489ac7c84a8f7465cba2a
[INFO] running `Command { std: "docker" "start" "-a" "97ef4ce97e574ed8a815842899fadcd3494a1de053e489ac7c84a8f7465cba2a", kill_on_drop: false }`
[INFO] [stderr]    Compiling zeptomail_rs v0.1.0 (/opt/rustwide/workdir)
[INFO] [stderr]     Finished `test` profile [unoptimized + debuginfo] target(s) in 1.43s
[INFO] running `Command { std: "docker" "inspect" "97ef4ce97e574ed8a815842899fadcd3494a1de053e489ac7c84a8f7465cba2a", kill_on_drop: false }`
[INFO] running `Command { std: "docker" "rm" "-f" "97ef4ce97e574ed8a815842899fadcd3494a1de053e489ac7c84a8f7465cba2a", kill_on_drop: false }`
[INFO] [stdout] 97ef4ce97e574ed8a815842899fadcd3494a1de053e489ac7c84a8f7465cba2a
[INFO] running `Command { std: "docker" "create" "-v" "/var/lib/crater-agent-workspace/builds/worker-6-tc2/target:/opt/rustwide/target:rw,Z" "-v" "/var/lib/crater-agent-workspace/builds/worker-6-tc2/source:/opt/rustwide/workdir:ro,Z" "-v" "/var/lib/crater-agent-workspace/cargo-home:/opt/rustwide/cargo-home:ro,Z" "-v" "/var/lib/crater-agent-workspace/rustup-home:/opt/rustwide/rustup-home:ro,Z" "-e" "SOURCE_DIR=/opt/rustwide/workdir" "-e" "CARGO_TARGET_DIR=/opt/rustwide/target" "-e" "CARGO_INCREMENTAL=0" "-e" "RUST_BACKTRACE=full" "-e" "RUSTFLAGS=--cap-lints=warn" "-e" "RUSTDOCFLAGS=--cap-lints=warn" "-e" "CARGO_HOME=/opt/rustwide/cargo-home" "-e" "RUSTUP_HOME=/opt/rustwide/rustup-home" "-w" "/opt/rustwide/workdir" "-m" "1610612736" "--user" "0:0" "--network" "none" "ghcr.io/rust-lang/crates-build-env/linux@sha256:f3a9d4ad9d972b27faf3965f35b62e55ba32bbce8f20bc8fe909558a86702fde" "/opt/rustwide/cargo-home/bin/cargo" "+beta-2024-12-08" "test" "--frozen", kill_on_drop: false }`
[INFO] [stdout] dc1b8f59ee1b023de5b6fe90e4c085396299e9459ab71952663120082b26eaff
[INFO] running `Command { std: "docker" "start" "-a" "dc1b8f59ee1b023de5b6fe90e4c085396299e9459ab71952663120082b26eaff", kill_on_drop: false }`
[INFO] [stderr]     Finished `test` profile [unoptimized + debuginfo] target(s) in 0.14s
[INFO] [stderr]      Running unittests src/lib.rs (/opt/rustwide/target/debug/deps/zeptomail_rs-8448924cb4d67e56)
[INFO] [stdout] 
[INFO] [stdout] running 0 tests
[INFO] [stdout] 
[INFO] [stdout] test result: ok. 0 passed; 0 failed; 0 ignored; 0 measured; 0 filtered out; finished in 0.00s
[INFO] [stdout] 
[INFO] [stderr]    Doc-tests zeptomail_rs
[INFO] [stdout] 
[INFO] [stdout] running 11 tests
[INFO] [stdout] test src/file_cache/upload.rs - file_cache::upload::ZeptoMailClient::upload_file_to_cache (line 41) - compile ... ok
[INFO] [stdout] test src/lib.rs - (line 22) ... FAILED
[INFO] [stdout] test src/email/single.rs - email::single::ZeptoMailClient::send_email (line 40) - compile ... ok
[INFO] [stdout] test src/lib.rs - (line 16) ... FAILED
[INFO] [stdout] test src/lib.rs - (line 101) ... FAILED
[INFO] [stdout] test src/lib.rs - (line 133) ... FAILED
[INFO] [stdout] test src/email/batch.rs - email::batch::ZeptoMailClient::send_batch_email (line 41) - compile ... ok
[INFO] [stdout] test src/lib.rs - (line 167) ... FAILED
[INFO] [stdout] test src/lib.rs - (line 44) ... FAILED
[INFO] [stdout] test src/templates/batch.rs - templates::batch::ZeptoMailClient::send_batch_template_email (line 36) - compile ... FAILED
[INFO] [stdout] test src/templates/single.rs - templates::single::ZeptoMailClient::send_template_email (line 40) - compile ... FAILED
[INFO] [stdout] 
[INFO] [stdout] failures:
[INFO] [stdout] 
[INFO] [stdout] ---- src/lib.rs - (line 22) stdout ----
[INFO] [stdout] error[E0432]: unresolved import `zeptomail_sdk`
[INFO] [stdout]  --> src/lib.rs:23:5
[INFO] [stdout]   |
[INFO] [stdout] 2 | use zeptomail_sdk::{ZeptoMailClient, EmailRequest};
[INFO] [stdout]   |     ^^^^^^^^^^^^^ use of undeclared crate or module `zeptomail_sdk`
[INFO] [stdout]   |
[INFO] [stdout] help: there is a crate or module with a similar name
[INFO] [stdout]   |
[INFO] [stdout] 2 | use zeptomail_rs::{ZeptoMailClient, EmailRequest};
[INFO] [stdout]   |     ~~~~~~~~~~~~
[INFO] [stdout] 
[INFO] [stdout] error: aborting due to 1 previous error
[INFO] [stdout] 
[INFO] [stdout] For more information about this error, try `rustc --explain E0432`.
[INFO] [stdout] Couldn't compile the test.
[INFO] [stdout] ---- src/lib.rs - (line 16) stdout ----
[INFO] [stdout] error[E0433]: failed to resolve: use of undeclared type `ZeptoMailClient`
[INFO] [stdout]  --> src/lib.rs:17:14
[INFO] [stdout]   |
[INFO] [stdout] 3 | let client = ZeptoMailClient::new("your_api_key");
[INFO] [stdout]   |              ^^^^^^^^^^^^^^^ use of undeclared type `ZeptoMailClient`
[INFO] [stdout]   |
[INFO] [stdout] help: consider importing this struct
[INFO] [stdout]   |
[INFO] [stdout] 2 + use zeptomail_rs::ZeptoMailClient;
[INFO] [stdout]   |
[INFO] [stdout] 
[INFO] [stdout] error: aborting due to 1 previous error
[INFO] [stdout] 
[INFO] [stdout] For more information about this error, try `rustc --explain E0433`.
[INFO] [stdout] Couldn't compile the test.
[INFO] [stdout] ---- src/lib.rs - (line 101) stdout ----
[INFO] [stdout] error[E0432]: unresolved import `zeptomail_sdk`
[INFO] [stdout]  --> src/lib.rs:102:5
[INFO] [stdout]   |
[INFO] [stdout] 2 | use zeptomail_sdk::{ZeptoMailClient, TemplateEmailRequest, EmailAddress, Recipient};
[INFO] [stdout]   |     ^^^^^^^^^^^^^ use of undeclared crate or module `zeptomail_sdk`
[INFO] [stdout]   |
[INFO] [stdout] help: there is a crate or module with a similar name
[INFO] [stdout]   |
[INFO] [stdout] 2 | use zeptomail_rs::{ZeptoMailClient, TemplateEmailRequest, EmailAddress, Recipient};
[INFO] [stdout]   |     ~~~~~~~~~~~~
[INFO] [stdout] 
[INFO] [stdout] error: aborting due to 1 previous error
[INFO] [stdout] 
[INFO] [stdout] For more information about this error, try `rustc --explain E0432`.
[INFO] [stdout] Couldn't compile the test.
[INFO] [stdout] ---- src/lib.rs - (line 133) stdout ----
[INFO] [stdout] error[E0432]: unresolved import `zeptomail_sdk`
[INFO] [stdout]  --> src/lib.rs:134:5
[INFO] [stdout]   |
[INFO] [stdout] 2 | use zeptomail_sdk::{ZeptoMailClient, BatchTemplateEmailRequest, EmailAddress, Recipient};
[INFO] [stdout]   |     ^^^^^^^^^^^^^ use of undeclared crate or module `zeptomail_sdk`
[INFO] [stdout]   |
[INFO] [stdout] help: there is a crate or module with a similar name
[INFO] [stdout]   |
[INFO] [stdout] 2 | use zeptomail_rs::{ZeptoMailClient, BatchTemplateEmailRequest, EmailAddress, Recipient};
[INFO] [stdout]   |     ~~~~~~~~~~~~
[INFO] [stdout] 
[INFO] [stdout] error: aborting due to 1 previous error
[INFO] [stdout] 
[INFO] [stdout] For more information about this error, try `rustc --explain E0432`.
[INFO] [stdout] Couldn't compile the test.
[INFO] [stdout] ---- src/lib.rs - (line 167) stdout ----
[INFO] [stdout] error[E0432]: unresolved import `zeptomail_sdk`
[INFO] [stdout]  --> src/lib.rs:168:5
[INFO] [stdout]   |
[INFO] [stdout] 2 | use zeptomail_sdk::{ZeptoMailClient, FileUploadRequest};
[INFO] [stdout]   |     ^^^^^^^^^^^^^ use of undeclared crate or module `zeptomail_sdk`
[INFO] [stdout]   |
[INFO] [stdout] help: there is a crate or module with a similar name
[INFO] [stdout]   |
[INFO] [stdout] 2 | use zeptomail_rs::{ZeptoMailClient, FileUploadRequest};
[INFO] [stdout]   |     ~~~~~~~~~~~~
[INFO] [stdout] 
[INFO] [stdout] error: aborting due to 1 previous error
[INFO] [stdout] 
[INFO] [stdout] For more information about this error, try `rustc --explain E0432`.
[INFO] [stdout] Couldn't compile the test.
[INFO] [stdout] ---- src/lib.rs - (line 44) stdout ----
[INFO] [stdout] error[E0432]: unresolved import `zeptomail_sdk`
[INFO] [stdout]  --> src/lib.rs:45:5
[INFO] [stdout]   |
[INFO] [stdout] 2 | use zeptomail_sdk::{ZeptoMailClient, BatchEmailRequest, EmailAddress, Recipient};
[INFO] [stdout]   |     ^^^^^^^^^^^^^ use of undeclared crate or module `zeptomail_sdk`
[INFO] [stdout]   |
[INFO] [stdout] help: there is a crate or module with a similar name
[INFO] [stdout]   |
[INFO] [stdout] 2 | use zeptomail_rs::{ZeptoMailClient, BatchEmailRequest, EmailAddress, Recipient};
[INFO] [stdout]   |     ~~~~~~~~~~~~
[INFO] [stdout] 
[INFO] [stdout] error: aborting due to 1 previous error
[INFO] [stdout] 
[INFO] [stdout] For more information about this error, try `rustc --explain E0432`.
[INFO] [stdout] Couldn't compile the test.
[INFO] [stdout] ---- src/templates/batch.rs - templates::batch::ZeptoMailClient::send_batch_template_email (line 36) stdout ----
[INFO] [stdout] error[E0599]: no function or associated item named `new` found for struct `EmailAddress` in the current scope
[INFO] [stdout]   --> src/templates/batch.rs:48:31
[INFO] [stdout]    |
[INFO] [stdout] 14 |         sender: EmailAddress::new("sender@example.com".to_string()),
[INFO] [stdout]    |                               ^^^ function or associated item not found in `EmailAddress`
[INFO] [stdout] 
[INFO] [stdout] error[E0599]: no function or associated item named `new` found for struct `Recipient` in the current scope
[INFO] [stdout]   --> src/templates/batch.rs:49:37
[INFO] [stdout]    |
[INFO] [stdout] 15 |         recipients: vec![Recipient::new("recipient1@example.com".to_string()), Recipient::new("recipient2@example.com".to_string())],
[INFO] [stdout]    |                                     ^^^ function or associated item not found in `Recipient`
[INFO] [stdout] 
[INFO] [stdout] error[E0599]: no function or associated item named `new` found for struct `Recipient` in the current scope
[INFO] [stdout]   --> src/templates/batch.rs:49:91
[INFO] [stdout]    |
[INFO] [stdout] 15 |         recipients: vec![Recipient::new("recipient1@example.com".to_string()), Recipient::new("recipient2@example.com".to_string())],
[INFO] [stdout]    |                                                                                           ^^^ function or associated item not found in `Recipient`
[INFO] [stdout] 
[INFO] [stdout] error[E0599]: no function or associated item named `new` found for struct `EmailAddress` in the current scope
[INFO] [stdout]   --> src/templates/batch.rs:50:43
[INFO] [stdout]    |
[INFO] [stdout] 16 |         reply_to: Some(vec![EmailAddress::new("replyto@example.com".to_string())]),
[INFO] [stdout]    |                                           ^^^ function or associated item not found in `EmailAddress`
[INFO] [stdout] 
[INFO] [stdout] error: aborting due to 4 previous errors
[INFO] [stdout] 
[INFO] [stdout] For more information about this error, try `rustc --explain E0599`.
[INFO] [stdout] Couldn't compile the test.
[INFO] [stdout] ---- src/templates/single.rs - templates::single::ZeptoMailClient::send_template_email (line 40) stdout ----
[INFO] [stdout] error[E0599]: no function or associated item named `new` found for struct `EmailAddress` in the current scope
[INFO] [stdout]   --> src/templates/single.rs:52:31
[INFO] [stdout]    |
[INFO] [stdout] 14 |         sender: EmailAddress::new("sender@example.com".to_string()),
[INFO] [stdout]    |                               ^^^ function or associated item not found in `EmailAddress`
[INFO] [stdout] 
[INFO] [stdout] error[E0599]: no function or associated item named `new` found for struct `Recipient` in the current scope
[INFO] [stdout]   --> src/templates/single.rs:53:37
[INFO] [stdout]    |
[INFO] [stdout] 15 |         recipients: vec![Recipient::new("recipient@example.com".to_string())],
[INFO] [stdout]    |                                     ^^^ function or associated item not found in `Recipient`
[INFO] [stdout] 
[INFO] [stdout] error[E0599]: no function or associated item named `new` found for struct `EmailAddress` in the current scope
[INFO] [stdout]   --> src/templates/single.rs:54:43
[INFO] [stdout]    |
[INFO] [stdout] 16 |         reply_to: Some(vec![EmailAddress::new("replyto@example.com".to_string())]),
[INFO] [stdout]    |                                           ^^^ function or associated item not found in `EmailAddress`
[INFO] [stdout] 
[INFO] [stdout] error: aborting due to 3 previous errors
[INFO] [stdout] 
[INFO] [stdout] For more information about this error, try `rustc --explain E0599`.
[INFO] [stdout] Couldn't compile the test.
[INFO] [stdout] 
[INFO] [stdout] failures:
[INFO] [stdout]     src/lib.rs - (line 101)
[INFO] [stdout]     src/lib.rs - (line 133)
[INFO] [stdout]     src/lib.rs - (line 16)
[INFO] [stdout]     src/lib.rs - (line 167)
[INFO] [stdout]     src/lib.rs - (line 22)
[INFO] [stdout]     src/lib.rs - (line 44)
[INFO] [stdout]     src/templates/batch.rs - templates::batch::ZeptoMailClient::send_batch_template_email (line 36)
[INFO] [stdout]     src/templates/single.rs - templates::single::ZeptoMailClient::send_template_email (line 40)
[INFO] [stdout] 
[INFO] [stdout] test result: FAILED. 3 passed; 8 failed; 0 ignored; 0 measured; 0 filtered out; finished in 0.83s
[INFO] [stdout] 
[INFO] [stderr] error: doctest failed, to rerun pass `--doc`
[INFO] running `Command { std: "docker" "inspect" "dc1b8f59ee1b023de5b6fe90e4c085396299e9459ab71952663120082b26eaff", kill_on_drop: false }`
[INFO] running `Command { std: "docker" "rm" "-f" "dc1b8f59ee1b023de5b6fe90e4c085396299e9459ab71952663120082b26eaff", kill_on_drop: false }`
[INFO] [stdout] dc1b8f59ee1b023de5b6fe90e4c085396299e9459ab71952663120082b26eaff
