[INFO] cloning repository https://github.com/gygasync/swc-transform-cx-jsx
[INFO] running `Command { std: "git" "-c" "credential.helper=" "-c" "credential.helper=/workspace/cargo-home/bin/git-credential-null" "clone" "--bare" "https://github.com/gygasync/swc-transform-cx-jsx" "/workspace/cache/git-repos/https%3A%2F%2Fgithub.com%2Fgygasync%2Fswc-transform-cx-jsx", kill_on_drop: false }`
[INFO] [stderr] Cloning into bare repository '/workspace/cache/git-repos/https%3A%2F%2Fgithub.com%2Fgygasync%2Fswc-transform-cx-jsx'...
[INFO] running `Command { std: "git" "rev-parse" "HEAD", kill_on_drop: false }`
[INFO] [stdout] 0174c3980fc7ed4dc51ce823504f1361eb6909f1
[INFO] testing gygasync/swc-transform-cx-jsx against beta-2024-12-08 for beta-1.84.0-4-retry
[INFO] running `Command { std: "git" "clone" "/workspace/cache/git-repos/https%3A%2F%2Fgithub.com%2Fgygasync%2Fswc-transform-cx-jsx" "/workspace/builds/worker-4-tc2/source", kill_on_drop: false }`
[INFO] [stderr] Cloning into '/workspace/builds/worker-4-tc2/source'...
[INFO] [stderr] done.
[INFO] validating manifest of git repo https://github.com/gygasync/swc-transform-cx-jsx on toolchain beta-2024-12-08
[INFO] running `Command { std: CARGO_HOME="/workspace/cargo-home" RUSTUP_HOME="/workspace/rustup-home" "/workspace/cargo-home/bin/cargo" "+beta-2024-12-08" "metadata" "--manifest-path" "Cargo.toml" "--no-deps", kill_on_drop: false }`
[INFO] removed /workspace/builds/worker-4-tc2/source/.cargo/config
[INFO] started tweaking git repo https://github.com/gygasync/swc-transform-cx-jsx
[INFO] finished tweaking git repo https://github.com/gygasync/swc-transform-cx-jsx
[INFO] tweaked toml for git repo https://github.com/gygasync/swc-transform-cx-jsx written to /workspace/builds/worker-4-tc2/source/Cargo.toml
[INFO] crate git repo https://github.com/gygasync/swc-transform-cx-jsx already has a lockfile, it will not be regenerated
[INFO] running `Command { std: CARGO_HOME="/workspace/cargo-home" RUSTUP_HOME="/workspace/rustup-home" "/workspace/cargo-home/bin/cargo" "+beta-2024-12-08" "fetch" "--manifest-path" "Cargo.toml", kill_on_drop: false }`
[INFO] running `Command { std: "docker" "create" "-v" "/var/lib/crater-agent-workspace/builds/worker-4-tc2/target:/opt/rustwide/target:rw,Z" "-v" "/var/lib/crater-agent-workspace/builds/worker-4-tc2/source:/opt/rustwide/workdir:ro,Z" "-v" "/var/lib/crater-agent-workspace/cargo-home:/opt/rustwide/cargo-home:ro,Z" "-v" "/var/lib/crater-agent-workspace/rustup-home:/opt/rustwide/rustup-home:ro,Z" "-e" "SOURCE_DIR=/opt/rustwide/workdir" "-e" "CARGO_TARGET_DIR=/opt/rustwide/target" "-e" "CARGO_HOME=/opt/rustwide/cargo-home" "-e" "RUSTUP_HOME=/opt/rustwide/rustup-home" "-w" "/opt/rustwide/workdir" "-m" "1610612736" "--user" "0:0" "--network" "none" "ghcr.io/rust-lang/crates-build-env/linux@sha256:f3a9d4ad9d972b27faf3965f35b62e55ba32bbce8f20bc8fe909558a86702fde" "/opt/rustwide/cargo-home/bin/cargo" "+beta-2024-12-08" "metadata" "--no-deps" "--format-version=1", kill_on_drop: false }`
[INFO] [stdout] b4e632e8a4ea35387986286d28304e70e9211252a6573b9a01b704ecab085eb9
[INFO] running `Command { std: "docker" "start" "-a" "b4e632e8a4ea35387986286d28304e70e9211252a6573b9a01b704ecab085eb9", kill_on_drop: false }`
[INFO] running `Command { std: "docker" "inspect" "b4e632e8a4ea35387986286d28304e70e9211252a6573b9a01b704ecab085eb9", kill_on_drop: false }`
[INFO] running `Command { std: "docker" "rm" "-f" "b4e632e8a4ea35387986286d28304e70e9211252a6573b9a01b704ecab085eb9", kill_on_drop: false }`
[INFO] [stdout] b4e632e8a4ea35387986286d28304e70e9211252a6573b9a01b704ecab085eb9
[INFO] running `Command { std: "docker" "create" "-v" "/var/lib/crater-agent-workspace/builds/worker-4-tc2/target:/opt/rustwide/target:rw,Z" "-v" "/var/lib/crater-agent-workspace/builds/worker-4-tc2/source:/opt/rustwide/workdir:ro,Z" "-v" "/var/lib/crater-agent-workspace/cargo-home:/opt/rustwide/cargo-home:ro,Z" "-v" "/var/lib/crater-agent-workspace/rustup-home:/opt/rustwide/rustup-home:ro,Z" "-e" "SOURCE_DIR=/opt/rustwide/workdir" "-e" "CARGO_TARGET_DIR=/opt/rustwide/target" "-e" "CARGO_INCREMENTAL=0" "-e" "RUST_BACKTRACE=full" "-e" "RUSTFLAGS=--cap-lints=warn" "-e" "RUSTDOCFLAGS=--cap-lints=warn" "-e" "CARGO_HOME=/opt/rustwide/cargo-home" "-e" "RUSTUP_HOME=/opt/rustwide/rustup-home" "-w" "/opt/rustwide/workdir" "-m" "1610612736" "--user" "0:0" "--network" "none" "ghcr.io/rust-lang/crates-build-env/linux@sha256:f3a9d4ad9d972b27faf3965f35b62e55ba32bbce8f20bc8fe909558a86702fde" "/opt/rustwide/cargo-home/bin/cargo" "+beta-2024-12-08" "build" "--frozen" "--message-format=json", kill_on_drop: false }`
[INFO] [stdout] d40653dd5f4bd239ba49b6243c0ec5b8392264da06e91cec7a1ff6279db13da6
[INFO] running `Command { std: "docker" "start" "-a" "d40653dd5f4bd239ba49b6243c0ec5b8392264da06e91cec7a1ff6279db13da6", kill_on_drop: false }`
[INFO] [stderr]    Compiling proc-macro2 v1.0.43
[INFO] [stderr]    Compiling unicode-ident v1.0.3
[INFO] [stderr]    Compiling quote v1.0.21
[INFO] [stderr]    Compiling syn v1.0.99
[INFO] [stderr]    Compiling libc v0.2.132
[INFO] [stderr]    Compiling version_check v0.9.4
[INFO] [stderr]    Compiling autocfg v1.1.0
[INFO] [stderr]    Compiling memchr v2.5.0
[INFO] [stderr]    Compiling regex-syntax v0.6.27
[INFO] [stderr]    Compiling once_cell v1.14.0
[INFO] [stderr]    Compiling ppv-lite86 v0.2.16
[INFO] [stderr]    Compiling siphasher v0.3.10
[INFO] [stderr]    Compiling serde_derive v1.0.144
[INFO] [stderr]    Compiling phf_shared v0.10.0
[INFO] [stderr]    Compiling serde v1.0.144
[INFO] [stderr]    Compiling ahash v0.7.6
[INFO] [stderr]    Compiling lock_api v0.4.8
[INFO] [stderr]    Compiling aho-corasick v0.7.19
[INFO] [stderr]    Compiling smallvec v1.9.0
[INFO] [stderr]    Compiling getrandom v0.2.7
[INFO] [stderr]    Compiling tinyvec_macros v0.1.0
[INFO] [stderr]    Compiling parking_lot_core v0.9.3
[INFO] [stderr]    Compiling bytecheck v0.6.9
[INFO] [stderr]    Compiling rand_core v0.6.3
[INFO] [stderr]    Compiling tinyvec v1.6.0
[INFO] [stderr]    Compiling rand_chacha v0.3.1
[INFO] [stderr]    Compiling atty v0.2.14
[INFO] [stderr]    Compiling num-traits v0.2.15
[INFO] [stderr]    Compiling rend v0.3.6
[INFO] [stderr]    Compiling scopeguard v1.1.0
[INFO] [stderr]    Compiling ident_case v1.0.1
[INFO] [stderr]    Compiling rand v0.8.5
[INFO] [stderr]    Compiling strsim v0.10.0
[INFO] [stderr]    Compiling fnv v1.0.7
[INFO] [stderr]    Compiling hashbrown v0.12.3
[INFO] [stderr]    Compiling tracing-core v0.1.29
[INFO] [stderr]    Compiling num-integer v0.1.45
[INFO] [stderr]    Compiling unicode-normalization v0.1.21
[INFO] [stderr]    Compiling percent-encoding v2.2.0
[INFO] [stderr]    Compiling regex v1.6.0
[INFO] [stderr]    Compiling phf_generator v0.10.0
[INFO] [stderr]    Compiling unicode-bidi v0.3.8
[INFO] [stderr]    Compiling string_cache_codegen v0.5.2
[INFO] [stderr]    Compiling rkyv v0.7.37
[INFO] [stderr]    Compiling form_urlencoded v1.1.0
[INFO] [stderr]    Compiling parking_lot v0.12.1
[INFO] [stderr]    Compiling idna v0.3.0
[INFO] [stderr]    Compiling swc_atoms v0.4.13
[INFO] [stderr]    Compiling num-bigint v0.4.3
[INFO] [stderr]    Compiling anyhow v1.0.64
[INFO] [stderr]    Compiling pin-project-lite v0.2.9
[INFO] [stderr]    Compiling new_debug_unreachable v1.0.4
[INFO] [stderr]    Compiling stable_deref_trait v1.2.0
[INFO] [stderr]    Compiling precomputed-hash v0.1.1
[INFO] [stderr]    Compiling void v1.0.2
[INFO] [stderr]    Compiling unicode-width v0.1.9
[INFO] [stderr]    Compiling seahash v4.1.0
[INFO] [stderr]    Compiling unreachable v0.1.1
[INFO] [stderr]    Compiling Inflector v0.11.4
[INFO] [stderr]    Compiling url v2.3.1
[INFO] [stderr]    Compiling rustc-hash v1.1.0
[INFO] [stderr]    Compiling either v1.8.0
[INFO] [stderr]    Compiling scoped-tls v1.0.0
[INFO] [stderr]    Compiling better_scoped_tls v0.1.0
[INFO] [stderr]    Compiling debug_unreachable v0.1.1
[INFO] [stderr]    Compiling termcolor v1.1.3
[INFO] [stderr]    Compiling unicode-id v0.3.2
[INFO] [stderr]    Compiling bitflags v1.3.2
[INFO] [stderr]    Compiling itoa v1.0.3
[INFO] [stderr]    Compiling static_assertions v1.1.0
[INFO] [stderr]    Compiling cc v1.0.73
[INFO] [stderr]    Compiling lexical-util v0.8.5
[INFO] [stderr]    Compiling adler v1.0.2
[INFO] [stderr]    Compiling typenum v1.15.0
[INFO] [stderr]    Compiling gimli v0.26.2
[INFO] [stderr]    Compiling miniz_oxide v0.5.4
[INFO] [stderr]    Compiling object v0.29.0
[INFO] [stderr]    Compiling lexical-parse-integer v0.8.6
[INFO] [stderr]    Compiling lexical-write-integer v0.8.5
[INFO] [stderr]    Compiling generic-array v0.14.6
[INFO] [stderr]    Compiling serde_json v1.0.85
[INFO] [stderr]    Compiling is_ci v1.1.1
[INFO] [stderr]    Compiling rustc-demangle v0.1.21
[INFO] [stderr]    Compiling smawk v0.3.1
[INFO] [stderr]    Compiling backtrace v0.3.66
[INFO] [stderr]    Compiling log v0.4.17
[INFO] [stderr]    Compiling supports-color v1.3.0
[INFO] [stderr]    Compiling lexical-write-float v0.8.5
[INFO] [stderr]    Compiling lexical-parse-float v0.8.5
[INFO] [stderr]    Compiling supports-unicode v1.0.2
[INFO] [stderr]    Compiling supports-hyperlinks v1.2.0
[INFO] [stderr]    Compiling terminal_size v0.1.17
[INFO] [stderr]    Compiling proc-macro-error-attr v1.0.4
[INFO] [stderr]    Compiling pmutil v0.5.3
[INFO] [stderr]    Compiling darling_core v0.13.4
[INFO] [stderr]    Compiling indexmap v1.9.1
[INFO] [stderr]    Compiling unicode-linebreak v0.1.2
[INFO] [stderr]    Compiling swc_macros_common v0.3.6
[INFO] [stderr]    Compiling owo-colors v3.5.0
[INFO] [stderr]    Compiling rustversion v1.0.9
[INFO] [stderr]    Compiling addr2line v0.17.0
[INFO] [stderr]    Compiling ryu v1.0.11
[INFO] [stderr]    Compiling lexical-core v0.8.5
[INFO] [stderr]    Compiling regex-automata v0.1.10
[INFO] [stderr]    Compiling proc-macro-error v1.0.4
[INFO] [stderr]    Compiling num_threads v0.1.6
[INFO] [stderr]    Compiling time v0.3.14
[INFO] [stderr]    Compiling tracing-log v0.1.3
[INFO] [stderr]    Compiling lexical v6.1.1
[INFO] [stderr]    Compiling matchers v0.1.0
[INFO] [stderr]    Compiling num_cpus v1.13.1
[INFO] [stderr]    Compiling sharded-slab v0.1.4
[INFO] [stderr]    Compiling textwrap v0.15.0
[INFO] [stderr]    Compiling ptr_meta_derive v0.1.4
[INFO] [stderr]    Compiling bytecheck_derive v0.6.9
[INFO] [stderr]    Compiling darling_macro v0.13.4
[INFO] [stderr]    Compiling tracing-attributes v0.1.22
[INFO] [stderr]    Compiling rkyv_derive v0.7.37
[INFO] [stderr]    Compiling swc_visit_macros v0.5.3
[INFO] [stderr]    Compiling ptr_meta v0.1.4
[INFO] [stderr]    Compiling from_variant v0.1.4
[INFO] [stderr]    Compiling darling v0.13.4
[INFO] [stderr]    Compiling ast_node v0.8.3
[INFO] [stderr]    Compiling swc_eq_ignore_macros v0.1.1
[INFO] [stderr]    Compiling string_enum v0.3.1
[INFO] [stderr]    Compiling tracing v0.1.36
[INFO] [stderr]    Compiling is-macro v0.2.1
[INFO] [stderr]    Compiling thiserror-impl v1.0.34
[INFO] [stderr]    Compiling miette-derive v4.7.1
[INFO] [stderr]    Compiling enum_kind v0.2.1
[INFO] [stderr]    Compiling thread_local v1.1.4
[INFO] [stderr]    Compiling ansi_term v0.12.1
[INFO] [stderr]    Compiling diff v0.1.13
[INFO] [stderr]    Compiling glob v0.3.0
[INFO] [stderr]    Compiling thiserror v1.0.34
[INFO] [stderr]    Compiling relative-path v1.7.2
[INFO] [stderr]    Compiling yansi v0.5.1
[INFO] [stderr]    Compiling typed-arena v2.0.1
[INFO] [stderr]    Compiling pretty_assertions v1.3.0
[INFO] [stderr]    Compiling tracing-subscriber v0.3.15
[INFO] [stderr]    Compiling vergen v7.4.2
[INFO] [stderr]    Compiling miette v4.7.1
[INFO] [stderr]    Compiling testing_macros v0.2.7
[INFO] [stderr]    Compiling swc_visit v0.5.2
[INFO] [stderr]    Compiling phf_macros v0.10.0
[INFO] [stderr]    Compiling enum-iterator-derive v1.1.0
[INFO] [stderr]    Compiling crypto-common v0.1.6
[INFO] [stderr]    Compiling block-buffer v0.10.3
[INFO] [stderr]    Compiling if_chain v1.0.2
[INFO] [stderr]    Compiling difference v2.0.0
[INFO] [stderr]    Compiling digest v0.10.3
[INFO] [stderr]    Compiling enum-iterator v1.1.3
[INFO] [stderr]    Compiling getset v0.1.2
[INFO] [stderr]    Compiling swc_ecma_codegen_macros v0.7.1
[INFO] [stderr]    Compiling phf v0.10.1
[INFO] [stderr]    Compiling cpufeatures v0.2.5
[INFO] [stderr]    Compiling sha-1 v0.10.0
[INFO] [stderr]    Compiling fastrand v1.8.0
[INFO] [stderr]    Compiling remove_dir_all v0.5.3
[INFO] [stderr]    Compiling tempfile v3.3.0
[INFO] [stderr]    Compiling swc_trace_macro v0.1.2
[INFO] [stderr]    Compiling swc_plugin_macro v0.9.8
[INFO] [stderr]    Compiling swc_plugin v0.90.0
[INFO] [stderr]    Compiling swc_core v0.18.0
[INFO] [stderr]    Compiling triomphe v0.1.8
[INFO] [stderr]    Compiling string_cache v0.8.4
[INFO] [stderr]    Compiling swc_common v0.27.16
[INFO] [stderr]    Compiling swc_common v0.28.2
[INFO] [stderr]    Compiling sourcemap v6.1.0
[INFO] [stderr]    Compiling swc_ecma_ast v0.91.2
[INFO] [stderr]    Compiling swc_error_reporters v0.12.2
[INFO] [stderr]    Compiling testing v0.30.2
[INFO] [stderr]    Compiling swc_ecma_ast v0.90.20
[INFO] [stderr]    Compiling swc_error_reporters v0.11.7
[INFO] [stderr]    Compiling testing v0.29.7
[INFO] [stderr]    Compiling swc_ecma_visit v0.77.2
[INFO] [stderr]    Compiling swc_ecma_parser v0.119.5
[INFO] [stderr]    Compiling swc_ecma_visit v0.76.10
[INFO] [stderr]    Compiling swc_ecma_codegen v0.123.5
[INFO] [stderr]    Compiling swc_ecma_parser v0.118.10
[INFO] [stderr]    Compiling swc_plugin_proxy v0.18.17
[INFO] [stderr]    Compiling swc_ecma_testing v0.16.4
[INFO] [stderr]    Compiling swc_ecma_utils v0.102.5
[INFO] [stderr]    Compiling swc_ecma_transforms_base v0.108.7
[INFO] [stderr]    Compiling swc_ecma_utils v0.101.6
[INFO] [stderr]    Compiling swc_ecma_transforms_base v0.106.8
[INFO] [stderr]    Compiling swc_ecma_transforms_testing v0.108.5
[INFO] [stderr]    Compiling swc_transform_cx_jsx v0.1.0 (/opt/rustwide/workdir)
[INFO] [stdout] warning: unused import: `hygiene::Mark`
[INFO] [stdout]  --> src/lib.rs:8:25
[INFO] [stdout]   |
[INFO] [stdout] 8 | use swc_common::{chain, hygiene::Mark, util::take::Take, DUMMY_SP};
[INFO] [stdout]   |                         ^^^^^^^^^^^^^
[INFO] [stdout]   |
[INFO] [stdout]   = note: `#[warn(unused_imports)]` on by default
[INFO] [stdout] 
[INFO] [stdout] 
[INFO] [stdout] warning: unused import: `swc_core::visit::Fold`
[INFO] [stdout]   --> src/lib.rs:10:5
[INFO] [stdout]    |
[INFO] [stdout] 10 | use swc_core::visit::Fold;
[INFO] [stdout]    |     ^^^^^^^^^^^^^^^^^^^^^
[INFO] [stdout] 
[INFO] [stdout] 
[INFO] [stdout] warning: unused import: `common::EqIgnoreSpan`
[INFO] [stdout]   --> src/lib.rs:18:24
[INFO] [stdout]    |
[INFO] [stdout] 18 | use swc_core::{ast::*, common::EqIgnoreSpan};
[INFO] [stdout]    |                        ^^^^^^^^^^^^^^^^^^^^
[INFO] [stdout] 
[INFO] [stdout] 
[INFO] [stdout] warning: unused import: `swc_ecma_transforms_base::resolver`
[INFO] [stdout]   --> src/lib.rs:20:5
[INFO] [stdout]    |
[INFO] [stdout] 20 | use swc_ecma_transforms_base::resolver;
[INFO] [stdout]    |     ^^^^^^^^^^^^^^^^^^^^^^^^^^^^^^^^^^
[INFO] [stdout] 
[INFO] [stdout] 
[INFO] [stdout] warning: unused import: `util::take::Take`
[INFO] [stdout]  --> src/lib.rs:8:40
[INFO] [stdout]   |
[INFO] [stdout] 8 | use swc_common::{chain, hygiene::Mark, util::take::Take, DUMMY_SP};
[INFO] [stdout]   |                                        ^^^^^^^^^^^^^^^^
[INFO] [stdout] 
[INFO] [stdout] 
[INFO] [stdout] warning: unused variable: `getter`
[INFO] [stdout]    --> src/lib.rs:334:38
[INFO] [stdout]     |
[INFO] [stdout] 334 |                         Prop::Getter(getter) => attrs.push(o.clone()),
[INFO] [stdout]     |                                      ^^^^^^ help: if this is intentional, prefix it with an underscore: `_getter`
[INFO] [stdout]     |
[INFO] [stdout]     = note: `#[warn(unused_variables)]` on by default
[INFO] [stdout] 
[INFO] [stdout] 
[INFO] [stdout] warning: unused variable: `setter`
[INFO] [stdout]    --> src/lib.rs:335:38
[INFO] [stdout]     |
[INFO] [stdout] 335 |                         Prop::Setter(setter) => attrs.push(o.clone()),
[INFO] [stdout]     |                                      ^^^^^^ help: if this is intentional, prefix it with an underscore: `_setter`
[INFO] [stdout] 
[INFO] [stdout] 
[INFO] [stdout] warning: unused variable: `spread`
[INFO] [stdout]    --> src/lib.rs:339:42
[INFO] [stdout]     |
[INFO] [stdout] 339 |                     PropOrSpread::Spread(spread) => {}
[INFO] [stdout]     |                                          ^^^^^^ help: if this is intentional, prefix it with an underscore: `_spread`
[INFO] [stdout] 
[INFO] [stdout] 
[INFO] [stdout] warning: unused variable: `ns_name`
[INFO] [stdout]    --> src/lib.rs:489:68
[INFO] [stdout]     |
[INFO] [stdout] 489 | ...                   JSXAttrName::JSXNamespacedName(ns_name) => {
[INFO] [stdout]     |                                                      ^^^^^^^ help: if this is intentional, prefix it with an underscore: `_ns_name`
[INFO] [stdout] 
[INFO] [stdout] 
[INFO] [stdout] warning: unused variable: `str_lit`
[INFO] [stdout]    --> src/lib.rs:584:30
[INFO] [stdout]     |
[INFO] [stdout] 584 |                     Lit::Str(str_lit) => {}
[INFO] [stdout]     |                              ^^^^^^^ help: if this is intentional, prefix it with an underscore: `_str_lit`
[INFO] [stdout] 
[INFO] [stdout] 
[INFO] [stdout] warning: variable does not need to be mutable
[INFO] [stdout]    --> src/lib.rs:579:13
[INFO] [stdout]     |
[INFO] [stdout] 579 |         let mut local_value: Box<Expr> = value.clone();
[INFO] [stdout]     |             ----^^^^^^^^^^^
[INFO] [stdout]     |             |
[INFO] [stdout]     |             help: remove this `mut`
[INFO] [stdout]     |
[INFO] [stdout]     = note: `#[warn(unused_mut)]` on by default
[INFO] [stdout] 
[INFO] [stdout] 
[INFO] [stdout] warning: variable does not need to be mutable
[INFO] [stdout]    --> src/lib.rs:591:13
[INFO] [stdout]     |
[INFO] [stdout] 591 |         let mut key: PropName;
[INFO] [stdout]     |             ----^^^
[INFO] [stdout]     |             |
[INFO] [stdout]     |             help: remove this `mut`
[INFO] [stdout] 
[INFO] [stdout] 
[INFO] [stdout] warning: unused variable: `existing_imports`
[INFO] [stdout]    --> src/lib.rs:700:13
[INFO] [stdout]     |
[INFO] [stdout] 700 |         let existing_imports = module
[INFO] [stdout]     |             ^^^^^^^^^^^^^^^^ help: if this is intentional, prefix it with an underscore: `_existing_imports`
[INFO] [stdout] 
[INFO] [stdout] 
[INFO] [stdout] warning: unused variable: `i`
[INFO] [stdout]    --> src/lib.rs:705:40
[INFO] [stdout]     |
[INFO] [stdout] 705 |                     ModuleDecl::Import(i) => true,
[INFO] [stdout]     |                                        ^ help: if this is intentional, prefix it with an underscore: `_i`
[INFO] [stdout] 
[INFO] [stdout] 
[INFO] [stdout] warning: field `imports` is never read
[INFO] [stdout]    --> src/lib.rs:787:5
[INFO] [stdout]     |
[INFO] [stdout] 786 | pub struct ImportVisitor {
[INFO] [stdout]     |            ------------- field in this struct
[INFO] [stdout] 787 |     imports: Vec<String>,
[INFO] [stdout]     |     ^^^^^^^
[INFO] [stdout]     |
[INFO] [stdout]     = note: `#[warn(dead_code)]` on by default
[INFO] [stdout] 
[INFO] [stdout] 
[INFO] [stdout] warning: function `exec` is never used
[INFO] [stdout]    --> src/lib.rs:886:4
[INFO] [stdout]     |
[INFO] [stdout] 886 | fn exec(input: PathBuf) {
[INFO] [stdout]     |    ^^^^
[INFO] [stdout] 
[INFO] [stdout] 
[INFO] [stdout] warning: call to `.borrow()` on a reference in this situation does nothing
[INFO] [stdout]    --> src/lib.rs:324:54
[INFO] [stdout]     |
[INFO] [stdout] 324 |                 obj.props.iter().for_each(|o| match o.borrow() {
[INFO] [stdout]     |                                                      ^^^^^^^^^
[INFO] [stdout]     |
[INFO] [stdout]     = note: the type `swc_core::ast::PropOrSpread` does not implement `Borrow`, so calling `borrow` on `&swc_core::ast::PropOrSpread` copies the reference, which does not do anything and can be removed
[INFO] [stdout]     = note: `#[warn(noop_method_call)]` on by default
[INFO] [stdout] help: remove this redundant call
[INFO] [stdout]     |
[INFO] [stdout] 324 -                 obj.props.iter().for_each(|o| match o.borrow() {
[INFO] [stdout] 324 +                 obj.props.iter().for_each(|o| match o {
[INFO] [stdout]     |
[INFO] [stdout] help: if you meant to clone `swc_core::ast::PropOrSpread`, implement `Clone` for it
[INFO] [stdout]    --> /opt/rustwide/cargo-home/registry/src/index.crates.io-6f17d22bba15001f/swc_ecma_ast-0.90.20/src/expr.rs:366:1
[INFO] [stdout]     |
[INFO] [stdout] 366 + #[derive(Clone)]
[INFO] [stdout] 367 | pub enum PropOrSpread {
[INFO] [stdout]     |
[INFO] [stdout] 
[INFO] [stdout] 
[INFO] [stdout] warning: call to `.borrow()` on a reference in this situation does nothing
[INFO] [stdout]    --> src/lib.rs:350:56
[INFO] [stdout]     |
[INFO] [stdout] 350 |                 array.elems.iter().for_each(|e| match e.borrow() {
[INFO] [stdout]     |                                                        ^^^^^^^^^
[INFO] [stdout]     |
[INFO] [stdout]     = note: the type `Option<swc_core::ast::ExprOrSpread>` does not implement `Borrow`, so calling `borrow` on `&Option<swc_core::ast::ExprOrSpread>` copies the reference, which does not do anything and can be removed
[INFO] [stdout] help: remove this redundant call
[INFO] [stdout]     |
[INFO] [stdout] 350 -                 array.elems.iter().for_each(|e| match e.borrow() {
[INFO] [stdout] 350 +                 array.elems.iter().for_each(|e| match e {
[INFO] [stdout]     |
[INFO] [stdout] 
[INFO] [stdout] 
[INFO] [stdout] warning: call to `.borrow()` on a reference in this situation does nothing
[INFO] [stdout]    --> src/lib.rs:371:33
[INFO] [stdout]     |
[INFO] [stdout] 371 |                 let tx = match p.borrow() {
[INFO] [stdout]     |                                 ^^^^^^^^^
[INFO] [stdout]     |
[INFO] [stdout]     = note: the type `swc_core::ast::PropOrSpread` does not implement `Borrow`, so calling `borrow` on `&swc_core::ast::PropOrSpread` copies the reference, which does not do anything and can be removed
[INFO] [stdout] help: remove this redundant call
[INFO] [stdout]     |
[INFO] [stdout] 371 -                 let tx = match p.borrow() {
[INFO] [stdout] 371 +                 let tx = match p {
[INFO] [stdout]     |
[INFO] [stdout] help: if you meant to clone `swc_core::ast::PropOrSpread`, implement `Clone` for it
[INFO] [stdout]    --> /opt/rustwide/cargo-home/registry/src/index.crates.io-6f17d22bba15001f/swc_ecma_ast-0.90.20/src/expr.rs:366:1
[INFO] [stdout]     |
[INFO] [stdout] 366 + #[derive(Clone)]
[INFO] [stdout] 367 | pub enum PropOrSpread {
[INFO] [stdout]     |
[INFO] [stdout] 
[INFO] [stdout] 
[INFO] [stdout] warning: static variable `dash_regex` should have an upper case name
[INFO] [stdout]    --> src/lib.rs:544:24
[INFO] [stdout]     |
[INFO] [stdout] 544 |             static ref dash_regex: Regex = Regex::new(r"(.*)-(bind|tpl|expr)").unwrap();
[INFO] [stdout]     |                        ^^^^^^^^^^ help: convert the identifier to upper case: `DASH_REGEX`
[INFO] [stdout]     |
[INFO] [stdout]     = note: `#[warn(non_upper_case_globals)]` on by default
[INFO] [stdout] 
[INFO] [stdout] 
[INFO] [stderr]     Finished `dev` profile [unoptimized + debuginfo] target(s) in 3m 58s
[INFO] running `Command { std: "docker" "inspect" "d40653dd5f4bd239ba49b6243c0ec5b8392264da06e91cec7a1ff6279db13da6", kill_on_drop: false }`
[INFO] running `Command { std: "docker" "rm" "-f" "d40653dd5f4bd239ba49b6243c0ec5b8392264da06e91cec7a1ff6279db13da6", kill_on_drop: false }`
[INFO] [stdout] d40653dd5f4bd239ba49b6243c0ec5b8392264da06e91cec7a1ff6279db13da6
[INFO] running `Command { std: "docker" "create" "-v" "/var/lib/crater-agent-workspace/builds/worker-4-tc2/target:/opt/rustwide/target:rw,Z" "-v" "/var/lib/crater-agent-workspace/builds/worker-4-tc2/source:/opt/rustwide/workdir:ro,Z" "-v" "/var/lib/crater-agent-workspace/cargo-home:/opt/rustwide/cargo-home:ro,Z" "-v" "/var/lib/crater-agent-workspace/rustup-home:/opt/rustwide/rustup-home:ro,Z" "-e" "SOURCE_DIR=/opt/rustwide/workdir" "-e" "CARGO_TARGET_DIR=/opt/rustwide/target" "-e" "CARGO_INCREMENTAL=0" "-e" "RUST_BACKTRACE=full" "-e" "RUSTFLAGS=--cap-lints=warn" "-e" "RUSTDOCFLAGS=--cap-lints=warn" "-e" "CARGO_HOME=/opt/rustwide/cargo-home" "-e" "RUSTUP_HOME=/opt/rustwide/rustup-home" "-w" "/opt/rustwide/workdir" "-m" "1610612736" "--user" "0:0" "--network" "none" "ghcr.io/rust-lang/crates-build-env/linux@sha256:f3a9d4ad9d972b27faf3965f35b62e55ba32bbce8f20bc8fe909558a86702fde" "/opt/rustwide/cargo-home/bin/cargo" "+beta-2024-12-08" "test" "--frozen" "--no-run" "--message-format=json", kill_on_drop: false }`
[INFO] [stdout] b6c27adad887fea44de9e5b731823f792a64326bee4189ab16c6f8f19fc3a808
[INFO] running `Command { std: "docker" "start" "-a" "b6c27adad887fea44de9e5b731823f792a64326bee4189ab16c6f8f19fc3a808", kill_on_drop: false }`
[INFO] [stderr]    Compiling swc_transform_cx_jsx v0.1.0 (/opt/rustwide/workdir)
[INFO] [stdout] warning: unused import: `hygiene::Mark`
[INFO] [stdout]  --> src/lib.rs:8:25
[INFO] [stdout]   |
[INFO] [stdout] 8 | use swc_common::{chain, hygiene::Mark, util::take::Take, DUMMY_SP};
[INFO] [stdout]   |                         ^^^^^^^^^^^^^
[INFO] [stdout]   |
[INFO] [stdout]   = note: `#[warn(unused_imports)]` on by default
[INFO] [stdout] 
[INFO] [stdout] 
[INFO] [stdout] warning: unused import: `swc_core::visit::Fold`
[INFO] [stdout]   --> src/lib.rs:10:5
[INFO] [stdout]    |
[INFO] [stdout] 10 | use swc_core::visit::Fold;
[INFO] [stdout]    |     ^^^^^^^^^^^^^^^^^^^^^
[INFO] [stdout] 
[INFO] [stdout] 
[INFO] [stdout] warning: unused import: `common::EqIgnoreSpan`
[INFO] [stdout]   --> src/lib.rs:18:24
[INFO] [stdout]    |
[INFO] [stdout] 18 | use swc_core::{ast::*, common::EqIgnoreSpan};
[INFO] [stdout]    |                        ^^^^^^^^^^^^^^^^^^^^
[INFO] [stdout] 
[INFO] [stdout] 
[INFO] [stdout] warning: unused import: `swc_ecma_transforms_base::resolver`
[INFO] [stdout]   --> src/lib.rs:20:5
[INFO] [stdout]    |
[INFO] [stdout] 20 | use swc_ecma_transforms_base::resolver;
[INFO] [stdout]    |     ^^^^^^^^^^^^^^^^^^^^^^^^^^^^^^^^^^
[INFO] [stdout] 
[INFO] [stdout] 
[INFO] [stdout] warning: unused import: `util::take::Take`
[INFO] [stdout]  --> src/lib.rs:8:40
[INFO] [stdout]   |
[INFO] [stdout] 8 | use swc_common::{chain, hygiene::Mark, util::take::Take, DUMMY_SP};
[INFO] [stdout]   |                                        ^^^^^^^^^^^^^^^^
[INFO] [stdout] 
[INFO] [stdout] 
[INFO] [stdout] warning: unused variable: `getter`
[INFO] [stdout]    --> src/lib.rs:334:38
[INFO] [stdout]     |
[INFO] [stdout] 334 |                         Prop::Getter(getter) => attrs.push(o.clone()),
[INFO] [stdout]     |                                      ^^^^^^ help: if this is intentional, prefix it with an underscore: `_getter`
[INFO] [stdout]     |
[INFO] [stdout]     = note: `#[warn(unused_variables)]` on by default
[INFO] [stdout] 
[INFO] [stdout] 
[INFO] [stdout] warning: unused variable: `setter`
[INFO] [stdout]    --> src/lib.rs:335:38
[INFO] [stdout]     |
[INFO] [stdout] 335 |                         Prop::Setter(setter) => attrs.push(o.clone()),
[INFO] [stdout]     |                                      ^^^^^^ help: if this is intentional, prefix it with an underscore: `_setter`
[INFO] [stdout] 
[INFO] [stdout] 
[INFO] [stdout] warning: unused variable: `spread`
[INFO] [stdout]    --> src/lib.rs:339:42
[INFO] [stdout]     |
[INFO] [stdout] 339 |                     PropOrSpread::Spread(spread) => {}
[INFO] [stdout]     |                                          ^^^^^^ help: if this is intentional, prefix it with an underscore: `_spread`
[INFO] [stdout] 
[INFO] [stdout] 
[INFO] [stdout] warning: unused variable: `ns_name`
[INFO] [stdout]    --> src/lib.rs:489:68
[INFO] [stdout]     |
[INFO] [stdout] 489 | ...                   JSXAttrName::JSXNamespacedName(ns_name) => {
[INFO] [stdout]     |                                                      ^^^^^^^ help: if this is intentional, prefix it with an underscore: `_ns_name`
[INFO] [stdout] 
[INFO] [stdout] 
[INFO] [stdout] warning: unused variable: `str_lit`
[INFO] [stdout]    --> src/lib.rs:584:30
[INFO] [stdout]     |
[INFO] [stdout] 584 |                     Lit::Str(str_lit) => {}
[INFO] [stdout]     |                              ^^^^^^^ help: if this is intentional, prefix it with an underscore: `_str_lit`
[INFO] [stdout] 
[INFO] [stdout] 
[INFO] [stdout] warning: variable does not need to be mutable
[INFO] [stdout]    --> src/lib.rs:579:13
[INFO] [stdout]     |
[INFO] [stdout] 579 |         let mut local_value: Box<Expr> = value.clone();
[INFO] [stdout]     |             ----^^^^^^^^^^^
[INFO] [stdout]     |             |
[INFO] [stdout]     |             help: remove this `mut`
[INFO] [stdout]     |
[INFO] [stdout]     = note: `#[warn(unused_mut)]` on by default
[INFO] [stdout] 
[INFO] [stdout] 
[INFO] [stdout] warning: variable does not need to be mutable
[INFO] [stdout]    --> src/lib.rs:591:13
[INFO] [stdout]     |
[INFO] [stdout] 591 |         let mut key: PropName;
[INFO] [stdout]     |             ----^^^
[INFO] [stdout]     |             |
[INFO] [stdout]     |             help: remove this `mut`
[INFO] [stdout] 
[INFO] [stdout] 
[INFO] [stdout] warning: unused variable: `existing_imports`
[INFO] [stdout]    --> src/lib.rs:700:13
[INFO] [stdout]     |
[INFO] [stdout] 700 |         let existing_imports = module
[INFO] [stdout]     |             ^^^^^^^^^^^^^^^^ help: if this is intentional, prefix it with an underscore: `_existing_imports`
[INFO] [stdout] 
[INFO] [stdout] 
[INFO] [stdout] warning: unused variable: `i`
[INFO] [stdout]    --> src/lib.rs:705:40
[INFO] [stdout]     |
[INFO] [stdout] 705 |                     ModuleDecl::Import(i) => true,
[INFO] [stdout]     |                                        ^ help: if this is intentional, prefix it with an underscore: `_i`
[INFO] [stdout] 
[INFO] [stdout] 
[INFO] [stdout] warning: field `imports` is never read
[INFO] [stdout]    --> src/lib.rs:787:5
[INFO] [stdout]     |
[INFO] [stdout] 786 | pub struct ImportVisitor {
[INFO] [stdout]     |            ------------- field in this struct
[INFO] [stdout] 787 |     imports: Vec<String>,
[INFO] [stdout]     |     ^^^^^^^
[INFO] [stdout]     |
[INFO] [stdout]     = note: `#[warn(dead_code)]` on by default
[INFO] [stdout] 
[INFO] [stdout] 
[INFO] [stdout] warning: call to `.borrow()` on a reference in this situation does nothing
[INFO] [stdout]    --> src/lib.rs:324:54
[INFO] [stdout]     |
[INFO] [stdout] 324 |                 obj.props.iter().for_each(|o| match o.borrow() {
[INFO] [stdout]     |                                                      ^^^^^^^^^
[INFO] [stdout]     |
[INFO] [stdout]     = note: the type `swc_core::ast::PropOrSpread` does not implement `Borrow`, so calling `borrow` on `&swc_core::ast::PropOrSpread` copies the reference, which does not do anything and can be removed
[INFO] [stdout]     = note: `#[warn(noop_method_call)]` on by default
[INFO] [stdout] help: remove this redundant call
[INFO] [stdout]     |
[INFO] [stdout] 324 -                 obj.props.iter().for_each(|o| match o.borrow() {
[INFO] [stdout] 324 +                 obj.props.iter().for_each(|o| match o {
[INFO] [stdout]     |
[INFO] [stdout] help: if you meant to clone `swc_core::ast::PropOrSpread`, implement `Clone` for it
[INFO] [stdout]    --> /opt/rustwide/cargo-home/registry/src/index.crates.io-6f17d22bba15001f/swc_ecma_ast-0.90.20/src/expr.rs:366:1
[INFO] [stdout]     |
[INFO] [stdout] 366 + #[derive(Clone)]
[INFO] [stdout] 367 | pub enum PropOrSpread {
[INFO] [stdout]     |
[INFO] [stdout] 
[INFO] [stdout] 
[INFO] [stdout] warning: call to `.borrow()` on a reference in this situation does nothing
[INFO] [stdout]    --> src/lib.rs:350:56
[INFO] [stdout]     |
[INFO] [stdout] 350 |                 array.elems.iter().for_each(|e| match e.borrow() {
[INFO] [stdout]     |                                                        ^^^^^^^^^
[INFO] [stdout]     |
[INFO] [stdout]     = note: the type `Option<swc_core::ast::ExprOrSpread>` does not implement `Borrow`, so calling `borrow` on `&Option<swc_core::ast::ExprOrSpread>` copies the reference, which does not do anything and can be removed
[INFO] [stdout] help: remove this redundant call
[INFO] [stdout]     |
[INFO] [stdout] 350 -                 array.elems.iter().for_each(|e| match e.borrow() {
[INFO] [stdout] 350 +                 array.elems.iter().for_each(|e| match e {
[INFO] [stdout]     |
[INFO] [stdout] 
[INFO] [stdout] 
[INFO] [stdout] warning: call to `.borrow()` on a reference in this situation does nothing
[INFO] [stdout]    --> src/lib.rs:371:33
[INFO] [stdout]     |
[INFO] [stdout] 371 |                 let tx = match p.borrow() {
[INFO] [stdout]     |                                 ^^^^^^^^^
[INFO] [stdout]     |
[INFO] [stdout]     = note: the type `swc_core::ast::PropOrSpread` does not implement `Borrow`, so calling `borrow` on `&swc_core::ast::PropOrSpread` copies the reference, which does not do anything and can be removed
[INFO] [stdout] help: remove this redundant call
[INFO] [stdout]     |
[INFO] [stdout] 371 -                 let tx = match p.borrow() {
[INFO] [stdout] 371 +                 let tx = match p {
[INFO] [stdout]     |
[INFO] [stdout] help: if you meant to clone `swc_core::ast::PropOrSpread`, implement `Clone` for it
[INFO] [stdout]    --> /opt/rustwide/cargo-home/registry/src/index.crates.io-6f17d22bba15001f/swc_ecma_ast-0.90.20/src/expr.rs:366:1
[INFO] [stdout]     |
[INFO] [stdout] 366 + #[derive(Clone)]
[INFO] [stdout] 367 | pub enum PropOrSpread {
[INFO] [stdout]     |
[INFO] [stdout] 
[INFO] [stdout] 
[INFO] [stdout] warning: static variable `dash_regex` should have an upper case name
[INFO] [stdout]    --> src/lib.rs:544:24
[INFO] [stdout]     |
[INFO] [stdout] 544 |             static ref dash_regex: Regex = Regex::new(r"(.*)-(bind|tpl|expr)").unwrap();
[INFO] [stdout]     |                        ^^^^^^^^^^ help: convert the identifier to upper case: `DASH_REGEX`
[INFO] [stdout]     |
[INFO] [stdout]     = note: `#[warn(non_upper_case_globals)]` on by default
[INFO] [stdout] 
[INFO] [stdout] 
[INFO] [stderr]     Finished `test` profile [unoptimized + debuginfo] target(s) in 12.23s
[INFO] running `Command { std: "docker" "inspect" "b6c27adad887fea44de9e5b731823f792a64326bee4189ab16c6f8f19fc3a808", kill_on_drop: false }`
[INFO] running `Command { std: "docker" "rm" "-f" "b6c27adad887fea44de9e5b731823f792a64326bee4189ab16c6f8f19fc3a808", kill_on_drop: false }`
[INFO] [stdout] b6c27adad887fea44de9e5b731823f792a64326bee4189ab16c6f8f19fc3a808
[INFO] running `Command { std: "docker" "create" "-v" "/var/lib/crater-agent-workspace/builds/worker-4-tc2/target:/opt/rustwide/target:rw,Z" "-v" "/var/lib/crater-agent-workspace/builds/worker-4-tc2/source:/opt/rustwide/workdir:ro,Z" "-v" "/var/lib/crater-agent-workspace/cargo-home:/opt/rustwide/cargo-home:ro,Z" "-v" "/var/lib/crater-agent-workspace/rustup-home:/opt/rustwide/rustup-home:ro,Z" "-e" "SOURCE_DIR=/opt/rustwide/workdir" "-e" "CARGO_TARGET_DIR=/opt/rustwide/target" "-e" "CARGO_INCREMENTAL=0" "-e" "RUST_BACKTRACE=full" "-e" "RUSTFLAGS=--cap-lints=warn" "-e" "RUSTDOCFLAGS=--cap-lints=warn" "-e" "CARGO_HOME=/opt/rustwide/cargo-home" "-e" "RUSTUP_HOME=/opt/rustwide/rustup-home" "-w" "/opt/rustwide/workdir" "-m" "1610612736" "--user" "0:0" "--network" "none" "ghcr.io/rust-lang/crates-build-env/linux@sha256:f3a9d4ad9d972b27faf3965f35b62e55ba32bbce8f20bc8fe909558a86702fde" "/opt/rustwide/cargo-home/bin/cargo" "+beta-2024-12-08" "test" "--frozen", kill_on_drop: false }`
[INFO] [stdout] 0a277baa4d6439346fbc07dffe3e2c8a712d1508fc97beebc245618d4a4b163c
[INFO] running `Command { std: "docker" "start" "-a" "0a277baa4d6439346fbc07dffe3e2c8a712d1508fc97beebc245618d4a4b163c", kill_on_drop: false }`
[INFO] [stderr] warning: unused import: `hygiene::Mark`
[INFO] [stderr]  --> src/lib.rs:8:25
[INFO] [stderr]   |
[INFO] [stderr] 8 | use swc_common::{chain, hygiene::Mark, util::take::Take, DUMMY_SP};
[INFO] [stderr]   |                         ^^^^^^^^^^^^^
[INFO] [stderr]   |
[INFO] [stderr]   = note: `#[warn(unused_imports)]` on by default
[INFO] [stderr] 
[INFO] [stderr] warning: unused import: `swc_core::visit::Fold`
[INFO] [stderr]   --> src/lib.rs:10:5
[INFO] [stderr]    |
[INFO] [stderr] 10 | use swc_core::visit::Fold;
[INFO] [stderr]    |     ^^^^^^^^^^^^^^^^^^^^^
[INFO] [stderr] 
[INFO] [stderr] warning: unused import: `common::EqIgnoreSpan`
[INFO] [stderr]   --> src/lib.rs:18:24
[INFO] [stderr]    |
[INFO] [stderr] 18 | use swc_core::{ast::*, common::EqIgnoreSpan};
[INFO] [stderr]    |                        ^^^^^^^^^^^^^^^^^^^^
[INFO] [stderr] 
[INFO] [stderr] warning: unused import: `swc_ecma_transforms_base::resolver`
[INFO] [stderr]   --> src/lib.rs:20:5
[INFO] [stderr]    |
[INFO] [stderr] 20 | use swc_ecma_transforms_base::resolver;
[INFO] [stderr]    |     ^^^^^^^^^^^^^^^^^^^^^^^^^^^^^^^^^^
[INFO] [stderr] 
[INFO] [stderr] warning: unused import: `util::take::Take`
[INFO] [stderr]  --> src/lib.rs:8:40
[INFO] [stderr]   |
[INFO] [stderr] 8 | use swc_common::{chain, hygiene::Mark, util::take::Take, DUMMY_SP};
[INFO] [stderr]   |                                        ^^^^^^^^^^^^^^^^
[INFO] [stderr] 
[INFO] [stderr] warning: unused variable: `getter`
[INFO] [stderr]    --> src/lib.rs:334:38
[INFO] [stderr]     |
[INFO] [stderr] 334 |                         Prop::Getter(getter) => attrs.push(o.clone()),
[INFO] [stderr]     |                                      ^^^^^^ help: if this is intentional, prefix it with an underscore: `_getter`
[INFO] [stderr]     |
[INFO] [stderr]     = note: `#[warn(unused_variables)]` on by default
[INFO] [stderr] 
[INFO] [stderr] warning: unused variable: `setter`
[INFO] [stderr]    --> src/lib.rs:335:38
[INFO] [stderr]     |
[INFO] [stderr] 335 |                         Prop::Setter(setter) => attrs.push(o.clone()),
[INFO] [stderr]     |                                      ^^^^^^ help: if this is intentional, prefix it with an underscore: `_setter`
[INFO] [stderr] 
[INFO] [stderr] warning: unused variable: `spread`
[INFO] [stderr]    --> src/lib.rs:339:42
[INFO] [stderr]     |
[INFO] [stderr] 339 |                     PropOrSpread::Spread(spread) => {}
[INFO] [stderr]     |                                          ^^^^^^ help: if this is intentional, prefix it with an underscore: `_spread`
[INFO] [stderr] 
[INFO] [stderr] warning: unused variable: `ns_name`
[INFO] [stderr]    --> src/lib.rs:489:68
[INFO] [stderr]     |
[INFO] [stderr] 489 | ...                   JSXAttrName::JSXNamespacedName(ns_name) => {
[INFO] [stderr]     |                                                      ^^^^^^^ help: if this is intentional, prefix it with an underscore: `_ns_name`
[INFO] [stderr] 
[INFO] [stderr] warning: unused variable: `str_lit`
[INFO] [stderr]    --> src/lib.rs:584:30
[INFO] [stderr]     |
[INFO] [stderr] 584 |                     Lit::Str(str_lit) => {}
[INFO] [stderr]     |                              ^^^^^^^ help: if this is intentional, prefix it with an underscore: `_str_lit`
[INFO] [stderr] 
[INFO] [stderr] warning: variable does not need to be mutable
[INFO] [stderr]    --> src/lib.rs:579:13
[INFO] [stderr]     |
[INFO] [stderr] 579 |         let mut local_value: Box<Expr> = value.clone();
[INFO] [stderr]     |             ----^^^^^^^^^^^
[INFO] [stderr]     |             |
[INFO] [stderr]     |             help: remove this `mut`
[INFO] [stderr]     |
[INFO] [stderr]     = note: `#[warn(unused_mut)]` on by default
[INFO] [stderr] 
[INFO] [stderr] warning: variable does not need to be mutable
[INFO] [stderr]    --> src/lib.rs:591:13
[INFO] [stderr]     |
[INFO] [stderr] 591 |         let mut key: PropName;
[INFO] [stderr]     |             ----^^^
[INFO] [stderr]     |             |
[INFO] [stderr]     |             help: remove this `mut`
[INFO] [stderr] 
[INFO] [stderr] warning: unused variable: `existing_imports`
[INFO] [stderr]    --> src/lib.rs:700:13
[INFO] [stderr]     |
[INFO] [stderr] 700 |         let existing_imports = module
[INFO] [stderr]     |             ^^^^^^^^^^^^^^^^ help: if this is intentional, prefix it with an underscore: `_existing_imports`
[INFO] [stderr] 
[INFO] [stderr] warning: unused variable: `i`
[INFO] [stderr]    --> src/lib.rs:705:40
[INFO] [stderr]     |
[INFO] [stderr] 705 |                     ModuleDecl::Import(i) => true,
[INFO] [stderr]     |                                        ^ help: if this is intentional, prefix it with an underscore: `_i`
[INFO] [stderr] 
[INFO] [stderr] warning: field `imports` is never read
[INFO] [stderr]    --> src/lib.rs:787:5
[INFO] [stderr]     |
[INFO] [stderr] 786 | pub struct ImportVisitor {
[INFO] [stderr]     |            ------------- field in this struct
[INFO] [stderr] 787 |     imports: Vec<String>,
[INFO] [stderr]     |     ^^^^^^^
[INFO] [stderr]     |
[INFO] [stderr]     = note: `#[warn(dead_code)]` on by default
[INFO] [stderr] 
[INFO] [stderr] warning: call to `.borrow()` on a reference in this situation does nothing
[INFO] [stderr]    --> src/lib.rs:324:54
[INFO] [stderr]     |
[INFO] [stderr] 324 |                 obj.props.iter().for_each(|o| match o.borrow() {
[INFO] [stderr]     |                                                      ^^^^^^^^^
[INFO] [stderr]     |
[INFO] [stderr]     = note: the type `swc_core::ast::PropOrSpread` does not implement `Borrow`, so calling `borrow` on `&swc_core::ast::PropOrSpread` copies the reference, which does not do anything and can be removed
[INFO] [stderr]     = note: `#[warn(noop_method_call)]` on by default
[INFO] [stderr] help: remove this redundant call
[INFO] [stderr]     |
[INFO] [stderr] 324 -                 obj.props.iter().for_each(|o| match o.borrow() {
[INFO] [stderr] 324 +                 obj.props.iter().for_each(|o| match o {
[INFO] [stderr]     |
[INFO] [stderr] help: if you meant to clone `swc_core::ast::PropOrSpread`, implement `Clone` for it
[INFO] [stderr]    --> /opt/rustwide/cargo-home/registry/src/index.crates.io-6f17d22bba15001f/swc_ecma_ast-0.90.20/src/expr.rs:366:1
[INFO] [stderr]     |
[INFO] [stderr] 366 + #[derive(Clone)]
[INFO] [stderr] 367 | pub enum PropOrSpread {
[INFO] [stderr]     |
[INFO] [stderr] 
[INFO] [stderr] warning: call to `.borrow()` on a reference in this situation does nothing
[INFO] [stderr]    --> src/lib.rs:350:56
[INFO] [stderr]     |
[INFO] [stderr] 350 |                 array.elems.iter().for_each(|e| match e.borrow() {
[INFO] [stderr]     |                                                        ^^^^^^^^^
[INFO] [stderr]     |
[INFO] [stderr]     = note: the type `Option<swc_core::ast::ExprOrSpread>` does not implement `Borrow`, so calling `borrow` on `&Option<swc_core::ast::ExprOrSpread>` copies the reference, which does not do anything and can be removed
[INFO] [stderr] help: remove this redundant call
[INFO] [stderr]     |
[INFO] [stderr] 350 -                 array.elems.iter().for_each(|e| match e.borrow() {
[INFO] [stderr] 350 +                 array.elems.iter().for_each(|e| match e {
[INFO] [stderr]     |
[INFO] [stderr] 
[INFO] [stderr] warning: call to `.borrow()` on a reference in this situation does nothing
[INFO] [stderr]    --> src/lib.rs:371:33
[INFO] [stderr]     |
[INFO] [stderr] 371 |                 let tx = match p.borrow() {
[INFO] [stderr]     |                                 ^^^^^^^^^
[INFO] [stderr]     |
[INFO] [stderr]     = note: the type `swc_core::ast::PropOrSpread` does not implement `Borrow`, so calling `borrow` on `&swc_core::ast::PropOrSpread` copies the reference, which does not do anything and can be removed
[INFO] [stderr] help: remove this redundant call
[INFO] [stderr]     |
[INFO] [stderr] 371 -                 let tx = match p.borrow() {
[INFO] [stderr] 371 +                 let tx = match p {
[INFO] [stderr]     |
[INFO] [stderr] help: if you meant to clone `swc_core::ast::PropOrSpread`, implement `Clone` for it
[INFO] [stderr]    --> /opt/rustwide/cargo-home/registry/src/index.crates.io-6f17d22bba15001f/swc_ecma_ast-0.90.20/src/expr.rs:366:1
[INFO] [stderr]     |
[INFO] [stderr] 366 + #[derive(Clone)]
[INFO] [stderr] 367 | pub enum PropOrSpread {
[INFO] [stderr]     |
[INFO] [stderr] 
[INFO] [stderr] warning: static variable `dash_regex` should have an upper case name
[INFO] [stderr]    --> src/lib.rs:544:24
[INFO] [stderr]     |
[INFO] [stderr] 544 |             static ref dash_regex: Regex = Regex::new(r"(.*)-(bind|tpl|expr)").unwrap();
[INFO] [stderr]     |                        ^^^^^^^^^^ help: convert the identifier to upper case: `DASH_REGEX`
[INFO] [stderr]     |
[INFO] [stderr]     = note: `#[warn(non_upper_case_globals)]` on by default
[INFO] [stderr] 
[INFO] [stderr] warning: `swc_transform_cx_jsx` (lib test) generated 19 warnings (run `cargo fix --lib -p swc_transform_cx_jsx --tests` to apply 9 suggestions)
[INFO] [stderr]     Finished `test` profile [unoptimized + debuginfo] target(s) in 0.29s
[INFO] [stderr]      Running unittests src/lib.rs (/opt/rustwide/target/debug/deps/swc_transform_cx_jsx-497b6a5a07497887)
[INFO] [stdout] 
[INFO] [stdout] running 33 tests
[INFO] [stdout] test exec_tests__02_whitespace_is_trimmed_in_cx_block__input_js ... ok
[INFO] [stdout] test exec_tests__00_formatting_non_cx_code__input_js ... ok
[INFO] [stdout] test exec_tests__07_transform_jsx_object_attrs_to_config_props__input_js ... ok
[INFO] [stdout] test exec_tests__01_transforms_empty_cx_to_null__input_js ... ok
[INFO] [stdout] test exec_tests__10_allows_namespace__input_js ... ok
[INFO] [stdout] test exec_tests__06_transform_jsx_literal_attributes_to_config_props__input_js ... ok
[INFO] [stdout] test exec_tests__04_transforms_jsx_like_to_config__input_js ... ok
[INFO] [stdout] test exec_tests__05_transforms_jsx_attributes_to_config_props__input_js ... ok
[INFO] [stdout] test exec_tests__09_transform_jsx_children_to_children_array__input_js ... ok
[INFO] [stdout] test exec_tests__08_transform_jsx_function_attrs_to_config_props__input_js ... ok
[INFO] [stdout] test exec_tests__11_transform_jsx_text_child_into_text_widget__input_js ... ok
[INFO] [stdout] test exec_tests__12_transform_namespaced_attrs_into_data_binding_objs__input_js ... ok
[INFO] [stdout] test exec_tests__13_transform_dash_attrs_into_data_binding_objs__input_js ... ok
[INFO] [stdout] test exec_tests__17_allow_spread__input_js ... ok
[INFO] [stdout] test exec_tests__16_allow_props__input_js ... ok
[INFO] [stdout] test exec_tests__15_allow_expr_as_children__input_js ... ok
[INFO] [stdout] test exec_tests__18_allow_namespaced_components__input_js ... ok
[INFO] [stdout] test exec_tests__24_empty_react_Cx_elem_is_not_transformed__input_js ... ok
[INFO] [stdout] test exec_tests__20_transform_jsx_elems_in_attrs__input_js ... ok
[INFO] [stdout] test exec_tests__23_transform_jsx_elems_within_arrays__input_js ... ok
[INFO] [stdout] test exec_tests__22_transform_jsx_elems_in_structured_attrs__input_js ... ok
[INFO] [stdout] test exec_tests__14_transform_multiple_root_elems_to_config_array__input_js ... ok
[INFO] [stdout] test exec_tests__19_transform_lowercase_tags_into_htmlelement_with_tag_prop__input_js ... ok
[INFO] [stdout] test exec_tests__21_transform_jsx_el_arrays_in_attrs__input_js ... ok
[INFO] [stdout] test exec_tests__26_register_functional_cx_components__input_js ... ok
[INFO] [stdout] test exec_tests__25_transform_only_inner_content_of_Cx_react_element__input_js ... ok
[INFO] [stdout] test exec_tests__29_dont_import_HtmlElements_if_present__input_js ... ok
[INFO] [stdout] test exec_tests__27_register_only_one_createFunctionalComponent_import__input_js ... ok
[INFO] [stdout] test exec_tests__28_auto_import_HtmlElements__input_js ... ok
[INFO] [stdout] test exec_tests__03_preserves_whitespace_if_ws_flag_is_set__input_js ... FAILED
[INFO] [stdout] test exec_tests__30_expand_fat_arrows_in_string_exprs_if_flag_set__input_js ... FAILED
[INFO] [stdout] test exec_tests__31_transform_obj_functional_component__input_js ... FAILED
[INFO] [stdout] test exec_tests__svg_test__input_js ... FAILED
[INFO] [stdout] 
[INFO] [stdout] failures:
[INFO] [stdout] 
[INFO] [stdout] ---- exec_tests__03_preserves_whitespace_if_ws_flag_is_set__input_js stdout ----
[INFO] [stdout] Input: /opt/rustwide/workdir/tests/03_preserves_whitespace_if_ws_flag_is_set/input.js
[INFO] [stdout]   [32m INFO[0m  [32mDiagnostics will be printed to stderr as logging level is trace or debug[0m
[INFO] [stdout]     [2;3mat[0m /opt/rustwide/cargo-home/registry/src/index.crates.io-6f17d22bba15001f/testing-0.29.7/src/errors/stderr.rs:17
[INFO] [stdout] 
[INFO] [stdout] ----- [32mExpected[0m -----
[INFO] [stdout] ({
[INFO] [stdout]     $type: Container,
[INFO] [stdout]     children: [
[INFO] [stdout]         {
[INFO] [stdout]             $type: Container,
[INFO] [stdout]             children: [
[INFO] [stdout]                 "\n                Text\n            "
[INFO] [stdout]             ],
[INFO] [stdout]             jsxAttributes: [
[INFO] [stdout]                 "ws"
[INFO] [stdout]             ],
[INFO] [stdout]             ws: true
[INFO] [stdout]         }, 
[INFO] [stdout]     ]
[INFO] [stdout] });
[INFO] [stdout] 
[INFO] [stdout]   [32m INFO[0m  [32mDiagnostics will be printed to stderr as logging level is trace or debug[0m
[INFO] [stdout]     [2;3mat[0m /opt/rustwide/cargo-home/registry/src/index.crates.io-6f17d22bba15001f/testing-0.29.7/src/errors/stderr.rs:17
[INFO] [stdout] 
[INFO] [stdout] ----- [32mInput[0m -----
[INFO] [stdout] <cx>
[INFO] [stdout]   <Container>
[INFO] [stdout]     <Container ws>Text</Container>
[INFO] [stdout]   </Container>
[INFO] [stdout] </cx>
[INFO] [stdout] 
[INFO] [stdout] ----- [32mActual[0m -----
[INFO] [stdout] ({
[INFO] [stdout]     "$type": Container,
[INFO] [stdout]     "children": [
[INFO] [stdout]         {
[INFO] [stdout]             "$type": Container,
[INFO] [stdout]             "ws": true,
[INFO] [stdout]             "jsxAttributes": [
[INFO] [stdout]                 "ws"
[INFO] [stdout]             ],
[INFO] [stdout]             "children": [
[INFO] [stdout]                 "Text"
[INFO] [stdout]             ]
[INFO] [stdout]         }
[INFO] [stdout]     ]
[INFO] [stdout] });
[INFO] [stdout] 
[INFO] [stdout]   [34mDEBUG[0m  [34mComparing output to /opt/rustwide/workdir/tests/03_preserves_whitespace_if_ws_flag_is_set/output.js[0m
[INFO] [stdout]     [2;3mat[0m /opt/rustwide/cargo-home/registry/src/index.crates.io-6f17d22bba15001f/testing-0.29.7/src/output.rs:141
[INFO] [stdout] 
[INFO] [stdout] thread 'exec_tests__03_preserves_whitespace_if_ws_flag_is_set__input_js' panicked at /opt/rustwide/cargo-home/registry/src/index.crates.io-6f17d22bba15001f/testing-0.29.7/src/output.rs:165:13:
[INFO] [stdout] assertion failed: `(left == right)`: Actual:
[INFO] [stdout] ({
[INFO] [stdout]     "$type": Container,
[INFO] [stdout]     "children": [
[INFO] [stdout]         {
[INFO] [stdout]             "$type": Container,
[INFO] [stdout]             "ws": true,
[INFO] [stdout]             "jsxAttributes": [
[INFO] [stdout]                 "ws"
[INFO] [stdout]             ],
[INFO] [stdout]             "children": [
[INFO] [stdout]                 "Text"
[INFO] [stdout]             ]
[INFO] [stdout]         }
[INFO] [stdout]     ]
[INFO] [stdout] });
[INFO] [stdout] 
[INFO] [stdout] 
[INFO] [stdout] [1mDiff[0m [31m< left[0m / [32mright >[0m :
[INFO] [stdout]  ({
[INFO] [stdout] [31m<  $type: Container,[0m
[INFO] [stdout] [31m<  children: [[0m
[INFO] [stdout] [31m<    {[0m
[INFO] [stdout] [31m<      $type: Container,[0m
[INFO] [stdout] [31m<      children: ["\n                Text\n            "],[0m
[INFO] [stdout] [31m<      jsxAttributes: ["ws"],[0m
[INFO] [stdout] [31m<      ws: true,[0m
[INFO] [stdout] [31m<    },[0m
[INFO] [stdout] [31m<  ],[0m
[INFO] [stdout] [32m>    "$type": Container,[0m
[INFO] [stdout] [32m>    "children": [[0m
[INFO] [stdout] [32m>        {[0m
[INFO] [stdout] [32m>            "$type": Container,[0m
[INFO] [stdout] [32m>            "ws": true,[0m
[INFO] [stdout] [32m>            "jsxAttributes": [[0m
[INFO] [stdout] [32m>                "ws"[0m
[INFO] [stdout] [32m>            ],[0m
[INFO] [stdout] [32m>            "children": [[0m
[INFO] [stdout] [32m>                "Text"[0m
[INFO] [stdout] [32m>            ][0m
[INFO] [stdout] [32m>        }[0m
[INFO] [stdout] [32m>    ][0m
[INFO] [stdout]  });
[INFO] [stdout]  
[INFO] [stdout] 
[INFO] [stdout] 
[INFO] [stdout] stack backtrace:
[INFO] [stdout]    0:     0x59ce51198b3a - std::backtrace_rs::backtrace::libunwind::trace::h8810477743020387
[INFO] [stdout]                                at /rustc/202008a1b8de96d2e5b6bc02d379db03a877d34d/library/std/src/../../backtrace/src/backtrace/libunwind.rs:116:5
[INFO] [stdout]    1:     0x59ce51198b3a - std::backtrace_rs::backtrace::trace_unsynchronized::h3aa55355dd6c54a6
[INFO] [stdout]                                at /rustc/202008a1b8de96d2e5b6bc02d379db03a877d34d/library/std/src/../../backtrace/src/backtrace/mod.rs:66:5
[INFO] [stdout]    2:     0x59ce51198b3a - std::sys::backtrace::_print_fmt::h8588b0f62410823f
[INFO] [stdout]                                at /rustc/202008a1b8de96d2e5b6bc02d379db03a877d34d/library/std/src/sys/backtrace.rs:66:9
[INFO] [stdout]    3:     0x59ce51198b3a - <std::sys::backtrace::BacktraceLock::print::DisplayBacktrace as core::fmt::Display>::fmt::h98c26ac25ffe89bb
[INFO] [stdout]                                at /rustc/202008a1b8de96d2e5b6bc02d379db03a877d34d/library/std/src/sys/backtrace.rs:39:26
[INFO] [stdout]    4:     0x59ce511c1203 - core::fmt::rt::Argument::fmt::hf95377f4aebd453b
[INFO] [stdout]                                at /rustc/202008a1b8de96d2e5b6bc02d379db03a877d34d/library/core/src/fmt/rt.rs:177:76
[INFO] [stdout]    5:     0x59ce511c1203 - core::fmt::write::h0dd5f6e2238c7982
[INFO] [stdout]                                at /rustc/202008a1b8de96d2e5b6bc02d379db03a877d34d/library/core/src/fmt/mod.rs:1189:21
[INFO] [stdout]    6:     0x59ce511955e3 - std::io::Write::write_fmt::h03bb0ca26e6faf8c
[INFO] [stdout]                                at /rustc/202008a1b8de96d2e5b6bc02d379db03a877d34d/library/std/src/io/mod.rs:1884:15
[INFO] [stdout]    7:     0x59ce51198982 - std::sys::backtrace::BacktraceLock::print::h5c19c1c038ee186d
[INFO] [stdout]                                at /rustc/202008a1b8de96d2e5b6bc02d379db03a877d34d/library/std/src/sys/backtrace.rs:42:9
[INFO] [stdout]    8:     0x59ce51199fbd - std::panicking::default_hook::{{closure}}::h77172f079a1fcb13
[INFO] [stdout]                                at /rustc/202008a1b8de96d2e5b6bc02d379db03a877d34d/library/std/src/panicking.rs:268:22
[INFO] [stdout]    9:     0x59ce51199dc7 - std::panicking::default_hook::he5f8e3b203ccddba
[INFO] [stdout]                                at /rustc/202008a1b8de96d2e5b6bc02d379db03a877d34d/library/std/src/panicking.rs:292:9
[INFO] [stdout]   10:     0x59ce50b07277 - <alloc::boxed::Box<F,A> as core::ops::function::Fn<Args>>::call::h7a3c7b4a1ae77f2f
[INFO] [stdout]                                at /rustc/202008a1b8de96d2e5b6bc02d379db03a877d34d/library/alloc/src/boxed.rs:1986:9
[INFO] [stdout]   11:     0x59ce50b07277 - test::test_main::{{closure}}::hf0d3b69ae9b353d1
[INFO] [stdout]                                at /rustc/202008a1b8de96d2e5b6bc02d379db03a877d34d/library/test/src/lib.rs:134:21
[INFO] [stdout]   12:     0x59ce5119a668 - <alloc::boxed::Box<F,A> as core::ops::function::Fn<Args>>::call::h6332e82e7b189abd
[INFO] [stdout]                                at /rustc/202008a1b8de96d2e5b6bc02d379db03a877d34d/library/alloc/src/boxed.rs:1986:9
[INFO] [stdout]   13:     0x59ce5119a668 - std::panicking::rust_panic_with_hook::h53863d4e9018df39
[INFO] [stdout]                                at /rustc/202008a1b8de96d2e5b6bc02d379db03a877d34d/library/std/src/panicking.rs:809:13
[INFO] [stdout]   14:     0x59ce5119a42a - std::panicking::begin_panic_handler::{{closure}}::h67280e6fa0757873
[INFO] [stdout]                                at /rustc/202008a1b8de96d2e5b6bc02d379db03a877d34d/library/std/src/panicking.rs:674:13
[INFO] [stdout]   15:     0x59ce51199019 - std::sys::backtrace::__rust_end_short_backtrace::h1dac3f54d6fbbeb2
[INFO] [stdout]                                at /rustc/202008a1b8de96d2e5b6bc02d379db03a877d34d/library/std/src/sys/backtrace.rs:170:18
[INFO] [stdout]   16:     0x59ce5119a0bc - rust_begin_unwind
[INFO] [stdout]                                at /rustc/202008a1b8de96d2e5b6bc02d379db03a877d34d/library/std/src/panicking.rs:665:5
[INFO] [stdout]   17:     0x59ce50a201d0 - core::panicking::panic_fmt::h6792bd1b2bf01041
[INFO] [stdout]                                at /rustc/202008a1b8de96d2e5b6bc02d379db03a877d34d/library/core/src/panicking.rs:76:14
[INFO] [stdout]   18:     0x59ce50aa8124 - testing::output::NormalizedOutput::compare_to_file::hd2d66ac4941d7f9a
[INFO] [stdout]                                at /opt/rustwide/cargo-home/registry/src/index.crates.io-6f17d22bba15001f/testing-0.29.7/src/output.rs:165:13
[INFO] [stdout]   19:     0x59ce50aa3081 - swc_ecma_transforms_testing::test_fixture_inner::ha33961e25885d543
[INFO] [stdout]                                at /opt/rustwide/cargo-home/registry/src/index.crates.io-6f17d22bba15001f/swc_ecma_transforms_testing-0.108.5/src/lib.rs:778:9
[INFO] [stdout]   20:     0x59ce50aa28e1 - swc_ecma_transforms_testing::test_fixture::h3ca123d4a7245467
[INFO] [stdout]                                at /opt/rustwide/cargo-home/registry/src/index.crates.io-6f17d22bba15001f/swc_ecma_transforms_testing-0.108.5/src/lib.rs:684:5
[INFO] [stdout]   21:     0x59ce50ab766a - swc_transform_cx_jsx::exec::he76c03009bde15b2
[INFO] [stdout]                                at /opt/rustwide/workdir/src/lib.rs:888:5
[INFO] [stdout]   22:     0x59ce50ab79d7 - swc_transform_cx_jsx::exec_tests__03_preserves_whitespace_if_ws_flag_is_set__input_js::h8139f7c74f3615de
[INFO] [stdout]                                at /opt/rustwide/workdir/src/lib.rs:885:1
[INFO] [stdout]   23:     0x59ce50ab7977 - swc_transform_cx_jsx::exec_tests__03_preserves_whitespace_if_ws_flag_is_set__input_js::{{closure}}::h8d8a48d760bd4fec
[INFO] [stdout]                                at /opt/rustwide/workdir/src/lib.rs:885:41
[INFO] [stdout]   24:     0x59ce50abaf56 - core::ops::function::FnOnce::call_once::h67ced337bf06365c
[INFO] [stdout]                                at /rustc/202008a1b8de96d2e5b6bc02d379db03a877d34d/library/core/src/ops/function.rs:250:5
[INFO] [stdout]   25:     0x59ce50b0bd9b - core::ops::function::FnOnce::call_once::h871bf86719ec9aa4
[INFO] [stdout]                                at /rustc/202008a1b8de96d2e5b6bc02d379db03a877d34d/library/core/src/ops/function.rs:250:5
[INFO] [stdout]   26:     0x59ce50b0bd9b - test::__rust_begin_short_backtrace::h2167df1e2b7d76fd
[INFO] [stdout]                                at /rustc/202008a1b8de96d2e5b6bc02d379db03a877d34d/library/test/src/lib.rs:632:18
[INFO] [stdout]   27:     0x59ce50b0b788 - test::run_test_in_process::{{closure}}::h15d92f75a3adfb79
[INFO] [stdout]                                at /rustc/202008a1b8de96d2e5b6bc02d379db03a877d34d/library/test/src/lib.rs:655:60
[INFO] [stdout]   28:     0x59ce50b0b788 - <core::panic::unwind_safe::AssertUnwindSafe<F> as core::ops::function::FnOnce<()>>::call_once::hb6c8955835a8dbbb
[INFO] [stdout]                                at /rustc/202008a1b8de96d2e5b6bc02d379db03a877d34d/library/core/src/panic/unwind_safe.rs:272:9
[INFO] [stdout]   29:     0x59ce50b0b788 - std::panicking::try::do_call::hc79d0fc888a0bd30
[INFO] [stdout]                                at /rustc/202008a1b8de96d2e5b6bc02d379db03a877d34d/library/std/src/panicking.rs:557:40
[INFO] [stdout]   30:     0x59ce50b0b788 - std::panicking::try::hb8a7878e3a8589d6
[INFO] [stdout]                                at /rustc/202008a1b8de96d2e5b6bc02d379db03a877d34d/library/std/src/panicking.rs:520:19
[INFO] [stdout]   31:     0x59ce50b0b788 - std::panic::catch_unwind::hb8e4600ff0ff5cfa
[INFO] [stdout]                                at /rustc/202008a1b8de96d2e5b6bc02d379db03a877d34d/library/std/src/panic.rs:358:14
[INFO] [stdout]   32:     0x59ce50b0b788 - test::run_test_in_process::hc2900b0b18688dd6
[INFO] [stdout]                                at /rustc/202008a1b8de96d2e5b6bc02d379db03a877d34d/library/test/src/lib.rs:655:27
[INFO] [stdout]   33:     0x59ce50b0b788 - test::run_test::{{closure}}::hac2a9cb07be3d48d
[INFO] [stdout]                                at /rustc/202008a1b8de96d2e5b6bc02d379db03a877d34d/library/test/src/lib.rs:576:43
[INFO] [stdout]   34:     0x59ce50acf22a - test::run_test::{{closure}}::h4a5b729e66a38cd8
[INFO] [stdout]                                at /rustc/202008a1b8de96d2e5b6bc02d379db03a877d34d/library/test/src/lib.rs:606:41
[INFO] [stdout]   35:     0x59ce50acf22a - std::sys::backtrace::__rust_begin_short_backtrace::h0496fb742492f573
[INFO] [stdout]                                at /rustc/202008a1b8de96d2e5b6bc02d379db03a877d34d/library/std/src/sys/backtrace.rs:154:18
[INFO] [stdout]   36:     0x59ce50ad2ba4 - std::thread::Builder::spawn_unchecked_::{{closure}}::{{closure}}::hbb6d257c550a54bd
[INFO] [stdout]                                at /rustc/202008a1b8de96d2e5b6bc02d379db03a877d34d/library/std/src/thread/mod.rs:561:17
[INFO] [stdout]   37:     0x59ce50ad2ba4 - <core::panic::unwind_safe::AssertUnwindSafe<F> as core::ops::function::FnOnce<()>>::call_once::h46696fe4a6832328
[INFO] [stdout]                                at /rustc/202008a1b8de96d2e5b6bc02d379db03a877d34d/library/core/src/panic/unwind_safe.rs:272:9
[INFO] [stdout]   38:     0x59ce50ad2ba4 - std::panicking::try::do_call::h2625a51b667bfb64
[INFO] [stdout]                                at /rustc/202008a1b8de96d2e5b6bc02d379db03a877d34d/library/std/src/panicking.rs:557:40
[INFO] [stdout]   39:     0x59ce50ad2ba4 - std::panicking::try::hb956a59a1973aa4c
[INFO] [stdout]                                at /rustc/202008a1b8de96d2e5b6bc02d379db03a877d34d/library/std/src/panicking.rs:520:19
[INFO] [stdout]   40:     0x59ce50ad2ba4 - std::panic::catch_unwind::h64f3b9d1067ef6a0
[INFO] [stdout]                                at /rustc/202008a1b8de96d2e5b6bc02d379db03a877d34d/library/std/src/panic.rs:358:14
[INFO] [stdout]   41:     0x59ce50ad2ba4 - std::thread::Builder::spawn_unchecked_::{{closure}}::h42b2841295b6c0b2
[INFO] [stdout]                                at /rustc/202008a1b8de96d2e5b6bc02d379db03a877d34d/library/std/src/thread/mod.rs:559:30
[INFO] [stdout]   42:     0x59ce50ad2ba4 - core::ops::function::FnOnce::call_once{{vtable.shim}}::h6127de71b8124639
[INFO] [stdout]                                at /rustc/202008a1b8de96d2e5b6bc02d379db03a877d34d/library/core/src/ops/function.rs:250:5
[INFO] [stdout]   43:     0x59ce5119e67b - <alloc::boxed::Box<F,A> as core::ops::function::FnOnce<Args>>::call_once::h42f0ba71002a1b2c
[INFO] [stdout]                                at /rustc/202008a1b8de96d2e5b6bc02d379db03a877d34d/library/alloc/src/boxed.rs:1972:9
[INFO] [stdout]   44:     0x59ce5119e67b - <alloc::boxed::Box<F,A> as core::ops::function::FnOnce<Args>>::call_once::had9e47d7a3dcecb8
[INFO] [stdout]                                at /rustc/202008a1b8de96d2e5b6bc02d379db03a877d34d/library/alloc/src/boxed.rs:1972:9
[INFO] [stdout]   45:     0x59ce5119e67b - std::sys::pal::unix::thread::Thread::new::thread_start::h48cf765408f6f5f2
[INFO] [stdout]                                at /rustc/202008a1b8de96d2e5b6bc02d379db03a877d34d/library/std/src/sys/pal/unix/thread.rs:105:17
[INFO] [stdout]   46:     0x76b05b672ac3 - <unknown>
[INFO] [stdout]   47:     0x76b05b703a04 - clone
[INFO] [stdout]   48:                0x0 - <unknown>
[INFO] [stdout] 
[INFO] [stdout] ---- exec_tests__30_expand_fat_arrows_in_string_exprs_if_flag_set__input_js stdout ----
[INFO] [stdout] Input: /opt/rustwide/workdir/tests/30_expand_fat_arrows_in_string_exprs_if_flag_set/input.js
[INFO] [stdout]   [32m INFO[0m  [32mDiagnostics will be printed to stderr as logging level is trace or debug[0m
[INFO] [stdout]     [2;3mat[0m /opt/rustwide/cargo-home/registry/src/index.crates.io-6f17d22bba15001f/testing-0.29.7/src/errors/stderr.rs:17
[INFO] [stdout] 
[INFO] [stdout] ----- [32mExpected[0m -----
[INFO] [stdout] 
[INFO] [stdout]   [32m INFO[0m  [32mDiagnostics will be printed to stderr as logging level is trace or debug[0m
[INFO] [stdout]     [2;3mat[0m /opt/rustwide/cargo-home/registry/src/index.crates.io-6f17d22bba15001f/testing-0.29.7/src/errors/stderr.rs:17
[INFO] [stdout] 
[INFO] [stdout] ----- [32mInput[0m -----
[INFO] [stdout] <cx>
[INFO] [stdout]   <Repeater records-expr="{data}.filter(a=>a.enabled)" />
[INFO] [stdout] </cx>;
[INFO] [stdout] 
[INFO] [stdout] ----- [32mActual[0m -----
[INFO] [stdout] ({
[INFO] [stdout]     "$type": Repeater,
[INFO] [stdout]     records: {
[INFO] [stdout]         expr: "{data}.filter(a=>a.enabled)"
[INFO] [stdout]     },
[INFO] [stdout]     "jsxAttributes": [
[INFO] [stdout]         "records"
[INFO] [stdout]     ]
[INFO] [stdout] });
[INFO] [stdout] 
[INFO] [stdout]   [34mDEBUG[0m  [34mComparing output to /opt/rustwide/workdir/tests/30_expand_fat_arrows_in_string_exprs_if_flag_set/output.js[0m
[INFO] [stdout]     [2;3mat[0m /opt/rustwide/cargo-home/registry/src/index.crates.io-6f17d22bba15001f/testing-0.29.7/src/output.rs:141
[INFO] [stdout] 
[INFO] [stdout] thread 'exec_tests__30_expand_fat_arrows_in_string_exprs_if_flag_set__input_js' panicked at /opt/rustwide/cargo-home/registry/src/index.crates.io-6f17d22bba15001f/testing-0.29.7/src/output.rs:165:13:
[INFO] [stdout] assertion failed: `(left == right)`: Actual:
[INFO] [stdout] ({
[INFO] [stdout]     "$type": Repeater,
[INFO] [stdout]     records: {
[INFO] [stdout]         expr: "{data}.filter(a=>a.enabled)"
[INFO] [stdout]     },
[INFO] [stdout]     "jsxAttributes": [
[INFO] [stdout]         "records"
[INFO] [stdout]     ]
[INFO] [stdout] });
[INFO] [stdout] 
[INFO] [stdout] 
[INFO] [stdout] [1mDiff[0m [31m< left[0m / [32mright >[0m :
[INFO] [stdout] [32m>({[0m
[INFO] [stdout] [32m>    "$type": Repeater,[0m
[INFO] [stdout] [32m>    records: {[0m
[INFO] [stdout] [32m>        expr: "{data}.filter(a=>a.enabled)"[0m
[INFO] [stdout] [32m>    },[0m
[INFO] [stdout] [32m>    "jsxAttributes": [[0m
[INFO] [stdout] [32m>        "records"[0m
[INFO] [stdout] [32m>    ][0m
[INFO] [stdout] [32m>});[0m
[INFO] [stdout] [32m>[0m
[INFO] [stdout] 
[INFO] [stdout] 
[INFO] [stdout] stack backtrace:
[INFO] [stdout]    0:     0x59ce51198b3a - std::backtrace_rs::backtrace::libunwind::trace::h8810477743020387
[INFO] [stdout]                                at /rustc/202008a1b8de96d2e5b6bc02d379db03a877d34d/library/std/src/../../backtrace/src/backtrace/libunwind.rs:116:5
[INFO] [stdout]    1:     0x59ce51198b3a - std::backtrace_rs::backtrace::trace_unsynchronized::h3aa55355dd6c54a6
[INFO] [stdout]                                at /rustc/202008a1b8de96d2e5b6bc02d379db03a877d34d/library/std/src/../../backtrace/src/backtrace/mod.rs:66:5
[INFO] [stdout]    2:     0x59ce51198b3a - std::sys::backtrace::_print_fmt::h8588b0f62410823f
[INFO] [stdout]                                at /rustc/202008a1b8de96d2e5b6bc02d379db03a877d34d/library/std/src/sys/backtrace.rs:66:9
[INFO] [stdout]    3:     0x59ce51198b3a - <std::sys::backtrace::BacktraceLock::print::DisplayBacktrace as core::fmt::Display>::fmt::h98c26ac25ffe89bb
[INFO] [stdout]                                at /rustc/202008a1b8de96d2e5b6bc02d379db03a877d34d/library/std/src/sys/backtrace.rs:39:26
[INFO] [stdout]    4:     0x59ce511c1203 - core::fmt::rt::Argument::fmt::hf95377f4aebd453b
[INFO] [stdout]                                at /rustc/202008a1b8de96d2e5b6bc02d379db03a877d34d/library/core/src/fmt/rt.rs:177:76
[INFO] [stdout]    5:     0x59ce511c1203 - core::fmt::write::h0dd5f6e2238c7982
[INFO] [stdout]                                at /rustc/202008a1b8de96d2e5b6bc02d379db03a877d34d/library/core/src/fmt/mod.rs:1189:21
[INFO] [stdout]    6:     0x59ce511955e3 - std::io::Write::write_fmt::h03bb0ca26e6faf8c
[INFO] [stdout]                                at /rustc/202008a1b8de96d2e5b6bc02d379db03a877d34d/library/std/src/io/mod.rs:1884:15
[INFO] [stdout]    7:     0x59ce51198982 - std::sys::backtrace::BacktraceLock::print::h5c19c1c038ee186d
[INFO] [stdout]                                at /rustc/202008a1b8de96d2e5b6bc02d379db03a877d34d/library/std/src/sys/backtrace.rs:42:9
[INFO] [stdout]    8:     0x59ce51199fbd - std::panicking::default_hook::{{closure}}::h77172f079a1fcb13
[INFO] [stdout]                                at /rustc/202008a1b8de96d2e5b6bc02d379db03a877d34d/library/std/src/panicking.rs:268:22
[INFO] [stdout]    9:     0x59ce51199dc7 - std::panicking::default_hook::he5f8e3b203ccddba
[INFO] [stdout]                                at /rustc/202008a1b8de96d2e5b6bc02d379db03a877d34d/library/std/src/panicking.rs:292:9
[INFO] [stdout]   10:     0x59ce50b07277 - <alloc::boxed::Box<F,A> as core::ops::function::Fn<Args>>::call::h7a3c7b4a1ae77f2f
[INFO] [stdout]                                at /rustc/202008a1b8de96d2e5b6bc02d379db03a877d34d/library/alloc/src/boxed.rs:1986:9
[INFO] [stdout]   11:     0x59ce50b07277 - test::test_main::{{closure}}::hf0d3b69ae9b353d1
[INFO] [stdout]                                at /rustc/202008a1b8de96d2e5b6bc02d379db03a877d34d/library/test/src/lib.rs:134:21
[INFO] [stdout]   12:     0x59ce5119a668 - <alloc::boxed::Box<F,A> as core::ops::function::Fn<Args>>::call::h6332e82e7b189abd
[INFO] [stdout]                                at /rustc/202008a1b8de96d2e5b6bc02d379db03a877d34d/library/alloc/src/boxed.rs:1986:9
[INFO] [stdout]   13:     0x59ce5119a668 - std::panicking::rust_panic_with_hook::h53863d4e9018df39
[INFO] [stdout]                                at /rustc/202008a1b8de96d2e5b6bc02d379db03a877d34d/library/std/src/panicking.rs:809:13
[INFO] [stdout]   14:     0x59ce5119a42a - std::panicking::begin_panic_handler::{{closure}}::h67280e6fa0757873
[INFO] [stdout]                                at /rustc/202008a1b8de96d2e5b6bc02d379db03a877d34d/library/std/src/panicking.rs:674:13
[INFO] [stdout]   15:     0x59ce51199019 - std::sys::backtrace::__rust_end_short_backtrace::h1dac3f54d6fbbeb2
[INFO] [stdout]                                at /rustc/202008a1b8de96d2e5b6bc02d379db03a877d34d/library/std/src/sys/backtrace.rs:170:18
[INFO] [stdout]   16:     0x59ce5119a0bc - rust_begin_unwind
[INFO] [stdout]                                at /rustc/202008a1b8de96d2e5b6bc02d379db03a877d34d/library/std/src/panicking.rs:665:5
[INFO] [stdout]   17:     0x59ce50a201d0 - core::panicking::panic_fmt::h6792bd1b2bf01041
[INFO] [stdout]                                at /rustc/202008a1b8de96d2e5b6bc02d379db03a877d34d/library/core/src/panicking.rs:76:14
[INFO] [stdout]   18:     0x59ce50aa8124 - testing::output::NormalizedOutput::compare_to_file::hd2d66ac4941d7f9a
[INFO] [stdout]                                at /opt/rustwide/cargo-home/registry/src/index.crates.io-6f17d22bba15001f/testing-0.29.7/src/output.rs:165:13
[INFO] [stdout]   19:     0x59ce50aa3081 - swc_ecma_transforms_testing::test_fixture_inner::ha33961e25885d543
[INFO] [stdout]                                at /opt/rustwide/cargo-home/registry/src/index.crates.io-6f17d22bba15001f/swc_ecma_transforms_testing-0.108.5/src/lib.rs:778:9
[INFO] [stdout]   20:     0x59ce50aa28e1 - swc_ecma_transforms_testing::test_fixture::h3ca123d4a7245467
[INFO] [stdout]                                at /opt/rustwide/cargo-home/registry/src/index.crates.io-6f17d22bba15001f/swc_ecma_transforms_testing-0.108.5/src/lib.rs:684:5
[INFO] [stdout]   21:     0x59ce50ab766a - swc_transform_cx_jsx::exec::he76c03009bde15b2
[INFO] [stdout]                                at /opt/rustwide/workdir/src/lib.rs:888:5
[INFO] [stdout]   22:     0x59ce50ab8757 - swc_transform_cx_jsx::exec_tests__30_expand_fat_arrows_in_string_exprs_if_flag_set__input_js::h91d07848e5294b69
[INFO] [stdout]                                at /opt/rustwide/workdir/src/lib.rs:885:1
[INFO] [stdout]   23:     0x59ce50ab86f7 - swc_transform_cx_jsx::exec_tests__30_expand_fat_arrows_in_string_exprs_if_flag_set__input_js::{{closure}}::h6cd271ca9ba4a72b
[INFO] [stdout]                                at /opt/rustwide/workdir/src/lib.rs:885:41
[INFO] [stdout]   24:     0x59ce50abb2c6 - core::ops::function::FnOnce::call_once::h9df3a7b323653ea8
[INFO] [stdout]                                at /rustc/202008a1b8de96d2e5b6bc02d379db03a877d34d/library/core/src/ops/function.rs:250:5
[INFO] [stdout]   25:     0x59ce50b0bd9b - core::ops::function::FnOnce::call_once::h871bf86719ec9aa4
[INFO] [stdout]                                at /rustc/202008a1b8de96d2e5b6bc02d379db03a877d34d/library/core/src/ops/function.rs:250:5
[INFO] [stdout]   26:     0x59ce50b0bd9b - test::__rust_begin_short_backtrace::h2167df1e2b7d76fd
[INFO] [stdout]                                at /rustc/202008a1b8de96d2e5b6bc02d379db03a877d34d/library/test/src/lib.rs:632:18
[INFO] [stdout]   27:     0x59ce50b0b788 - test::run_test_in_process::{{closure}}::h15d92f75a3adfb79
[INFO] [stdout]                                at /rustc/202008a1b8de96d2e5b6bc02d379db03a877d34d/library/test/src/lib.rs:655:60
[INFO] [stdout]   28:     0x59ce50b0b788 - <core::panic::unwind_safe::AssertUnwindSafe<F> as core::ops::function::FnOnce<()>>::call_once::hb6c8955835a8dbbb
[INFO] [stdout]                                at /rustc/202008a1b8de96d2e5b6bc02d379db03a877d34d/library/core/src/panic/unwind_safe.rs:272:9
[INFO] [stdout]   29:     0x59ce50b0b788 - std::panicking::try::do_call::hc79d0fc888a0bd30
[INFO] [stdout]                                at /rustc/202008a1b8de96d2e5b6bc02d379db03a877d34d/library/std/src/panicking.rs:557:40
[INFO] [stdout]   30:     0x59ce50b0b788 - std::panicking::try::hb8a7878e3a8589d6
[INFO] [stdout]                                at /rustc/202008a1b8de96d2e5b6bc02d379db03a877d34d/library/std/src/panicking.rs:520:19
[INFO] [stdout]   31:     0x59ce50b0b788 - std::panic::catch_unwind::hb8e4600ff0ff5cfa
[INFO] [stdout]                                at /rustc/202008a1b8de96d2e5b6bc02d379db03a877d34d/library/std/src/panic.rs:358:14
[INFO] [stdout]   32:     0x59ce50b0b788 - test::run_test_in_process::hc2900b0b18688dd6
[INFO] [stdout]                                at /rustc/202008a1b8de96d2e5b6bc02d379db03a877d34d/library/test/src/lib.rs:655:27
[INFO] [stdout]   33:     0x59ce50b0b788 - test::run_test::{{closure}}::hac2a9cb07be3d48d
[INFO] [stdout]                                at /rustc/202008a1b8de96d2e5b6bc02d379db03a877d34d/library/test/src/lib.rs:576:43
[INFO] [stdout]   34:     0x59ce50acf22a - test::run_test::{{closure}}::h4a5b729e66a38cd8
[INFO] [stdout]                                at /rustc/202008a1b8de96d2e5b6bc02d379db03a877d34d/library/test/src/lib.rs:606:41
[INFO] [stdout]   35:     0x59ce50acf22a - std::sys::backtrace::__rust_begin_short_backtrace::h0496fb742492f573
[INFO] [stdout]                                at /rustc/202008a1b8de96d2e5b6bc02d379db03a877d34d/library/std/src/sys/backtrace.rs:154:18
[INFO] [stdout]   36:     0x59ce50ad2ba4 - std::thread::Builder::spawn_unchecked_::{{closure}}::{{closure}}::hbb6d257c550a54bd
[INFO] [stdout]                                at /rustc/202008a1b8de96d2e5b6bc02d379db03a877d34d/library/std/src/thread/mod.rs:561:17
[INFO] [stdout]   37:     0x59ce50ad2ba4 - <core::panic::unwind_safe::AssertUnwindSafe<F> as core::ops::function::FnOnce<()>>::call_once::h46696fe4a6832328
[INFO] [stdout]                                at /rustc/202008a1b8de96d2e5b6bc02d379db03a877d34d/library/core/src/panic/unwind_safe.rs:272:9
[INFO] [stdout]   38:     0x59ce50ad2ba4 - std::panicking::try::do_call::h2625a51b667bfb64
[INFO] [stdout]                                at /rustc/202008a1b8de96d2e5b6bc02d379db03a877d34d/library/std/src/panicking.rs:557:40
[INFO] [stdout]   39:     0x59ce50ad2ba4 - std::panicking::try::hb956a59a1973aa4c
[INFO] [stdout]                                at /rustc/202008a1b8de96d2e5b6bc02d379db03a877d34d/library/std/src/panicking.rs:520:19
[INFO] [stdout]   40:     0x59ce50ad2ba4 - std::panic::catch_unwind::h64f3b9d1067ef6a0
[INFO] [stdout]                                at /rustc/202008a1b8de96d2e5b6bc02d379db03a877d34d/library/std/src/panic.rs:358:14
[INFO] [stdout]   41:     0x59ce50ad2ba4 - std::thread::Builder::spawn_unchecked_::{{closure}}::h42b2841295b6c0b2
[INFO] [stdout]                                at /rustc/202008a1b8de96d2e5b6bc02d379db03a877d34d/library/std/src/thread/mod.rs:559:30
[INFO] [stdout]   42:     0x59ce50ad2ba4 - core::ops::function::FnOnce::call_once{{vtable.shim}}::h6127de71b8124639
[INFO] [stdout]                                at /rustc/202008a1b8de96d2e5b6bc02d379db03a877d34d/library/core/src/ops/function.rs:250:5
[INFO] [stdout]   43:     0x59ce5119e67b - <alloc::boxed::Box<F,A> as core::ops::function::FnOnce<Args>>::call_once::h42f0ba71002a1b2c
[INFO] [stdout]                                at /rustc/202008a1b8de96d2e5b6bc02d379db03a877d34d/library/alloc/src/boxed.rs:1972:9
[INFO] [stdout]   44:     0x59ce5119e67b - <alloc::boxed::Box<F,A> as core::ops::function::FnOnce<Args>>::call_once::had9e47d7a3dcecb8
[INFO] [stdout]                                at /rustc/202008a1b8de96d2e5b6bc02d379db03a877d34d/library/alloc/src/boxed.rs:1972:9
[INFO] [stdout]   45:     0x59ce5119e67b - std::sys::pal::unix::thread::Thread::new::thread_start::h48cf765408f6f5f2
[INFO] [stdout]                                at /rustc/202008a1b8de96d2e5b6bc02d379db03a877d34d/library/std/src/sys/pal/unix/thread.rs:105:17
[INFO] [stdout]   46:     0x76b05b672ac3 - <unknown>
[INFO] [stdout]   47:     0x76b05b703a04 - clone
[INFO] [stdout]   48:                0x0 - <unknown>
[INFO] [stdout] 
[INFO] [stdout] ---- exec_tests__31_transform_obj_functional_component__input_js stdout ----
[INFO] [stdout] Input: /opt/rustwide/workdir/tests/31_transform_obj_functional_component/input.js
[INFO] [stdout]   [32m INFO[0m  [32mDiagnostics will be printed to stderr as logging level is trace or debug[0m
[INFO] [stdout]     [2;3mat[0m /opt/rustwide/cargo-home/registry/src/index.crates.io-6f17d22bba15001f/testing-0.29.7/src/errors/stderr.rs:17
[INFO] [stdout] 
[INFO] [stdout] ----- [32mExpected[0m -----
[INFO] [stdout] 
[INFO] [stdout]   [32m INFO[0m  [32mDiagnostics will be printed to stderr as logging level is trace or debug[0m
[INFO] [stdout]     [2;3mat[0m /opt/rustwide/cargo-home/registry/src/index.crates.io-6f17d22bba15001f/testing-0.29.7/src/errors/stderr.rs:17
[INFO] [stdout] 
[INFO] [stdout] ----- [32mInput[0m -----
[INFO] [stdout] import { A } from "cx/ui";
[INFO] [stdout] import { B } from "cx/src/ui";
[INFO] [stdout] 
[INFO] [stdout] ----- [32mActual[0m -----
[INFO] [stdout]   [34mDEBUG[0m  [34mRenaming `B#0` to `B`[0m
[INFO] [stdout]     [2;3mat[0m /opt/rustwide/cargo-home/registry/src/index.crates.io-6f17d22bba15001f/swc_ecma_transforms_base-0.106.8/src/rename/analyzer/scope.rs:157
[INFO] [stdout] 
[INFO] [stdout]   [34mDEBUG[0m  [34mRenaming `A#0` to `A`[0m
[INFO] [stdout]     [2;3mat[0m /opt/rustwide/cargo-home/registry/src/index.crates.io-6f17d22bba15001f/swc_ecma_transforms_base-0.106.8/src/rename/analyzer/scope.rs:157
[INFO] [stdout] 
[INFO] [stdout] import { B } from "cx/src/ui";
[INFO] [stdout] import { A } from "cx/ui";
[INFO] [stdout] 
[INFO] [stdout]   [34mDEBUG[0m  [34mcompare_to_file: failed to canonicalize outfile path `/opt/rustwide/workdir/tests/31_transform_obj_functional_component/output.js`: Os { code: 2, kind: NotFound, message: "No such file or directory" }[0m
[INFO] [stdout]     [2;3mat[0m /opt/rustwide/cargo-home/registry/src/index.crates.io-6f17d22bba15001f/testing-0.29.7/src/output.rs:115
[INFO] [stdout] 
[INFO] [stdout]   [34mDEBUG[0m  [34mComparing output to /opt/rustwide/workdir/tests/31_transform_obj_functional_component/output.js[0m
[INFO] [stdout]     [2;3mat[0m /opt/rustwide/cargo-home/registry/src/index.crates.io-6f17d22bba15001f/testing-0.29.7/src/output.rs:141
[INFO] [stdout] 
[INFO] [stdout] thread 'exec_tests__31_transform_obj_functional_component__input_js' panicked at /opt/rustwide/cargo-home/registry/src/index.crates.io-6f17d22bba15001f/testing-0.29.7/src/output.rs:154:13:
[INFO] [stdout] assertion `left == right` failed: Actual:
[INFO] [stdout] import { B } from "cx/src/ui";
[INFO] [stdout] import { A } from "cx/ui";
[INFO] [stdout] 
[INFO] [stdout]   left: 
[INFO] [stdout]  right: import { B } from "cx/src/ui";
[INFO] [stdout] import { A } from "cx/ui";
[INFO] [stdout] 
[INFO] [stdout] stack backtrace:
[INFO] [stdout]    0:     0x59ce51198b3a - std::backtrace_rs::backtrace::libunwind::trace::h8810477743020387
[INFO] [stdout]                                at /rustc/202008a1b8de96d2e5b6bc02d379db03a877d34d/library/std/src/../../backtrace/src/backtrace/libunwind.rs:116:5
[INFO] [stdout]    1:     0x59ce51198b3a - std::backtrace_rs::backtrace::trace_unsynchronized::h3aa55355dd6c54a6
[INFO] [stdout]                                at /rustc/202008a1b8de96d2e5b6bc02d379db03a877d34d/library/std/src/../../backtrace/src/backtrace/mod.rs:66:5
[INFO] [stdout]    2:     0x59ce51198b3a - std::sys::backtrace::_print_fmt::h8588b0f62410823f
[INFO] [stdout]                                at /rustc/202008a1b8de96d2e5b6bc02d379db03a877d34d/library/std/src/sys/backtrace.rs:66:9
[INFO] [stdout]    3:     0x59ce51198b3a - <std::sys::backtrace::BacktraceLock::print::DisplayBacktrace as core::fmt::Display>::fmt::h98c26ac25ffe89bb
[INFO] [stdout]                                at /rustc/202008a1b8de96d2e5b6bc02d379db03a877d34d/library/std/src/sys/backtrace.rs:39:26
[INFO] [stdout]    4:     0x59ce511c1203 - core::fmt::rt::Argument::fmt::hf95377f4aebd453b
[INFO] [stdout]                                at /rustc/202008a1b8de96d2e5b6bc02d379db03a877d34d/library/core/src/fmt/rt.rs:177:76
[INFO] [stdout]    5:     0x59ce511c1203 - core::fmt::write::h0dd5f6e2238c7982
[INFO] [stdout]                                at /rustc/202008a1b8de96d2e5b6bc02d379db03a877d34d/library/core/src/fmt/mod.rs:1189:21
[INFO] [stdout]    6:     0x59ce511955e3 - std::io::Write::write_fmt::h03bb0ca26e6faf8c
[INFO] [stdout]                                at /rustc/202008a1b8de96d2e5b6bc02d379db03a877d34d/library/std/src/io/mod.rs:1884:15
[INFO] [stdout]    7:     0x59ce51198982 - std::sys::backtrace::BacktraceLock::print::h5c19c1c038ee186d
[INFO] [stdout]                                at /rustc/202008a1b8de96d2e5b6bc02d379db03a877d34d/library/std/src/sys/backtrace.rs:42:9
[INFO] [stdout]    8:     0x59ce51199fbd - std::panicking::default_hook::{{closure}}::h77172f079a1fcb13
[INFO] [stdout]                                at /rustc/202008a1b8de96d2e5b6bc02d379db03a877d34d/library/std/src/panicking.rs:268:22
[INFO] [stdout]    9:     0x59ce51199dc7 - std::panicking::default_hook::he5f8e3b203ccddba
[INFO] [stdout]                                at /rustc/202008a1b8de96d2e5b6bc02d379db03a877d34d/library/std/src/panicking.rs:292:9
[INFO] [stdout]   10:     0x59ce50b07277 - <alloc::boxed::Box<F,A> as core::ops::function::Fn<Args>>::call::h7a3c7b4a1ae77f2f
[INFO] [stdout]                                at /rustc/202008a1b8de96d2e5b6bc02d379db03a877d34d/library/alloc/src/boxed.rs:1986:9
[INFO] [stdout]   11:     0x59ce50b07277 - test::test_main::{{closure}}::hf0d3b69ae9b353d1
[INFO] [stdout]                                at /rustc/202008a1b8de96d2e5b6bc02d379db03a877d34d/library/test/src/lib.rs:134:21
[INFO] [stdout]   12:     0x59ce5119a668 - <alloc::boxed::Box<F,A> as core::ops::function::Fn<Args>>::call::h6332e82e7b189abd
[INFO] [stdout]                                at /rustc/202008a1b8de96d2e5b6bc02d379db03a877d34d/library/alloc/src/boxed.rs:1986:9
[INFO] [stdout]   13:     0x59ce5119a668 - std::panicking::rust_panic_with_hook::h53863d4e9018df39
[INFO] [stdout]                                at /rustc/202008a1b8de96d2e5b6bc02d379db03a877d34d/library/std/src/panicking.rs:809:13
[INFO] [stdout]   14:     0x59ce5119a42a - std::panicking::begin_panic_handler::{{closure}}::h67280e6fa0757873
[INFO] [stdout]                                at /rustc/202008a1b8de96d2e5b6bc02d379db03a877d34d/library/std/src/panicking.rs:674:13
[INFO] [stdout]   15:     0x59ce51199019 - std::sys::backtrace::__rust_end_short_backtrace::h1dac3f54d6fbbeb2
[INFO] [stdout]                                at /rustc/202008a1b8de96d2e5b6bc02d379db03a877d34d/library/std/src/sys/backtrace.rs:170:18
[INFO] [stdout]   16:     0x59ce5119a0bc - rust_begin_unwind
[INFO] [stdout]                                at /rustc/202008a1b8de96d2e5b6bc02d379db03a877d34d/library/std/src/panicking.rs:665:5
[INFO] [stdout]   17:     0x59ce50a201d0 - core::panicking::panic_fmt::h6792bd1b2bf01041
[INFO] [stdout]                                at /rustc/202008a1b8de96d2e5b6bc02d379db03a877d34d/library/core/src/panicking.rs:76:14
[INFO] [stdout]   18:     0x59ce50a20635 - core::panicking::assert_failed_inner::hf2c17e6d30928787
[INFO] [stdout]   19:     0x59ce50abcdeb - core::panicking::assert_failed::h32ab7bc1f74a0db3
[INFO] [stdout]                                at /rustc/202008a1b8de96d2e5b6bc02d379db03a877d34d/library/core/src/panicking.rs:373:5
[INFO] [stdout]   20:     0x59ce50aa7e2c - testing::output::NormalizedOutput::compare_to_file::hd2d66ac4941d7f9a
[INFO] [stdout]                                at /opt/rustwide/cargo-home/registry/src/index.crates.io-6f17d22bba15001f/testing-0.29.7/src/output.rs:154:13
[INFO] [stdout]   21:     0x59ce50aa3081 - swc_ecma_transforms_testing::test_fixture_inner::ha33961e25885d543
[INFO] [stdout]                                at /opt/rustwide/cargo-home/registry/src/index.crates.io-6f17d22bba15001f/swc_ecma_transforms_testing-0.108.5/src/lib.rs:778:9
[INFO] [stdout]   22:     0x59ce50aa28e1 - swc_ecma_transforms_testing::test_fixture::h3ca123d4a7245467
[INFO] [stdout]                                at /opt/rustwide/cargo-home/registry/src/index.crates.io-6f17d22bba15001f/swc_ecma_transforms_testing-0.108.5/src/lib.rs:684:5
[INFO] [stdout]   23:     0x59ce50ab766a - swc_transform_cx_jsx::exec::he76c03009bde15b2
[INFO] [stdout]                                at /opt/rustwide/workdir/src/lib.rs:888:5
[INFO] [stdout]   24:     0x59ce50ab87d7 - swc_transform_cx_jsx::exec_tests__31_transform_obj_functional_component__input_js::hcc3abd947acc5f2e
[INFO] [stdout]                                at /opt/rustwide/workdir/src/lib.rs:885:1
[INFO] [stdout]   25:     0x59ce50ab8777 - swc_transform_cx_jsx::exec_tests__31_transform_obj_functional_component__input_js::{{closure}}::h084178b1df7bada8
[INFO] [stdout]                                at /opt/rustwide/workdir/src/lib.rs:885:41
[INFO] [stdout]   26:     0x59ce50abb566 - core::ops::function::FnOnce::call_once::hc1dbc41b0f636935
[INFO] [stdout]                                at /rustc/202008a1b8de96d2e5b6bc02d379db03a877d34d/library/core/src/ops/function.rs:250:5
[INFO] [stdout]   27:     0x59ce50b0bd9b - core::ops::function::FnOnce::call_once::h871bf86719ec9aa4
[INFO] [stdout]                                at /rustc/202008a1b8de96d2e5b6bc02d379db03a877d34d/library/core/src/ops/function.rs:250:5
[INFO] [stdout]   28:     0x59ce50b0bd9b - test::__rust_begin_short_backtrace::h2167df1e2b7d76fd
[INFO] [stdout]                                at /rustc/202008a1b8de96d2e5b6bc02d379db03a877d34d/library/test/src/lib.rs:632:18
[INFO] [stdout]   29:     0x59ce50b0b788 - test::run_test_in_process::{{closure}}::h15d92f75a3adfb79
[INFO] [stdout]                                at /rustc/202008a1b8de96d2e5b6bc02d379db03a877d34d/library/test/src/lib.rs:655:60
[INFO] [stdout]   30:     0x59ce50b0b788 - <core::panic::unwind_safe::AssertUnwindSafe<F> as core::ops::function::FnOnce<()>>::call_once::hb6c8955835a8dbbb
[INFO] [stdout]                                at /rustc/202008a1b8de96d2e5b6bc02d379db03a877d34d/library/core/src/panic/unwind_safe.rs:272:9
[INFO] [stdout]   31:     0x59ce50b0b788 - std::panicking::try::do_call::hc79d0fc888a0bd30
[INFO] [stdout]                                at /rustc/202008a1b8de96d2e5b6bc02d379db03a877d34d/library/std/src/panicking.rs:557:40
[INFO] [stdout]   32:     0x59ce50b0b788 - std::panicking::try::hb8a7878e3a8589d6
[INFO] [stdout]                                at /rustc/202008a1b8de96d2e5b6bc02d379db03a877d34d/library/std/src/panicking.rs:520:19
[INFO] [stdout]   33:     0x59ce50b0b788 - std::panic::catch_unwind::hb8e4600ff0ff5cfa
[INFO] [stdout]                                at /rustc/202008a1b8de96d2e5b6bc02d379db03a877d34d/library/std/src/panic.rs:358:14
[INFO] [stdout]   34:     0x59ce50b0b788 - test::run_test_in_process::hc2900b0b18688dd6
[INFO] [stdout]                                at /rustc/202008a1b8de96d2e5b6bc02d379db03a877d34d/library/test/src/lib.rs:655:27
[INFO] [stdout]   35:     0x59ce50b0b788 - test::run_test::{{closure}}::hac2a9cb07be3d48d
[INFO] [stdout]                                at /rustc/202008a1b8de96d2e5b6bc02d379db03a877d34d/library/test/src/lib.rs:576:43
[INFO] [stdout]   36:     0x59ce50acf22a - test::run_test::{{closure}}::h4a5b729e66a38cd8
[INFO] [stdout]                                at /rustc/202008a1b8de96d2e5b6bc02d379db03a877d34d/library/test/src/lib.rs:606:41
[INFO] [stdout]   37:     0x59ce50acf22a - std::sys::backtrace::__rust_begin_short_backtrace::h0496fb742492f573
[INFO] [stdout]                                at /rustc/202008a1b8de96d2e5b6bc02d379db03a877d34d/library/std/src/sys/backtrace.rs:154:18
[INFO] [stdout]   38:     0x59ce50ad2ba4 - std::thread::Builder::spawn_unchecked_::{{closure}}::{{closure}}::hbb6d257c550a54bd
[INFO] [stdout]                                at /rustc/202008a1b8de96d2e5b6bc02d379db03a877d34d/library/std/src/thread/mod.rs:561:17
[INFO] [stdout]   39:     0x59ce50ad2ba4 - <core::panic::unwind_safe::AssertUnwindSafe<F> as core::ops::function::FnOnce<()>>::call_once::h46696fe4a6832328
[INFO] [stdout]                                at /rustc/202008a1b8de96d2e5b6bc02d379db03a877d34d/library/core/src/panic/unwind_safe.rs:272:9
[INFO] [stdout]   40:     0x59ce50ad2ba4 - std::panicking::try::do_call::h2625a51b667bfb64
[INFO] [stdout]                                at /rustc/202008a1b8de96d2e5b6bc02d379db03a877d34d/library/std/src/panicking.rs:557:40
[INFO] [stdout]   41:     0x59ce50ad2ba4 - std::panicking::try::hb956a59a1973aa4c
[INFO] [stdout]                                at /rustc/202008a1b8de96d2e5b6bc02d379db03a877d34d/library/std/src/panicking.rs:520:19
[INFO] [stdout]   42:     0x59ce50ad2ba4 - std::panic::catch_unwind::h64f3b9d1067ef6a0
[INFO] [stdout]                                at /rustc/202008a1b8de96d2e5b6bc02d379db03a877d34d/library/std/src/panic.rs:358:14
[INFO] [stdout]   43:     0x59ce50ad2ba4 - std::thread::Builder::spawn_unchecked_::{{closure}}::h42b2841295b6c0b2
[INFO] [stdout]                                at /rustc/202008a1b8de96d2e5b6bc02d379db03a877d34d/library/std/src/thread/mod.rs:559:30
[INFO] [stdout]   44:     0x59ce50ad2ba4 - core::ops::function::FnOnce::call_once{{vtable.shim}}::h6127de71b8124639
[INFO] [stdout]                                at /rustc/202008a1b8de96d2e5b6bc02d379db03a877d34d/library/core/src/ops/function.rs:250:5
[INFO] [stdout]   45:     0x59ce5119e67b - <alloc::boxed::Box<F,A> as core::ops::function::FnOnce<Args>>::call_once::h42f0ba71002a1b2c
[INFO] [stdout]                                at /rustc/202008a1b8de96d2e5b6bc02d379db03a877d34d/library/alloc/src/boxed.rs:1972:9
[INFO] [stdout]   46:     0x59ce5119e67b - <alloc::boxed::Box<F,A> as core::ops::function::FnOnce<Args>>::call_once::had9e47d7a3dcecb8
[INFO] [stdout]                                at /rustc/202008a1b8de96d2e5b6bc02d379db03a877d34d/library/alloc/src/boxed.rs:1972:9
[INFO] [stdout]   47:     0x59ce5119e67b - std::sys::pal::unix::thread::Thread::new::thread_start::h48cf765408f6f5f2
[INFO] [stdout]                                at /rustc/202008a1b8de96d2e5b6bc02d379db03a877d34d/library/std/src/sys/pal/unix/thread.rs:105:17
[INFO] [stdout]   48:     0x76b05b672ac3 - <unknown>
[INFO] [stdout]   49:     0x76b05b703a04 - clone
[INFO] [stdout]   50:                0x0 - <unknown>
[INFO] [stdout] 
[INFO] [stdout] ---- exec_tests__svg_test__input_js stdout ----
[INFO] [stdout] Input: /opt/rustwide/workdir/tests/svg_test/input.js
[INFO] [stdout]   [32m INFO[0m  [32mDiagnostics will be printed to stderr as logging level is trace or debug[0m
[INFO] [stdout]     [2;3mat[0m /opt/rustwide/cargo-home/registry/src/index.crates.io-6f17d22bba15001f/testing-0.29.7/src/errors/stderr.rs:17
[INFO] [stdout] 
[INFO] [stdout] ----- [32mExpected[0m -----
[INFO] [stdout] 
[INFO] [stdout]   [32m INFO[0m  [32mDiagnostics will be printed to stderr as logging level is trace or debug[0m
[INFO] [stdout]     [2;3mat[0m /opt/rustwide/cargo-home/registry/src/index.crates.io-6f17d22bba15001f/testing-0.29.7/src/errors/stderr.rs:17
[INFO] [stdout] 
[INFO] [stdout] ----- [32mInput[0m -----
[INFO] [stdout] let x = createFunctionalComponent(({ a }) => {
[INFO] [stdout]   return <cx></cx>;
[INFO] [stdout] });
[INFO] [stdout] 
[INFO] [stdout] ----- [32mActual[0m -----
[INFO] [stdout]   [34mDEBUG[0m  [34mRenaming `x#0` to `x`[0m
[INFO] [stdout]     [2;3mat[0m /opt/rustwide/cargo-home/registry/src/index.crates.io-6f17d22bba15001f/swc_ecma_transforms_base-0.106.8/src/rename/analyzer/scope.rs:157
[INFO] [stdout] 
[INFO] [stdout]   [34mDEBUG[0m  [34mRenaming `a#0` to `a`[0m
[INFO] [stdout]     [2;3mat[0m /opt/rustwide/cargo-home/registry/src/index.crates.io-6f17d22bba15001f/swc_ecma_transforms_base-0.106.8/src/rename/analyzer/scope.rs:157
[INFO] [stdout] 
[INFO] [stdout] let x = createFunctionalComponent(({ a  })=>{
[INFO] [stdout]     return null;
[INFO] [stdout] });
[INFO] [stdout] 
[INFO] [stdout]   [34mDEBUG[0m  [34mcompare_to_file: failed to canonicalize outfile path `/opt/rustwide/workdir/tests/svg_test/output.js`: Os { code: 2, kind: NotFound, message: "No such file or directory" }[0m
[INFO] [stdout]     [2;3mat[0m /opt/rustwide/cargo-home/registry/src/index.crates.io-6f17d22bba15001f/testing-0.29.7/src/output.rs:115
[INFO] [stdout] 
[INFO] [stdout]   [34mDEBUG[0m  [34mComparing output to /opt/rustwide/workdir/tests/svg_test/output.js[0m
[INFO] [stdout]     [2;3mat[0m /opt/rustwide/cargo-home/registry/src/index.crates.io-6f17d22bba15001f/testing-0.29.7/src/output.rs:141
[INFO] [stdout] 
[INFO] [stdout] thread 'exec_tests__svg_test__input_js' panicked at /opt/rustwide/cargo-home/registry/src/index.crates.io-6f17d22bba15001f/testing-0.29.7/src/output.rs:154:13:
[INFO] [stdout] assertion `left == right` failed: Actual:
[INFO] [stdout] let x = createFunctionalComponent(({ a  })=>{
[INFO] [stdout]     return null;
[INFO] [stdout] });
[INFO] [stdout] 
[INFO] [stdout]   left: 
[INFO] [stdout]  right: let x = createFunctionalComponent(({ a  })=>{
[INFO] [stdout]     return null;
[INFO] [stdout] });
[INFO] [stdout] 
[INFO] [stdout] stack backtrace:
[INFO] [stdout]    0:     0x59ce51198b3a - std::backtrace_rs::backtrace::libunwind::trace::h8810477743020387
[INFO] [stdout]                                at /rustc/202008a1b8de96d2e5b6bc02d379db03a877d34d/library/std/src/../../backtrace/src/backtrace/libunwind.rs:116:5
[INFO] [stdout]    1:     0x59ce51198b3a - std::backtrace_rs::backtrace::trace_unsynchronized::h3aa55355dd6c54a6
[INFO] [stdout]                                at /rustc/202008a1b8de96d2e5b6bc02d379db03a877d34d/library/std/src/../../backtrace/src/backtrace/mod.rs:66:5
[INFO] [stdout]    2:     0x59ce51198b3a - std::sys::backtrace::_print_fmt::h8588b0f62410823f
[INFO] [stdout]                                at /rustc/202008a1b8de96d2e5b6bc02d379db03a877d34d/library/std/src/sys/backtrace.rs:66:9
[INFO] [stdout]    3:     0x59ce51198b3a - <std::sys::backtrace::BacktraceLock::print::DisplayBacktrace as core::fmt::Display>::fmt::h98c26ac25ffe89bb
[INFO] [stdout]                                at /rustc/202008a1b8de96d2e5b6bc02d379db03a877d34d/library/std/src/sys/backtrace.rs:39:26
[INFO] [stdout]    4:     0x59ce511c1203 - core::fmt::rt::Argument::fmt::hf95377f4aebd453b
[INFO] [stdout]                                at /rustc/202008a1b8de96d2e5b6bc02d379db03a877d34d/library/core/src/fmt/rt.rs:177:76
[INFO] [stdout]    5:     0x59ce511c1203 - core::fmt::write::h0dd5f6e2238c7982
[INFO] [stdout]                                at /rustc/202008a1b8de96d2e5b6bc02d379db03a877d34d/library/core/src/fmt/mod.rs:1189:21
[INFO] [stdout]    6:     0x59ce511955e3 - std::io::Write::write_fmt::h03bb0ca26e6faf8c
[INFO] [stdout]                                at /rustc/202008a1b8de96d2e5b6bc02d379db03a877d34d/library/std/src/io/mod.rs:1884:15
[INFO] [stdout]    7:     0x59ce51198982 - std::sys::backtrace::BacktraceLock::print::h5c19c1c038ee186d
[INFO] [stdout]                                at /rustc/202008a1b8de96d2e5b6bc02d379db03a877d34d/library/std/src/sys/backtrace.rs:42:9
[INFO] [stdout]    8:     0x59ce51199fbd - std::panicking::default_hook::{{closure}}::h77172f079a1fcb13
[INFO] [stdout]                                at /rustc/202008a1b8de96d2e5b6bc02d379db03a877d34d/library/std/src/panicking.rs:268:22
[INFO] [stdout]    9:     0x59ce51199dc7 - std::panicking::default_hook::he5f8e3b203ccddba
[INFO] [stdout]                                at /rustc/202008a1b8de96d2e5b6bc02d379db03a877d34d/library/std/src/panicking.rs:292:9
[INFO] [stdout]   10:     0x59ce50b07277 - <alloc::boxed::Box<F,A> as core::ops::function::Fn<Args>>::call::h7a3c7b4a1ae77f2f
[INFO] [stdout]                                at /rustc/202008a1b8de96d2e5b6bc02d379db03a877d34d/library/alloc/src/boxed.rs:1986:9
[INFO] [stdout]   11:     0x59ce50b07277 - test::test_main::{{closure}}::hf0d3b69ae9b353d1
[INFO] [stdout]                                at /rustc/202008a1b8de96d2e5b6bc02d379db03a877d34d/library/test/src/lib.rs:134:21
[INFO] [stdout]   12:     0x59ce5119a668 - <alloc::boxed::Box<F,A> as core::ops::function::Fn<Args>>::call::h6332e82e7b189abd
[INFO] [stdout]                                at /rustc/202008a1b8de96d2e5b6bc02d379db03a877d34d/library/alloc/src/boxed.rs:1986:9
[INFO] [stdout]   13:     0x59ce5119a668 - std::panicking::rust_panic_with_hook::h53863d4e9018df39
[INFO] [stdout]                                at /rustc/202008a1b8de96d2e5b6bc02d379db03a877d34d/library/std/src/panicking.rs:809:13
[INFO] [stdout]   14:     0x59ce5119a42a - std::panicking::begin_panic_handler::{{closure}}::h67280e6fa0757873
[INFO] [stdout]                                at /rustc/202008a1b8de96d2e5b6bc02d379db03a877d34d/library/std/src/panicking.rs:674:13
[INFO] [stdout]   15:     0x59ce51199019 - std::sys::backtrace::__rust_end_short_backtrace::h1dac3f54d6fbbeb2
[INFO] [stdout]                                at /rustc/202008a1b8de96d2e5b6bc02d379db03a877d34d/library/std/src/sys/backtrace.rs:170:18
[INFO] [stdout]   16:     0x59ce5119a0bc - rust_begin_unwind
[INFO] [stdout]                                at /rustc/202008a1b8de96d2e5b6bc02d379db03a877d34d/library/std/src/panicking.rs:665:5
[INFO] [stdout]   17:     0x59ce50a201d0 - core::panicking::panic_fmt::h6792bd1b2bf01041
[INFO] [stdout]                                at /rustc/202008a1b8de96d2e5b6bc02d379db03a877d34d/library/core/src/panicking.rs:76:14
[INFO] [stdout]   18:     0x59ce50a20635 - core::panicking::assert_failed_inner::hf2c17e6d30928787
[INFO] [stdout]   19:     0x59ce50abcdeb - core::panicking::assert_failed::h32ab7bc1f74a0db3
[INFO] [stdout]                                at /rustc/202008a1b8de96d2e5b6bc02d379db03a877d34d/library/core/src/panicking.rs:373:5
[INFO] [stdout]   20:     0x59ce50aa7e2c - testing::output::NormalizedOutput::compare_to_file::hd2d66ac4941d7f9a
[INFO] [stdout]                                at /opt/rustwide/cargo-home/registry/src/index.crates.io-6f17d22bba15001f/testing-0.29.7/src/output.rs:154:13
[INFO] [stdout]   21:     0x59ce50aa3081 - swc_ecma_transforms_testing::test_fixture_inner::ha33961e25885d543
[INFO] [stdout]                                at /opt/rustwide/cargo-home/registry/src/index.crates.io-6f17d22bba15001f/swc_ecma_transforms_testing-0.108.5/src/lib.rs:778:9
[INFO] [stdout]   22:     0x59ce50aa28e1 - swc_ecma_transforms_testing::test_fixture::h3ca123d4a7245467
[INFO] [stdout]                                at /opt/rustwide/cargo-home/registry/src/index.crates.io-6f17d22bba15001f/swc_ecma_transforms_testing-0.108.5/src/lib.rs:684:5
[INFO] [stdout]   23:     0x59ce50ab766a - swc_transform_cx_jsx::exec::he76c03009bde15b2
[INFO] [stdout]                                at /opt/rustwide/workdir/src/lib.rs:888:5
[INFO] [stdout]   24:     0x59ce50ab8857 - swc_transform_cx_jsx::exec_tests__svg_test__input_js::hb623bb45148b67af
[INFO] [stdout]                                at /opt/rustwide/workdir/src/lib.rs:885:1
[INFO] [stdout]   25:     0x59ce50ab87f7 - swc_transform_cx_jsx::exec_tests__svg_test__input_js::{{closure}}::hd79973ff865e8822
[INFO] [stdout]                                at /opt/rustwide/workdir/src/lib.rs:885:41
[INFO] [stdout]   26:     0x59ce50abb526 - core::ops::function::FnOnce::call_once::hc1b91edce038d179
[INFO] [stdout]                                at /rustc/202008a1b8de96d2e5b6bc02d379db03a877d34d/library/core/src/ops/function.rs:250:5
[INFO] [stdout]   27:     0x59ce50b0bd9b - core::ops::function::FnOnce::call_once::h871bf86719ec9aa4
[INFO] [stdout]                                at /rustc/202008a1b8de96d2e5b6bc02d379db03a877d34d/library/core/src/ops/function.rs:250:5
[INFO] [stdout]   28:     0x59ce50b0bd9b - test::__rust_begin_short_backtrace::h2167df1e2b7d76fd
[INFO] [stdout]                                at /rustc/202008a1b8de96d2e5b6bc02d379db03a877d34d/library/test/src/lib.rs:632:18
[INFO] [stdout]   29:     0x59ce50b0b788 - test::run_test_in_process::{{closure}}::h15d92f75a3adfb79
[INFO] [stdout]                                at /rustc/202008a1b8de96d2e5b6bc02d379db03a877d34d/library/test/src/lib.rs:655:60
[INFO] [stdout]   30:     0x59ce50b0b788 - <core::panic::unwind_safe::AssertUnwindSafe<F> as core::ops::function::FnOnce<()>>::call_once::hb6c8955835a8dbbb
[INFO] [stdout]                                at /rustc/202008a1b8de96d2e5b6bc02d379db03a877d34d/library/core/src/panic/unwind_safe.rs:272:9
[INFO] [stdout]   31:     0x59ce50b0b788 - std::panicking::try::do_call::hc79d0fc888a0bd30
[INFO] [stdout]                                at /rustc/202008a1b8de96d2e5b6bc02d379db03a877d34d/library/std/src/panicking.rs:557:40
[INFO] [stdout]   32:     0x59ce50b0b788 - std::panicking::try::hb8a7878e3a8589d6
[INFO] [stdout]                                at /rustc/202008a1b8de96d2e5b6bc02d379db03a877d34d/library/std/src/panicking.rs:520:19
[INFO] [stdout]   33:     0x59ce50b0b788 - std::panic::catch_unwind::hb8e4600ff0ff5cfa
[INFO] [stdout]                                at /rustc/202008a1b8de96d2e5b6bc02d379db03a877d34d/library/std/src/panic.rs:358:14
[INFO] [stdout]   34:     0x59ce50b0b788 - test::run_test_in_process::hc2900b0b18688dd6
[INFO] [stdout]                                at /rustc/202008a1b8de96d2e5b6bc02d379db03a877d34d/library/test/src/lib.rs:655:27
[INFO] [stdout]   35:     0x59ce50b0b788 - test::run_test::{{closure}}::hac2a9cb07be3d48d
[INFO] [stdout]                                at /rustc/202008a1b8de96d2e5b6bc02d379db03a877d34d/library/test/src/lib.rs:576:43
[INFO] [stdout]   36:     0x59ce50acf22a - test::run_test::{{closure}}::h4a5b729e66a38cd8
[INFO] [stdout]                                at /rustc/202008a1b8de96d2e5b6bc02d379db03a877d34d/library/test/src/lib.rs:606:41
[INFO] [stdout]   37:     0x59ce50acf22a - std::sys::backtrace::__rust_begin_short_backtrace::h0496fb742492f573
[INFO] [stdout]                                at /rustc/202008a1b8de96d2e5b6bc02d379db03a877d34d/library/std/src/sys/backtrace.rs:154:18
[INFO] [stdout]   38:     0x59ce50ad2ba4 - std::thread::Builder::spawn_unchecked_::{{closure}}::{{closure}}::hbb6d257c550a54bd
[INFO] [stdout]                                at /rustc/202008a1b8de96d2e5b6bc02d379db03a877d34d/library/std/src/thread/mod.rs:561:17
[INFO] [stdout]   39:     0x59ce50ad2ba4 - <core::panic::unwind_safe::AssertUnwindSafe<F> as core::ops::function::FnOnce<()>>::call_once::h46696fe4a6832328
[INFO] [stdout]                                at /rustc/202008a1b8de96d2e5b6bc02d379db03a877d34d/library/core/src/panic/unwind_safe.rs:272:9
[INFO] [stdout]   40:     0x59ce50ad2ba4 - std::panicking::try::do_call::h2625a51b667bfb64
[INFO] [stdout]                                at /rustc/202008a1b8de96d2e5b6bc02d379db03a877d34d/library/std/src/panicking.rs:557:40
[INFO] [stdout]   41:     0x59ce50ad2ba4 - std::panicking::try::hb956a59a1973aa4c
[INFO] [stdout]                                at /rustc/202008a1b8de96d2e5b6bc02d379db03a877d34d/library/std/src/panicking.rs:520:19
[INFO] [stdout]   42:     0x59ce50ad2ba4 - std::panic::catch_unwind::h64f3b9d1067ef6a0
[INFO] [stdout]                                at /rustc/202008a1b8de96d2e5b6bc02d379db03a877d34d/library/std/src/panic.rs:358:14
[INFO] [stdout]   43:     0x59ce50ad2ba4 - std::thread::Builder::spawn_unchecked_::{{closure}}::h42b2841295b6c0b2
[INFO] [stdout]                                at /rustc/202008a1b8de96d2e5b6bc02d379db03a877d34d/library/std/src/thread/mod.rs:559:30
[INFO] [stdout]   44:     0x59ce50ad2ba4 - core::ops::function::FnOnce::call_once{{vtable.shim}}::h6127de71b8124639
[INFO] [stdout]                                at /rustc/202008a1b8de96d2e5b6bc02d379db03a877d34d/library/core/src/ops/function.rs:250:5
[INFO] [stdout]   45:     0x59ce5119e67b - <alloc::boxed::Box<F,A> as core::ops::function::FnOnce<Args>>::call_once::h42f0ba71002a1b2c
[INFO] [stdout]                                at /rustc/202008a1b8de96d2e5b6bc02d379db03a877d34d/library/alloc/src/boxed.rs:1972:9
[INFO] [stdout]   46:     0x59ce5119e67b - <alloc::boxed::Box<F,A> as core::ops::function::FnOnce<Args>>::call_once::had9e47d7a3dcecb8
[INFO] [stdout]                                at /rustc/202008a1b8de96d2e5b6bc02d379db03a877d34d/library/alloc/src/boxed.rs:1972:9
[INFO] [stdout]   47:     0x59ce5119e67b - std::sys::pal::unix::thread::Thread::new::thread_start::h48cf765408f6f5f2
[INFO] [stdout]                                at /rustc/202008a1b8de96d2e5b6bc02d379db03a877d34d/library/std/src/sys/pal/unix/thread.rs:105:17
[INFO] [stdout]   48:     0x76b05b672ac3 - <unknown>
[INFO] [stdout]   49:     0x76b05b703a04 - clone
[INFO] [stdout]   50:                0x0 - <unknown>
[INFO] [stdout] 
[INFO] [stdout] 
[INFO] [stdout] failures:
[INFO] [stdout]     exec_tests__03_preserves_whitespace_if_ws_flag_is_set__input_js
[INFO] [stdout]     exec_tests__30_expand_fat_arrows_in_string_exprs_if_flag_set__input_js
[INFO] [stdout]     exec_tests__31_transform_obj_functional_component__input_js
[INFO] [stdout]     exec_tests__svg_test__input_js
[INFO] [stdout] 
[INFO] [stdout] test result: FAILED. 29 passed; 4 failed; 0 ignored; 0 measured; 0 filtered out; finished in 0.30s
[INFO] [stdout] 
[INFO] [stderr] error: test failed, to rerun pass `--lib`
[INFO] running `Command { std: "docker" "inspect" "0a277baa4d6439346fbc07dffe3e2c8a712d1508fc97beebc245618d4a4b163c", kill_on_drop: false }`
[INFO] running `Command { std: "docker" "rm" "-f" "0a277baa4d6439346fbc07dffe3e2c8a712d1508fc97beebc245618d4a4b163c", kill_on_drop: false }`
[INFO] [stdout] 0a277baa4d6439346fbc07dffe3e2c8a712d1508fc97beebc245618d4a4b163c
