[INFO] cloning repository https://github.com/gwy15/kindle-web
[INFO] running `Command { std: "git" "-c" "credential.helper=" "-c" "credential.helper=/workspace/cargo-home/bin/git-credential-null" "clone" "--bare" "https://github.com/gwy15/kindle-web" "/workspace/cache/git-repos/https%3A%2F%2Fgithub.com%2Fgwy15%2Fkindle-web", kill_on_drop: false }`
[INFO] [stderr] Cloning into bare repository '/workspace/cache/git-repos/https%3A%2F%2Fgithub.com%2Fgwy15%2Fkindle-web'...
[INFO] running `Command { std: "git" "rev-parse" "HEAD", kill_on_drop: false }`
[INFO] [stdout] 2f596cdf24a453d8f3fb8b68cb5be9a967b269fa
[INFO] testing gwy15/kindle-web against beta-2024-12-08 for beta-1.84.0-4-retry
[INFO] running `Command { std: "git" "clone" "/workspace/cache/git-repos/https%3A%2F%2Fgithub.com%2Fgwy15%2Fkindle-web" "/workspace/builds/worker-1-tc2/source", kill_on_drop: false }`
[INFO] [stderr] Cloning into '/workspace/builds/worker-1-tc2/source'...
[INFO] [stderr] done.
[INFO] validating manifest of git repo https://github.com/gwy15/kindle-web on toolchain beta-2024-12-08
[INFO] running `Command { std: CARGO_HOME="/workspace/cargo-home" RUSTUP_HOME="/workspace/rustup-home" "/workspace/cargo-home/bin/cargo" "+beta-2024-12-08" "metadata" "--manifest-path" "Cargo.toml" "--no-deps", kill_on_drop: false }`
[INFO] started tweaking git repo https://github.com/gwy15/kindle-web
[INFO] finished tweaking git repo https://github.com/gwy15/kindle-web
[INFO] tweaked toml for git repo https://github.com/gwy15/kindle-web written to /workspace/builds/worker-1-tc2/source/Cargo.toml
[INFO] crate git repo https://github.com/gwy15/kindle-web already has a lockfile, it will not be regenerated
[INFO] running `Command { std: CARGO_HOME="/workspace/cargo-home" RUSTUP_HOME="/workspace/rustup-home" "/workspace/cargo-home/bin/cargo" "+beta-2024-12-08" "fetch" "--manifest-path" "Cargo.toml", kill_on_drop: false }`
[INFO] running `Command { std: "docker" "create" "-v" "/var/lib/crater-agent-workspace/builds/worker-1-tc2/target:/opt/rustwide/target:rw,Z" "-v" "/var/lib/crater-agent-workspace/builds/worker-1-tc2/source:/opt/rustwide/workdir:ro,Z" "-v" "/var/lib/crater-agent-workspace/cargo-home:/opt/rustwide/cargo-home:ro,Z" "-v" "/var/lib/crater-agent-workspace/rustup-home:/opt/rustwide/rustup-home:ro,Z" "-e" "SOURCE_DIR=/opt/rustwide/workdir" "-e" "CARGO_TARGET_DIR=/opt/rustwide/target" "-e" "CARGO_HOME=/opt/rustwide/cargo-home" "-e" "RUSTUP_HOME=/opt/rustwide/rustup-home" "-w" "/opt/rustwide/workdir" "-m" "1610612736" "--user" "0:0" "--network" "none" "ghcr.io/rust-lang/crates-build-env/linux@sha256:f3a9d4ad9d972b27faf3965f35b62e55ba32bbce8f20bc8fe909558a86702fde" "/opt/rustwide/cargo-home/bin/cargo" "+beta-2024-12-08" "metadata" "--no-deps" "--format-version=1", kill_on_drop: false }`
[INFO] [stdout] c17862d72cbb4d43608e11fbb38939324d36cd609c63756654c542e89161f1ec
[INFO] running `Command { std: "docker" "start" "-a" "c17862d72cbb4d43608e11fbb38939324d36cd609c63756654c542e89161f1ec", kill_on_drop: false }`
[INFO] running `Command { std: "docker" "inspect" "c17862d72cbb4d43608e11fbb38939324d36cd609c63756654c542e89161f1ec", kill_on_drop: false }`
[INFO] running `Command { std: "docker" "rm" "-f" "c17862d72cbb4d43608e11fbb38939324d36cd609c63756654c542e89161f1ec", kill_on_drop: false }`
[INFO] [stdout] c17862d72cbb4d43608e11fbb38939324d36cd609c63756654c542e89161f1ec
[INFO] running `Command { std: "docker" "create" "-v" "/var/lib/crater-agent-workspace/builds/worker-1-tc2/target:/opt/rustwide/target:rw,Z" "-v" "/var/lib/crater-agent-workspace/builds/worker-1-tc2/source:/opt/rustwide/workdir:ro,Z" "-v" "/var/lib/crater-agent-workspace/cargo-home:/opt/rustwide/cargo-home:ro,Z" "-v" "/var/lib/crater-agent-workspace/rustup-home:/opt/rustwide/rustup-home:ro,Z" "-e" "SOURCE_DIR=/opt/rustwide/workdir" "-e" "CARGO_TARGET_DIR=/opt/rustwide/target" "-e" "CARGO_INCREMENTAL=0" "-e" "RUST_BACKTRACE=full" "-e" "RUSTFLAGS=--cap-lints=warn" "-e" "RUSTDOCFLAGS=--cap-lints=warn" "-e" "CARGO_HOME=/opt/rustwide/cargo-home" "-e" "RUSTUP_HOME=/opt/rustwide/rustup-home" "-w" "/opt/rustwide/workdir" "-m" "1610612736" "--user" "0:0" "--network" "none" "ghcr.io/rust-lang/crates-build-env/linux@sha256:f3a9d4ad9d972b27faf3965f35b62e55ba32bbce8f20bc8fe909558a86702fde" "/opt/rustwide/cargo-home/bin/cargo" "+beta-2024-12-08" "build" "--frozen" "--message-format=json", kill_on_drop: false }`
[INFO] [stdout] f77ca701fb6587caa634141c2da7edbd67ec6c717473ae5576090bc69d252577
[INFO] running `Command { std: "docker" "start" "-a" "f77ca701fb6587caa634141c2da7edbd67ec6c717473ae5576090bc69d252577", kill_on_drop: false }`
[INFO] [stderr]    Compiling libc v0.2.155
[INFO] [stderr]    Compiling bytes v1.6.1
[INFO] [stderr]    Compiling log v0.4.22
[INFO] [stderr]    Compiling serde v1.0.204
[INFO] [stderr]    Compiling tracing-core v0.1.32
[INFO] [stderr]    Compiling futures-task v0.3.30
[INFO] [stderr]    Compiling rustls-pki-types v1.7.0
[INFO] [stderr]    Compiling hashbrown v0.14.5
[INFO] [stderr]    Compiling syn v2.0.72
[INFO] [stderr]    Compiling local-waker v0.1.4
[INFO] [stderr]    Compiling zstd-safe v7.2.0
[INFO] [stderr]    Compiling ahash v0.8.11
[INFO] [stderr]    Compiling futures-channel v0.3.30
[INFO] [stderr]    Compiling serde_json v1.0.120
[INFO] [stderr]    Compiling utf8parse v0.2.2
[INFO] [stderr]    Compiling futures-util v0.3.30
[INFO] [stderr]    Compiling ppv-lite86 v0.2.17
[INFO] [stderr]    Compiling tower-layer v0.3.2
[INFO] [stderr]    Compiling tower-service v0.3.2
[INFO] [stderr]    Compiling adler v1.0.2
[INFO] [stderr]    Compiling tracing v0.1.40
[INFO] [stderr]    Compiling time-macros v0.2.18
[INFO] [stderr]    Compiling miniz_oxide v0.7.4
[INFO] [stderr]    Compiling anstyle-parse v0.2.5
[INFO] [stderr]    Compiling actix-utils v3.0.1
[INFO] [stderr]    Compiling actix-service v2.0.2
[INFO] [stderr]    Compiling http v1.1.0
[INFO] [stderr]    Compiling http v0.2.12
[INFO] [stderr]    Compiling bytestring v1.3.1
[INFO] [stderr]    Compiling digest v0.10.7
[INFO] [stderr]    Compiling num-traits v0.2.19
[INFO] [stderr]    Compiling cookie v0.16.2
[INFO] [stderr]    Compiling indexmap v2.2.6
[INFO] [stderr]    Compiling zerocopy v0.7.35
[INFO] [stderr]    Compiling convert_case v0.4.0
[INFO] [stderr]    Compiling is_terminal_polyfill v1.70.1
[INFO] [stderr]    Compiling cpufeatures v0.2.12
[INFO] [stderr]    Compiling anstyle v1.0.8
[INFO] [stderr]    Compiling anstyle-query v1.1.1
[INFO] [stderr]    Compiling bitflags v2.6.0
[INFO] [stderr]    Compiling colorchoice v1.0.2
[INFO] [stderr]    Compiling sha1 v0.10.6
[INFO] [stderr]    Compiling flate2 v1.0.30
[INFO] [stderr]    Compiling brotli v6.0.0
[INFO] [stderr]    Compiling regex v1.10.5
[INFO] [stderr]    Compiling webpki-roots v0.26.1
[INFO] [stderr]    Compiling http-body v1.0.1
[INFO] [stderr]    Compiling anstream v0.6.15
[INFO] [stderr]    Compiling local-channel v0.1.5
[INFO] [stderr]    Compiling encoding_rs v0.8.34
[INFO] [stderr]    Compiling clap_lex v0.7.2
[INFO] [stderr]    Compiling overload v0.1.1
[INFO] [stderr]    Compiling jobserver v0.1.32
[INFO] [stderr]    Compiling parking_lot_core v0.9.10
[INFO] [stderr]    Compiling mio v1.0.1
[INFO] [stderr]    Compiling signal-hook-registry v1.4.2
[INFO] [stderr]    Compiling socket2 v0.5.7
[INFO] [stderr]    Compiling parking_lot v0.12.3
[INFO] [stderr]    Compiling getrandom v0.2.15
[INFO] [stderr]    Compiling cc v1.1.6
[INFO] [stderr]    Compiling rand_core v0.6.4
[INFO] [stderr]    Compiling mio v0.8.11
[INFO] [stderr]    Compiling strsim v0.11.1
[INFO] [stderr]    Compiling winnow v0.6.16
[INFO] [stderr]    Compiling rand_chacha v0.3.1
[INFO] [stderr]    Compiling anyhow v1.0.86
[INFO] [stderr]    Compiling language-tags v0.3.2
[INFO] [stderr]    Compiling clap_builder v4.5.11
[INFO] [stderr]    Compiling sharded-slab v0.1.7
[INFO] [stderr]    Compiling nu-ansi-term v0.46.0
[INFO] [stderr]    Compiling rand v0.8.5
[INFO] [stderr]    Compiling time v0.3.36
[INFO] [stderr]    Compiling tracing-log v0.2.0
[INFO] [stderr]    Compiling rustls-pemfile v2.1.2
[INFO] [stderr]    Compiling thread_local v1.1.8
[INFO] [stderr]    Compiling sync_wrapper v1.0.1
[INFO] [stderr]    Compiling http-body-util v0.1.2
[INFO] [stderr]    Compiling tracing-subscriber v0.3.18
[INFO] [stderr]    Compiling ring v0.17.8
[INFO] [stderr]    Compiling zstd-sys v2.0.12+zstd.1.5.6
[INFO] [stderr]    Compiling actix-router v0.5.3
[INFO] [stderr]    Compiling rustls v0.23.12
[INFO] [stderr]    Compiling tokio-macros v2.4.0
[INFO] [stderr]    Compiling serde_derive v1.0.204
[INFO] [stderr]    Compiling pin-project-internal v1.1.5
[INFO] [stderr]    Compiling derive_more v0.99.18
[INFO] [stderr]    Compiling clap_derive v4.5.11
[INFO] [stderr]    Compiling actix-macros v0.2.4
[INFO] [stderr]    Compiling actix-web-codegen v4.3.0
[INFO] [stderr]    Compiling rustls-webpki v0.102.6
[INFO] [stderr]    Compiling tokio v1.39.2
[INFO] [stderr]    Compiling pin-project v1.1.5
[INFO] [stderr]    Compiling clap v4.5.11
[INFO] [stderr]    Compiling zstd v0.13.2
[INFO] [stderr]    Compiling tokio-util v0.7.11
[INFO] [stderr]    Compiling tower v0.4.13
[INFO] [stderr]    Compiling actix-rt v2.10.0
[INFO] [stderr]    Compiling hyper v1.4.1
[INFO] [stderr]    Compiling tokio-rustls v0.26.0
[INFO] [stderr]    Compiling actix-server v2.4.0
[INFO] [stderr]    Compiling actix-codec v0.5.2
[INFO] [stderr]    Compiling h2 v0.3.26
[INFO] [stderr]    Compiling toml_datetime v0.6.7
[INFO] [stderr]    Compiling serde_urlencoded v0.7.1
[INFO] [stderr]    Compiling serde_spanned v0.6.7
[INFO] [stderr]    Compiling hyper-util v0.1.6
[INFO] [stderr]    Compiling toml_edit v0.22.17
[INFO] [stderr]    Compiling csv v1.3.0
[INFO] [stderr]    Compiling chrono v0.4.38
[INFO] [stderr]    Compiling hyper-rustls v0.27.2
[INFO] [stderr]    Compiling reqwest v0.12.5
[INFO] [stderr]    Compiling toml v0.8.16
[INFO] [stderr]    Compiling actix-http v3.8.0
[INFO] [stderr]    Compiling actix-web v4.8.0
[INFO] [stderr]    Compiling kindle-web v0.1.0 (/opt/rustwide/workdir)
[INFO] [stderr]     Finished `dev` profile [unoptimized + debuginfo] target(s) in 1m 29s
[INFO] running `Command { std: "docker" "inspect" "f77ca701fb6587caa634141c2da7edbd67ec6c717473ae5576090bc69d252577", kill_on_drop: false }`
[INFO] running `Command { std: "docker" "rm" "-f" "f77ca701fb6587caa634141c2da7edbd67ec6c717473ae5576090bc69d252577", kill_on_drop: false }`
[INFO] [stdout] f77ca701fb6587caa634141c2da7edbd67ec6c717473ae5576090bc69d252577
[INFO] running `Command { std: "docker" "create" "-v" "/var/lib/crater-agent-workspace/builds/worker-1-tc2/target:/opt/rustwide/target:rw,Z" "-v" "/var/lib/crater-agent-workspace/builds/worker-1-tc2/source:/opt/rustwide/workdir:ro,Z" "-v" "/var/lib/crater-agent-workspace/cargo-home:/opt/rustwide/cargo-home:ro,Z" "-v" "/var/lib/crater-agent-workspace/rustup-home:/opt/rustwide/rustup-home:ro,Z" "-e" "SOURCE_DIR=/opt/rustwide/workdir" "-e" "CARGO_TARGET_DIR=/opt/rustwide/target" "-e" "CARGO_INCREMENTAL=0" "-e" "RUST_BACKTRACE=full" "-e" "RUSTFLAGS=--cap-lints=warn" "-e" "RUSTDOCFLAGS=--cap-lints=warn" "-e" "CARGO_HOME=/opt/rustwide/cargo-home" "-e" "RUSTUP_HOME=/opt/rustwide/rustup-home" "-w" "/opt/rustwide/workdir" "-m" "1610612736" "--user" "0:0" "--network" "none" "ghcr.io/rust-lang/crates-build-env/linux@sha256:f3a9d4ad9d972b27faf3965f35b62e55ba32bbce8f20bc8fe909558a86702fde" "/opt/rustwide/cargo-home/bin/cargo" "+beta-2024-12-08" "test" "--frozen" "--no-run" "--message-format=json", kill_on_drop: false }`
[INFO] [stdout] c394ae14a5e2f52023daa8dd6e2fd6ee7e2e958be475d6d6432aea26f22d6f7a
[INFO] running `Command { std: "docker" "start" "-a" "c394ae14a5e2f52023daa8dd6e2fd6ee7e2e958be475d6d6432aea26f22d6f7a", kill_on_drop: false }`
[INFO] [stderr]    Compiling kindle-web v0.1.0 (/opt/rustwide/workdir)
[INFO] [stderr]     Finished `test` profile [unoptimized + debuginfo] target(s) in 7.98s
[INFO] running `Command { std: "docker" "inspect" "c394ae14a5e2f52023daa8dd6e2fd6ee7e2e958be475d6d6432aea26f22d6f7a", kill_on_drop: false }`
[INFO] running `Command { std: "docker" "rm" "-f" "c394ae14a5e2f52023daa8dd6e2fd6ee7e2e958be475d6d6432aea26f22d6f7a", kill_on_drop: false }`
[INFO] [stdout] c394ae14a5e2f52023daa8dd6e2fd6ee7e2e958be475d6d6432aea26f22d6f7a
[INFO] running `Command { std: "docker" "create" "-v" "/var/lib/crater-agent-workspace/builds/worker-1-tc2/target:/opt/rustwide/target:rw,Z" "-v" "/var/lib/crater-agent-workspace/builds/worker-1-tc2/source:/opt/rustwide/workdir:ro,Z" "-v" "/var/lib/crater-agent-workspace/cargo-home:/opt/rustwide/cargo-home:ro,Z" "-v" "/var/lib/crater-agent-workspace/rustup-home:/opt/rustwide/rustup-home:ro,Z" "-e" "SOURCE_DIR=/opt/rustwide/workdir" "-e" "CARGO_TARGET_DIR=/opt/rustwide/target" "-e" "CARGO_INCREMENTAL=0" "-e" "RUST_BACKTRACE=full" "-e" "RUSTFLAGS=--cap-lints=warn" "-e" "RUSTDOCFLAGS=--cap-lints=warn" "-e" "CARGO_HOME=/opt/rustwide/cargo-home" "-e" "RUSTUP_HOME=/opt/rustwide/rustup-home" "-w" "/opt/rustwide/workdir" "-m" "1610612736" "--user" "0:0" "--network" "none" "ghcr.io/rust-lang/crates-build-env/linux@sha256:f3a9d4ad9d972b27faf3965f35b62e55ba32bbce8f20bc8fe909558a86702fde" "/opt/rustwide/cargo-home/bin/cargo" "+beta-2024-12-08" "test" "--frozen", kill_on_drop: false }`
[INFO] [stdout] 49d5e6cb9edd4b37c522a3e0968b1bbabb6ac0d0136f4664826cf511e75be2a1
[INFO] running `Command { std: "docker" "start" "-a" "49d5e6cb9edd4b37c522a3e0968b1bbabb6ac0d0136f4664826cf511e75be2a1", kill_on_drop: false }`
[INFO] [stderr]     Finished `test` profile [unoptimized + debuginfo] target(s) in 0.24s
[INFO] [stderr]      Running unittests src/main.rs (/opt/rustwide/target/debug/deps/kindle_web-341500f228f3464f)
[INFO] [stdout] 
[INFO] [stdout] running 1 test
[INFO] [stdout] test api::get_data ... FAILED
[INFO] [stdout] 
[INFO] [stdout] failures:
[INFO] [stdout] 
[INFO] [stdout] ---- api::get_data stdout ----
[INFO] [stdout] thread 'api::get_data' panicked at src/api.rs:66:63:
[INFO] [stdout] called `Result::unwrap()` on an `Err` value: No such file or directory (os error 2)
[INFO] [stdout] 
[INFO] [stdout] Stack backtrace:
[INFO] [stdout]    0: anyhow::error::<impl core::convert::From<E> for anyhow::Error>::from
[INFO] [stdout]              at /opt/rustwide/cargo-home/registry/src/index.crates.io-6f17d22bba15001f/anyhow-1.0.86/src/backtrace.rs:27:14
[INFO] [stdout]    1: <core::result::Result<T,F> as core::ops::try_trait::FromResidual<core::result::Result<core::convert::Infallible,E>>>::from_residual
[INFO] [stdout]              at /rustc/202008a1b8de96d2e5b6bc02d379db03a877d34d/library/core/src/result.rs:2009:27
[INFO] [stdout]    2: kindle_web::config::Config::load
[INFO] [stdout]              at ./src/config.rs:21:23
[INFO] [stdout]    3: kindle_web::api::get_data::{{closure}}
[INFO] [stdout]              at ./src/api.rs:66:18
[INFO] [stdout]    4: <core::pin::Pin<P> as core::future::future::Future>::poll
[INFO] [stdout]              at /rustc/202008a1b8de96d2e5b6bc02d379db03a877d34d/library/core/src/future/future.rs:124:9
[INFO] [stdout]    5: <core::pin::Pin<P> as core::future::future::Future>::poll
[INFO] [stdout]              at /rustc/202008a1b8de96d2e5b6bc02d379db03a877d34d/library/core/src/future/future.rs:124:9
[INFO] [stdout]    6: tokio::runtime::scheduler::current_thread::CoreGuard::block_on::{{closure}}::{{closure}}::{{closure}}
[INFO] [stdout]              at /opt/rustwide/cargo-home/registry/src/index.crates.io-6f17d22bba15001f/tokio-1.39.2/src/runtime/scheduler/current_thread/mod.rs:673:57
[INFO] [stdout]    7: tokio::runtime::coop::with_budget
[INFO] [stdout]              at /opt/rustwide/cargo-home/registry/src/index.crates.io-6f17d22bba15001f/tokio-1.39.2/src/runtime/coop.rs:107:5
[INFO] [stdout]    8: tokio::runtime::coop::budget
[INFO] [stdout]              at /opt/rustwide/cargo-home/registry/src/index.crates.io-6f17d22bba15001f/tokio-1.39.2/src/runtime/coop.rs:73:5
[INFO] [stdout]    9: tokio::runtime::scheduler::current_thread::CoreGuard::block_on::{{closure}}::{{closure}}
[INFO] [stdout]              at /opt/rustwide/cargo-home/registry/src/index.crates.io-6f17d22bba15001f/tokio-1.39.2/src/runtime/scheduler/current_thread/mod.rs:673:25
[INFO] [stdout]   10: tokio::runtime::scheduler::current_thread::Context::enter
[INFO] [stdout]              at /opt/rustwide/cargo-home/registry/src/index.crates.io-6f17d22bba15001f/tokio-1.39.2/src/runtime/scheduler/current_thread/mod.rs:412:19
[INFO] [stdout]   11: tokio::runtime::scheduler::current_thread::CoreGuard::block_on::{{closure}}
[INFO] [stdout]              at /opt/rustwide/cargo-home/registry/src/index.crates.io-6f17d22bba15001f/tokio-1.39.2/src/runtime/scheduler/current_thread/mod.rs:672:36
[INFO] [stdout]   12: tokio::runtime::scheduler::current_thread::CoreGuard::enter::{{closure}}
[INFO] [stdout]              at /opt/rustwide/cargo-home/registry/src/index.crates.io-6f17d22bba15001f/tokio-1.39.2/src/runtime/scheduler/current_thread/mod.rs:751:68
[INFO] [stdout]   13: tokio::runtime::context::scoped::Scoped<T>::set
[INFO] [stdout]              at /opt/rustwide/cargo-home/registry/src/index.crates.io-6f17d22bba15001f/tokio-1.39.2/src/runtime/context/scoped.rs:40:9
[INFO] [stdout]   14: tokio::runtime::context::set_scheduler::{{closure}}
[INFO] [stdout]              at /opt/rustwide/cargo-home/registry/src/index.crates.io-6f17d22bba15001f/tokio-1.39.2/src/runtime/context.rs:180:26
[INFO] [stdout]   15: std::thread::local::LocalKey<T>::try_with
[INFO] [stdout]              at /rustc/202008a1b8de96d2e5b6bc02d379db03a877d34d/library/std/src/thread/local.rs:283:12
[INFO] [stdout]   16: std::thread::local::LocalKey<T>::with
[INFO] [stdout]              at /rustc/202008a1b8de96d2e5b6bc02d379db03a877d34d/library/std/src/thread/local.rs:260:9
[INFO] [stdout]   17: tokio::runtime::context::set_scheduler
[INFO] [stdout]              at /opt/rustwide/cargo-home/registry/src/index.crates.io-6f17d22bba15001f/tokio-1.39.2/src/runtime/context.rs:180:9
[INFO] [stdout]   18: tokio::runtime::scheduler::current_thread::CoreGuard::enter
[INFO] [stdout]              at /opt/rustwide/cargo-home/registry/src/index.crates.io-6f17d22bba15001f/tokio-1.39.2/src/runtime/scheduler/current_thread/mod.rs:751:27
[INFO] [stdout]   19: tokio::runtime::scheduler::current_thread::CoreGuard::block_on
[INFO] [stdout]              at /opt/rustwide/cargo-home/registry/src/index.crates.io-6f17d22bba15001f/tokio-1.39.2/src/runtime/scheduler/current_thread/mod.rs:660:19
[INFO] [stdout]   20: tokio::runtime::scheduler::current_thread::CurrentThread::block_on::{{closure}}
[INFO] [stdout]              at /opt/rustwide/cargo-home/registry/src/index.crates.io-6f17d22bba15001f/tokio-1.39.2/src/runtime/scheduler/current_thread/mod.rs:180:28
[INFO] [stdout]   21: tokio::runtime::context::runtime::enter_runtime
[INFO] [stdout]              at /opt/rustwide/cargo-home/registry/src/index.crates.io-6f17d22bba15001f/tokio-1.39.2/src/runtime/context/runtime.rs:65:16
[INFO] [stdout]   22: tokio::runtime::scheduler::current_thread::CurrentThread::block_on
[INFO] [stdout]              at /opt/rustwide/cargo-home/registry/src/index.crates.io-6f17d22bba15001f/tokio-1.39.2/src/runtime/scheduler/current_thread/mod.rs:168:9
[INFO] [stdout]   23: tokio::runtime::runtime::Runtime::block_on_inner
[INFO] [stdout]              at /opt/rustwide/cargo-home/registry/src/index.crates.io-6f17d22bba15001f/tokio-1.39.2/src/runtime/runtime.rs:361:47
[INFO] [stdout]   24: tokio::runtime::runtime::Runtime::block_on
[INFO] [stdout]              at /opt/rustwide/cargo-home/registry/src/index.crates.io-6f17d22bba15001f/tokio-1.39.2/src/runtime/runtime.rs:335:13
[INFO] [stdout]   25: kindle_web::api::get_data
[INFO] [stdout]              at ./src/api.rs:68:5
[INFO] [stdout]   26: kindle_web::api::get_data::{{closure}}
[INFO] [stdout]              at ./src/api.rs:64:20
[INFO] [stdout]   27: core::ops::function::FnOnce::call_once
[INFO] [stdout]              at /rustc/202008a1b8de96d2e5b6bc02d379db03a877d34d/library/core/src/ops/function.rs:250:5
[INFO] [stdout]   28: core::ops::function::FnOnce::call_once
[INFO] [stdout]              at /rustc/202008a1b8de96d2e5b6bc02d379db03a877d34d/library/core/src/ops/function.rs:250:5
[INFO] [stdout]   29: test::__rust_begin_short_backtrace
[INFO] [stdout]              at /rustc/202008a1b8de96d2e5b6bc02d379db03a877d34d/library/test/src/lib.rs:632:18
[INFO] [stdout]   30: test::run_test_in_process::{{closure}}
[INFO] [stdout]              at /rustc/202008a1b8de96d2e5b6bc02d379db03a877d34d/library/test/src/lib.rs:655:60
[INFO] [stdout]   31: <core::panic::unwind_safe::AssertUnwindSafe<F> as core::ops::function::FnOnce<()>>::call_once
[INFO] [stdout]              at /rustc/202008a1b8de96d2e5b6bc02d379db03a877d34d/library/core/src/panic/unwind_safe.rs:272:9
[INFO] [stdout]   32: std::panicking::try::do_call
[INFO] [stdout]              at /rustc/202008a1b8de96d2e5b6bc02d379db03a877d34d/library/std/src/panicking.rs:557:40
[INFO] [stdout]   33: std::panicking::try
[INFO] [stdout]              at /rustc/202008a1b8de96d2e5b6bc02d379db03a877d34d/library/std/src/panicking.rs:520:19
[INFO] [stdout]   34: std::panic::catch_unwind
[INFO] [stdout]              at /rustc/202008a1b8de96d2e5b6bc02d379db03a877d34d/library/std/src/panic.rs:358:14
[INFO] [stdout]   35: test::run_test_in_process
[INFO] [stdout]              at /rustc/202008a1b8de96d2e5b6bc02d379db03a877d34d/library/test/src/lib.rs:655:27
[INFO] [stdout]   36: test::run_test::{{closure}}
[INFO] [stdout]              at /rustc/202008a1b8de96d2e5b6bc02d379db03a877d34d/library/test/src/lib.rs:576:43
[INFO] [stdout]   37: test::run_test::{{closure}}
[INFO] [stdout]              at /rustc/202008a1b8de96d2e5b6bc02d379db03a877d34d/library/test/src/lib.rs:606:41
[INFO] [stdout]   38: std::sys::backtrace::__rust_begin_short_backtrace
[INFO] [stdout]              at /rustc/202008a1b8de96d2e5b6bc02d379db03a877d34d/library/std/src/sys/backtrace.rs:154:18
[INFO] [stdout]   39: std::thread::Builder::spawn_unchecked_::{{closure}}::{{closure}}
[INFO] [stdout]              at /rustc/202008a1b8de96d2e5b6bc02d379db03a877d34d/library/std/src/thread/mod.rs:561:17
[INFO] [stdout]   40: <core::panic::unwind_safe::AssertUnwindSafe<F> as core::ops::function::FnOnce<()>>::call_once
[INFO] [stdout]              at /rustc/202008a1b8de96d2e5b6bc02d379db03a877d34d/library/core/src/panic/unwind_safe.rs:272:9
[INFO] [stdout]   41: std::panicking::try::do_call
[INFO] [stdout]              at /rustc/202008a1b8de96d2e5b6bc02d379db03a877d34d/library/std/src/panicking.rs:557:40
[INFO] [stdout]   42: std::panicking::try
[INFO] [stdout]              at /rustc/202008a1b8de96d2e5b6bc02d379db03a877d34d/library/std/src/panicking.rs:520:19
[INFO] [stdout]   43: std::panic::catch_unwind
[INFO] [stdout]              at /rustc/202008a1b8de96d2e5b6bc02d379db03a877d34d/library/std/src/panic.rs:358:14
[INFO] [stdout]   44: std::thread::Builder::spawn_unchecked_::{{closure}}
[INFO] [stdout]              at /rustc/202008a1b8de96d2e5b6bc02d379db03a877d34d/library/std/src/thread/mod.rs:559:30
[INFO] [stdout]   45: core::ops::function::FnOnce::call_once{{vtable.shim}}
[INFO] [stdout]              at /rustc/202008a1b8de96d2e5b6bc02d379db03a877d34d/library/core/src/ops/function.rs:250:5
[INFO] [stdout]   46: <alloc::boxed::Box<F,A> as core::ops::function::FnOnce<Args>>::call_once
[INFO] [stdout]              at /rustc/202008a1b8de96d2e5b6bc02d379db03a877d34d/library/alloc/src/boxed.rs:1972:9
[INFO] [stdout]   47: <alloc::boxed::Box<F,A> as core::ops::function::FnOnce<Args>>::call_once
[INFO] [stdout]              at /rustc/202008a1b8de96d2e5b6bc02d379db03a877d34d/library/alloc/src/boxed.rs:1972:9
[INFO] [stdout]   48: std::sys::pal::unix::thread::Thread::new::thread_start
[INFO] [stdout]              at /rustc/202008a1b8de96d2e5b6bc02d379db03a877d34d/library/std/src/sys/pal/unix/thread.rs:105:17
[INFO] [stdout]   49: <unknown>
[INFO] [stdout]   50: clone
[INFO] [stdout] stack backtrace:
[INFO] [stdout]    0:     0x644d96d6f5fa - std::backtrace_rs::backtrace::libunwind::trace::h8810477743020387
[INFO] [stdout]                                at /rustc/202008a1b8de96d2e5b6bc02d379db03a877d34d/library/std/src/../../backtrace/src/backtrace/libunwind.rs:116:5
[INFO] [stdout]    1:     0x644d96d6f5fa - std::backtrace_rs::backtrace::trace_unsynchronized::h3aa55355dd6c54a6
[INFO] [stdout]                                at /rustc/202008a1b8de96d2e5b6bc02d379db03a877d34d/library/std/src/../../backtrace/src/backtrace/mod.rs:66:5
[INFO] [stdout]    2:     0x644d96d6f5fa - std::sys::backtrace::_print_fmt::h8588b0f62410823f
[INFO] [stdout]                                at /rustc/202008a1b8de96d2e5b6bc02d379db03a877d34d/library/std/src/sys/backtrace.rs:66:9
[INFO] [stdout]    3:     0x644d96d6f5fa - <std::sys::backtrace::BacktraceLock::print::DisplayBacktrace as core::fmt::Display>::fmt::h98c26ac25ffe89bb
[INFO] [stdout]                                at /rustc/202008a1b8de96d2e5b6bc02d379db03a877d34d/library/std/src/sys/backtrace.rs:39:26
[INFO] [stdout]    4:     0x644d96d9a373 - core::fmt::rt::Argument::fmt::hf95377f4aebd453b
[INFO] [stdout]                                at /rustc/202008a1b8de96d2e5b6bc02d379db03a877d34d/library/core/src/fmt/rt.rs:177:76
[INFO] [stdout]    5:     0x644d96d9a373 - core::fmt::write::h0dd5f6e2238c7982
[INFO] [stdout]                                at /rustc/202008a1b8de96d2e5b6bc02d379db03a877d34d/library/core/src/fmt/mod.rs:1189:21
[INFO] [stdout]    6:     0x644d96d6bc23 - std::io::Write::write_fmt::h03bb0ca26e6faf8c
[INFO] [stdout]                                at /rustc/202008a1b8de96d2e5b6bc02d379db03a877d34d/library/std/src/io/mod.rs:1884:15
[INFO] [stdout]    7:     0x644d96d6f442 - std::sys::backtrace::BacktraceLock::print::h5c19c1c038ee186d
[INFO] [stdout]                                at /rustc/202008a1b8de96d2e5b6bc02d379db03a877d34d/library/std/src/sys/backtrace.rs:42:9
[INFO] [stdout]    8:     0x644d96d70a7d - std::panicking::default_hook::{{closure}}::h77172f079a1fcb13
[INFO] [stdout]                                at /rustc/202008a1b8de96d2e5b6bc02d379db03a877d34d/library/std/src/panicking.rs:268:22
[INFO] [stdout]    9:     0x644d96d70887 - std::panicking::default_hook::he5f8e3b203ccddba
[INFO] [stdout]                                at /rustc/202008a1b8de96d2e5b6bc02d379db03a877d34d/library/std/src/panicking.rs:292:9
[INFO] [stdout]   10:     0x644d968c40e7 - <alloc::boxed::Box<F,A> as core::ops::function::Fn<Args>>::call::h7a3c7b4a1ae77f2f
[INFO] [stdout]                                at /rustc/202008a1b8de96d2e5b6bc02d379db03a877d34d/library/alloc/src/boxed.rs:1986:9
[INFO] [stdout]   11:     0x644d968c40e7 - test::test_main::{{closure}}::hf0d3b69ae9b353d1
[INFO] [stdout]                                at /rustc/202008a1b8de96d2e5b6bc02d379db03a877d34d/library/test/src/lib.rs:134:21
[INFO] [stdout]   12:     0x644d96d71128 - <alloc::boxed::Box<F,A> as core::ops::function::Fn<Args>>::call::h6332e82e7b189abd
[INFO] [stdout]                                at /rustc/202008a1b8de96d2e5b6bc02d379db03a877d34d/library/alloc/src/boxed.rs:1986:9
[INFO] [stdout]   13:     0x644d96d71128 - std::panicking::rust_panic_with_hook::h53863d4e9018df39
[INFO] [stdout]                                at /rustc/202008a1b8de96d2e5b6bc02d379db03a877d34d/library/std/src/panicking.rs:809:13
[INFO] [stdout]   14:     0x644d96d70eea - std::panicking::begin_panic_handler::{{closure}}::h67280e6fa0757873
[INFO] [stdout]                                at /rustc/202008a1b8de96d2e5b6bc02d379db03a877d34d/library/std/src/panicking.rs:674:13
[INFO] [stdout]   15:     0x644d96d6fad9 - std::sys::backtrace::__rust_end_short_backtrace::h1dac3f54d6fbbeb2
[INFO] [stdout]                                at /rustc/202008a1b8de96d2e5b6bc02d379db03a877d34d/library/std/src/sys/backtrace.rs:170:18
[INFO] [stdout]   16:     0x644d96d70b7c - rust_begin_unwind
[INFO] [stdout]                                at /rustc/202008a1b8de96d2e5b6bc02d379db03a877d34d/library/std/src/panicking.rs:665:5
[INFO] [stdout]   17:     0x644d967652f0 - core::panicking::panic_fmt::h6792bd1b2bf01041
[INFO] [stdout]                                at /rustc/202008a1b8de96d2e5b6bc02d379db03a877d34d/library/core/src/panicking.rs:76:14
[INFO] [stdout]   18:     0x644d967657d6 - core::result::unwrap_failed::h05e0602ed34287c5
[INFO] [stdout]                                at /rustc/202008a1b8de96d2e5b6bc02d379db03a877d34d/library/core/src/result.rs:1699:5
[INFO] [stdout]   19:     0x644d9677c0f8 - core::result::Result<T,E>::unwrap::hd113c76ce2153cb4
[INFO] [stdout]                                at /rustc/202008a1b8de96d2e5b6bc02d379db03a877d34d/library/core/src/result.rs:1104:23
[INFO] [stdout]   20:     0x644d9677c0f8 - kindle_web::api::get_data::{{closure}}::h2be6a2cac3323d55
[INFO] [stdout]                                at /opt/rustwide/workdir/src/api.rs:66:18
[INFO] [stdout]   21:     0x644d967889f2 - <core::pin::Pin<P> as core::future::future::Future>::poll::hb084b0d9794aaa8a
[INFO] [stdout]                                at /rustc/202008a1b8de96d2e5b6bc02d379db03a877d34d/library/core/src/future/future.rs:124:9
[INFO] [stdout]   22:     0x644d9678892d - <core::pin::Pin<P> as core::future::future::Future>::poll::h559ae1395b2389fc
[INFO] [stdout]                                at /rustc/202008a1b8de96d2e5b6bc02d379db03a877d34d/library/core/src/future/future.rs:124:9
[INFO] [stdout]   23:     0x644d9677628f - tokio::runtime::scheduler::current_thread::CoreGuard::block_on::{{closure}}::{{closure}}::{{closure}}::h6cf90905a42786f0
[INFO] [stdout]                                at /opt/rustwide/cargo-home/registry/src/index.crates.io-6f17d22bba15001f/tokio-1.39.2/src/runtime/scheduler/current_thread/mod.rs:673:57
[INFO] [stdout]   24:     0x644d96776175 - tokio::runtime::coop::with_budget::h0e381f017bfb2470
[INFO] [stdout]                                at /opt/rustwide/cargo-home/registry/src/index.crates.io-6f17d22bba15001f/tokio-1.39.2/src/runtime/coop.rs:107:5
[INFO] [stdout]   25:     0x644d96776175 - tokio::runtime::coop::budget::h23d4c21784281151
[INFO] [stdout]                                at /opt/rustwide/cargo-home/registry/src/index.crates.io-6f17d22bba15001f/tokio-1.39.2/src/runtime/coop.rs:73:5
[INFO] [stdout]   26:     0x644d96776175 - tokio::runtime::scheduler::current_thread::CoreGuard::block_on::{{closure}}::{{closure}}::h54b1b9ef314af6fe
[INFO] [stdout]                                at /opt/rustwide/cargo-home/registry/src/index.crates.io-6f17d22bba15001f/tokio-1.39.2/src/runtime/scheduler/current_thread/mod.rs:673:25
[INFO] [stdout]   27:     0x644d967734c0 - tokio::runtime::scheduler::current_thread::Context::enter::h1f5f62a7d17996fe
[INFO] [stdout]                                at /opt/rustwide/cargo-home/registry/src/index.crates.io-6f17d22bba15001f/tokio-1.39.2/src/runtime/scheduler/current_thread/mod.rs:412:19
[INFO] [stdout]   28:     0x644d9677583e - tokio::runtime::scheduler::current_thread::CoreGuard::block_on::{{closure}}::he27c8f4592de1ed1
[INFO] [stdout]                                at /opt/rustwide/cargo-home/registry/src/index.crates.io-6f17d22bba15001f/tokio-1.39.2/src/runtime/scheduler/current_thread/mod.rs:672:36
[INFO] [stdout]   29:     0x644d96774cb4 - tokio::runtime::scheduler::current_thread::CoreGuard::enter::{{closure}}::h84addc35173dd097
[INFO] [stdout]                                at /opt/rustwide/cargo-home/registry/src/index.crates.io-6f17d22bba15001f/tokio-1.39.2/src/runtime/scheduler/current_thread/mod.rs:751:68
[INFO] [stdout]   30:     0x644d9678232b - tokio::runtime::context::scoped::Scoped<T>::set::haa6f524c91b89a78
[INFO] [stdout]                                at /opt/rustwide/cargo-home/registry/src/index.crates.io-6f17d22bba15001f/tokio-1.39.2/src/runtime/context/scoped.rs:40:9
[INFO] [stdout]   31:     0x644d96781f19 - tokio::runtime::context::set_scheduler::{{closure}}::h57fdcc8e2fa70f70
[INFO] [stdout]                                at /opt/rustwide/cargo-home/registry/src/index.crates.io-6f17d22bba15001f/tokio-1.39.2/src/runtime/context.rs:180:26
[INFO] [stdout]   32:     0x644d967781dd - std::thread::local::LocalKey<T>::try_with::h4c5109bcfb306683
[INFO] [stdout]                                at /rustc/202008a1b8de96d2e5b6bc02d379db03a877d34d/library/std/src/thread/local.rs:283:12
[INFO] [stdout]   33:     0x644d96777f8a - std::thread::local::LocalKey<T>::with::hdeee97209d1d9885
[INFO] [stdout]                                at /rustc/202008a1b8de96d2e5b6bc02d379db03a877d34d/library/std/src/thread/local.rs:260:9
[INFO] [stdout]   34:     0x644d96781e8d - tokio::runtime::context::set_scheduler::h30f89851e1795cd7
[INFO] [stdout]                                at /opt/rustwide/cargo-home/registry/src/index.crates.io-6f17d22bba15001f/tokio-1.39.2/src/runtime/context.rs:180:9
[INFO] [stdout]   35:     0x644d96774a40 - tokio::runtime::scheduler::current_thread::CoreGuard::enter::he7b0ee9bf1774f21
[INFO] [stdout]                                at /opt/rustwide/cargo-home/registry/src/index.crates.io-6f17d22bba15001f/tokio-1.39.2/src/runtime/scheduler/current_thread/mod.rs:751:27
[INFO] [stdout]   36:     0x644d96774d33 - tokio::runtime::scheduler::current_thread::CoreGuard::block_on::h5d61f7deb7045bcd
[INFO] [stdout]                                at /opt/rustwide/cargo-home/registry/src/index.crates.io-6f17d22bba15001f/tokio-1.39.2/src/runtime/scheduler/current_thread/mod.rs:660:19
[INFO] [stdout]   37:     0x644d96772a8f - tokio::runtime::scheduler::current_thread::CurrentThread::block_on::{{closure}}::h0d632cc1c474cc8e
[INFO] [stdout]                                at /opt/rustwide/cargo-home/registry/src/index.crates.io-6f17d22bba15001f/tokio-1.39.2/src/runtime/scheduler/current_thread/mod.rs:180:28
[INFO] [stdout]   38:     0x644d967872d6 - tokio::runtime::context::runtime::enter_runtime::h26a1a53d1dcfd764
[INFO] [stdout]                                at /opt/rustwide/cargo-home/registry/src/index.crates.io-6f17d22bba15001f/tokio-1.39.2/src/runtime/context/runtime.rs:65:16
[INFO] [stdout]   39:     0x644d96772831 - tokio::runtime::scheduler::current_thread::CurrentThread::block_on::hb27e762f0d8ed023
[INFO] [stdout]                                at /opt/rustwide/cargo-home/registry/src/index.crates.io-6f17d22bba15001f/tokio-1.39.2/src/runtime/scheduler/current_thread/mod.rs:168:9
[INFO] [stdout]   40:     0x644d967882cd - tokio::runtime::runtime::Runtime::block_on_inner::h49f540ca46608751
[INFO] [stdout]                                at /opt/rustwide/cargo-home/registry/src/index.crates.io-6f17d22bba15001f/tokio-1.39.2/src/runtime/runtime.rs:361:47
[INFO] [stdout]   41:     0x644d967884f5 - tokio::runtime::runtime::Runtime::block_on::h079ac8f8ac9e7d0b
[INFO] [stdout]                                at /opt/rustwide/cargo-home/registry/src/index.crates.io-6f17d22bba15001f/tokio-1.39.2/src/runtime/runtime.rs:335:13
[INFO] [stdout]   42:     0x644d9677bee5 - kindle_web::api::get_data::h24287a1056cbdbd4
[INFO] [stdout]                                at /opt/rustwide/workdir/src/api.rs:68:5
[INFO] [stdout]   43:     0x644d9677bd87 - kindle_web::api::get_data::{{closure}}::hfc8522990c74b8bc
[INFO] [stdout]                                at /opt/rustwide/workdir/src/api.rs:64:20
[INFO] [stdout]   44:     0x644d96784836 - core::ops::function::FnOnce::call_once::h1b215ed937e9bd7e
[INFO] [stdout]                                at /rustc/202008a1b8de96d2e5b6bc02d379db03a877d34d/library/core/src/ops/function.rs:250:5
[INFO] [stdout]   45:     0x644d968c8c0b - core::ops::function::FnOnce::call_once::h871bf86719ec9aa4
[INFO] [stdout]                                at /rustc/202008a1b8de96d2e5b6bc02d379db03a877d34d/library/core/src/ops/function.rs:250:5
[INFO] [stdout]   46:     0x644d968c8c0b - test::__rust_begin_short_backtrace::h2167df1e2b7d76fd
[INFO] [stdout]                                at /rustc/202008a1b8de96d2e5b6bc02d379db03a877d34d/library/test/src/lib.rs:632:18
[INFO] [stdout]   47:     0x644d968c85f8 - test::run_test_in_process::{{closure}}::h15d92f75a3adfb79
[INFO] [stdout]                                at /rustc/202008a1b8de96d2e5b6bc02d379db03a877d34d/library/test/src/lib.rs:655:60
[INFO] [stdout]   48:     0x644d968c85f8 - <core::panic::unwind_safe::AssertUnwindSafe<F> as core::ops::function::FnOnce<()>>::call_once::hb6c8955835a8dbbb
[INFO] [stdout]                                at /rustc/202008a1b8de96d2e5b6bc02d379db03a877d34d/library/core/src/panic/unwind_safe.rs:272:9
[INFO] [stdout]   49:     0x644d968c85f8 - std::panicking::try::do_call::hc79d0fc888a0bd30
[INFO] [stdout]                                at /rustc/202008a1b8de96d2e5b6bc02d379db03a877d34d/library/std/src/panicking.rs:557:40
[INFO] [stdout]   50:     0x644d968c85f8 - std::panicking::try::hb8a7878e3a8589d6
[INFO] [stdout]                                at /rustc/202008a1b8de96d2e5b6bc02d379db03a877d34d/library/std/src/panicking.rs:520:19
[INFO] [stdout]   51:     0x644d968c85f8 - std::panic::catch_unwind::hb8e4600ff0ff5cfa
[INFO] [stdout]                                at /rustc/202008a1b8de96d2e5b6bc02d379db03a877d34d/library/std/src/panic.rs:358:14
[INFO] [stdout]   52:     0x644d968c85f8 - test::run_test_in_process::hc2900b0b18688dd6
[INFO] [stdout]                                at /rustc/202008a1b8de96d2e5b6bc02d379db03a877d34d/library/test/src/lib.rs:655:27
[INFO] [stdout]   53:     0x644d968c85f8 - test::run_test::{{closure}}::hac2a9cb07be3d48d
[INFO] [stdout]                                at /rustc/202008a1b8de96d2e5b6bc02d379db03a877d34d/library/test/src/lib.rs:576:43
[INFO] [stdout]   54:     0x644d9688c09a - test::run_test::{{closure}}::h4a5b729e66a38cd8
[INFO] [stdout]                                at /rustc/202008a1b8de96d2e5b6bc02d379db03a877d34d/library/test/src/lib.rs:606:41
[INFO] [stdout]   55:     0x644d9688c09a - std::sys::backtrace::__rust_begin_short_backtrace::h0496fb742492f573
[INFO] [stdout]                                at /rustc/202008a1b8de96d2e5b6bc02d379db03a877d34d/library/std/src/sys/backtrace.rs:154:18
[INFO] [stdout]   56:     0x644d9688fa14 - std::thread::Builder::spawn_unchecked_::{{closure}}::{{closure}}::hbb6d257c550a54bd
[INFO] [stdout]                                at /rustc/202008a1b8de96d2e5b6bc02d379db03a877d34d/library/std/src/thread/mod.rs:561:17
[INFO] [stdout]   57:     0x644d9688fa14 - <core::panic::unwind_safe::AssertUnwindSafe<F> as core::ops::function::FnOnce<()>>::call_once::h46696fe4a6832328
[INFO] [stdout]                                at /rustc/202008a1b8de96d2e5b6bc02d379db03a877d34d/library/core/src/panic/unwind_safe.rs:272:9
[INFO] [stdout]   58:     0x644d9688fa14 - std::panicking::try::do_call::h2625a51b667bfb64
[INFO] [stdout]                                at /rustc/202008a1b8de96d2e5b6bc02d379db03a877d34d/library/std/src/panicking.rs:557:40
[INFO] [stdout]   59:     0x644d9688fa14 - std::panicking::try::hb956a59a1973aa4c
[INFO] [stdout]                                at /rustc/202008a1b8de96d2e5b6bc02d379db03a877d34d/library/std/src/panicking.rs:520:19
[INFO] [stdout]   60:     0x644d9688fa14 - std::panic::catch_unwind::h64f3b9d1067ef6a0
[INFO] [stdout]                                at /rustc/202008a1b8de96d2e5b6bc02d379db03a877d34d/library/std/src/panic.rs:358:14
[INFO] [stdout]   61:     0x644d9688fa14 - std::thread::Builder::spawn_unchecked_::{{closure}}::h42b2841295b6c0b2
[INFO] [stdout]                                at /rustc/202008a1b8de96d2e5b6bc02d379db03a877d34d/library/std/src/thread/mod.rs:559:30
[INFO] [stdout]   62:     0x644d9688fa14 - core::ops::function::FnOnce::call_once{{vtable.shim}}::h6127de71b8124639
[INFO] [stdout]                                at /rustc/202008a1b8de96d2e5b6bc02d379db03a877d34d/library/core/src/ops/function.rs:250:5
[INFO] [stdout]   63:     0x644d96d752fb - <alloc::boxed::Box<F,A> as core::ops::function::FnOnce<Args>>::call_once::h42f0ba71002a1b2c
[INFO] [stdout]                                at /rustc/202008a1b8de96d2e5b6bc02d379db03a877d34d/library/alloc/src/boxed.rs:1972:9
[INFO] [stdout]   64:     0x644d96d752fb - <alloc::boxed::Box<F,A> as core::ops::function::FnOnce<Args>>::call_once::had9e47d7a3dcecb8
[INFO] [stdout]                                at /rustc/202008a1b8de96d2e5b6bc02d379db03a877d34d/library/alloc/src/boxed.rs:1972:9
[INFO] [stdout]   65:     0x644d96d752fb - std::sys::pal::unix::thread::Thread::new::thread_start::h48cf765408f6f5f2
[INFO] [stdout]                                at /rustc/202008a1b8de96d2e5b6bc02d379db03a877d34d/library/std/src/sys/pal/unix/thread.rs:105:17
[INFO] [stdout]   66:     0x7b793372fac3 - <unknown>
[INFO] [stdout]   67:     0x7b79337c0a04 - clone
[INFO] [stdout]   68:                0x0 - <unknown>
[INFO] [stdout] 
[INFO] [stdout] 
[INFO] [stdout] failures:
[INFO] [stdout]     api::get_data
[INFO] [stdout] 
[INFO] [stdout] test result: FAILED. 0 passed; 1 failed; 0 ignored; 0 measured; 0 filtered out; finished in 0.15s
[INFO] [stdout] 
[INFO] [stderr] error: test failed, to rerun pass `--bin kindle-web`
[INFO] running `Command { std: "docker" "inspect" "49d5e6cb9edd4b37c522a3e0968b1bbabb6ac0d0136f4664826cf511e75be2a1", kill_on_drop: false }`
[INFO] running `Command { std: "docker" "rm" "-f" "49d5e6cb9edd4b37c522a3e0968b1bbabb6ac0d0136f4664826cf511e75be2a1", kill_on_drop: false }`
[INFO] [stdout] 49d5e6cb9edd4b37c522a3e0968b1bbabb6ac0d0136f4664826cf511e75be2a1
