[INFO] cloning repository https://github.com/guofei9987/rs_lib
[INFO] running `Command { std: "git" "-c" "credential.helper=" "-c" "credential.helper=/workspace/cargo-home/bin/git-credential-null" "clone" "--bare" "https://github.com/guofei9987/rs_lib" "/workspace/cache/git-repos/https%3A%2F%2Fgithub.com%2Fguofei9987%2Frs_lib", kill_on_drop: false }`
[INFO] [stderr] Cloning into bare repository '/workspace/cache/git-repos/https%3A%2F%2Fgithub.com%2Fguofei9987%2Frs_lib'...
[INFO] running `Command { std: "git" "rev-parse" "HEAD", kill_on_drop: false }`
[INFO] [stdout] 91ef870debafe73749594a0177215a740617e555
[INFO] testing guofei9987/rs_lib against 1.83.0 for beta-1.84.0-4-retry
[INFO] running `Command { std: "git" "clone" "/workspace/cache/git-repos/https%3A%2F%2Fgithub.com%2Fguofei9987%2Frs_lib" "/workspace/builds/worker-4-tc1/source", kill_on_drop: false }`
[INFO] [stderr] Cloning into '/workspace/builds/worker-4-tc1/source'...
[INFO] [stderr] done.
[INFO] validating manifest of git repo https://github.com/guofei9987/rs_lib on toolchain 1.83.0
[INFO] running `Command { std: CARGO_HOME="/workspace/cargo-home" RUSTUP_HOME="/workspace/rustup-home" "/workspace/cargo-home/bin/cargo" "+1.83.0" "metadata" "--manifest-path" "Cargo.toml" "--no-deps", kill_on_drop: false }`
[INFO] started tweaking git repo https://github.com/guofei9987/rs_lib
[INFO] finished tweaking git repo https://github.com/guofei9987/rs_lib
[INFO] tweaked toml for git repo https://github.com/guofei9987/rs_lib written to /workspace/builds/worker-4-tc1/source/Cargo.toml
[INFO] crate git repo https://github.com/guofei9987/rs_lib already has a lockfile, it will not be regenerated
[INFO] running `Command { std: CARGO_HOME="/workspace/cargo-home" RUSTUP_HOME="/workspace/rustup-home" "/workspace/cargo-home/bin/cargo" "+1.83.0" "fetch" "--manifest-path" "Cargo.toml", kill_on_drop: false }`
[INFO] running `Command { std: "docker" "create" "-v" "/var/lib/crater-agent-workspace/builds/worker-4-tc1/target:/opt/rustwide/target:rw,Z" "-v" "/var/lib/crater-agent-workspace/builds/worker-4-tc1/source:/opt/rustwide/workdir:ro,Z" "-v" "/var/lib/crater-agent-workspace/cargo-home:/opt/rustwide/cargo-home:ro,Z" "-v" "/var/lib/crater-agent-workspace/rustup-home:/opt/rustwide/rustup-home:ro,Z" "-e" "SOURCE_DIR=/opt/rustwide/workdir" "-e" "CARGO_TARGET_DIR=/opt/rustwide/target" "-e" "CARGO_HOME=/opt/rustwide/cargo-home" "-e" "RUSTUP_HOME=/opt/rustwide/rustup-home" "-w" "/opt/rustwide/workdir" "-m" "1610612736" "--user" "0:0" "--network" "none" "ghcr.io/rust-lang/crates-build-env/linux@sha256:f3a9d4ad9d972b27faf3965f35b62e55ba32bbce8f20bc8fe909558a86702fde" "/opt/rustwide/cargo-home/bin/cargo" "+1.83.0" "metadata" "--no-deps" "--format-version=1", kill_on_drop: false }`
[INFO] [stdout] 7b6bc24703a760768a26444eefc76adff8ed95c585e9748eb94ca9db572a56d0
[INFO] running `Command { std: "docker" "start" "-a" "7b6bc24703a760768a26444eefc76adff8ed95c585e9748eb94ca9db572a56d0", kill_on_drop: false }`
[INFO] running `Command { std: "docker" "inspect" "7b6bc24703a760768a26444eefc76adff8ed95c585e9748eb94ca9db572a56d0", kill_on_drop: false }`
[INFO] running `Command { std: "docker" "rm" "-f" "7b6bc24703a760768a26444eefc76adff8ed95c585e9748eb94ca9db572a56d0", kill_on_drop: false }`
[INFO] [stdout] 7b6bc24703a760768a26444eefc76adff8ed95c585e9748eb94ca9db572a56d0
[INFO] running `Command { std: "docker" "create" "-v" "/var/lib/crater-agent-workspace/builds/worker-4-tc1/target:/opt/rustwide/target:rw,Z" "-v" "/var/lib/crater-agent-workspace/builds/worker-4-tc1/source:/opt/rustwide/workdir:ro,Z" "-v" "/var/lib/crater-agent-workspace/cargo-home:/opt/rustwide/cargo-home:ro,Z" "-v" "/var/lib/crater-agent-workspace/rustup-home:/opt/rustwide/rustup-home:ro,Z" "-e" "SOURCE_DIR=/opt/rustwide/workdir" "-e" "CARGO_TARGET_DIR=/opt/rustwide/target" "-e" "CARGO_INCREMENTAL=0" "-e" "RUST_BACKTRACE=full" "-e" "RUSTFLAGS=--cap-lints=warn" "-e" "RUSTDOCFLAGS=--cap-lints=warn" "-e" "CARGO_HOME=/opt/rustwide/cargo-home" "-e" "RUSTUP_HOME=/opt/rustwide/rustup-home" "-w" "/opt/rustwide/workdir" "-m" "1610612736" "--user" "0:0" "--network" "none" "ghcr.io/rust-lang/crates-build-env/linux@sha256:f3a9d4ad9d972b27faf3965f35b62e55ba32bbce8f20bc8fe909558a86702fde" "/opt/rustwide/cargo-home/bin/cargo" "+1.83.0" "build" "--frozen" "--message-format=json", kill_on_drop: false }`
[INFO] [stdout] 18e490e41bd4e5007062eef4a9bcfa0dd6a9b87a03aa360e43f3559b9b12c89a
[INFO] running `Command { std: "docker" "start" "-a" "18e490e41bd4e5007062eef4a9bcfa0dd6a9b87a03aa360e43f3559b9b12c89a", kill_on_drop: false }`
[INFO] [stderr]    Compiling libc v0.2.150
[INFO] [stderr]    Compiling cfg-if v1.0.0
[INFO] [stderr]    Compiling libloading v0.8.1
[INFO] [stderr]    Compiling cc v1.0.83
[INFO] [stderr]    Compiling rs_lib v0.1.1 (/opt/rustwide/workdir)
[INFO] [stdout] warning: unused import: `super::my_mod_sub`
[INFO] [stdout]  --> src/my_path/file2.rs:2:5
[INFO] [stdout]   |
[INFO] [stdout] 2 | use super::my_mod_sub;
[INFO] [stdout]   |     ^^^^^^^^^^^^^^^^^
[INFO] [stdout]   |
[INFO] [stdout]   = note: `#[warn(unused_imports)]` on by default
[INFO] [stdout] 
[INFO] [stdout] 
[INFO] [stdout] warning: unused import: `super::mod_sub1`
[INFO] [stdout]  --> src/my_path/file2.rs:4:5
[INFO] [stdout]   |
[INFO] [stdout] 4 | use super::mod_sub1;
[INFO] [stdout]   |     ^^^^^^^^^^^^^^^
[INFO] [stdout] 
[INFO] [stdout] 
[INFO] [stdout] warning: field `lib` is never read
[INFO] [stdout]   --> src/c_lib.rs:10:5
[INFO] [stdout]    |
[INFO] [stdout] 9  | pub struct CProject {
[INFO] [stdout]    |            -------- field in this struct
[INFO] [stdout] 10 |     lib: Library,
[INFO] [stdout]    |     ^^^
[INFO] [stdout]    |
[INFO] [stdout]    = note: `#[warn(dead_code)]` on by default
[INFO] [stdout] 
[INFO] [stdout] 
[INFO] [stderr]     Finished `dev` profile [unoptimized + debuginfo] target(s) in 4.22s
[INFO] running `Command { std: "docker" "inspect" "18e490e41bd4e5007062eef4a9bcfa0dd6a9b87a03aa360e43f3559b9b12c89a", kill_on_drop: false }`
[INFO] running `Command { std: "docker" "rm" "-f" "18e490e41bd4e5007062eef4a9bcfa0dd6a9b87a03aa360e43f3559b9b12c89a", kill_on_drop: false }`
[INFO] [stdout] 18e490e41bd4e5007062eef4a9bcfa0dd6a9b87a03aa360e43f3559b9b12c89a
[INFO] running `Command { std: "docker" "create" "-v" "/var/lib/crater-agent-workspace/builds/worker-4-tc1/target:/opt/rustwide/target:rw,Z" "-v" "/var/lib/crater-agent-workspace/builds/worker-4-tc1/source:/opt/rustwide/workdir:ro,Z" "-v" "/var/lib/crater-agent-workspace/cargo-home:/opt/rustwide/cargo-home:ro,Z" "-v" "/var/lib/crater-agent-workspace/rustup-home:/opt/rustwide/rustup-home:ro,Z" "-e" "SOURCE_DIR=/opt/rustwide/workdir" "-e" "CARGO_TARGET_DIR=/opt/rustwide/target" "-e" "CARGO_INCREMENTAL=0" "-e" "RUST_BACKTRACE=full" "-e" "RUSTFLAGS=--cap-lints=warn" "-e" "RUSTDOCFLAGS=--cap-lints=warn" "-e" "CARGO_HOME=/opt/rustwide/cargo-home" "-e" "RUSTUP_HOME=/opt/rustwide/rustup-home" "-w" "/opt/rustwide/workdir" "-m" "1610612736" "--user" "0:0" "--network" "none" "ghcr.io/rust-lang/crates-build-env/linux@sha256:f3a9d4ad9d972b27faf3965f35b62e55ba32bbce8f20bc8fe909558a86702fde" "/opt/rustwide/cargo-home/bin/cargo" "+1.83.0" "test" "--frozen" "--no-run" "--message-format=json", kill_on_drop: false }`
[INFO] [stdout] e4be233e13ec2b9ac4f6c89329ad31bbbd31d814c12815584facbbc306e456c4
[INFO] running `Command { std: "docker" "start" "-a" "e4be233e13ec2b9ac4f6c89329ad31bbbd31d814c12815584facbbc306e456c4", kill_on_drop: false }`
[INFO] [stderr]    Compiling rs_lib v0.1.1 (/opt/rustwide/workdir)
[INFO] [stdout] warning: unused import: `super::my_mod_sub`
[INFO] [stdout]  --> src/my_path/file2.rs:2:5
[INFO] [stdout]   |
[INFO] [stdout] 2 | use super::my_mod_sub;
[INFO] [stdout]   |     ^^^^^^^^^^^^^^^^^
[INFO] [stdout]   |
[INFO] [stdout]   = note: `#[warn(unused_imports)]` on by default
[INFO] [stdout] 
[INFO] [stdout] 
[INFO] [stdout] warning: unused import: `super::mod_sub1`
[INFO] [stdout]  --> src/my_path/file2.rs:4:5
[INFO] [stdout]   |
[INFO] [stdout] 4 | use super::mod_sub1;
[INFO] [stdout]   |     ^^^^^^^^^^^^^^^
[INFO] [stdout] 
[INFO] [stdout] 
[INFO] [stdout] warning: field `lib` is never read
[INFO] [stdout]   --> src/c_lib.rs:10:5
[INFO] [stdout]    |
[INFO] [stdout] 9  | pub struct CProject {
[INFO] [stdout]    |            -------- field in this struct
[INFO] [stdout] 10 |     lib: Library,
[INFO] [stdout]    |     ^^^
[INFO] [stdout]    |
[INFO] [stdout]    = note: `#[warn(dead_code)]` on by default
[INFO] [stdout] 
[INFO] [stdout] 
[INFO] [stdout] warning: unused import: `my_func2`
[INFO] [stdout]  --> tests/test1.rs:1:24
[INFO] [stdout]   |
[INFO] [stdout] 1 | use rs_lib::{my_func1, my_func2};
[INFO] [stdout]   |                        ^^^^^^^^
[INFO] [stdout]   |
[INFO] [stdout]   = note: `#[warn(unused_imports)]` on by default
[INFO] [stdout] 
[INFO] [stdout] 
[INFO] [stdout] warning: unused import: `rs_lib::my_mod1::mod_in_file::my_func1`
[INFO] [stdout]  --> tests/test2.rs:1:5
[INFO] [stdout]   |
[INFO] [stdout] 1 | use rs_lib::my_mod1::mod_in_file::my_func1;
[INFO] [stdout]   |     ^^^^^^^^^^^^^^^^^^^^^^^^^^^^^^^^^^^^^^
[INFO] [stdout]   |
[INFO] [stdout]   = note: `#[warn(unused_imports)]` on by default
[INFO] [stdout] 
[INFO] [stdout] 
[INFO] [stdout] warning: unused variable: `a`
[INFO] [stdout]   --> tests/test1.rs:18:9
[INFO] [stdout]    |
[INFO] [stdout] 18 |     let a = v[9];
[INFO] [stdout]    |         ^ help: if this is intentional, prefix it with an underscore: `_a`
[INFO] [stdout]    |
[INFO] [stdout]    = note: `#[warn(unused_variables)]` on by default
[INFO] [stdout] 
[INFO] [stdout] 
[INFO] [stdout] warning: unused import: `super::my_mod_sub`
[INFO] [stdout]  --> src/my_path/file2.rs:2:5
[INFO] [stdout]   |
[INFO] [stdout] 2 | use super::my_mod_sub;
[INFO] [stdout]   |     ^^^^^^^^^^^^^^^^^
[INFO] [stdout]   |
[INFO] [stdout]   = note: `#[warn(unused_imports)]` on by default
[INFO] [stdout] 
[INFO] [stdout] 
[INFO] [stdout] warning: unused import: `super::mod_sub1`
[INFO] [stdout]  --> src/my_path/file2.rs:4:5
[INFO] [stdout]   |
[INFO] [stdout] 4 | use super::mod_sub1;
[INFO] [stdout]   |     ^^^^^^^^^^^^^^^
[INFO] [stdout] 
[INFO] [stdout] 
[INFO] [stdout] warning: field `lib` is never read
[INFO] [stdout]   --> src/c_lib.rs:10:5
[INFO] [stdout]    |
[INFO] [stdout] 9  | pub struct CProject {
[INFO] [stdout]    |            -------- field in this struct
[INFO] [stdout] 10 |     lib: Library,
[INFO] [stdout]    |     ^^^
[INFO] [stdout]    |
[INFO] [stdout]    = note: `#[warn(dead_code)]` on by default
[INFO] [stdout] 
[INFO] [stdout] 
[INFO] [stderr]     Finished `test` profile [unoptimized + debuginfo] target(s) in 0.54s
[INFO] running `Command { std: "docker" "inspect" "e4be233e13ec2b9ac4f6c89329ad31bbbd31d814c12815584facbbc306e456c4", kill_on_drop: false }`
[INFO] running `Command { std: "docker" "rm" "-f" "e4be233e13ec2b9ac4f6c89329ad31bbbd31d814c12815584facbbc306e456c4", kill_on_drop: false }`
[INFO] [stdout] e4be233e13ec2b9ac4f6c89329ad31bbbd31d814c12815584facbbc306e456c4
[INFO] running `Command { std: "docker" "create" "-v" "/var/lib/crater-agent-workspace/builds/worker-4-tc1/target:/opt/rustwide/target:rw,Z" "-v" "/var/lib/crater-agent-workspace/builds/worker-4-tc1/source:/opt/rustwide/workdir:ro,Z" "-v" "/var/lib/crater-agent-workspace/cargo-home:/opt/rustwide/cargo-home:ro,Z" "-v" "/var/lib/crater-agent-workspace/rustup-home:/opt/rustwide/rustup-home:ro,Z" "-e" "SOURCE_DIR=/opt/rustwide/workdir" "-e" "CARGO_TARGET_DIR=/opt/rustwide/target" "-e" "CARGO_INCREMENTAL=0" "-e" "RUST_BACKTRACE=full" "-e" "RUSTFLAGS=--cap-lints=warn" "-e" "RUSTDOCFLAGS=--cap-lints=warn" "-e" "CARGO_HOME=/opt/rustwide/cargo-home" "-e" "RUSTUP_HOME=/opt/rustwide/rustup-home" "-w" "/opt/rustwide/workdir" "-m" "1610612736" "--user" "0:0" "--network" "none" "ghcr.io/rust-lang/crates-build-env/linux@sha256:f3a9d4ad9d972b27faf3965f35b62e55ba32bbce8f20bc8fe909558a86702fde" "/opt/rustwide/cargo-home/bin/cargo" "+1.83.0" "test" "--frozen", kill_on_drop: false }`
[INFO] [stdout] 319b12f6e738dc8d0b4f9059d30f338a9e42ffb929637ffd2208300854e20af7
[INFO] running `Command { std: "docker" "start" "-a" "319b12f6e738dc8d0b4f9059d30f338a9e42ffb929637ffd2208300854e20af7", kill_on_drop: false }`
[INFO] [stderr] warning: unused import: `super::my_mod_sub`
[INFO] [stderr]  --> src/my_path/file2.rs:2:5
[INFO] [stderr]   |
[INFO] [stderr] 2 | use super::my_mod_sub;
[INFO] [stderr]   |     ^^^^^^^^^^^^^^^^^
[INFO] [stderr]   |
[INFO] [stderr]   = note: `#[warn(unused_imports)]` on by default
[INFO] [stderr] 
[INFO] [stderr] warning: unused import: `super::mod_sub1`
[INFO] [stderr]  --> src/my_path/file2.rs:4:5
[INFO] [stderr]   |
[INFO] [stderr] 4 | use super::mod_sub1;
[INFO] [stderr]   |     ^^^^^^^^^^^^^^^
[INFO] [stderr] 
[INFO] [stderr] warning: field `lib` is never read
[INFO] [stdout] 
[INFO] [stderr]   --> src/c_lib.rs:10:5
[INFO] [stdout] running 0 tests
[INFO] [stderr]    |
[INFO] [stdout] 
[INFO] [stderr] 9  | pub struct CProject {
[INFO] [stdout] test result: ok. 0 passed; 0 failed; 0 ignored; 0 measured; 0 filtered out; finished in 0.00s
[INFO] [stderr]    |            -------- field in this struct
[INFO] [stdout] 
[INFO] [stderr] 10 |     lib: Library,
[INFO] [stderr]    |     ^^^
[INFO] [stderr]    |
[INFO] [stderr]    = note: `#[warn(dead_code)]` on by default
[INFO] [stderr] 
[INFO] [stderr] warning: `rs_lib` (lib) generated 3 warnings (run `cargo fix --lib -p rs_lib` to apply 2 suggestions)
[INFO] [stderr] warning: unused import: `rs_lib::my_mod1::mod_in_file::my_func1`
[INFO] [stderr]  --> tests/test2.rs:1:5
[INFO] [stderr]   |
[INFO] [stderr] 1 | use rs_lib::my_mod1::mod_in_file::my_func1;
[INFO] [stderr]   |     ^^^^^^^^^^^^^^^^^^^^^^^^^^^^^^^^^^^^^^
[INFO] [stderr]   |
[INFO] [stderr]   = note: `#[warn(unused_imports)]` on by default
[INFO] [stderr] 
[INFO] [stderr] warning: `rs_lib` (test "test2") generated 1 warning (run `cargo fix --test "test2"` to apply 1 suggestion)
[INFO] [stderr] warning: unused import: `my_func2`
[INFO] [stderr]  --> tests/test1.rs:1:24
[INFO] [stderr]   |
[INFO] [stderr] 1 | use rs_lib::{my_func1, my_func2};
[INFO] [stderr]   |                        ^^^^^^^^
[INFO] [stderr]   |
[INFO] [stderr]   = note: `#[warn(unused_imports)]` on by default
[INFO] [stderr] 
[INFO] [stderr] warning: unused variable: `a`
[INFO] [stderr]   --> tests/test1.rs:18:9
[INFO] [stderr]    |
[INFO] [stderr] 18 |     let a = v[9];
[INFO] [stderr]    |         ^ help: if this is intentional, prefix it with an underscore: `_a`
[INFO] [stderr]    |
[INFO] [stderr]    = note: `#[warn(unused_variables)]` on by default
[INFO] [stderr] 
[INFO] [stderr] warning: `rs_lib` (test "test1") generated 2 warnings (run `cargo fix --test "test1"` to apply 1 suggestion)
[INFO] [stderr] warning: `rs_lib` (lib test) generated 3 warnings (3 duplicates)
[INFO] [stderr]     Finished `test` profile [unoptimized + debuginfo] target(s) in 0.02s
[INFO] [stderr]      Running unittests src/lib.rs (/opt/rustwide/target/debug/deps/rs_lib-a25f69bb503e8033)
[INFO] [stderr]      Running unittests src/main.rs (/opt/rustwide/target/debug/deps/rs_lib-e7539909d0b534a6)
[INFO] [stdout] 
[INFO] [stderr]      Running tests/test1.rs (/opt/rustwide/target/debug/deps/test1-3b6bb417d83284f5)
[INFO] [stdout] running 0 tests
[INFO] [stdout] 
[INFO] [stdout] test result: ok. 0 passed; 0 failed; 0 ignored; 0 measured; 0 filtered out; finished in 0.00s
[INFO] [stdout] 
[INFO] [stdout] 
[INFO] [stdout] running 6 tests
[INFO] [stdout] test func_1 ... ok
[INFO] [stdout] test func_2 ... ok
[INFO] [stdout] test func_3 ... ok
[INFO] [stdout] test func_6 ... ignored
[INFO] [stdout] test func_5 ... ok
[INFO] [stdout] test func_4 - should panic ... ok
[INFO] [stderr]      Running tests/test2.rs (/opt/rustwide/target/debug/deps/test2-f033beb58899d19e)
[INFO] [stdout] 
[INFO] [stdout] test result: ok. 5 passed; 0 failed; 1 ignored; 0 measured; 0 filtered out; finished in 0.02s
[INFO] [stdout] 
[INFO] [stdout] 
[INFO] [stdout] running 3 tests
[INFO] [stdout] test test2 ... ok
[INFO] [stdout] test test3 ... ok
[INFO] [stdout] test test4 ... FAILED
[INFO] [stdout] 
[INFO] [stdout] failures:
[INFO] [stdout] 
[INFO] [stdout] ---- test4 stdout ----
[INFO] [stdout] thread 'test4' panicked at src/c_lib.rs:25:51:
[INFO] [stdout] Failed to load library: DlOpen { desc: "./resources/libc_lib.so: cannot open shared object file: No such file or directory" }
[INFO] [stdout] stack backtrace:
[INFO] [stdout]    0:     0x5a14f25c3cba - std::backtrace_rs::backtrace::libunwind::trace::h5a5b8284f2d0c266
[INFO] [stdout]                                at /rustc/90b35a6239c3d8bdabc530a6a0816f7ff89a0aaf/library/std/src/../../backtrace/src/backtrace/libunwind.rs:116:5
[INFO] [stdout]    1:     0x5a14f25c3cba - std::backtrace_rs::backtrace::trace_unsynchronized::h76d4f1c9b0b875e3
[INFO] [stdout]                                at /rustc/90b35a6239c3d8bdabc530a6a0816f7ff89a0aaf/library/std/src/../../backtrace/src/backtrace/mod.rs:66:5
[INFO] [stdout]    2:     0x5a14f25c3cba - std::sys::backtrace::_print_fmt::hc4546b8364a537c6
[INFO] [stdout]                                at /rustc/90b35a6239c3d8bdabc530a6a0816f7ff89a0aaf/library/std/src/sys/backtrace.rs:66:9
[INFO] [stdout]    3:     0x5a14f25c3cba - <std::sys::backtrace::BacktraceLock::print::DisplayBacktrace as core::fmt::Display>::fmt::h5b6bd5631a6d1f6b
[INFO] [stdout]                                at /rustc/90b35a6239c3d8bdabc530a6a0816f7ff89a0aaf/library/std/src/sys/backtrace.rs:39:26
[INFO] [stdout]    4:     0x5a14f25e9063 - core::fmt::rt::Argument::fmt::h270f6602a2b96f62
[INFO] [stdout]                                at /rustc/90b35a6239c3d8bdabc530a6a0816f7ff89a0aaf/library/core/src/fmt/rt.rs:177:76
[INFO] [stdout]    5:     0x5a14f25e9063 - core::fmt::write::h7550c97b06c86515
[INFO] [stdout]                                at /rustc/90b35a6239c3d8bdabc530a6a0816f7ff89a0aaf/library/core/src/fmt/mod.rs:1186:21
[INFO] [stdout]    6:     0x5a14f25c0e83 - std::io::Write::write_fmt::h509ff860e5956e5e
[INFO] [stdout]                                at /rustc/90b35a6239c3d8bdabc530a6a0816f7ff89a0aaf/library/std/src/io/mod.rs:1839:15
[INFO] [stdout]    7:     0x5a14f25c3b02 - std::sys::backtrace::BacktraceLock::print::h2395ccd2c84ba3aa
[INFO] [stdout]                                at /rustc/90b35a6239c3d8bdabc530a6a0816f7ff89a0aaf/library/std/src/sys/backtrace.rs:42:9
[INFO] [stdout]    8:     0x5a14f25c511a - std::panicking::default_hook::{{closure}}::he19d4c7230e07961
[INFO] [stdout]                                at /rustc/90b35a6239c3d8bdabc530a6a0816f7ff89a0aaf/library/std/src/panicking.rs:268:22
[INFO] [stdout]    9:     0x5a14f25c4f24 - std::panicking::default_hook::hf614597d3c67bbdb
[INFO] [stdout]                                at /rustc/90b35a6239c3d8bdabc530a6a0816f7ff89a0aaf/library/std/src/panicking.rs:292:9
[INFO] [stdout]   10:     0x5a14f258bda9 - <alloc::boxed::Box<F,A> as core::ops::function::Fn<Args>>::call::h39b51ce4599c23d1
[INFO] [stdout]                                at /rustc/90b35a6239c3d8bdabc530a6a0816f7ff89a0aaf/library/alloc/src/boxed.rs:2468:9
[INFO] [stderr] error: test failed, to rerun pass `--test test2`
[INFO] [stdout]   11:     0x5a14f258bda9 - test::test_main::{{closure}}::he977ae839a582784
[INFO] [stdout]                                at /rustc/90b35a6239c3d8bdabc530a6a0816f7ff89a0aaf/library/test/src/lib.rs:133:21
[INFO] [stdout]   12:     0x5a14f25c57b8 - <alloc::boxed::Box<F,A> as core::ops::function::Fn<Args>>::call::h9455091b6b06f9fb
[INFO] [stdout]                                at /rustc/90b35a6239c3d8bdabc530a6a0816f7ff89a0aaf/library/alloc/src/boxed.rs:2468:9
[INFO] [stdout]   13:     0x5a14f25c57b8 - std::panicking::rust_panic_with_hook::h8942133a8b252070
[INFO] [stdout]                                at /rustc/90b35a6239c3d8bdabc530a6a0816f7ff89a0aaf/library/std/src/panicking.rs:809:13
[INFO] [stdout]   14:     0x5a14f25c557a - std::panicking::begin_panic_handler::{{closure}}::hb5f5963570096b29
[INFO] [stdout]                                at /rustc/90b35a6239c3d8bdabc530a6a0816f7ff89a0aaf/library/std/src/panicking.rs:674:13
[INFO] [stdout]   15:     0x5a14f25c4199 - std::sys::backtrace::__rust_end_short_backtrace::h6208cedc1922feda
[INFO] [stdout]                                at /rustc/90b35a6239c3d8bdabc530a6a0816f7ff89a0aaf/library/std/src/sys/backtrace.rs:170:18
[INFO] [stdout]   16:     0x5a14f25c520c - rust_begin_unwind
[INFO] [stdout]                                at /rustc/90b35a6239c3d8bdabc530a6a0816f7ff89a0aaf/library/std/src/panicking.rs:665:5
[INFO] [stdout]   17:     0x5a14f2552a50 - core::panicking::panic_fmt::h0c3082644d1bf418
[INFO] [stdout]                                at /rustc/90b35a6239c3d8bdabc530a6a0816f7ff89a0aaf/library/core/src/panicking.rs:74:14
[INFO] [stdout]   18:     0x5a14f2552df6 - core::result::unwrap_failed::hd20b4aa073bda1e2
[INFO] [stdout]                                at /rustc/90b35a6239c3d8bdabc530a6a0816f7ff89a0aaf/library/core/src/result.rs:1700:5
[INFO] [stdout]   19:     0x5a14f25978ca - core::result::Result<T,E>::expect::hf65b9d293fccf940
[INFO] [stdout]                                at /rustc/90b35a6239c3d8bdabc530a6a0816f7ff89a0aaf/library/core/src/result.rs:1061:23
[INFO] [stdout]   20:     0x5a14f2598318 - rs_lib::c_lib::CProject::new::h0edffaf3e4707211
[INFO] [stdout]                                at /opt/rustwide/workdir/src/c_lib.rs:25:28
[INFO] [stdout]   21:     0x5a14f2553990 - test2::test4::h368f36d07d4d7df9
[INFO] [stdout]                                at /opt/rustwide/workdir/tests/test2.rs:27:18
[INFO] [stdout]   22:     0x5a14f2553967 - test2::test4::{{closure}}::h4f8e56d6ecb42613
[INFO] [stdout]                                at /opt/rustwide/workdir/tests/test2.rs:26:11
[INFO] [stdout]   23:     0x5a14f2553466 - core::ops::function::FnOnce::call_once::he481ac21792536f7
[INFO] [stdout]                                at /rustc/90b35a6239c3d8bdabc530a6a0816f7ff89a0aaf/library/core/src/ops/function.rs:250:5
[INFO] [stdout]   24:     0x5a14f259076b - core::ops::function::FnOnce::call_once::h109cf8051a59b34e
[INFO] [stdout]                                at /rustc/90b35a6239c3d8bdabc530a6a0816f7ff89a0aaf/library/core/src/ops/function.rs:250:5
[INFO] [stdout]   25:     0x5a14f259076b - test::__rust_begin_short_backtrace::hf4fff89d377446ba
[INFO] [stdout]                                at /rustc/90b35a6239c3d8bdabc530a6a0816f7ff89a0aaf/library/test/src/lib.rs:621:18
[INFO] [stdout]   26:     0x5a14f258ffa7 - test::run_test_in_process::{{closure}}::h0e39181dd7ee5a43
[INFO] [stdout]                                at /rustc/90b35a6239c3d8bdabc530a6a0816f7ff89a0aaf/library/test/src/lib.rs:644:60
[INFO] [stdout]   27:     0x5a14f258ffa7 - <core::panic::unwind_safe::AssertUnwindSafe<F> as core::ops::function::FnOnce<()>>::call_once::hc5a66a30f0bdfd1f
[INFO] [stdout]                                at /rustc/90b35a6239c3d8bdabc530a6a0816f7ff89a0aaf/library/core/src/panic/unwind_safe.rs:272:9
[INFO] [stdout]   28:     0x5a14f258ffa7 - std::panicking::try::do_call::h873b7cf639554a5e
[INFO] [stdout]                                at /rustc/90b35a6239c3d8bdabc530a6a0816f7ff89a0aaf/library/std/src/panicking.rs:557:40
[INFO] [stdout]   29:     0x5a14f258ffa7 - std::panicking::try::hdb19862fad9c8bd1
[INFO] [stdout]                                at /rustc/90b35a6239c3d8bdabc530a6a0816f7ff89a0aaf/library/std/src/panicking.rs:520:19
[INFO] [stdout]   30:     0x5a14f258ffa7 - std::panic::catch_unwind::h281fe732d236d260
[INFO] [stdout]                                at /rustc/90b35a6239c3d8bdabc530a6a0816f7ff89a0aaf/library/std/src/panic.rs:358:14
[INFO] [stdout]   31:     0x5a14f258ffa7 - test::run_test_in_process::h949b6df8457ed338
[INFO] [stdout]                                at /rustc/90b35a6239c3d8bdabc530a6a0816f7ff89a0aaf/library/test/src/lib.rs:644:27
[INFO] [stdout]   32:     0x5a14f258ffa7 - test::run_test::{{closure}}::h52c556a6d4740e10
[INFO] [stdout]                                at /rustc/90b35a6239c3d8bdabc530a6a0816f7ff89a0aaf/library/test/src/lib.rs:565:43
[INFO] [stdout]   33:     0x5a14f2555284 - test::run_test::{{closure}}::h4237f6381c45ccb9
[INFO] [stdout]                                at /rustc/90b35a6239c3d8bdabc530a6a0816f7ff89a0aaf/library/test/src/lib.rs:595:41
[INFO] [stdout]   34:     0x5a14f2555284 - std::sys::backtrace::__rust_begin_short_backtrace::h505c97a579eca628
[INFO] [stdout]                                at /rustc/90b35a6239c3d8bdabc530a6a0816f7ff89a0aaf/library/std/src/sys/backtrace.rs:154:18
[INFO] [stdout]   35:     0x5a14f255894e - std::thread::Builder::spawn_unchecked_::{{closure}}::{{closure}}::h9e86b2e2bc107ea3
[INFO] [stdout]                                at /rustc/90b35a6239c3d8bdabc530a6a0816f7ff89a0aaf/library/std/src/thread/mod.rs:538:17
[INFO] [stdout]   36:     0x5a14f255894e - <core::panic::unwind_safe::AssertUnwindSafe<F> as core::ops::function::FnOnce<()>>::call_once::h8b06ddb275ff4a25
[INFO] [stdout]                                at /rustc/90b35a6239c3d8bdabc530a6a0816f7ff89a0aaf/library/core/src/panic/unwind_safe.rs:272:9
[INFO] [stdout]   37:     0x5a14f255894e - std::panicking::try::do_call::hb26ecd7cd9a9355d
[INFO] [stdout]                                at /rustc/90b35a6239c3d8bdabc530a6a0816f7ff89a0aaf/library/std/src/panicking.rs:557:40
[INFO] [stdout]   38:     0x5a14f255894e - std::panicking::try::h8ddeca9d705f9069
[INFO] [stdout]                                at /rustc/90b35a6239c3d8bdabc530a6a0816f7ff89a0aaf/library/std/src/panicking.rs:520:19
[INFO] [stdout]   39:     0x5a14f255894e - std::panic::catch_unwind::h49e1c33078844c46
[INFO] [stdout]                                at /rustc/90b35a6239c3d8bdabc530a6a0816f7ff89a0aaf/library/std/src/panic.rs:358:14
[INFO] [stdout]   40:     0x5a14f255894e - std::thread::Builder::spawn_unchecked_::{{closure}}::h6073db6ff56ad35d
[INFO] [stdout]                                at /rustc/90b35a6239c3d8bdabc530a6a0816f7ff89a0aaf/library/std/src/thread/mod.rs:537:30
[INFO] [stdout]   41:     0x5a14f255894e - core::ops::function::FnOnce::call_once{{vtable.shim}}::h2c5a5f3779c774f1
[INFO] [stdout]                                at /rustc/90b35a6239c3d8bdabc530a6a0816f7ff89a0aaf/library/core/src/ops/function.rs:250:5
[INFO] [stdout]   42:     0x5a14f25c950b - <alloc::boxed::Box<F,A> as core::ops::function::FnOnce<Args>>::call_once::hf75717d9f28faebf
[INFO] [stdout]                                at /rustc/90b35a6239c3d8bdabc530a6a0816f7ff89a0aaf/library/alloc/src/boxed.rs:2454:9
[INFO] [stdout]   43:     0x5a14f25c950b - <alloc::boxed::Box<F,A> as core::ops::function::FnOnce<Args>>::call_once::h7bd883a5f3c5f3c1
[INFO] [stdout]                                at /rustc/90b35a6239c3d8bdabc530a6a0816f7ff89a0aaf/library/alloc/src/boxed.rs:2454:9
[INFO] [stdout]   44:     0x5a14f25c950b - std::sys::pal::unix::thread::Thread::new::thread_start::hcc78f3943333fa94
[INFO] [stdout]                                at /rustc/90b35a6239c3d8bdabc530a6a0816f7ff89a0aaf/library/std/src/sys/pal/unix/thread.rs:105:17
[INFO] [stdout]   45:     0x7d50098b7ac3 - <unknown>
[INFO] [stdout]   46:     0x7d5009948a04 - clone
[INFO] [stdout]   47:                0x0 - <unknown>
[INFO] [stdout] 
[INFO] [stdout] 
[INFO] [stdout] failures:
[INFO] [stdout]     test4
[INFO] [stdout] 
[INFO] [stdout] test result: FAILED. 2 passed; 1 failed; 0 ignored; 0 measured; 0 filtered out; finished in 0.04s
[INFO] [stdout] 
[INFO] running `Command { std: "docker" "inspect" "319b12f6e738dc8d0b4f9059d30f338a9e42ffb929637ffd2208300854e20af7", kill_on_drop: false }`
[INFO] running `Command { std: "docker" "rm" "-f" "319b12f6e738dc8d0b4f9059d30f338a9e42ffb929637ffd2208300854e20af7", kill_on_drop: false }`
[INFO] [stdout] 319b12f6e738dc8d0b4f9059d30f338a9e42ffb929637ffd2208300854e20af7
