[INFO] cloning repository https://github.com/go-numb/auto-mv
[INFO] running `Command { std: "git" "-c" "credential.helper=" "-c" "credential.helper=/workspace/cargo-home/bin/git-credential-null" "clone" "--bare" "https://github.com/go-numb/auto-mv" "/workspace/cache/git-repos/https%3A%2F%2Fgithub.com%2Fgo-numb%2Fauto-mv", kill_on_drop: false }`
[INFO] [stderr] Cloning into bare repository '/workspace/cache/git-repos/https%3A%2F%2Fgithub.com%2Fgo-numb%2Fauto-mv'...
[INFO] running `Command { std: "git" "rev-parse" "HEAD", kill_on_drop: false }`
[INFO] [stdout] 927ba6869f545c69a06382dba19320e34260c679
[INFO] testing go-numb/auto-mv against 1.83.0 for beta-1.84.0-4-retry
[INFO] running `Command { std: "git" "clone" "/workspace/cache/git-repos/https%3A%2F%2Fgithub.com%2Fgo-numb%2Fauto-mv" "/workspace/builds/worker-6-tc1/source", kill_on_drop: false }`
[INFO] [stderr] Cloning into '/workspace/builds/worker-6-tc1/source'...
[INFO] [stderr] done.
[INFO] validating manifest of git repo https://github.com/go-numb/auto-mv on toolchain 1.83.0
[INFO] running `Command { std: CARGO_HOME="/workspace/cargo-home" RUSTUP_HOME="/workspace/rustup-home" "/workspace/cargo-home/bin/cargo" "+1.83.0" "metadata" "--manifest-path" "Cargo.toml" "--no-deps", kill_on_drop: false }`
[INFO] started tweaking git repo https://github.com/go-numb/auto-mv
[INFO] finished tweaking git repo https://github.com/go-numb/auto-mv
[INFO] tweaked toml for git repo https://github.com/go-numb/auto-mv written to /workspace/builds/worker-6-tc1/source/Cargo.toml
[INFO] crate git repo https://github.com/go-numb/auto-mv already has a lockfile, it will not be regenerated
[INFO] running `Command { std: CARGO_HOME="/workspace/cargo-home" RUSTUP_HOME="/workspace/rustup-home" "/workspace/cargo-home/bin/cargo" "+1.83.0" "fetch" "--manifest-path" "Cargo.toml", kill_on_drop: false }`
[INFO] [stderr]     Updating crates.io index
[INFO] [stderr]  Downloading crates ...
[INFO] [stderr]   Downloaded gauth v0.8.0
[INFO] [stderr]   Downloaded protoc v2.28.0
[INFO] running `Command { std: "docker" "create" "-v" "/var/lib/crater-agent-workspace/builds/worker-6-tc1/target:/opt/rustwide/target:rw,Z" "-v" "/var/lib/crater-agent-workspace/builds/worker-6-tc1/source:/opt/rustwide/workdir:ro,Z" "-v" "/var/lib/crater-agent-workspace/cargo-home:/opt/rustwide/cargo-home:ro,Z" "-v" "/var/lib/crater-agent-workspace/rustup-home:/opt/rustwide/rustup-home:ro,Z" "-e" "SOURCE_DIR=/opt/rustwide/workdir" "-e" "CARGO_TARGET_DIR=/opt/rustwide/target" "-e" "CARGO_HOME=/opt/rustwide/cargo-home" "-e" "RUSTUP_HOME=/opt/rustwide/rustup-home" "-w" "/opt/rustwide/workdir" "-m" "1610612736" "--user" "0:0" "--network" "none" "ghcr.io/rust-lang/crates-build-env/linux@sha256:f3a9d4ad9d972b27faf3965f35b62e55ba32bbce8f20bc8fe909558a86702fde" "/opt/rustwide/cargo-home/bin/cargo" "+1.83.0" "metadata" "--no-deps" "--format-version=1", kill_on_drop: false }`
[INFO] [stdout] d685f7796d4905f0d19ac5bdb31327716dec5615b025af0461192e5c40b1545a
[INFO] running `Command { std: "docker" "start" "-a" "d685f7796d4905f0d19ac5bdb31327716dec5615b025af0461192e5c40b1545a", kill_on_drop: false }`
[INFO] running `Command { std: "docker" "inspect" "d685f7796d4905f0d19ac5bdb31327716dec5615b025af0461192e5c40b1545a", kill_on_drop: false }`
[INFO] running `Command { std: "docker" "rm" "-f" "d685f7796d4905f0d19ac5bdb31327716dec5615b025af0461192e5c40b1545a", kill_on_drop: false }`
[INFO] [stdout] d685f7796d4905f0d19ac5bdb31327716dec5615b025af0461192e5c40b1545a
[INFO] running `Command { std: "docker" "create" "-v" "/var/lib/crater-agent-workspace/builds/worker-6-tc1/target:/opt/rustwide/target:rw,Z" "-v" "/var/lib/crater-agent-workspace/builds/worker-6-tc1/source:/opt/rustwide/workdir:ro,Z" "-v" "/var/lib/crater-agent-workspace/cargo-home:/opt/rustwide/cargo-home:ro,Z" "-v" "/var/lib/crater-agent-workspace/rustup-home:/opt/rustwide/rustup-home:ro,Z" "-e" "SOURCE_DIR=/opt/rustwide/workdir" "-e" "CARGO_TARGET_DIR=/opt/rustwide/target" "-e" "CARGO_INCREMENTAL=0" "-e" "RUST_BACKTRACE=full" "-e" "RUSTFLAGS=--cap-lints=warn" "-e" "RUSTDOCFLAGS=--cap-lints=warn" "-e" "CARGO_HOME=/opt/rustwide/cargo-home" "-e" "RUSTUP_HOME=/opt/rustwide/rustup-home" "-w" "/opt/rustwide/workdir" "-m" "1610612736" "--user" "0:0" "--network" "none" "ghcr.io/rust-lang/crates-build-env/linux@sha256:f3a9d4ad9d972b27faf3965f35b62e55ba32bbce8f20bc8fe909558a86702fde" "/opt/rustwide/cargo-home/bin/cargo" "+1.83.0" "build" "--frozen" "--message-format=json", kill_on_drop: false }`
[INFO] [stdout] 9b0ed7fd8956e12bbf5cb56feb0ab28bebb634f181a3fc258dfb4c164ff14985
[INFO] running `Command { std: "docker" "start" "-a" "9b0ed7fd8956e12bbf5cb56feb0ab28bebb634f181a3fc258dfb4c164ff14985", kill_on_drop: false }`
[INFO] [stderr]    Compiling proc-macro2 v1.0.87
[INFO] [stderr]    Compiling unicode-ident v1.0.13
[INFO] [stderr]    Compiling libc v0.2.159
[INFO] [stderr]    Compiling autocfg v1.4.0
[INFO] [stderr]    Compiling bytes v1.7.2
[INFO] [stderr]    Compiling pin-project-lite v0.2.14
[INFO] [stderr]    Compiling futures-core v0.3.31
[INFO] [stderr]    Compiling itoa v1.0.11
[INFO] [stderr]    Compiling parking_lot_core v0.9.10
[INFO] [stderr]    Compiling once_cell v1.20.2
[INFO] [stderr]    Compiling smallvec v1.13.2
[INFO] [stderr]    Compiling fnv v1.0.7
[INFO] [stderr]    Compiling scopeguard v1.2.0
[INFO] [stderr]    Compiling pin-utils v0.1.0
[INFO] [stderr]    Compiling futures-task v0.3.31
[INFO] [stderr]    Compiling shlex v1.3.0
[INFO] [stderr]    Compiling tracing-core v0.1.32
[INFO] [stderr]    Compiling futures-sink v0.3.31
[INFO] [stderr]    Compiling lock_api v0.4.12
[INFO] [stderr]    Compiling cc v1.1.29
[INFO] [stderr]    Compiling futures-util v0.3.31
[INFO] [stderr]    Compiling slab v0.4.9
[INFO] [stderr]    Compiling equivalent v1.0.1
[INFO] [stderr]    Compiling vcpkg v0.2.15
[INFO] [stderr]    Compiling quote v1.0.37
[INFO] [stderr]    Compiling tower-service v0.3.3
[INFO] [stderr]    Compiling hashbrown v0.15.0
[INFO] [stderr]    Compiling pkg-config v0.3.31
[INFO] [stderr]    Compiling syn v2.0.79
[INFO] [stderr]    Compiling mio v1.0.2
[INFO] [stderr]    Compiling parking_lot v0.12.3
[INFO] [stderr]    Compiling signal-hook-registry v1.4.2
[INFO] [stderr]    Compiling socket2 v0.5.7
[INFO] [stderr]    Compiling indexmap v2.6.0
[INFO] [stderr]    Compiling httparse v1.9.5
[INFO] [stderr]    Compiling openssl-sys v0.9.103
[INFO] [stderr]    Compiling memchr v2.7.4
[INFO] [stderr]    Compiling http v1.1.0
[INFO] [stderr]    Compiling try-lock v0.2.5
[INFO] [stderr]    Compiling anyhow v1.0.89
[INFO] [stderr]    Compiling bitflags v2.6.0
[INFO] [stderr]    Compiling want v0.3.1
[INFO] [stderr]    Compiling futures-channel v0.3.31
[INFO] [stderr]    Compiling serde v1.0.210
[INFO] [stderr]    Compiling httpdate v1.0.3
[INFO] [stderr]    Compiling either v1.13.0
[INFO] [stderr]    Compiling log v0.4.22
[INFO] [stderr]    Compiling http-body v1.0.1
[INFO] [stderr]    Compiling percent-encoding v2.3.1
[INFO] [stderr]    Compiling foreign-types-shared v0.1.1
[INFO] [stderr]    Compiling openssl v0.10.66
[INFO] [stderr]    Compiling foreign-types v0.3.2
[INFO] [stderr]    Compiling http v0.2.12
[INFO] [stderr]    Compiling tinyvec_macros v0.1.1
[INFO] [stderr]    Compiling native-tls v0.2.12
[INFO] [stderr]    Compiling byteorder v1.5.0
[INFO] [stderr]    Compiling tinyvec v1.8.0
[INFO] [stderr]    Compiling getrandom v0.2.15
[INFO] [stderr]    Compiling openssl-probe v0.1.5
[INFO] [stderr]    Compiling syn v1.0.109
[INFO] [stderr]    Compiling sync_wrapper v0.1.2
[INFO] [stderr]    Compiling atomic-waker v1.1.2
[INFO] [stderr]    Compiling mime v0.3.17
[INFO] [stderr]    Compiling rustversion v1.0.17
[INFO] [stderr]    Compiling tower-layer v0.3.3
[INFO] [stderr]    Compiling rand_core v0.6.4
[INFO] [stderr]    Compiling form_urlencoded v1.2.1
[INFO] [stderr]    Compiling aho-corasick v1.1.3
[INFO] [stderr]    Compiling indexmap v1.9.3
[INFO] [stderr]    Compiling num-traits v0.2.19
[INFO] [stderr]    Compiling http-body v0.4.6
[INFO] [stderr]    Compiling unicode-normalization v0.1.24
[INFO] [stderr]    Compiling regex-syntax v0.8.5
[INFO] [stderr]    Compiling rustix v0.38.37
[INFO] [stderr]    Compiling serde_json v1.0.128
[INFO] [stderr]    Compiling unicode-bidi v0.3.17
[INFO] [stderr]    Compiling ryu v1.0.18
[INFO] [stderr]    Compiling itertools v0.13.0
[INFO] [stderr]    Compiling idna v0.5.0
[INFO] [stderr]    Compiling itertools v0.10.5
[INFO] [stderr]    Compiling http-body-util v0.1.2
[INFO] [stderr]    Compiling regex-automata v0.4.8
[INFO] [stderr]    Compiling ring v0.16.20
[INFO] [stderr]    Compiling option-ext v0.2.0
[INFO] [stderr]    Compiling sync_wrapper v1.0.1
[INFO] [stderr]    Compiling utf8parse v0.2.2
[INFO] [stderr]    Compiling base64 v0.21.7
[INFO] [stderr]    Compiling linux-raw-sys v0.4.14
[INFO] [stderr]    Compiling thiserror v1.0.64
[INFO] [stderr]    Compiling hashbrown v0.12.3
[INFO] [stderr]    Compiling rustls-pemfile v1.0.4
[INFO] [stderr]    Compiling anstyle-parse v0.2.5
[INFO] [stderr]    Compiling dirs-sys v0.4.1
[INFO] [stderr]    Compiling url v2.5.2
[INFO] [stderr]    Compiling tokio-macros v2.4.0
[INFO] [stderr]    Compiling tracing-attributes v0.1.27
[INFO] [stderr]    Compiling serde_derive v1.0.210
[INFO] [stderr]    Compiling openssl-macros v0.1.1
[INFO] [stderr]    Compiling zerocopy-derive v0.7.35
[INFO] [stderr]    Compiling tokio v1.40.0
[INFO] [stderr]    Compiling async-trait v0.1.83
[INFO] [stderr]    Compiling tracing v0.1.40
[INFO] [stderr]    Compiling pin-project-internal v1.1.6
[INFO] [stderr]    Compiling zerocopy v0.7.35
[INFO] [stderr]    Compiling regex v1.11.0
[INFO] [stderr]    Compiling axum-core v0.4.5
[INFO] [stderr]    Compiling ppv-lite86 v0.2.20
[INFO] [stderr]    Compiling rand_chacha v0.3.1
[INFO] [stderr]    Compiling prost-derive v0.11.9
[INFO] [stderr]    Compiling pin-project v1.1.6
[INFO] [stderr]    Compiling rand v0.8.5
[INFO] [stderr]    Compiling async-stream-impl v0.3.6
[INFO] [stderr]    Compiling prost-derive v0.13.3
[INFO] [stderr]    Compiling thiserror-impl v1.0.64
[INFO] [stderr]    Compiling tower v0.5.1
[INFO] [stderr]    Compiling encoding_rs v0.8.34
[INFO] [stderr]    Compiling colorchoice v1.0.2
[INFO] [stderr]    Compiling matchit v0.7.3
[INFO] [stderr]    Compiling is_terminal_polyfill v1.70.1
[INFO] [stderr]    Compiling anstyle-query v1.1.1
[INFO] [stderr]    Compiling untrusted v0.7.1
[INFO] [stderr]    Compiling spin v0.5.2
[INFO] [stderr]    Compiling home v0.5.9
[INFO] [stderr]    Compiling ipnet v2.10.1
[INFO] [stderr]    Compiling anstyle v1.0.8
[INFO] [stderr]    Compiling iana-time-zone v0.1.61
[INFO] [stderr]    Compiling prost v0.13.3
[INFO] [stderr]    Compiling anstream v0.6.15
[INFO] [stderr]    Compiling chrono v0.4.38
[INFO] [stderr]    Compiling tokio-util v0.7.12
[INFO] [stderr]    Compiling tokio-native-tls v0.3.1
[INFO] [stderr]    Compiling tokio-stream v0.1.16
[INFO] [stderr]    Compiling which v4.4.2
[INFO] [stderr]    Compiling prost v0.11.9
[INFO] [stderr]    Compiling async-stream v0.3.6
[INFO] [stderr]    Compiling env_filter v0.1.2
[INFO] [stderr]    Compiling h2 v0.4.6
[INFO] [stderr]    Compiling h2 v0.3.26
[INFO] [stderr]    Compiling tower v0.4.13
[INFO] [stderr]    Compiling dirs v5.0.1
[INFO] [stderr]    Compiling humantime v2.1.0
[INFO] [stderr]    Compiling serde_urlencoded v0.7.1
[INFO] [stderr]    Compiling axum v0.7.7
[INFO] [stderr]    Compiling base64 v0.22.1
[INFO] [stderr]    Compiling env_logger v0.11.5
[INFO] [stderr]    Compiling prost-types v0.11.9
[INFO] [stderr]    Compiling protoc v2.28.0
[INFO] [stderr]    Compiling dotenv v0.15.0
[INFO] [stderr]    Compiling hyper v0.14.30
[INFO] [stderr]    Compiling hyper v1.4.1
[INFO] [stderr]    Compiling hyper-util v0.1.9
[INFO] [stderr]    Compiling hyper-tls v0.5.0
[INFO] [stderr]    Compiling reqwest v0.11.27
[INFO] [stderr]    Compiling hyper-timeout v0.5.1
[INFO] [stderr]    Compiling tonic v0.12.3
[INFO] [stderr]    Compiling gauth v0.8.0
[INFO] [stderr]    Compiling auto-mv v0.1.0 (/opt/rustwide/workdir)
[INFO] [stdout] warning: unused variable: `i`
[INFO] [stdout]    --> src/main.rs:175:14
[INFO] [stdout]     |
[INFO] [stdout] 175 |         for (i, script) in slides.iter().enumerate() {
[INFO] [stdout]     |              ^ help: if this is intentional, prefix it with an underscore: `_i`
[INFO] [stdout]     |
[INFO] [stdout]     = note: `#[warn(unused_variables)]` on by default
[INFO] [stdout] 
[INFO] [stdout] 
[INFO] [stdout] warning: unused variable: `script`
[INFO] [stdout]    --> src/main.rs:175:17
[INFO] [stdout]     |
[INFO] [stdout] 175 |         for (i, script) in slides.iter().enumerate() {
[INFO] [stdout]     |                 ^^^^^^ help: if this is intentional, prefix it with an underscore: `_script`
[INFO] [stdout] 
[INFO] [stdout] 
[INFO] [stdout] warning: variable does not need to be mutable
[INFO] [stdout]   --> src/main.rs:38:9
[INFO] [stdout]    |
[INFO] [stdout] 38 |     let mut slides: Vec<SlideImage> = Vec::new();
[INFO] [stdout]    |         ----^^^^^^
[INFO] [stdout]    |         |
[INFO] [stdout]    |         help: remove this `mut`
[INFO] [stdout]    |
[INFO] [stdout]    = note: `#[warn(unused_mut)]` on by default
[INFO] [stdout] 
[INFO] [stdout] 
[INFO] [stdout] warning: function `crop` is never used
[INFO] [stdout]    --> src/ffmpeg/command.rs:265:8
[INFO] [stdout]     |
[INFO] [stdout] 265 | pub fn crop(
[INFO] [stdout]     |        ^^^^
[INFO] [stdout]     |
[INFO] [stdout]     = note: `#[warn(dead_code)]` on by default
[INFO] [stdout] 
[INFO] [stdout] 
[INFO] [stdout] warning: field `id` is never read
[INFO] [stdout]  --> src/models/ass_subtitle.rs:6:9
[INFO] [stdout]   |
[INFO] [stdout] 5 | pub struct Subtitle {
[INFO] [stdout]   |            -------- field in this struct
[INFO] [stdout] 6 |     pub id: i32,
[INFO] [stdout]   |         ^^
[INFO] [stdout] 
[INFO] [stdout] 
[INFO] [stdout] warning: field `outline_color` is never read
[INFO] [stdout]   --> src/models/ass_subtitle.rs:64:9
[INFO] [stdout]    |
[INFO] [stdout] 59 | pub struct Style {
[INFO] [stdout]    |            ----- field in this struct
[INFO] [stdout] ...
[INFO] [stdout] 64 |     pub outline_color: Color,
[INFO] [stdout]    |         ^^^^^^^^^^^^^
[INFO] [stdout] 
[INFO] [stdout] 
[INFO] [stdout] warning: associated function `default` is never used
[INFO] [stdout]   --> src/models/ass_subtitle.rs:85:12
[INFO] [stdout]    |
[INFO] [stdout] 84 | impl Style {
[INFO] [stdout]    | ---------- associated function in this implementation
[INFO] [stdout] 85 |     pub fn default() -> Self {
[INFO] [stdout]    |            ^^^^^^^
[INFO] [stdout] 
[INFO] [stdout] 
[INFO] [stdout] warning: associated function `new` is never used
[INFO] [stdout]    --> src/models/ass_subtitle.rs:204:12
[INFO] [stdout]     |
[INFO] [stdout] 203 | impl StyleType {
[INFO] [stdout]     | -------------- associated function in this implementation
[INFO] [stdout] 204 |     pub fn new() -> Self {
[INFO] [stdout]     |            ^^^
[INFO] [stdout] 
[INFO] [stdout] 
[INFO] [stdout] warning: fields `id`, `start_time`, `end_time`, `image_path`, and `display_options` are never read
[INFO] [stdout]   --> src/models/slide.rs:6:9
[INFO] [stdout]    |
[INFO] [stdout] 5  | pub struct SlideImage {
[INFO] [stdout]    |            ---------- fields in this struct
[INFO] [stdout] 6  |     pub id: i32,
[INFO] [stdout]    |         ^^
[INFO] [stdout] 7  |     /// 画像表示の開始時間
[INFO] [stdout] 8  |     pub start_time: Duration,
[INFO] [stdout]    |         ^^^^^^^^^^
[INFO] [stdout] 9  |     /// 画像表示の終了時間
[INFO] [stdout] 10 |     pub end_time: Duration,
[INFO] [stdout]    |         ^^^^^^^^
[INFO] [stdout] 11 |     /// 画像のファイルパス（またはURL）
[INFO] [stdout] 12 |     pub image_path: String,
[INFO] [stdout]    |         ^^^^^^^^^^
[INFO] [stdout] 13 |     /// 画像の表示位置やサイズのオプション（オプション）
[INFO] [stdout] 14 |     pub display_options: Option<ImageDisplayOptions>,
[INFO] [stdout]    |         ^^^^^^^^^^^^^^^
[INFO] [stdout]    |
[INFO] [stdout]    = note: `SlideImage` has derived impls for the traits `Clone` and `Debug`, but these are intentionally ignored during dead code analysis
[INFO] [stdout] 
[INFO] [stdout] 
[INFO] [stdout] warning: fields `x_pos`, `y_pos`, `width`, and `height` are never read
[INFO] [stdout]   --> src/models/slide.rs:21:9
[INFO] [stdout]    |
[INFO] [stdout] 19 | pub struct ImageDisplayOptions {
[INFO] [stdout]    |            ------------------- fields in this struct
[INFO] [stdout] 20 |     /// 表示するX座標（左上を基準）
[INFO] [stdout] 21 |     pub x_pos: u32,
[INFO] [stdout]    |         ^^^^^
[INFO] [stdout] 22 |     /// 表示するY座標（左上を基準）
[INFO] [stdout] 23 |     pub y_pos: u32,
[INFO] [stdout]    |         ^^^^^
[INFO] [stdout] 24 |     /// 画像の幅
[INFO] [stdout] 25 |     pub width: u32,
[INFO] [stdout]    |         ^^^^^
[INFO] [stdout] 26 |     /// 画像の高さ
[INFO] [stdout] 27 |     pub height: u32,
[INFO] [stdout]    |         ^^^^^^
[INFO] [stdout]    |
[INFO] [stdout]    = note: `ImageDisplayOptions` has derived impls for the traits `Clone` and `Debug`, but these are intentionally ignored during dead code analysis
[INFO] [stdout] 
[INFO] [stdout] 
[INFO] [stdout] warning: field `style` is never read
[INFO] [stdout]   --> src/models/subtitle.rs:10:9
[INFO] [stdout]    |
[INFO] [stdout] 5  | pub struct Subtitle {
[INFO] [stdout]    |            -------- field in this struct
[INFO] [stdout] ...
[INFO] [stdout] 10 |     pub style: Option<Style>,
[INFO] [stdout]    |         ^^^^^
[INFO] [stdout] 
[INFO] [stdout] 
[INFO] [stdout] warning: multiple fields are never read
[INFO] [stdout]   --> src/models/subtitle.rs:44:9
[INFO] [stdout]    |
[INFO] [stdout] 43 | pub struct Style {
[INFO] [stdout]    |            ----- fields in this struct
[INFO] [stdout] 44 |     pub font_family: String,
[INFO] [stdout]    |         ^^^^^^^^^^^
[INFO] [stdout] 45 |     pub font_size: u32,
[INFO] [stdout]    |         ^^^^^^^^^
[INFO] [stdout] 46 |     pub font_color: Color,
[INFO] [stdout]    |         ^^^^^^^^^^
[INFO] [stdout] 47 |     pub font_alpha: u8,
[INFO] [stdout]    |         ^^^^^^^^^^
[INFO] [stdout] 48 |
[INFO] [stdout] 49 |     pub border_style: u32,
[INFO] [stdout]    |         ^^^^^^^^^^^^
[INFO] [stdout] 50 |     pub border_color: Color,
[INFO] [stdout]    |         ^^^^^^^^^^^^
[INFO] [stdout] 51 |     pub border_alpha: u8,
[INFO] [stdout]    |         ^^^^^^^^^^^^
[INFO] [stdout] 52 |
[INFO] [stdout] 53 |     pub outline_style: u32,
[INFO] [stdout]    |         ^^^^^^^^^^^^^
[INFO] [stdout] 54 |     pub shadow_style: u32,
[INFO] [stdout]    |         ^^^^^^^^^^^^
[INFO] [stdout] 55 |
[INFO] [stdout] 56 |     pub background_color: Color,
[INFO] [stdout]    |         ^^^^^^^^^^^^^^^^
[INFO] [stdout] 57 |     pub background_alpha: u8,
[INFO] [stdout]    |         ^^^^^^^^^^^^^^^^
[INFO] [stdout] 58 |
[INFO] [stdout] 59 |     pub x1: u32,
[INFO] [stdout]    |         ^^
[INFO] [stdout] 60 |     pub y1: u32,
[INFO] [stdout]    |         ^^
[INFO] [stdout] 61 |     pub x2: u32,
[INFO] [stdout]    |         ^^
[INFO] [stdout] 62 |     pub y2: u32,
[INFO] [stdout]    |         ^^
[INFO] [stdout] 
[INFO] [stdout] 
[INFO] [stdout] warning: method `to_style` is never used
[INFO] [stdout]   --> src/models/subtitle.rs:67:12
[INFO] [stdout]    |
[INFO] [stdout] 65 | impl Style {
[INFO] [stdout]    | ---------- method in this implementation
[INFO] [stdout] 66 |     /// Generate the style string for passing to ffmpeg's force_style option
[INFO] [stdout] 67 |     pub fn to_style(&self) -> String {
[INFO] [stdout]    |            ^^^^^^^^
[INFO] [stdout] 
[INFO] [stdout] 
[INFO] [stdout] warning: multiple variants are never constructed
[INFO] [stdout]   --> src/models/subtitle.rs:86:5
[INFO] [stdout]    |
[INFO] [stdout] 85 | pub enum Color {
[INFO] [stdout]    |          ----- variants in this enum
[INFO] [stdout] 86 |     Red,
[INFO] [stdout]    |     ^^^
[INFO] [stdout] 87 |     Green,
[INFO] [stdout]    |     ^^^^^
[INFO] [stdout] 88 |     Blue,
[INFO] [stdout]    |     ^^^^
[INFO] [stdout] 89 |     Yellow,
[INFO] [stdout]    |     ^^^^^^
[INFO] [stdout] 90 |     Orange,
[INFO] [stdout]    |     ^^^^^^
[INFO] [stdout] 91 |     Cyan,
[INFO] [stdout]    |     ^^^^
[INFO] [stdout] 92 |     Magenta,
[INFO] [stdout]    |     ^^^^^^^
[INFO] [stdout] 93 |     White,
[INFO] [stdout]    |     ^^^^^
[INFO] [stdout] 94 |     Brown,
[INFO] [stdout]    |     ^^^^^
[INFO] [stdout] 95 |     Gray,
[INFO] [stdout]    |     ^^^^
[INFO] [stdout] 96 |
[INFO] [stdout] 97 |     Black,
[INFO] [stdout]    |     ^^^^^
[INFO] [stdout] 
[INFO] [stdout] 
[INFO] [stdout] warning: method `to_string` is never used
[INFO] [stdout]    --> src/models/subtitle.rs:120:12
[INFO] [stdout]     |
[INFO] [stdout] 119 | impl Color {
[INFO] [stdout]     | ---------- method in this implementation
[INFO] [stdout] 120 |     pub fn to_string(&self, alpha: u8) -> String {
[INFO] [stdout]     |            ^^^^^^^^^
[INFO] [stdout] 
[INFO] [stdout] 
[INFO] [stderr]     Finished `dev` profile [unoptimized + debuginfo] target(s) in 2m 33s
[INFO] running `Command { std: "docker" "inspect" "9b0ed7fd8956e12bbf5cb56feb0ab28bebb634f181a3fc258dfb4c164ff14985", kill_on_drop: false }`
[INFO] running `Command { std: "docker" "rm" "-f" "9b0ed7fd8956e12bbf5cb56feb0ab28bebb634f181a3fc258dfb4c164ff14985", kill_on_drop: false }`
[INFO] [stdout] 9b0ed7fd8956e12bbf5cb56feb0ab28bebb634f181a3fc258dfb4c164ff14985
[INFO] running `Command { std: "docker" "create" "-v" "/var/lib/crater-agent-workspace/builds/worker-6-tc1/target:/opt/rustwide/target:rw,Z" "-v" "/var/lib/crater-agent-workspace/builds/worker-6-tc1/source:/opt/rustwide/workdir:ro,Z" "-v" "/var/lib/crater-agent-workspace/cargo-home:/opt/rustwide/cargo-home:ro,Z" "-v" "/var/lib/crater-agent-workspace/rustup-home:/opt/rustwide/rustup-home:ro,Z" "-e" "SOURCE_DIR=/opt/rustwide/workdir" "-e" "CARGO_TARGET_DIR=/opt/rustwide/target" "-e" "CARGO_INCREMENTAL=0" "-e" "RUST_BACKTRACE=full" "-e" "RUSTFLAGS=--cap-lints=warn" "-e" "RUSTDOCFLAGS=--cap-lints=warn" "-e" "CARGO_HOME=/opt/rustwide/cargo-home" "-e" "RUSTUP_HOME=/opt/rustwide/rustup-home" "-w" "/opt/rustwide/workdir" "-m" "1610612736" "--user" "0:0" "--network" "none" "ghcr.io/rust-lang/crates-build-env/linux@sha256:f3a9d4ad9d972b27faf3965f35b62e55ba32bbce8f20bc8fe909558a86702fde" "/opt/rustwide/cargo-home/bin/cargo" "+1.83.0" "test" "--frozen" "--no-run" "--message-format=json", kill_on_drop: false }`
[INFO] [stdout] 0337214eedc2230c5265ecb628026ea8c112b87b4ad3a993518cbfa0112a48e8
[INFO] running `Command { std: "docker" "start" "-a" "0337214eedc2230c5265ecb628026ea8c112b87b4ad3a993518cbfa0112a48e8", kill_on_drop: false }`
[INFO] [stderr]    Compiling auto-mv v0.1.0 (/opt/rustwide/workdir)
[INFO] [stdout] warning: unused variable: `i`
[INFO] [stdout]    --> src/main.rs:175:14
[INFO] [stdout]     |
[INFO] [stdout] 175 |         for (i, script) in slides.iter().enumerate() {
[INFO] [stdout]     |              ^ help: if this is intentional, prefix it with an underscore: `_i`
[INFO] [stdout]     |
[INFO] [stdout]     = note: `#[warn(unused_variables)]` on by default
[INFO] [stdout] 
[INFO] [stdout] 
[INFO] [stdout] warning: unused variable: `script`
[INFO] [stdout]    --> src/main.rs:175:17
[INFO] [stdout]     |
[INFO] [stdout] 175 |         for (i, script) in slides.iter().enumerate() {
[INFO] [stdout]     |                 ^^^^^^ help: if this is intentional, prefix it with an underscore: `_script`
[INFO] [stdout] 
[INFO] [stdout] 
[INFO] [stdout] warning: variable does not need to be mutable
[INFO] [stdout]   --> src/main.rs:38:9
[INFO] [stdout]    |
[INFO] [stdout] 38 |     let mut slides: Vec<SlideImage> = Vec::new();
[INFO] [stdout]    |         ----^^^^^^
[INFO] [stdout]    |         |
[INFO] [stdout]    |         help: remove this `mut`
[INFO] [stdout]    |
[INFO] [stdout]    = note: `#[warn(unused_mut)]` on by default
[INFO] [stdout] 
[INFO] [stdout] 
[INFO] [stdout] warning: function `crop` is never used
[INFO] [stdout]    --> src/ffmpeg/command.rs:265:8
[INFO] [stdout]     |
[INFO] [stdout] 265 | pub fn crop(
[INFO] [stdout]     |        ^^^^
[INFO] [stdout]     |
[INFO] [stdout]     = note: `#[warn(dead_code)]` on by default
[INFO] [stdout] 
[INFO] [stdout] 
[INFO] [stdout] warning: field `id` is never read
[INFO] [stdout]  --> src/models/ass_subtitle.rs:6:9
[INFO] [stdout]   |
[INFO] [stdout] 5 | pub struct Subtitle {
[INFO] [stdout]   |            -------- field in this struct
[INFO] [stdout] 6 |     pub id: i32,
[INFO] [stdout]   |         ^^
[INFO] [stdout] 
[INFO] [stdout] 
[INFO] [stdout] warning: field `outline_color` is never read
[INFO] [stdout]   --> src/models/ass_subtitle.rs:64:9
[INFO] [stdout]    |
[INFO] [stdout] 59 | pub struct Style {
[INFO] [stdout]    |            ----- field in this struct
[INFO] [stdout] ...
[INFO] [stdout] 64 |     pub outline_color: Color,
[INFO] [stdout]    |         ^^^^^^^^^^^^^
[INFO] [stdout] 
[INFO] [stdout] 
[INFO] [stdout] warning: associated function `default` is never used
[INFO] [stdout]   --> src/models/ass_subtitle.rs:85:12
[INFO] [stdout]    |
[INFO] [stdout] 84 | impl Style {
[INFO] [stdout]    | ---------- associated function in this implementation
[INFO] [stdout] 85 |     pub fn default() -> Self {
[INFO] [stdout]    |            ^^^^^^^
[INFO] [stdout] 
[INFO] [stdout] 
[INFO] [stdout] warning: associated function `new` is never used
[INFO] [stdout]    --> src/models/ass_subtitle.rs:204:12
[INFO] [stdout]     |
[INFO] [stdout] 203 | impl StyleType {
[INFO] [stdout]     | -------------- associated function in this implementation
[INFO] [stdout] 204 |     pub fn new() -> Self {
[INFO] [stdout]     |            ^^^
[INFO] [stdout] 
[INFO] [stdout] 
[INFO] [stdout] warning: fields `id`, `start_time`, `end_time`, `image_path`, and `display_options` are never read
[INFO] [stdout]   --> src/models/slide.rs:6:9
[INFO] [stdout]    |
[INFO] [stdout] 5  | pub struct SlideImage {
[INFO] [stdout]    |            ---------- fields in this struct
[INFO] [stdout] 6  |     pub id: i32,
[INFO] [stdout]    |         ^^
[INFO] [stdout] 7  |     /// 画像表示の開始時間
[INFO] [stdout] 8  |     pub start_time: Duration,
[INFO] [stdout]    |         ^^^^^^^^^^
[INFO] [stdout] 9  |     /// 画像表示の終了時間
[INFO] [stdout] 10 |     pub end_time: Duration,
[INFO] [stdout]    |         ^^^^^^^^
[INFO] [stdout] 11 |     /// 画像のファイルパス（またはURL）
[INFO] [stdout] 12 |     pub image_path: String,
[INFO] [stdout]    |         ^^^^^^^^^^
[INFO] [stdout] 13 |     /// 画像の表示位置やサイズのオプション（オプション）
[INFO] [stdout] 14 |     pub display_options: Option<ImageDisplayOptions>,
[INFO] [stdout]    |         ^^^^^^^^^^^^^^^
[INFO] [stdout]    |
[INFO] [stdout]    = note: `SlideImage` has derived impls for the traits `Clone` and `Debug`, but these are intentionally ignored during dead code analysis
[INFO] [stdout] 
[INFO] [stdout] 
[INFO] [stdout] warning: fields `x_pos`, `y_pos`, `width`, and `height` are never read
[INFO] [stdout]   --> src/models/slide.rs:21:9
[INFO] [stdout]    |
[INFO] [stdout] 19 | pub struct ImageDisplayOptions {
[INFO] [stdout]    |            ------------------- fields in this struct
[INFO] [stdout] 20 |     /// 表示するX座標（左上を基準）
[INFO] [stdout] 21 |     pub x_pos: u32,
[INFO] [stdout]    |         ^^^^^
[INFO] [stdout] 22 |     /// 表示するY座標（左上を基準）
[INFO] [stdout] 23 |     pub y_pos: u32,
[INFO] [stdout]    |         ^^^^^
[INFO] [stdout] 24 |     /// 画像の幅
[INFO] [stdout] 25 |     pub width: u32,
[INFO] [stdout]    |         ^^^^^
[INFO] [stdout] 26 |     /// 画像の高さ
[INFO] [stdout] 27 |     pub height: u32,
[INFO] [stdout]    |         ^^^^^^
[INFO] [stdout]    |
[INFO] [stdout]    = note: `ImageDisplayOptions` has derived impls for the traits `Clone` and `Debug`, but these are intentionally ignored during dead code analysis
[INFO] [stdout] 
[INFO] [stdout] 
[INFO] [stdout] warning: field `style` is never read
[INFO] [stdout]   --> src/models/subtitle.rs:10:9
[INFO] [stdout]    |
[INFO] [stdout] 5  | pub struct Subtitle {
[INFO] [stdout]    |            -------- field in this struct
[INFO] [stdout] ...
[INFO] [stdout] 10 |     pub style: Option<Style>,
[INFO] [stdout]    |         ^^^^^
[INFO] [stdout] 
[INFO] [stdout] 
[INFO] [stdout] warning: fields `x2` and `y2` are never read
[INFO] [stdout]   --> src/models/subtitle.rs:61:9
[INFO] [stdout]    |
[INFO] [stdout] 43 | pub struct Style {
[INFO] [stdout]    |            ----- fields in this struct
[INFO] [stdout] ...
[INFO] [stdout] 61 |     pub x2: u32,
[INFO] [stdout]    |         ^^
[INFO] [stdout] 62 |     pub y2: u32,
[INFO] [stdout]    |         ^^
[INFO] [stdout] 
[INFO] [stdout] 
[INFO] [stderr]     Finished `test` profile [unoptimized + debuginfo] target(s) in 1.83s
[INFO] running `Command { std: "docker" "inspect" "0337214eedc2230c5265ecb628026ea8c112b87b4ad3a993518cbfa0112a48e8", kill_on_drop: false }`
[INFO] running `Command { std: "docker" "rm" "-f" "0337214eedc2230c5265ecb628026ea8c112b87b4ad3a993518cbfa0112a48e8", kill_on_drop: false }`
[INFO] [stdout] 0337214eedc2230c5265ecb628026ea8c112b87b4ad3a993518cbfa0112a48e8
[INFO] running `Command { std: "docker" "create" "-v" "/var/lib/crater-agent-workspace/builds/worker-6-tc1/target:/opt/rustwide/target:rw,Z" "-v" "/var/lib/crater-agent-workspace/builds/worker-6-tc1/source:/opt/rustwide/workdir:ro,Z" "-v" "/var/lib/crater-agent-workspace/cargo-home:/opt/rustwide/cargo-home:ro,Z" "-v" "/var/lib/crater-agent-workspace/rustup-home:/opt/rustwide/rustup-home:ro,Z" "-e" "SOURCE_DIR=/opt/rustwide/workdir" "-e" "CARGO_TARGET_DIR=/opt/rustwide/target" "-e" "CARGO_INCREMENTAL=0" "-e" "RUST_BACKTRACE=full" "-e" "RUSTFLAGS=--cap-lints=warn" "-e" "RUSTDOCFLAGS=--cap-lints=warn" "-e" "CARGO_HOME=/opt/rustwide/cargo-home" "-e" "RUSTUP_HOME=/opt/rustwide/rustup-home" "-w" "/opt/rustwide/workdir" "-m" "1610612736" "--user" "0:0" "--network" "none" "ghcr.io/rust-lang/crates-build-env/linux@sha256:f3a9d4ad9d972b27faf3965f35b62e55ba32bbce8f20bc8fe909558a86702fde" "/opt/rustwide/cargo-home/bin/cargo" "+1.83.0" "test" "--frozen", kill_on_drop: false }`
[INFO] [stdout] 70eca061983e368cfa6b45c6a396390be1c0283dc2afc39dce59301bab07c029
[INFO] running `Command { std: "docker" "start" "-a" "70eca061983e368cfa6b45c6a396390be1c0283dc2afc39dce59301bab07c029", kill_on_drop: false }`
[INFO] [stderr] warning: unused variable: `i`
[INFO] [stderr]    --> src/main.rs:175:14
[INFO] [stderr]     |
[INFO] [stderr] 175 |         for (i, script) in slides.iter().enumerate() {
[INFO] [stderr]     |              ^ help: if this is intentional, prefix it with an underscore: `_i`
[INFO] [stderr]     |
[INFO] [stderr]     = note: `#[warn(unused_variables)]` on by default
[INFO] [stderr] 
[INFO] [stderr] warning: unused variable: `script`
[INFO] [stderr]    --> src/main.rs:175:17
[INFO] [stderr]     |
[INFO] [stderr] 175 |         for (i, script) in slides.iter().enumerate() {
[INFO] [stderr]     |                 ^^^^^^ help: if this is intentional, prefix it with an underscore: `_script`
[INFO] [stderr] 
[INFO] [stderr] warning: variable does not need to be mutable
[INFO] [stderr]   --> src/main.rs:38:9
[INFO] [stderr]    |
[INFO] [stderr] 38 |     let mut slides: Vec<SlideImage> = Vec::new();
[INFO] [stderr]    |         ----^^^^^^
[INFO] [stderr]    |         |
[INFO] [stderr]    |         help: remove this `mut`
[INFO] [stderr]    |
[INFO] [stderr]    = note: `#[warn(unused_mut)]` on by default
[INFO] [stderr] 
[INFO] [stderr] warning: function `crop` is never used
[INFO] [stderr]    --> src/ffmpeg/command.rs:265:8
[INFO] [stderr]     |
[INFO] [stderr] 265 | pub fn crop(
[INFO] [stderr]     |        ^^^^
[INFO] [stderr]     |
[INFO] [stderr]     = note: `#[warn(dead_code)]` on by default
[INFO] [stderr] 
[INFO] [stderr] warning: field `id` is never read
[INFO] [stderr]  --> src/models/ass_subtitle.rs:6:9
[INFO] [stderr]   |
[INFO] [stderr] 5 | pub struct Subtitle {
[INFO] [stderr]   |            -------- field in this struct
[INFO] [stderr] 6 |     pub id: i32,
[INFO] [stderr]   |         ^^
[INFO] [stderr] 
[INFO] [stderr] warning: field `outline_color` is never read
[INFO] [stderr]   --> src/models/ass_subtitle.rs:64:9
[INFO] [stderr]    |
[INFO] [stderr] 59 | pub struct Style {
[INFO] [stderr]    |            ----- field in this struct
[INFO] [stderr] ...
[INFO] [stderr] 64 |     pub outline_color: Color,
[INFO] [stderr]    |         ^^^^^^^^^^^^^
[INFO] [stderr] 
[INFO] [stderr] warning: associated function `default` is never used
[INFO] [stderr]   --> src/models/ass_subtitle.rs:85:12
[INFO] [stderr]    |
[INFO] [stderr] 84 | impl Style {
[INFO] [stderr]    | ---------- associated function in this implementation
[INFO] [stderr] 85 |     pub fn default() -> Self {
[INFO] [stderr]    |            ^^^^^^^
[INFO] [stderr] 
[INFO] [stderr] warning: associated function `new` is never used
[INFO] [stderr]    --> src/models/ass_subtitle.rs:204:12
[INFO] [stderr]     |
[INFO] [stderr] 203 | impl StyleType {
[INFO] [stderr]     | -------------- associated function in this implementation
[INFO] [stderr] 204 |     pub fn new() -> Self {
[INFO] [stderr]     |            ^^^
[INFO] [stderr] 
[INFO] [stderr] warning: fields `id`, `start_time`, `end_time`, `image_path`, and `display_options` are never read
[INFO] [stderr]   --> src/models/slide.rs:6:9
[INFO] [stderr]    |
[INFO] [stderr] 5  | pub struct SlideImage {
[INFO] [stderr]    |            ---------- fields in this struct
[INFO] [stderr] 6  |     pub id: i32,
[INFO] [stderr]    |         ^^
[INFO] [stderr] 7  |     /// 画像表示の開始時間
[INFO] [stderr] 8  |     pub start_time: Duration,
[INFO] [stderr]    |         ^^^^^^^^^^
[INFO] [stderr] 9  |     /// 画像表示の終了時間
[INFO] [stderr] 10 |     pub end_time: Duration,
[INFO] [stderr]    |         ^^^^^^^^
[INFO] [stderr] 11 |     /// 画像のファイルパス（またはURL）
[INFO] [stderr] 12 |     pub image_path: String,
[INFO] [stderr]    |         ^^^^^^^^^^
[INFO] [stderr] 13 |     /// 画像の表示位置やサイズのオプション（オプション）
[INFO] [stderr] 14 |     pub display_options: Option<ImageDisplayOptions>,
[INFO] [stderr]    |         ^^^^^^^^^^^^^^^
[INFO] [stderr]    |
[INFO] [stderr]    = note: `SlideImage` has derived impls for the traits `Clone` and `Debug`, but these are intentionally ignored during dead code analysis
[INFO] [stderr] 
[INFO] [stderr] warning: fields `x_pos`, `y_pos`, `width`, and `height` are never read
[INFO] [stderr]   --> src/models/slide.rs:21:9
[INFO] [stderr]    |
[INFO] [stderr] 19 | pub struct ImageDisplayOptions {
[INFO] [stderr]    |            ------------------- fields in this struct
[INFO] [stderr] 20 |     /// 表示するX座標（左上を基準）
[INFO] [stderr] 21 |     pub x_pos: u32,
[INFO] [stderr]    |         ^^^^^
[INFO] [stderr] 22 |     /// 表示するY座標（左上を基準）
[INFO] [stderr] 23 |     pub y_pos: u32,
[INFO] [stderr]    |         ^^^^^
[INFO] [stderr] 24 |     /// 画像の幅
[INFO] [stderr] 25 |     pub width: u32,
[INFO] [stderr]    |         ^^^^^
[INFO] [stderr] 26 |     /// 画像の高さ
[INFO] [stderr] 27 |     pub height: u32,
[INFO] [stderr]    |         ^^^^^^
[INFO] [stderr]    |
[INFO] [stderr]    = note: `ImageDisplayOptions` has derived impls for the traits `Clone` and `Debug`, but these are intentionally ignored during dead code analysis
[INFO] [stderr] 
[INFO] [stderr] warning: field `style` is never read
[INFO] [stderr]   --> src/models/subtitle.rs:10:9
[INFO] [stderr]    |
[INFO] [stderr] 5  | pub struct Subtitle {
[INFO] [stderr]    |            -------- field in this struct
[INFO] [stderr] ...
[INFO] [stderr] 10 |     pub style: Option<Style>,
[INFO] [stderr]    |         ^^^^^
[INFO] [stderr] 
[INFO] [stderr] warning: fields `x2` and `y2` are never read
[INFO] [stderr]   --> src/models/subtitle.rs:61:9
[INFO] [stderr]    |
[INFO] [stderr] 43 | pub struct Style {
[INFO] [stderr]    |            ----- fields in this struct
[INFO] [stderr] ...
[INFO] [stderr] 61 |     pub x2: u32,
[INFO] [stderr]    |         ^^
[INFO] [stderr] 62 |     pub y2: u32,
[INFO] [stderr]    |         ^^
[INFO] [stderr] 
[INFO] [stderr] warning: `auto-mv` (bin "auto-mv" test) generated 12 warnings (run `cargo fix --bin "auto-mv" --tests` to apply 1 suggestion)
[INFO] [stderr]     Finished `test` profile [unoptimized + debuginfo] target(s) in 0.22s
[INFO] [stderr]      Running unittests src/main.rs (/opt/rustwide/target/debug/deps/auto_mv-b03417444cd40975)
[INFO] [stdout] 
[INFO] [stdout] running 7 tests
[INFO] [stdout] test models::ass_subtitle::tests::test_escape_ass_text ... ok
[INFO] [stdout] test speech::voice::tests::test_code_display ... ok
[INFO] [stdout] test speech::voice::tests::test_name_display ... ok
[INFO] [stdout] test models::subtitle::tests::test_color_to_string ... ok
[INFO] [stdout] test speech::voice::tests::test_name_from ... ok
[INFO] [stdout] test models::subtitle::tests::test_to_style ... ok
[INFO] [stdout] test speech::local::tests::test_command ... FAILED
[INFO] [stdout] 
[INFO] [stdout] failures:
[INFO] [stdout] 
[INFO] [stdout] ---- speech::local::tests::test_command stdout ----
[INFO] [stdout] thread 'speech::local::tests::test_command' panicked at src/speech/local.rs:84:23:
[INFO] [stdout] Error: Os { code: 2, kind: NotFound, message: "No such file or directory" }
[INFO] [stdout] stack backtrace:
[INFO] [stdout]    0:     0x5a768901238a - std::backtrace_rs::backtrace::libunwind::trace::h5a5b8284f2d0c266
[INFO] [stdout]                                at /rustc/90b35a6239c3d8bdabc530a6a0816f7ff89a0aaf/library/std/src/../../backtrace/src/backtrace/libunwind.rs:116:5
[INFO] [stdout]    1:     0x5a768901238a - std::backtrace_rs::backtrace::trace_unsynchronized::h76d4f1c9b0b875e3
[INFO] [stdout]                                at /rustc/90b35a6239c3d8bdabc530a6a0816f7ff89a0aaf/library/std/src/../../backtrace/src/backtrace/mod.rs:66:5
[INFO] [stdout]    2:     0x5a768901238a - std::sys::backtrace::_print_fmt::hc4546b8364a537c6
[INFO] [stdout]                                at /rustc/90b35a6239c3d8bdabc530a6a0816f7ff89a0aaf/library/std/src/sys/backtrace.rs:66:9
[INFO] [stdout]    3:     0x5a768901238a - <std::sys::backtrace::BacktraceLock::print::DisplayBacktrace as core::fmt::Display>::fmt::h5b6bd5631a6d1f6b
[INFO] [stdout]                                at /rustc/90b35a6239c3d8bdabc530a6a0816f7ff89a0aaf/library/std/src/sys/backtrace.rs:39:26
[INFO] [stdout]    4:     0x5a7689037903 - core::fmt::rt::Argument::fmt::h270f6602a2b96f62
[INFO] [stdout]                                at /rustc/90b35a6239c3d8bdabc530a6a0816f7ff89a0aaf/library/core/src/fmt/rt.rs:177:76
[INFO] [stdout]    5:     0x5a7689037903 - core::fmt::write::h7550c97b06c86515
[INFO] [stdout]                                at /rustc/90b35a6239c3d8bdabc530a6a0816f7ff89a0aaf/library/core/src/fmt/mod.rs:1186:21
[INFO] [stdout]    6:     0x5a768900f453 - std::io::Write::write_fmt::h509ff860e5956e5e
[INFO] [stdout]                                at /rustc/90b35a6239c3d8bdabc530a6a0816f7ff89a0aaf/library/std/src/io/mod.rs:1839:15
[INFO] [stdout]    7:     0x5a76890121d2 - std::sys::backtrace::BacktraceLock::print::h2395ccd2c84ba3aa
[INFO] [stdout]                                at /rustc/90b35a6239c3d8bdabc530a6a0816f7ff89a0aaf/library/std/src/sys/backtrace.rs:42:9
[INFO] [stdout]    8:     0x5a76890137ea - std::panicking::default_hook::{{closure}}::he19d4c7230e07961
[INFO] [stdout]                                at /rustc/90b35a6239c3d8bdabc530a6a0816f7ff89a0aaf/library/std/src/panicking.rs:268:22
[INFO] [stdout]    9:     0x5a76890135f4 - std::panicking::default_hook::hf614597d3c67bbdb
[INFO] [stdout]                                at /rustc/90b35a6239c3d8bdabc530a6a0816f7ff89a0aaf/library/std/src/panicking.rs:292:9
[INFO] [stdout]   10:     0x5a7688fdc3c9 - <alloc::boxed::Box<F,A> as core::ops::function::Fn<Args>>::call::h39b51ce4599c23d1
[INFO] [stdout]                                at /rustc/90b35a6239c3d8bdabc530a6a0816f7ff89a0aaf/library/alloc/src/boxed.rs:2468:9
[INFO] [stdout]   11:     0x5a7688fdc3c9 - test::test_main::{{closure}}::he977ae839a582784
[INFO] [stdout]                                at /rustc/90b35a6239c3d8bdabc530a6a0816f7ff89a0aaf/library/test/src/lib.rs:133:21
[INFO] [stdout]   12:     0x5a7689013e88 - <alloc::boxed::Box<F,A> as core::ops::function::Fn<Args>>::call::h9455091b6b06f9fb
[INFO] [stdout]                                at /rustc/90b35a6239c3d8bdabc530a6a0816f7ff89a0aaf/library/alloc/src/boxed.rs:2468:9
[INFO] [stdout]   13:     0x5a7689013e88 - std::panicking::rust_panic_with_hook::h8942133a8b252070
[INFO] [stdout]                                at /rustc/90b35a6239c3d8bdabc530a6a0816f7ff89a0aaf/library/std/src/panicking.rs:809:13
[INFO] [stdout]   14:     0x5a7689013c4a - std::panicking::begin_panic_handler::{{closure}}::hb5f5963570096b29
[INFO] [stdout]                                at /rustc/90b35a6239c3d8bdabc530a6a0816f7ff89a0aaf/library/std/src/panicking.rs:674:13
[INFO] [stdout]   15:     0x5a7689012869 - std::sys::backtrace::__rust_end_short_backtrace::h6208cedc1922feda
[INFO] [stdout]                                at /rustc/90b35a6239c3d8bdabc530a6a0816f7ff89a0aaf/library/std/src/sys/backtrace.rs:170:18
[INFO] [stdout]   16:     0x5a76890138dc - rust_begin_unwind
[INFO] [stdout]                                at /rustc/90b35a6239c3d8bdabc530a6a0816f7ff89a0aaf/library/std/src/panicking.rs:665:5
[INFO] [stdout]   17:     0x5a7688f94a60 - core::panicking::panic_fmt::h0c3082644d1bf418
[INFO] [stdout]                                at /rustc/90b35a6239c3d8bdabc530a6a0816f7ff89a0aaf/library/core/src/panicking.rs:74:14
[INFO] [stdout]   18:     0x5a7688f9e8ad - auto_mv::speech::local::tests::test_command::h743516f8b4a76df7
[INFO] [stdout]                                at /opt/rustwide/workdir/src/speech/local.rs:84:23
[INFO] [stdout]   19:     0x5a7688f9e637 - auto_mv::speech::local::tests::test_command::{{closure}}::h020f059ddca1bcca
[INFO] [stdout]                                at /opt/rustwide/workdir/src/speech/local.rs:76:22
[INFO] [stdout]   20:     0x5a7688f95946 - core::ops::function::FnOnce::call_once::h175cfc9cbb3362d6
[INFO] [stdout]                                at /rustc/90b35a6239c3d8bdabc530a6a0816f7ff89a0aaf/library/core/src/ops/function.rs:250:5
[INFO] [stdout]   21:     0x5a7688fe0d8b - core::ops::function::FnOnce::call_once::h109cf8051a59b34e
[INFO] [stdout]                                at /rustc/90b35a6239c3d8bdabc530a6a0816f7ff89a0aaf/library/core/src/ops/function.rs:250:5
[INFO] [stdout]   22:     0x5a7688fe0d8b - test::__rust_begin_short_backtrace::hf4fff89d377446ba
[INFO] [stdout]                                at /rustc/90b35a6239c3d8bdabc530a6a0816f7ff89a0aaf/library/test/src/lib.rs:621:18
[INFO] [stdout]   23:     0x5a7688fe05c7 - test::run_test_in_process::{{closure}}::h0e39181dd7ee5a43
[INFO] [stdout]                                at /rustc/90b35a6239c3d8bdabc530a6a0816f7ff89a0aaf/library/test/src/lib.rs:644:60
[INFO] [stdout]   24:     0x5a7688fe05c7 - <core::panic::unwind_safe::AssertUnwindSafe<F> as core::ops::function::FnOnce<()>>::call_once::hc5a66a30f0bdfd1f
[INFO] [stdout]                                at /rustc/90b35a6239c3d8bdabc530a6a0816f7ff89a0aaf/library/core/src/panic/unwind_safe.rs:272:9
[INFO] [stdout]   25:     0x5a7688fe05c7 - std::panicking::try::do_call::h873b7cf639554a5e
[INFO] [stdout]                                at /rustc/90b35a6239c3d8bdabc530a6a0816f7ff89a0aaf/library/std/src/panicking.rs:557:40
[INFO] [stdout]   26:     0x5a7688fe05c7 - std::panicking::try::hdb19862fad9c8bd1
[INFO] [stdout]                                at /rustc/90b35a6239c3d8bdabc530a6a0816f7ff89a0aaf/library/std/src/panicking.rs:520:19
[INFO] [stdout]   27:     0x5a7688fe05c7 - std::panic::catch_unwind::h281fe732d236d260
[INFO] [stdout]                                at /rustc/90b35a6239c3d8bdabc530a6a0816f7ff89a0aaf/library/std/src/panic.rs:358:14
[INFO] [stdout]   28:     0x5a7688fe05c7 - test::run_test_in_process::h949b6df8457ed338
[INFO] [stdout]                                at /rustc/90b35a6239c3d8bdabc530a6a0816f7ff89a0aaf/library/test/src/lib.rs:644:27
[INFO] [stdout]   29:     0x5a7688fe05c7 - test::run_test::{{closure}}::h52c556a6d4740e10
[INFO] [stdout]                                at /rustc/90b35a6239c3d8bdabc530a6a0816f7ff89a0aaf/library/test/src/lib.rs:565:43
[INFO] [stdout]   30:     0x5a7688fa58a4 - test::run_test::{{closure}}::h4237f6381c45ccb9
[INFO] [stdout]                                at /rustc/90b35a6239c3d8bdabc530a6a0816f7ff89a0aaf/library/test/src/lib.rs:595:41
[INFO] [stdout]   31:     0x5a7688fa58a4 - std::sys::backtrace::__rust_begin_short_backtrace::h505c97a579eca628
[INFO] [stdout]                                at /rustc/90b35a6239c3d8bdabc530a6a0816f7ff89a0aaf/library/std/src/sys/backtrace.rs:154:18
[INFO] [stdout]   32:     0x5a7688fa8f6e - std::thread::Builder::spawn_unchecked_::{{closure}}::{{closure}}::h9e86b2e2bc107ea3
[INFO] [stdout]                                at /rustc/90b35a6239c3d8bdabc530a6a0816f7ff89a0aaf/library/std/src/thread/mod.rs:538:17
[INFO] [stdout]   33:     0x5a7688fa8f6e - <core::panic::unwind_safe::AssertUnwindSafe<F> as core::ops::function::FnOnce<()>>::call_once::h8b06ddb275ff4a25
[INFO] [stdout]                                at /rustc/90b35a6239c3d8bdabc530a6a0816f7ff89a0aaf/library/core/src/panic/unwind_safe.rs:272:9
[INFO] [stdout]   34:     0x5a7688fa8f6e - std::panicking::try::do_call::hb26ecd7cd9a9355d
[INFO] [stdout]                                at /rustc/90b35a6239c3d8bdabc530a6a0816f7ff89a0aaf/library/std/src/panicking.rs:557:40
[INFO] [stdout]   35:     0x5a7688fa8f6e - std::panicking::try::h8ddeca9d705f9069
[INFO] [stdout]                                at /rustc/90b35a6239c3d8bdabc530a6a0816f7ff89a0aaf/library/std/src/panicking.rs:520:19
[INFO] [stdout]   36:     0x5a7688fa8f6e - std::panic::catch_unwind::h49e1c33078844c46
[INFO] [stdout]                                at /rustc/90b35a6239c3d8bdabc530a6a0816f7ff89a0aaf/library/std/src/panic.rs:358:14
[INFO] [stdout]   37:     0x5a7688fa8f6e - std::thread::Builder::spawn_unchecked_::{{closure}}::h6073db6ff56ad35d
[INFO] [stdout]                                at /rustc/90b35a6239c3d8bdabc530a6a0816f7ff89a0aaf/library/std/src/thread/mod.rs:537:30
[INFO] [stdout]   38:     0x5a7688fa8f6e - core::ops::function::FnOnce::call_once{{vtable.shim}}::h2c5a5f3779c774f1
[INFO] [stdout]                                at /rustc/90b35a6239c3d8bdabc530a6a0816f7ff89a0aaf/library/core/src/ops/function.rs:250:5
[INFO] [stdout]   39:     0x5a7689017ccb - <alloc::boxed::Box<F,A> as core::ops::function::FnOnce<Args>>::call_once::hf75717d9f28faebf
[INFO] [stdout]                                at /rustc/90b35a6239c3d8bdabc530a6a0816f7ff89a0aaf/library/alloc/src/boxed.rs:2454:9
[INFO] [stdout]   40:     0x5a7689017ccb - <alloc::boxed::Box<F,A> as core::ops::function::FnOnce<Args>>::call_once::h7bd883a5f3c5f3c1
[INFO] [stdout]                                at /rustc/90b35a6239c3d8bdabc530a6a0816f7ff89a0aaf/library/alloc/src/boxed.rs:2454:9
[INFO] [stdout]   41:     0x5a7689017ccb - std::sys::pal::unix::thread::Thread::new::thread_start::hcc78f3943333fa94
[INFO] [stdout]                                at /rustc/90b35a6239c3d8bdabc530a6a0816f7ff89a0aaf/library/std/src/sys/pal/unix/thread.rs:105:17
[INFO] [stdout]   42:     0x7beceb7adac3 - <unknown>
[INFO] [stdout]   43:     0x7beceb83ea04 - clone
[INFO] [stdout]   44:                0x0 - <unknown>
[INFO] [stdout] 
[INFO] [stdout] 
[INFO] [stdout] failures:
[INFO] [stdout]     speech::local::tests::test_command
[INFO] [stdout] 
[INFO] [stdout] test result: FAILED. 6 passed; 1 failed; 0 ignored; 0 measured; 0 filtered out; finished in 0.11s
[INFO] [stdout] 
[INFO] [stderr] error: test failed, to rerun pass `--bin auto-mv`
[INFO] running `Command { std: "docker" "inspect" "70eca061983e368cfa6b45c6a396390be1c0283dc2afc39dce59301bab07c029", kill_on_drop: false }`
[INFO] running `Command { std: "docker" "rm" "-f" "70eca061983e368cfa6b45c6a396390be1c0283dc2afc39dce59301bab07c029", kill_on_drop: false }`
[INFO] [stdout] 70eca061983e368cfa6b45c6a396390be1c0283dc2afc39dce59301bab07c029
