[INFO] cloning repository https://github.com/github-py/iocore-rs
[INFO] running `Command { std: "git" "-c" "credential.helper=" "-c" "credential.helper=/workspace/cargo-home/bin/git-credential-null" "clone" "--bare" "https://github.com/github-py/iocore-rs" "/workspace/cache/git-repos/https%3A%2F%2Fgithub.com%2Fgithub-py%2Fiocore-rs", kill_on_drop: false }`
[INFO] [stderr] Cloning into bare repository '/workspace/cache/git-repos/https%3A%2F%2Fgithub.com%2Fgithub-py%2Fiocore-rs'...
[INFO] running `Command { std: "git" "rev-parse" "HEAD", kill_on_drop: false }`
[INFO] [stdout] be360e11f865ef89b1ab7216b86de133b939a4d7
[INFO] testing github-py/iocore-rs against beta-2024-12-08 for beta-1.84.0-4-retry
[INFO] running `Command { std: "git" "clone" "/workspace/cache/git-repos/https%3A%2F%2Fgithub.com%2Fgithub-py%2Fiocore-rs" "/workspace/builds/worker-1-tc2/source", kill_on_drop: false }`
[INFO] [stderr] Cloning into '/workspace/builds/worker-1-tc2/source'...
[INFO] [stderr] done.
[INFO] validating manifest of git repo https://github.com/github-py/iocore-rs on toolchain beta-2024-12-08
[INFO] running `Command { std: CARGO_HOME="/workspace/cargo-home" RUSTUP_HOME="/workspace/rustup-home" "/workspace/cargo-home/bin/cargo" "+beta-2024-12-08" "metadata" "--manifest-path" "Cargo.toml" "--no-deps", kill_on_drop: false }`
[INFO] started tweaking git repo https://github.com/github-py/iocore-rs
[INFO] finished tweaking git repo https://github.com/github-py/iocore-rs
[INFO] tweaked toml for git repo https://github.com/github-py/iocore-rs written to /workspace/builds/worker-1-tc2/source/Cargo.toml
[INFO] crate git repo https://github.com/github-py/iocore-rs already has a lockfile, it will not be regenerated
[INFO] running `Command { std: CARGO_HOME="/workspace/cargo-home" RUSTUP_HOME="/workspace/rustup-home" "/workspace/cargo-home/bin/cargo" "+beta-2024-12-08" "fetch" "--manifest-path" "Cargo.toml", kill_on_drop: false }`
[INFO] running `Command { std: "docker" "create" "-v" "/var/lib/crater-agent-workspace/builds/worker-1-tc2/target:/opt/rustwide/target:rw,Z" "-v" "/var/lib/crater-agent-workspace/builds/worker-1-tc2/source:/opt/rustwide/workdir:ro,Z" "-v" "/var/lib/crater-agent-workspace/cargo-home:/opt/rustwide/cargo-home:ro,Z" "-v" "/var/lib/crater-agent-workspace/rustup-home:/opt/rustwide/rustup-home:ro,Z" "-e" "SOURCE_DIR=/opt/rustwide/workdir" "-e" "CARGO_TARGET_DIR=/opt/rustwide/target" "-e" "CARGO_HOME=/opt/rustwide/cargo-home" "-e" "RUSTUP_HOME=/opt/rustwide/rustup-home" "-w" "/opt/rustwide/workdir" "-m" "1610612736" "--user" "0:0" "--network" "none" "ghcr.io/rust-lang/crates-build-env/linux@sha256:f3a9d4ad9d972b27faf3965f35b62e55ba32bbce8f20bc8fe909558a86702fde" "/opt/rustwide/cargo-home/bin/cargo" "+beta-2024-12-08" "metadata" "--no-deps" "--format-version=1", kill_on_drop: false }`
[INFO] [stdout] 05f9258dcd0d44850b76b6c026bb2dba80e74f82980e7a77149c901a3be0335e
[INFO] running `Command { std: "docker" "start" "-a" "05f9258dcd0d44850b76b6c026bb2dba80e74f82980e7a77149c901a3be0335e", kill_on_drop: false }`
[INFO] running `Command { std: "docker" "inspect" "05f9258dcd0d44850b76b6c026bb2dba80e74f82980e7a77149c901a3be0335e", kill_on_drop: false }`
[INFO] running `Command { std: "docker" "rm" "-f" "05f9258dcd0d44850b76b6c026bb2dba80e74f82980e7a77149c901a3be0335e", kill_on_drop: false }`
[INFO] [stdout] 05f9258dcd0d44850b76b6c026bb2dba80e74f82980e7a77149c901a3be0335e
[INFO] running `Command { std: "docker" "create" "-v" "/var/lib/crater-agent-workspace/builds/worker-1-tc2/target:/opt/rustwide/target:rw,Z" "-v" "/var/lib/crater-agent-workspace/builds/worker-1-tc2/source:/opt/rustwide/workdir:ro,Z" "-v" "/var/lib/crater-agent-workspace/cargo-home:/opt/rustwide/cargo-home:ro,Z" "-v" "/var/lib/crater-agent-workspace/rustup-home:/opt/rustwide/rustup-home:ro,Z" "-e" "SOURCE_DIR=/opt/rustwide/workdir" "-e" "CARGO_TARGET_DIR=/opt/rustwide/target" "-e" "CARGO_INCREMENTAL=0" "-e" "RUST_BACKTRACE=full" "-e" "RUSTFLAGS=--cap-lints=warn" "-e" "RUSTDOCFLAGS=--cap-lints=warn" "-e" "CARGO_HOME=/opt/rustwide/cargo-home" "-e" "RUSTUP_HOME=/opt/rustwide/rustup-home" "-w" "/opt/rustwide/workdir" "-m" "1610612736" "--user" "0:0" "--network" "none" "ghcr.io/rust-lang/crates-build-env/linux@sha256:f3a9d4ad9d972b27faf3965f35b62e55ba32bbce8f20bc8fe909558a86702fde" "/opt/rustwide/cargo-home/bin/cargo" "+beta-2024-12-08" "build" "--frozen" "--message-format=json", kill_on_drop: false }`
[INFO] [stdout] e12101a54c19b9ef7c17f470541cf36bc35f775b8f2d2edc0ed0a3a6db979ce5
[INFO] running `Command { std: "docker" "start" "-a" "e12101a54c19b9ef7c17f470541cf36bc35f775b8f2d2edc0ed0a3a6db979ce5", kill_on_drop: false }`
[INFO] [stderr]    Compiling proc-macro2 v1.0.78
[INFO] [stderr]    Compiling memchr v2.7.1
[INFO] [stderr]    Compiling serde v1.0.196
[INFO] [stderr]    Compiling option-ext v0.2.0
[INFO] [stderr]    Compiling regex-automata v0.4.5
[INFO] [stderr]    Compiling same-file v1.0.6
[INFO] [stderr]    Compiling iana-time-zone v0.1.60
[INFO] [stderr]    Compiling sanitation v0.0.0
[INFO] [stderr]    Compiling glob v0.3.1
[INFO] [stderr]    Compiling num-traits v0.2.17
[INFO] [stderr]    Compiling dirs-sys v0.4.1
[INFO] [stderr]    Compiling walkdir v2.4.0
[INFO] [stderr]    Compiling dirs v5.0.1
[INFO] [stderr]    Compiling os_str_bytes v6.6.1
[INFO] [stderr]    Compiling bstr v1.9.0
[INFO] [stderr]    Compiling quote v1.0.35
[INFO] [stderr]    Compiling syn v2.0.48
[INFO] [stderr]    Compiling shellexpand v3.1.0
[INFO] [stderr]    Compiling serde_derive v1.0.196
[INFO] [stderr]    Compiling chrono v0.4.33
[INFO] [stderr]    Compiling iocore v0.110.1 (/opt/rustwide/workdir)
[INFO] [stderr]     Finished `dev` profile [unoptimized + debuginfo] target(s) in 14.71s
[INFO] running `Command { std: "docker" "inspect" "e12101a54c19b9ef7c17f470541cf36bc35f775b8f2d2edc0ed0a3a6db979ce5", kill_on_drop: false }`
[INFO] running `Command { std: "docker" "rm" "-f" "e12101a54c19b9ef7c17f470541cf36bc35f775b8f2d2edc0ed0a3a6db979ce5", kill_on_drop: false }`
[INFO] [stdout] e12101a54c19b9ef7c17f470541cf36bc35f775b8f2d2edc0ed0a3a6db979ce5
[INFO] running `Command { std: "docker" "create" "-v" "/var/lib/crater-agent-workspace/builds/worker-1-tc2/target:/opt/rustwide/target:rw,Z" "-v" "/var/lib/crater-agent-workspace/builds/worker-1-tc2/source:/opt/rustwide/workdir:ro,Z" "-v" "/var/lib/crater-agent-workspace/cargo-home:/opt/rustwide/cargo-home:ro,Z" "-v" "/var/lib/crater-agent-workspace/rustup-home:/opt/rustwide/rustup-home:ro,Z" "-e" "SOURCE_DIR=/opt/rustwide/workdir" "-e" "CARGO_TARGET_DIR=/opt/rustwide/target" "-e" "CARGO_INCREMENTAL=0" "-e" "RUST_BACKTRACE=full" "-e" "RUSTFLAGS=--cap-lints=warn" "-e" "RUSTDOCFLAGS=--cap-lints=warn" "-e" "CARGO_HOME=/opt/rustwide/cargo-home" "-e" "RUSTUP_HOME=/opt/rustwide/rustup-home" "-w" "/opt/rustwide/workdir" "-m" "1610612736" "--user" "0:0" "--network" "none" "ghcr.io/rust-lang/crates-build-env/linux@sha256:f3a9d4ad9d972b27faf3965f35b62e55ba32bbce8f20bc8fe909558a86702fde" "/opt/rustwide/cargo-home/bin/cargo" "+beta-2024-12-08" "test" "--frozen" "--no-run" "--message-format=json", kill_on_drop: false }`
[INFO] [stdout] c9f48ffa482e08239b7fe1b25b2b2ed8ab12c9cc3b5d7b8a5e27247f2dab7dbb
[INFO] running `Command { std: "docker" "start" "-a" "c9f48ffa482e08239b7fe1b25b2b2ed8ab12c9cc3b5d7b8a5e27247f2dab7dbb", kill_on_drop: false }`
[INFO] [stderr]    Compiling aho-corasick v1.1.2
[INFO] [stderr]    Compiling regex-automata v0.4.5
[INFO] [stderr]    Compiling bstr v1.9.0
[INFO] [stderr]    Compiling regex v1.10.3
[INFO] [stderr]    Compiling shellexpand v3.1.0
[INFO] [stderr]    Compiling iocore v0.110.1 (/opt/rustwide/workdir)
[INFO] [stderr]     Finished `test` profile [unoptimized + debuginfo] target(s) in 9.74s
[INFO] running `Command { std: "docker" "inspect" "c9f48ffa482e08239b7fe1b25b2b2ed8ab12c9cc3b5d7b8a5e27247f2dab7dbb", kill_on_drop: false }`
[INFO] running `Command { std: "docker" "rm" "-f" "c9f48ffa482e08239b7fe1b25b2b2ed8ab12c9cc3b5d7b8a5e27247f2dab7dbb", kill_on_drop: false }`
[INFO] [stdout] c9f48ffa482e08239b7fe1b25b2b2ed8ab12c9cc3b5d7b8a5e27247f2dab7dbb
[INFO] running `Command { std: "docker" "create" "-v" "/var/lib/crater-agent-workspace/builds/worker-1-tc2/target:/opt/rustwide/target:rw,Z" "-v" "/var/lib/crater-agent-workspace/builds/worker-1-tc2/source:/opt/rustwide/workdir:ro,Z" "-v" "/var/lib/crater-agent-workspace/cargo-home:/opt/rustwide/cargo-home:ro,Z" "-v" "/var/lib/crater-agent-workspace/rustup-home:/opt/rustwide/rustup-home:ro,Z" "-e" "SOURCE_DIR=/opt/rustwide/workdir" "-e" "CARGO_TARGET_DIR=/opt/rustwide/target" "-e" "CARGO_INCREMENTAL=0" "-e" "RUST_BACKTRACE=full" "-e" "RUSTFLAGS=--cap-lints=warn" "-e" "RUSTDOCFLAGS=--cap-lints=warn" "-e" "CARGO_HOME=/opt/rustwide/cargo-home" "-e" "RUSTUP_HOME=/opt/rustwide/rustup-home" "-w" "/opt/rustwide/workdir" "-m" "1610612736" "--user" "0:0" "--network" "none" "ghcr.io/rust-lang/crates-build-env/linux@sha256:f3a9d4ad9d972b27faf3965f35b62e55ba32bbce8f20bc8fe909558a86702fde" "/opt/rustwide/cargo-home/bin/cargo" "+beta-2024-12-08" "test" "--frozen", kill_on_drop: false }`
[INFO] [stdout] 9857b56e41cc988826069c3751b9370c421c1f9b877af87761daa2cf63b6fd1b
[INFO] running `Command { std: "docker" "start" "-a" "9857b56e41cc988826069c3751b9370c421c1f9b877af87761daa2cf63b6fd1b", kill_on_drop: false }`
[INFO] [stderr]     Finished `test` profile [unoptimized + debuginfo] target(s) in 0.08s
[INFO] [stderr]      Running unittests src/lib.rs (/opt/rustwide/target/debug/deps/iocore-e0f8121e7a73dc9e)
[INFO] [stdout] 
[INFO] [stdout] running 5 tests
[INFO] [stdout] test fs::path_relative_tests::test_relative_wherewith ... FAILED
[INFO] [stdout] test fs::string_path_tests::test_tostring ... FAILED
[INFO] [stdout] test fs::string_path_tests::test_path_relative_to ... FAILED
[INFO] [stdout] test wlk::functests::test_ow ... ok
[INFO] [stderr] error: test failed, to rerun pass `--lib`
[INFO] [stdout] test fs::nodemeta_integration_tests::test_filemetadata ... ok
[INFO] [stdout] 
[INFO] [stdout] failures:
[INFO] [stdout] 
[INFO] [stdout] ---- fs::path_relative_tests::test_relative_wherewith stdout ----
[INFO] [stdout] Error: IOError("No such file or directory (os error 2)")
[INFO] [stdout] 
[INFO] [stdout] ---- fs::string_path_tests::test_tostring stdout ----
[INFO] [stdout] Error: IOError("No such file or directory (os error 2)")
[INFO] [stdout] 
[INFO] [stdout] ---- fs::string_path_tests::test_path_relative_to stdout ----
[INFO] [stdout] Error: IOError("No such file or directory (os error 2)")
[INFO] [stdout] 
[INFO] [stdout] 
[INFO] [stdout] failures:
[INFO] [stdout]     fs::path_relative_tests::test_relative_wherewith
[INFO] [stdout]     fs::string_path_tests::test_path_relative_to
[INFO] [stdout]     fs::string_path_tests::test_tostring
[INFO] [stdout] 
[INFO] [stdout] test result: FAILED. 2 passed; 3 failed; 0 ignored; 0 measured; 0 filtered out; finished in 0.03s
[INFO] [stdout] 
[INFO] running `Command { std: "docker" "inspect" "9857b56e41cc988826069c3751b9370c421c1f9b877af87761daa2cf63b6fd1b", kill_on_drop: false }`
[INFO] running `Command { std: "docker" "rm" "-f" "9857b56e41cc988826069c3751b9370c421c1f9b877af87761daa2cf63b6fd1b", kill_on_drop: false }`
[INFO] [stdout] 9857b56e41cc988826069c3751b9370c421c1f9b877af87761daa2cf63b6fd1b
