[INFO] cloning repository https://github.com/gigayear/kosik
[INFO] running `Command { std: "git" "-c" "credential.helper=" "-c" "credential.helper=/workspace/cargo-home/bin/git-credential-null" "clone" "--bare" "https://github.com/gigayear/kosik" "/workspace/cache/git-repos/https%3A%2F%2Fgithub.com%2Fgigayear%2Fkosik", kill_on_drop: false }`
[INFO] [stderr] Cloning into bare repository '/workspace/cache/git-repos/https%3A%2F%2Fgithub.com%2Fgigayear%2Fkosik'...
[INFO] running `Command { std: "git" "rev-parse" "HEAD", kill_on_drop: false }`
[INFO] [stdout] 893193b93560f4d96a32418d79f5a246ab521cf1
[INFO] testing gigayear/kosik against 1.83.0 for beta-1.84.0-4-retry
[INFO] running `Command { std: "git" "clone" "/workspace/cache/git-repos/https%3A%2F%2Fgithub.com%2Fgigayear%2Fkosik" "/workspace/builds/worker-6-tc1/source", kill_on_drop: false }`
[INFO] [stderr] Cloning into '/workspace/builds/worker-6-tc1/source'...
[INFO] [stderr] done.
[INFO] validating manifest of git repo https://github.com/gigayear/kosik on toolchain 1.83.0
[INFO] running `Command { std: CARGO_HOME="/workspace/cargo-home" RUSTUP_HOME="/workspace/rustup-home" "/workspace/cargo-home/bin/cargo" "+1.83.0" "metadata" "--manifest-path" "Cargo.toml" "--no-deps", kill_on_drop: false }`
[INFO] started tweaking git repo https://github.com/gigayear/kosik
[INFO] finished tweaking git repo https://github.com/gigayear/kosik
[INFO] tweaked toml for git repo https://github.com/gigayear/kosik written to /workspace/builds/worker-6-tc1/source/Cargo.toml
[INFO] crate git repo https://github.com/gigayear/kosik already has a lockfile, it will not be regenerated
[INFO] running `Command { std: CARGO_HOME="/workspace/cargo-home" RUSTUP_HOME="/workspace/rustup-home" "/workspace/cargo-home/bin/cargo" "+1.83.0" "fetch" "--manifest-path" "Cargo.toml", kill_on_drop: false }`
[INFO] [stderr]     Blocking waiting for file lock on package cache
[INFO] [stderr]     Blocking waiting for file lock on package cache
[INFO] [stderr]  Downloading crates ...
[INFO] [stderr]   Downloaded libmath v0.1.4
[INFO] running `Command { std: "docker" "create" "-v" "/var/lib/crater-agent-workspace/builds/worker-6-tc1/target:/opt/rustwide/target:rw,Z" "-v" "/var/lib/crater-agent-workspace/builds/worker-6-tc1/source:/opt/rustwide/workdir:ro,Z" "-v" "/var/lib/crater-agent-workspace/cargo-home:/opt/rustwide/cargo-home:ro,Z" "-v" "/var/lib/crater-agent-workspace/rustup-home:/opt/rustwide/rustup-home:ro,Z" "-e" "SOURCE_DIR=/opt/rustwide/workdir" "-e" "CARGO_TARGET_DIR=/opt/rustwide/target" "-e" "CARGO_HOME=/opt/rustwide/cargo-home" "-e" "RUSTUP_HOME=/opt/rustwide/rustup-home" "-w" "/opt/rustwide/workdir" "-m" "1610612736" "--user" "0:0" "--network" "none" "ghcr.io/rust-lang/crates-build-env/linux@sha256:f3a9d4ad9d972b27faf3965f35b62e55ba32bbce8f20bc8fe909558a86702fde" "/opt/rustwide/cargo-home/bin/cargo" "+1.83.0" "metadata" "--no-deps" "--format-version=1", kill_on_drop: false }`
[INFO] [stdout] ee91ef922f973e3daab41c4a22ebd8bf95029a2a5198383a0bc6acee07a56634
[INFO] running `Command { std: "docker" "start" "-a" "ee91ef922f973e3daab41c4a22ebd8bf95029a2a5198383a0bc6acee07a56634", kill_on_drop: false }`
[INFO] running `Command { std: "docker" "inspect" "ee91ef922f973e3daab41c4a22ebd8bf95029a2a5198383a0bc6acee07a56634", kill_on_drop: false }`
[INFO] running `Command { std: "docker" "rm" "-f" "ee91ef922f973e3daab41c4a22ebd8bf95029a2a5198383a0bc6acee07a56634", kill_on_drop: false }`
[INFO] [stdout] ee91ef922f973e3daab41c4a22ebd8bf95029a2a5198383a0bc6acee07a56634
[INFO] running `Command { std: "docker" "create" "-v" "/var/lib/crater-agent-workspace/builds/worker-6-tc1/target:/opt/rustwide/target:rw,Z" "-v" "/var/lib/crater-agent-workspace/builds/worker-6-tc1/source:/opt/rustwide/workdir:ro,Z" "-v" "/var/lib/crater-agent-workspace/cargo-home:/opt/rustwide/cargo-home:ro,Z" "-v" "/var/lib/crater-agent-workspace/rustup-home:/opt/rustwide/rustup-home:ro,Z" "-e" "SOURCE_DIR=/opt/rustwide/workdir" "-e" "CARGO_TARGET_DIR=/opt/rustwide/target" "-e" "CARGO_INCREMENTAL=0" "-e" "RUST_BACKTRACE=full" "-e" "RUSTFLAGS=--cap-lints=warn" "-e" "RUSTDOCFLAGS=--cap-lints=warn" "-e" "CARGO_HOME=/opt/rustwide/cargo-home" "-e" "RUSTUP_HOME=/opt/rustwide/rustup-home" "-w" "/opt/rustwide/workdir" "-m" "1610612736" "--user" "0:0" "--network" "none" "ghcr.io/rust-lang/crates-build-env/linux@sha256:f3a9d4ad9d972b27faf3965f35b62e55ba32bbce8f20bc8fe909558a86702fde" "/opt/rustwide/cargo-home/bin/cargo" "+1.83.0" "build" "--frozen" "--message-format=json", kill_on_drop: false }`
[INFO] [stdout] 3b942491a91695962edd47450fe59a00321bd8d170e9db8915eb09668f4fa95f
[INFO] running `Command { std: "docker" "start" "-a" "3b942491a91695962edd47450fe59a00321bd8d170e9db8915eb09668f4fa95f", kill_on_drop: false }`
[INFO] [stderr]    Compiling libc v0.2.139
[INFO] [stderr]    Compiling proc-macro2 v1.0.51
[INFO] [stderr]    Compiling version_check v0.9.4
[INFO] [stderr]    Compiling unicode-ident v1.0.6
[INFO] [stderr]    Compiling quote v1.0.23
[INFO] [stderr]    Compiling encoding_index_tests v0.1.4
[INFO] [stderr]    Compiling syn v1.0.109
[INFO] [stderr]    Compiling io-lifetimes v1.0.5
[INFO] [stderr]    Compiling memchr v2.5.0
[INFO] [stderr]    Compiling rustix v0.36.8
[INFO] [stderr]    Compiling linux-raw-sys v0.1.4
[INFO] [stderr]    Compiling bitflags v1.3.2
[INFO] [stderr]    Compiling heck v0.4.1
[INFO] [stderr]    Compiling os_str_bytes v6.4.1
[INFO] [stderr]    Compiling once_cell v1.17.1
[INFO] [stderr]    Compiling strsim v0.10.0
[INFO] [stderr]    Compiling encoding-index-singlebyte v1.20141219.5
[INFO] [stderr]    Compiling encoding-index-tradchinese v1.20141219.5
[INFO] [stderr]    Compiling encoding-index-japanese v1.20141219.5
[INFO] [stderr]    Compiling encoding-index-simpchinese v1.20141219.5
[INFO] [stderr]    Compiling encoding-index-korean v1.20141219.5
[INFO] [stderr]    Compiling termcolor v1.2.0
[INFO] [stderr]    Compiling regex-syntax v0.6.26
[INFO] [stderr]    Compiling lazy_static v1.4.0
[INFO] [stderr]    Compiling thousands v0.2.0
[INFO] [stderr]    Compiling clap_lex v0.3.2
[INFO] [stderr]    Compiling encoding v0.2.33
[INFO] [stderr]    Compiling proc-macro-error-attr v1.0.4
[INFO] [stderr]    Compiling proc-macro-error v1.0.4
[INFO] [stderr]    Compiling aho-corasick v0.7.18
[INFO] [stderr]    Compiling quick-xml v0.27.1
[INFO] [stderr]    Compiling rand v0.4.6
[INFO] [stderr]    Compiling regex v1.5.6
[INFO] [stderr]    Compiling rand v0.3.23
[INFO] [stderr]    Compiling libmath v0.1.4
[INFO] [stderr]    Compiling is-terminal v0.4.4
[INFO] [stderr]    Compiling clap_derive v4.1.0
[INFO] [stderr]    Compiling clap v4.1.6
[INFO] [stderr]    Compiling kosik v0.2.0 (/opt/rustwide/workdir)
[INFO] [stderr]     Finished `dev` profile [unoptimized + debuginfo] target(s) in 20.70s
[INFO] running `Command { std: "docker" "inspect" "3b942491a91695962edd47450fe59a00321bd8d170e9db8915eb09668f4fa95f", kill_on_drop: false }`
[INFO] running `Command { std: "docker" "rm" "-f" "3b942491a91695962edd47450fe59a00321bd8d170e9db8915eb09668f4fa95f", kill_on_drop: false }`
[INFO] [stdout] 3b942491a91695962edd47450fe59a00321bd8d170e9db8915eb09668f4fa95f
[INFO] running `Command { std: "docker" "create" "-v" "/var/lib/crater-agent-workspace/builds/worker-6-tc1/target:/opt/rustwide/target:rw,Z" "-v" "/var/lib/crater-agent-workspace/builds/worker-6-tc1/source:/opt/rustwide/workdir:ro,Z" "-v" "/var/lib/crater-agent-workspace/cargo-home:/opt/rustwide/cargo-home:ro,Z" "-v" "/var/lib/crater-agent-workspace/rustup-home:/opt/rustwide/rustup-home:ro,Z" "-e" "SOURCE_DIR=/opt/rustwide/workdir" "-e" "CARGO_TARGET_DIR=/opt/rustwide/target" "-e" "CARGO_INCREMENTAL=0" "-e" "RUST_BACKTRACE=full" "-e" "RUSTFLAGS=--cap-lints=warn" "-e" "RUSTDOCFLAGS=--cap-lints=warn" "-e" "CARGO_HOME=/opt/rustwide/cargo-home" "-e" "RUSTUP_HOME=/opt/rustwide/rustup-home" "-w" "/opt/rustwide/workdir" "-m" "1610612736" "--user" "0:0" "--network" "none" "ghcr.io/rust-lang/crates-build-env/linux@sha256:f3a9d4ad9d972b27faf3965f35b62e55ba32bbce8f20bc8fe909558a86702fde" "/opt/rustwide/cargo-home/bin/cargo" "+1.83.0" "test" "--frozen" "--no-run" "--message-format=json", kill_on_drop: false }`
[INFO] [stdout] 5e4800754ab7e3a70f7406cc2f364bbf3fb0bc0441996c0c9aac9b7b5bad3a63
[INFO] running `Command { std: "docker" "start" "-a" "5e4800754ab7e3a70f7406cc2f364bbf3fb0bc0441996c0c9aac9b7b5bad3a63", kill_on_drop: false }`
[INFO] [stderr]    Compiling kosik v0.2.0 (/opt/rustwide/workdir)
[INFO] [stderr]     Finished `test` profile [unoptimized + debuginfo] target(s) in 1.82s
[INFO] running `Command { std: "docker" "inspect" "5e4800754ab7e3a70f7406cc2f364bbf3fb0bc0441996c0c9aac9b7b5bad3a63", kill_on_drop: false }`
[INFO] running `Command { std: "docker" "rm" "-f" "5e4800754ab7e3a70f7406cc2f364bbf3fb0bc0441996c0c9aac9b7b5bad3a63", kill_on_drop: false }`
[INFO] [stdout] 5e4800754ab7e3a70f7406cc2f364bbf3fb0bc0441996c0c9aac9b7b5bad3a63
[INFO] running `Command { std: "docker" "create" "-v" "/var/lib/crater-agent-workspace/builds/worker-6-tc1/target:/opt/rustwide/target:rw,Z" "-v" "/var/lib/crater-agent-workspace/builds/worker-6-tc1/source:/opt/rustwide/workdir:ro,Z" "-v" "/var/lib/crater-agent-workspace/cargo-home:/opt/rustwide/cargo-home:ro,Z" "-v" "/var/lib/crater-agent-workspace/rustup-home:/opt/rustwide/rustup-home:ro,Z" "-e" "SOURCE_DIR=/opt/rustwide/workdir" "-e" "CARGO_TARGET_DIR=/opt/rustwide/target" "-e" "CARGO_INCREMENTAL=0" "-e" "RUST_BACKTRACE=full" "-e" "RUSTFLAGS=--cap-lints=warn" "-e" "RUSTDOCFLAGS=--cap-lints=warn" "-e" "CARGO_HOME=/opt/rustwide/cargo-home" "-e" "RUSTUP_HOME=/opt/rustwide/rustup-home" "-w" "/opt/rustwide/workdir" "-m" "1610612736" "--user" "0:0" "--network" "none" "ghcr.io/rust-lang/crates-build-env/linux@sha256:f3a9d4ad9d972b27faf3965f35b62e55ba32bbce8f20bc8fe909558a86702fde" "/opt/rustwide/cargo-home/bin/cargo" "+1.83.0" "test" "--frozen", kill_on_drop: false }`
[INFO] [stdout] 37adb6bdd3f6cfa6bd9492842a40ec364c617564c3f54b63a45c86f30aeb849b
[INFO] running `Command { std: "docker" "start" "-a" "37adb6bdd3f6cfa6bd9492842a40ec364c617564c3f54b63a45c86f30aeb849b", kill_on_drop: false }`
[INFO] [stderr]     Finished `test` profile [unoptimized + debuginfo] target(s) in 0.06s
[INFO] [stderr]      Running unittests src/lib.rs (/opt/rustwide/target/debug/deps/kosik-91795a89adda9192)
[INFO] [stdout] 
[INFO] [stderr]      Running unittests src/main.rs (/opt/rustwide/target/debug/deps/kosik-8c3bbc19a1a95f10)
[INFO] [stdout] running 0 tests
[INFO] [stdout] 
[INFO] [stdout] test result: ok. 0 passed; 0 failed; 0 ignored; 0 measured; 0 filtered out; finished in 0.00s
[INFO] [stdout] 
[INFO] [stdout] 
[INFO] [stdout] running 0 tests
[INFO] [stdout] 
[INFO] [stdout] test result: ok. 0 passed; 0 failed; 0 ignored; 0 measured; 0 filtered out; finished in 0.00s
[INFO] [stdout] 
[INFO] [stderr]    Doc-tests kosik
[INFO] [stdout] 
[INFO] [stdout] running 19 tests
[INFO] [stdout] test src/document/writer.rs - document::writer (line 22) - compile ... ok
[INFO] [stdout] test src/lib.rs - write (line 210) - compile ... ok
[INFO] [stdout] test src/lib.rs - read (line 192) - compile ... ok
[INFO] [stdout] test src/text.rs - text::linebreak_fill (line 360) ... FAILED
[INFO] [stdout] test src/document/reader.rs - document::reader::Reader<'a>::new (line 434) ... FAILED
[INFO] [stdout] test src/text.rs - text::linebreak_hang (line 487) ... FAILED
[INFO] [stdout] test src/text/tokens.rs - text::tokens::TokenType::format_flags (line 156) ... ok
[INFO] [stdout] test src/document/reader.rs - document::reader::Reader<'a>::run (line 484) ... ok
[INFO] [stdout] test src/text/tokens.rs - text::tokens::TokenType::length (line 84) ... ok
[INFO] [stdout] test src/text/parser.rs - text::parser::Parser::new (line 114) ... ok
[INFO] [stdout] test src/text.rs - text::linebreak_balance (line 421) ... ok
[INFO] [stdout] test src/text/tokens.rs - text::tokens::TokenType::text (line 108) ... ok
[INFO] [stdout] test src/lut.rs - lut (line 22) ... FAILED
[INFO] [stdout] test src/text.rs - text::next_word_fits (line 317) ... ok
[INFO] [stdout] test src/text/tokens.rs - text::tokens::Token<Data>::new (line 50) ... ok
[INFO] [stdout] test src/text/parser.rs - text::parser::Parser::run (line 130) ... ok
[INFO] [stdout] test src/text/tokens.rs - text::tokens::TokenType::display_flags (line 132) ... ok
[INFO] [stdout] test src/document/compositor.rs - document::compositor (line 23) ... ok
[INFO] [stdout] test src/document/formatter.rs - document::formatter (line 27) ... ok
[INFO] [stdout] 
[INFO] [stdout] failures:
[INFO] [stdout] 
[INFO] [stdout] ---- src/text.rs - text::linebreak_fill (line 360) stdout ----
[INFO] [stdout] error: linking with `cc` failed: exit status: 1
[INFO] [stdout]   |
[INFO] [stdout]   = note: LC_ALL="C" PATH="/opt/rustwide/rustup-home/toolchains/1.83.0-x86_64-unknown-linux-gnu/lib/rustlib/x86_64-unknown-linux-gnu/bin:/opt/rustwide/cargo-home/bin:/usr/local/sbin:/usr/local/bin:/usr/sbin:/usr/bin:/sbin:/bin" VSLANG="1033" "cc" "-m64" "/tmp/rustcwJHkrc/symbols.o" "/tmp/rustdoctestuQaQX6/rust_out.rust_out.cb03291d53e4e161-cgu.0.rcgu.o" "/tmp/rustdoctestuQaQX6/rust_out.1s7umcihpz0t7nkz1uc2ifee9.rcgu.o" "-Wl,--as-needed" "-Wl,-Bstatic" "/opt/rustwide/target/debug/deps/libkosik-b3fc1f79ccf5b28e.rlib" "/opt/rustwide/target/debug/deps/libthousands-506554b9dd7f4bcc.rlib" "/opt/rustwide/target/debug/deps/libregex-2c94123e2e7c58e5.rlib" "/opt/rustwide/target/debug/deps/libaho_corasick-c82ae79d5b7b9f06.rlib" "/opt/rustwide/target/debug/deps/libregex_syntax-95099e83a966a5eb.rlib" "/opt/rustwide/target/debug/deps/libmath-4fe8fe71448fb65c.rlib" "/opt/rustwide/target/debug/deps/librand-69ac547f41a1b0a6.rlib" "/opt/rustwide/target/debug/deps/librand-fd5a9f844202332b.rlib" "/opt/rustwide/target/debug/deps/libencoding-7f67bb917d46c0b0.rlib" "/opt/rustwide/target/debug/deps/libencoding_index_tradchinese-2c84ef059ef4021a.rlib" "/opt/rustwide/target/debug/deps/libencoding_index_simpchinese-764ae87db781a002.rlib" "/opt/rustwide/target/debug/deps/libencoding_index_japanese-f3e1c38e5eab7085.rlib" "/opt/rustwide/target/debug/deps/libencoding_index_korean-32188fa2dc0b3ee7.rlib" "/opt/rustwide/target/debug/deps/libencoding_index_singlebyte-2083461f4e3fe47c.rlib" "/opt/rustwide/target/debug/deps/libquick_xml-749a29ef14abfe6d.rlib" "/opt/rustwide/target/debug/deps/libmemchr-2cf4fc732d907b26.rlib" "/opt/rustwide/target/debug/deps/liblazy_static-8c0bb59ebbb3df6c.rlib" "/opt/rustwide/target/debug/deps/libclap-e54e1c673932db0b.rlib" "/opt/rustwide/target/debug/deps/libstrsim-5d81c8771286823e.rlib" "/opt/rustwide/target/debug/deps/libis_terminal-075c14224025a947.rlib" "/opt/rustwide/target/debug/deps/librustix-b90ac496388fb64d.rlib" "/opt/rustwide/target/debug/deps/liblinux_raw_sys-c5d548c4bb99ef1b.rlib" "/opt/rustwide/target/debug/deps/libio_lifetimes-d3b1d8b020aae8e7.rlib" "/opt/rustwide/target/debug/deps/liblibc-e4f08575df67a866.rlib" "/opt/rustwide/target/debug/deps/libclap_lex-7a41a179ea587364.rlib" "/opt/rustwide/target/debug/deps/libos_str_bytes-f01c6d3bbf4dc409.rlib" "/opt/rustwide/target/debug/deps/libtermcolor-59b1d009e51b11f9.rlib" "/opt/rustwide/target/debug/deps/libbitflags-d3511f9afe014f87.rlib" "/opt/rustwide/target/debug/deps/libonce_cell-884224d18d097b70.rlib" "/opt/rustwide/rustup-home/toolchains/1.83.0-x86_64-unknown-linux-gnu/lib/rustlib/x86_64-unknown-linux-gnu/lib/libstd-ca74a2d9c5166d9f.rlib" "/opt/rustwide/rustup-home/toolchains/1.83.0-x86_64-unknown-linux-gnu/lib/rustlib/x86_64-unknown-linux-gnu/lib/libpanic_unwind-e31ab23316ed5080.rlib" "/opt/rustwide/rustup-home/toolchains/1.83.0-x86_64-unknown-linux-gnu/lib/rustlib/x86_64-unknown-linux-gnu/lib/libobject-27dc4aa955912662.rlib" "/opt/rustwide/rustup-home/toolchains/1.83.0-x86_64-unknown-linux-gnu/lib/rustlib/x86_64-unknown-linux-gnu/lib/libmemchr-bd0d6cccce077b99.rlib" "/opt/rustwide/rustup-home/toolchains/1.83.0-x86_64-unknown-linux-gnu/lib/rustlib/x86_64-unknown-linux-gnu/lib/libaddr2line-8d001680935b5e3c.rlib" "/opt/rustwide/rustup-home/toolchains/1.83.0-x86_64-unknown-linux-gnu/lib/rustlib/x86_64-unknown-linux-gnu/lib/libgimli-ba8ce71964f984f4.rlib" "/opt/rustwide/rustup-home/toolchains/1.83.0-x86_64-unknown-linux-gnu/lib/rustlib/x86_64-unknown-linux-gnu/lib/librustc_demangle-99a73526abcec14b.rlib" "/opt/rustwide/rustup-home/toolchains/1.83.0-x86_64-unknown-linux-gnu/lib/rustlib/x86_64-unknown-linux-gnu/lib/libstd_detect-63ac0d22cff92579.rlib" "/opt/rustwide/rustup-home/toolchains/1.83.0-x86_64-unknown-linux-gnu/lib/rustlib/x86_64-unknown-linux-gnu/lib/libhashbrown-9057355c92c922d5.rlib" "/opt/rustwide/rustup-home/toolchains/1.83.0-x86_64-unknown-linux-gnu/lib/rustlib/x86_64-unknown-linux-gnu/lib/librustc_std_workspace_alloc-358be9bc1f6bab04.rlib" "/opt/rustwide/rustup-home/toolchains/1.83.0-x86_64-unknown-linux-gnu/lib/rustlib/x86_64-unknown-linux-gnu/lib/libminiz_oxide-aca15549d5bff974.rlib" "/opt/rustwide/rustup-home/toolchains/1.83.0-x86_64-unknown-linux-gnu/lib/rustlib/x86_64-unknown-linux-gnu/lib/libadler-8251d2cef7072448.rlib" "/opt/rustwide/rustup-home/toolchains/1.83.0-x86_64-unknown-linux-gnu/lib/rustlib/x86_64-unknown-linux-gnu/lib/libunwind-7d50b86011c66411.rlib" "/opt/rustwide/rustup-home/toolchains/1.83.0-x86_64-unknown-linux-gnu/lib/rustlib/x86_64-unknown-linux-gnu/lib/libcfg_if-51ea098fce5006bf.rlib" "/opt/rustwide/rustup-home/toolchains/1.83.0-x86_64-unknown-linux-gnu/lib/rustlib/x86_64-unknown-linux-gnu/lib/liblibc-5a14e0d0b712e731.rlib" "/opt/rustwide/rustup-home/toolchains/1.83.0-x86_64-unknown-linux-gnu/lib/rustlib/x86_64-unknown-linux-gnu/lib/liballoc-8b83dbf3a7b8f999.rlib" "/opt/rustwide/rustup-home/toolchains/1.83.0-x86_64-unknown-linux-gnu/lib/rustlib/x86_64-unknown-linux-gnu/lib/librustc_std_workspace_core-c6fd227bdc7b39ff.rlib" "/opt/rustwide/rustup-home/toolchains/1.83.0-x86_64-unknown-linux-gnu/lib/rustlib/x86_64-unknown-linux-gnu/lib/libcore-959d3389fa3da8a5.rlib" "/opt/rustwide/rustup-home/toolchains/1.83.0-x86_64-unknown-linux-gnu/lib/rustlib/x86_64-unknown-linux-gnu/lib/libcompiler_builtins-abe05db089cc2c62.rlib" "-Wl,-Bdynamic" "-lgcc_s" "-lutil" "-lrt" "-lpthread" "-lm" "-ldl" "-lc" "-Wl,--eh-frame-hdr" "-Wl,-z,noexecstack" "-L" "/opt/rustwide/rustup-home/toolchains/1.83.0-x86_64-unknown-linux-gnu/lib/rustlib/x86_64-unknown-linux-gnu/lib" "-o" "/tmp/rustdoctestuQaQX6/rust_out" "-Wl,--gc-sections" "-pie" "-Wl,-z,relro,-z,now" "-nodefaultlibs"
[INFO] [stdout]   = note: collect2: fatal error: ld terminated with signal 9 [Killed]
[INFO] [stdout]           compilation terminated.
[INFO] [stdout]           
[INFO] [stdout] 
[INFO] [stdout] error: aborting due to 1 previous error
[INFO] [stdout] 
[INFO] [stdout] Couldn't compile the test.
[INFO] [stdout] ---- src/document/reader.rs - document::reader::Reader<'a>::new (line 434) stdout ----
[INFO] [stdout] error: linking with `cc` failed: exit status: 1
[INFO] [stdout]   |
[INFO] [stdout]   = note: LC_ALL="C" PATH="/opt/rustwide/rustup-home/toolchains/1.83.0-x86_64-unknown-linux-gnu/lib/rustlib/x86_64-unknown-linux-gnu/bin:/opt/rustwide/cargo-home/bin:/usr/local/sbin:/usr/local/bin:/usr/sbin:/usr/bin:/sbin:/bin" VSLANG="1033" "cc" "-m64" "/tmp/rustceqJiUs/symbols.o" "/tmp/rustdoctest26Omgd/rust_out.rust_out.cb03291d53e4e161-cgu.0.rcgu.o" "/tmp/rustdoctest26Omgd/rust_out.1s7umcihpz0t7nkz1uc2ifee9.rcgu.o" "-Wl,--as-needed" "-Wl,-Bstatic" "/opt/rustwide/target/debug/deps/libkosik-b3fc1f79ccf5b28e.rlib" "/opt/rustwide/target/debug/deps/libthousands-506554b9dd7f4bcc.rlib" "/opt/rustwide/target/debug/deps/libregex-2c94123e2e7c58e5.rlib" "/opt/rustwide/target/debug/deps/libaho_corasick-c82ae79d5b7b9f06.rlib" "/opt/rustwide/target/debug/deps/libregex_syntax-95099e83a966a5eb.rlib" "/opt/rustwide/target/debug/deps/libmath-4fe8fe71448fb65c.rlib" "/opt/rustwide/target/debug/deps/librand-69ac547f41a1b0a6.rlib" "/opt/rustwide/target/debug/deps/librand-fd5a9f844202332b.rlib" "/opt/rustwide/target/debug/deps/libencoding-7f67bb917d46c0b0.rlib" "/opt/rustwide/target/debug/deps/libencoding_index_tradchinese-2c84ef059ef4021a.rlib" "/opt/rustwide/target/debug/deps/libencoding_index_simpchinese-764ae87db781a002.rlib" "/opt/rustwide/target/debug/deps/libencoding_index_japanese-f3e1c38e5eab7085.rlib" "/opt/rustwide/target/debug/deps/libencoding_index_korean-32188fa2dc0b3ee7.rlib" "/opt/rustwide/target/debug/deps/libencoding_index_singlebyte-2083461f4e3fe47c.rlib" "/opt/rustwide/target/debug/deps/libquick_xml-749a29ef14abfe6d.rlib" "/opt/rustwide/target/debug/deps/libmemchr-2cf4fc732d907b26.rlib" "/opt/rustwide/target/debug/deps/liblazy_static-8c0bb59ebbb3df6c.rlib" "/opt/rustwide/target/debug/deps/libclap-e54e1c673932db0b.rlib" "/opt/rustwide/target/debug/deps/libstrsim-5d81c8771286823e.rlib" "/opt/rustwide/target/debug/deps/libis_terminal-075c14224025a947.rlib" "/opt/rustwide/target/debug/deps/librustix-b90ac496388fb64d.rlib" "/opt/rustwide/target/debug/deps/liblinux_raw_sys-c5d548c4bb99ef1b.rlib" "/opt/rustwide/target/debug/deps/libio_lifetimes-d3b1d8b020aae8e7.rlib" "/opt/rustwide/target/debug/deps/liblibc-e4f08575df67a866.rlib" "/opt/rustwide/target/debug/deps/libclap_lex-7a41a179ea587364.rlib" "/opt/rustwide/target/debug/deps/libos_str_bytes-f01c6d3bbf4dc409.rlib" "/opt/rustwide/target/debug/deps/libtermcolor-59b1d009e51b11f9.rlib" "/opt/rustwide/target/debug/deps/libbitflags-d3511f9afe014f87.rlib" "/opt/rustwide/target/debug/deps/libonce_cell-884224d18d097b70.rlib" "/opt/rustwide/rustup-home/toolchains/1.83.0-x86_64-unknown-linux-gnu/lib/rustlib/x86_64-unknown-linux-gnu/lib/libstd-ca74a2d9c5166d9f.rlib" "/opt/rustwide/rustup-home/toolchains/1.83.0-x86_64-unknown-linux-gnu/lib/rustlib/x86_64-unknown-linux-gnu/lib/libpanic_unwind-e31ab23316ed5080.rlib" "/opt/rustwide/rustup-home/toolchains/1.83.0-x86_64-unknown-linux-gnu/lib/rustlib/x86_64-unknown-linux-gnu/lib/libobject-27dc4aa955912662.rlib" "/opt/rustwide/rustup-home/toolchains/1.83.0-x86_64-unknown-linux-gnu/lib/rustlib/x86_64-unknown-linux-gnu/lib/libmemchr-bd0d6cccce077b99.rlib" "/opt/rustwide/rustup-home/toolchains/1.83.0-x86_64-unknown-linux-gnu/lib/rustlib/x86_64-unknown-linux-gnu/lib/libaddr2line-8d001680935b5e3c.rlib" "/opt/rustwide/rustup-home/toolchains/1.83.0-x86_64-unknown-linux-gnu/lib/rustlib/x86_64-unknown-linux-gnu/lib/libgimli-ba8ce71964f984f4.rlib" "/opt/rustwide/rustup-home/toolchains/1.83.0-x86_64-unknown-linux-gnu/lib/rustlib/x86_64-unknown-linux-gnu/lib/librustc_demangle-99a73526abcec14b.rlib" "/opt/rustwide/rustup-home/toolchains/1.83.0-x86_64-unknown-linux-gnu/lib/rustlib/x86_64-unknown-linux-gnu/lib/libstd_detect-63ac0d22cff92579.rlib" "/opt/rustwide/rustup-home/toolchains/1.83.0-x86_64-unknown-linux-gnu/lib/rustlib/x86_64-unknown-linux-gnu/lib/libhashbrown-9057355c92c922d5.rlib" "/opt/rustwide/rustup-home/toolchains/1.83.0-x86_64-unknown-linux-gnu/lib/rustlib/x86_64-unknown-linux-gnu/lib/librustc_std_workspace_alloc-358be9bc1f6bab04.rlib" "/opt/rustwide/rustup-home/toolchains/1.83.0-x86_64-unknown-linux-gnu/lib/rustlib/x86_64-unknown-linux-gnu/lib/libminiz_oxide-aca15549d5bff974.rlib" "/opt/rustwide/rustup-home/toolchains/1.83.0-x86_64-unknown-linux-gnu/lib/rustlib/x86_64-unknown-linux-gnu/lib/libadler-8251d2cef7072448.rlib" "/opt/rustwide/rustup-home/toolchains/1.83.0-x86_64-unknown-linux-gnu/lib/rustlib/x86_64-unknown-linux-gnu/lib/libunwind-7d50b86011c66411.rlib" "/opt/rustwide/rustup-home/toolchains/1.83.0-x86_64-unknown-linux-gnu/lib/rustlib/x86_64-unknown-linux-gnu/lib/libcfg_if-51ea098fce5006bf.rlib" "/opt/rustwide/rustup-home/toolchains/1.83.0-x86_64-unknown-linux-gnu/lib/rustlib/x86_64-unknown-linux-gnu/lib/liblibc-5a14e0d0b712e731.rlib" "/opt/rustwide/rustup-home/toolchains/1.83.0-x86_64-unknown-linux-gnu/lib/rustlib/x86_64-unknown-linux-gnu/lib/liballoc-8b83dbf3a7b8f999.rlib" "/opt/rustwide/rustup-home/toolchains/1.83.0-x86_64-unknown-linux-gnu/lib/rustlib/x86_64-unknown-linux-gnu/lib/librustc_std_workspace_core-c6fd227bdc7b39ff.rlib" "/opt/rustwide/rustup-home/toolchains/1.83.0-x86_64-unknown-linux-gnu/lib/rustlib/x86_64-unknown-linux-gnu/lib/libcore-959d3389fa3da8a5.rlib" "/opt/rustwide/rustup-home/toolchains/1.83.0-x86_64-unknown-linux-gnu/lib/rustlib/x86_64-unknown-linux-gnu/lib/libcompiler_builtins-abe05db089cc2c62.rlib" "-Wl,-Bdynamic" "-lgcc_s" "-lutil" "-lrt" "-lpthread" "-lm" "-ldl" "-lc" "-Wl,--eh-frame-hdr" "-Wl,-z,noexecstack" "-L" "/opt/rustwide/rustup-home/toolchains/1.83.0-x86_64-unknown-linux-gnu/lib/rustlib/x86_64-unknown-linux-gnu/lib" "-o" "/tmp/rustdoctest26Omgd/rust_out" "-Wl,--gc-sections" "-pie" "-Wl,-z,relro,-z,now" "-nodefaultlibs"
[INFO] [stdout]   = note: collect2: fatal error: ld terminated with signal 9 [Killed]
[INFO] [stdout]           compilation terminated.
[INFO] [stdout]           
[INFO] [stdout] 
[INFO] [stdout] error: aborting due to 1 previous error
[INFO] [stdout] 
[INFO] [stdout] Couldn't compile the test.
[INFO] [stdout] ---- src/text.rs - text::linebreak_hang (line 487) stdout ----
[INFO] [stdout] error: linking with `cc` failed: exit status: 1
[INFO] [stdout]   |
[INFO] [stdout]   = note: LC_ALL="C" PATH="/opt/rustwide/rustup-home/toolchains/1.83.0-x86_64-unknown-linux-gnu/lib/rustlib/x86_64-unknown-linux-gnu/bin:/opt/rustwide/cargo-home/bin:/usr/local/sbin:/usr/local/bin:/usr/sbin:/usr/bin:/sbin:/bin" VSLANG="1033" "cc" "-m64" "/tmp/rustc7gS0uP/symbols.o" "/tmp/rustdoctestlS1Lld/rust_out.rust_out.cb03291d53e4e161-cgu.0.rcgu.o" "/tmp/rustdoctestlS1Lld/rust_out.1s7umcihpz0t7nkz1uc2ifee9.rcgu.o" "-Wl,--as-needed" "-Wl,-Bstatic" "/opt/rustwide/target/debug/deps/libkosik-b3fc1f79ccf5b28e.rlib" "/opt/rustwide/target/debug/deps/libthousands-506554b9dd7f4bcc.rlib" "/opt/rustwide/target/debug/deps/libregex-2c94123e2e7c58e5.rlib" "/opt/rustwide/target/debug/deps/libaho_corasick-c82ae79d5b7b9f06.rlib" "/opt/rustwide/target/debug/deps/libregex_syntax-95099e83a966a5eb.rlib" "/opt/rustwide/target/debug/deps/libmath-4fe8fe71448fb65c.rlib" "/opt/rustwide/target/debug/deps/librand-69ac547f41a1b0a6.rlib" "/opt/rustwide/target/debug/deps/librand-fd5a9f844202332b.rlib" "/opt/rustwide/target/debug/deps/libencoding-7f67bb917d46c0b0.rlib" "/opt/rustwide/target/debug/deps/libencoding_index_tradchinese-2c84ef059ef4021a.rlib" "/opt/rustwide/target/debug/deps/libencoding_index_simpchinese-764ae87db781a002.rlib" "/opt/rustwide/target/debug/deps/libencoding_index_japanese-f3e1c38e5eab7085.rlib" "/opt/rustwide/target/debug/deps/libencoding_index_korean-32188fa2dc0b3ee7.rlib" "/opt/rustwide/target/debug/deps/libencoding_index_singlebyte-2083461f4e3fe47c.rlib" "/opt/rustwide/target/debug/deps/libquick_xml-749a29ef14abfe6d.rlib" "/opt/rustwide/target/debug/deps/libmemchr-2cf4fc732d907b26.rlib" "/opt/rustwide/target/debug/deps/liblazy_static-8c0bb59ebbb3df6c.rlib" "/opt/rustwide/target/debug/deps/libclap-e54e1c673932db0b.rlib" "/opt/rustwide/target/debug/deps/libstrsim-5d81c8771286823e.rlib" "/opt/rustwide/target/debug/deps/libis_terminal-075c14224025a947.rlib" "/opt/rustwide/target/debug/deps/librustix-b90ac496388fb64d.rlib" "/opt/rustwide/target/debug/deps/liblinux_raw_sys-c5d548c4bb99ef1b.rlib" "/opt/rustwide/target/debug/deps/libio_lifetimes-d3b1d8b020aae8e7.rlib" "/opt/rustwide/target/debug/deps/liblibc-e4f08575df67a866.rlib" "/opt/rustwide/target/debug/deps/libclap_lex-7a41a179ea587364.rlib" "/opt/rustwide/target/debug/deps/libos_str_bytes-f01c6d3bbf4dc409.rlib" "/opt/rustwide/target/debug/deps/libtermcolor-59b1d009e51b11f9.rlib" "/opt/rustwide/target/debug/deps/libbitflags-d3511f9afe014f87.rlib" "/opt/rustwide/target/debug/deps/libonce_cell-884224d18d097b70.rlib" "/opt/rustwide/rustup-home/toolchains/1.83.0-x86_64-unknown-linux-gnu/lib/rustlib/x86_64-unknown-linux-gnu/lib/libstd-ca74a2d9c5166d9f.rlib" "/opt/rustwide/rustup-home/toolchains/1.83.0-x86_64-unknown-linux-gnu/lib/rustlib/x86_64-unknown-linux-gnu/lib/libpanic_unwind-e31ab23316ed5080.rlib" "/opt/rustwide/rustup-home/toolchains/1.83.0-x86_64-unknown-linux-gnu/lib/rustlib/x86_64-unknown-linux-gnu/lib/libobject-27dc4aa955912662.rlib" "/opt/rustwide/rustup-home/toolchains/1.83.0-x86_64-unknown-linux-gnu/lib/rustlib/x86_64-unknown-linux-gnu/lib/libmemchr-bd0d6cccce077b99.rlib" "/opt/rustwide/rustup-home/toolchains/1.83.0-x86_64-unknown-linux-gnu/lib/rustlib/x86_64-unknown-linux-gnu/lib/libaddr2line-8d001680935b5e3c.rlib" "/opt/rustwide/rustup-home/toolchains/1.83.0-x86_64-unknown-linux-gnu/lib/rustlib/x86_64-unknown-linux-gnu/lib/libgimli-ba8ce71964f984f4.rlib" "/opt/rustwide/rustup-home/toolchains/1.83.0-x86_64-unknown-linux-gnu/lib/rustlib/x86_64-unknown-linux-gnu/lib/librustc_demangle-99a73526abcec14b.rlib" "/opt/rustwide/rustup-home/toolchains/1.83.0-x86_64-unknown-linux-gnu/lib/rustlib/x86_64-unknown-linux-gnu/lib/libstd_detect-63ac0d22cff92579.rlib" "/opt/rustwide/rustup-home/toolchains/1.83.0-x86_64-unknown-linux-gnu/lib/rustlib/x86_64-unknown-linux-gnu/lib/libhashbrown-9057355c92c922d5.rlib" "/opt/rustwide/rustup-home/toolchains/1.83.0-x86_64-unknown-linux-gnu/lib/rustlib/x86_64-unknown-linux-gnu/lib/librustc_std_workspace_alloc-358be9bc1f6bab04.rlib" "/opt/rustwide/rustup-home/toolchains/1.83.0-x86_64-unknown-linux-gnu/lib/rustlib/x86_64-unknown-linux-gnu/lib/libminiz_oxide-aca15549d5bff974.rlib" "/opt/rustwide/rustup-home/toolchains/1.83.0-x86_64-unknown-linux-gnu/lib/rustlib/x86_64-unknown-linux-gnu/lib/libadler-8251d2cef7072448.rlib" "/opt/rustwide/rustup-home/toolchains/1.83.0-x86_64-unknown-linux-gnu/lib/rustlib/x86_64-unknown-linux-gnu/lib/libunwind-7d50b86011c66411.rlib" "/opt/rustwide/rustup-home/toolchains/1.83.0-x86_64-unknown-linux-gnu/lib/rustlib/x86_64-unknown-linux-gnu/lib/libcfg_if-51ea098fce5006bf.rlib" "/opt/rustwide/rustup-home/toolchains/1.83.0-x86_64-unknown-linux-gnu/lib/rustlib/x86_64-unknown-linux-gnu/lib/liblibc-5a14e0d0b712e731.rlib" "/opt/rustwide/rustup-home/toolchains/1.83.0-x86_64-unknown-linux-gnu/lib/rustlib/x86_64-unknown-linux-gnu/lib/liballoc-8b83dbf3a7b8f999.rlib" "/opt/rustwide/rustup-home/toolchains/1.83.0-x86_64-unknown-linux-gnu/lib/rustlib/x86_64-unknown-linux-gnu/lib/librustc_std_workspace_core-c6fd227bdc7b39ff.rlib" "/opt/rustwide/rustup-home/toolchains/1.83.0-x86_64-unknown-linux-gnu/lib/rustlib/x86_64-unknown-linux-gnu/lib/libcore-959d3389fa3da8a5.rlib" "/opt/rustwide/rustup-home/toolchains/1.83.0-x86_64-unknown-linux-gnu/lib/rustlib/x86_64-unknown-linux-gnu/lib/libcompiler_builtins-abe05db089cc2c62.rlib" "-Wl,-Bdynamic" "-lgcc_s" "-lutil" "-lrt" "-lpthread" "-lm" "-ldl" "-lc" "-Wl,--eh-frame-hdr" "-Wl,-z,noexecstack" "-L" "/opt/rustwide/rustup-home/toolchains/1.83.0-x86_64-unknown-linux-gnu/lib/rustlib/x86_64-unknown-linux-gnu/lib" "-o" "/tmp/rustdoctestlS1Lld/rust_out" "-Wl,--gc-sections" "-pie" "-Wl,-z,relro,-z,now" "-nodefaultlibs"
[INFO] [stdout]   = note: collect2: fatal error: ld terminated with signal 9 [Killed]
[INFO] [stdout]           compilation terminated.
[INFO] [stdout]           
[INFO] [stdout] 
[INFO] [stdout] error: aborting due to 1 previous error
[INFO] [stdout] 
[INFO] [stdout] Couldn't compile the test.
[INFO] [stdout] ---- src/lut.rs - lut (line 22) stdout ----
[INFO] [stdout] Test executable failed (exit status: 101).
[INFO] [stdout] 
[INFO] [stdout] stderr:
[INFO] [stdout] thread 'main' panicked at src/lut.rs:40:52:
[INFO] [stdout] called `Result::unwrap()` on an `Err` value: Os { code: 2, kind: NotFound, message: "No such file or directory" }
[INFO] [stdout] stack backtrace:
[INFO] [stdout]    0:     0x63b0194de50a - std::backtrace_rs::backtrace::libunwind::trace::h5a5b8284f2d0c266
[INFO] [stdout]                                at /rustc/90b35a6239c3d8bdabc530a6a0816f7ff89a0aaf/library/std/src/../../backtrace/src/backtrace/libunwind.rs:116:5
[INFO] [stdout]    1:     0x63b0194de50a - std::backtrace_rs::backtrace::trace_unsynchronized::h76d4f1c9b0b875e3
[INFO] [stdout]                                at /rustc/90b35a6239c3d8bdabc530a6a0816f7ff89a0aaf/library/std/src/../../backtrace/src/backtrace/mod.rs:66:5
[INFO] [stdout]    2:     0x63b0194de50a - std::sys::backtrace::_print_fmt::hc4546b8364a537c6
[INFO] [stdout]                                at /rustc/90b35a6239c3d8bdabc530a6a0816f7ff89a0aaf/library/std/src/sys/backtrace.rs:66:9
[INFO] [stdout]    3:     0x63b0194de50a - <std::sys::backtrace::BacktraceLock::print::DisplayBacktrace as core::fmt::Display>::fmt::h5b6bd5631a6d1f6b
[INFO] [stdout]                                at /rustc/90b35a6239c3d8bdabc530a6a0816f7ff89a0aaf/library/std/src/sys/backtrace.rs:39:26
[INFO] [stdout]    4:     0x63b0194f9903 - core::fmt::rt::Argument::fmt::h270f6602a2b96f62
[INFO] [stdout]                                at /rustc/90b35a6239c3d8bdabc530a6a0816f7ff89a0aaf/library/core/src/fmt/rt.rs:177:76
[INFO] [stdout]    5:     0x63b0194f9903 - core::fmt::write::h7550c97b06c86515
[INFO] [stdout]                                at /rustc/90b35a6239c3d8bdabc530a6a0816f7ff89a0aaf/library/core/src/fmt/mod.rs:1186:21
[INFO] [stdout]    6:     0x63b0194dc2b3 - std::io::Write::write_fmt::h7b09c64fe0be9c84
[INFO] [stdout]                                at /rustc/90b35a6239c3d8bdabc530a6a0816f7ff89a0aaf/library/std/src/io/mod.rs:1839:15
[INFO] [stdout]    7:     0x63b0194de352 - std::sys::backtrace::BacktraceLock::print::h2395ccd2c84ba3aa
[INFO] [stdout]                                at /rustc/90b35a6239c3d8bdabc530a6a0816f7ff89a0aaf/library/std/src/sys/backtrace.rs:42:9
[INFO] [stdout]    8:     0x63b0194df2fc - std::panicking::default_hook::{{closure}}::he19d4c7230e07961
[INFO] [stdout]                                at /rustc/90b35a6239c3d8bdabc530a6a0816f7ff89a0aaf/library/std/src/panicking.rs:268:22
[INFO] [stdout]    9:     0x63b0194df142 - std::panicking::default_hook::hf614597d3c67bbdb
[INFO] [stdout]                                at /rustc/90b35a6239c3d8bdabc530a6a0816f7ff89a0aaf/library/std/src/panicking.rs:295:9
[INFO] [stdout]   10:     0x63b0194df8d7 - std::panicking::rust_panic_with_hook::h8942133a8b252070
[INFO] [stdout]                                at /rustc/90b35a6239c3d8bdabc530a6a0816f7ff89a0aaf/library/std/src/panicking.rs:801:13
[INFO] [stdout]   11:     0x63b0194df76a - std::panicking::begin_panic_handler::{{closure}}::hb5f5963570096b29
[INFO] [stdout]                                at /rustc/90b35a6239c3d8bdabc530a6a0816f7ff89a0aaf/library/std/src/panicking.rs:674:13
[INFO] [stdout]   12:     0x63b0194de9e9 - std::sys::backtrace::__rust_end_short_backtrace::h6208cedc1922feda
[INFO] [stdout]                                at /rustc/90b35a6239c3d8bdabc530a6a0816f7ff89a0aaf/library/std/src/sys/backtrace.rs:170:18
[INFO] [stdout]   13:     0x63b0194df3fc - rust_begin_unwind
[INFO] [stdout]                                at /rustc/90b35a6239c3d8bdabc530a6a0816f7ff89a0aaf/library/std/src/panicking.rs:665:5
[INFO] [stdout]   14:     0x63b0194ba030 - core::panicking::panic_fmt::h0c3082644d1bf418
[INFO] [stdout]                                at /rustc/90b35a6239c3d8bdabc530a6a0816f7ff89a0aaf/library/core/src/panicking.rs:74:14
[INFO] [stdout]   15:     0x63b0194ba3a6 - core::result::unwrap_failed::hd20b4aa073bda1e2
[INFO] [stdout]                                at /rustc/90b35a6239c3d8bdabc530a6a0816f7ff89a0aaf/library/core/src/result.rs:1700:5
[INFO] [stdout]   16:     0x63b0194babe5 - core::result::Result<T,E>::unwrap::h5d6b48ec125f58ab
[INFO] [stdout]                                at /rustc/90b35a6239c3d8bdabc530a6a0816f7ff89a0aaf/library/core/src/result.rs:1104:23
[INFO] [stdout]   17:     0x63b0194babe5 - <kosik::lut::ROMAN_NUMERALS as core::ops::deref::Deref>::deref::__static_ref_initialize::h16f6ce2f9c5521c1
[INFO] [stdout]                                at /opt/rustwide/workdir/src/lut.rs:40:11
[INFO] [stdout]   18:     0x63b0194babe5 - core::ops::function::FnOnce::call_once::h6a59ef1faaeb4ed4
[INFO] [stdout]                                at /rustc/90b35a6239c3d8bdabc530a6a0816f7ff89a0aaf/library/core/src/ops/function.rs:250:5
[INFO] [stdout]   19:     0x63b0194bda21 - lazy_static::lazy::Lazy<T>::get::{{closure}}::h3212dc431df1404f
[INFO] [stdout]                                at /opt/rustwide/cargo-home/registry/src/index.crates.io-6f17d22bba15001f/lazy_static-1.4.0/src/inline_lazy.rs:31:29
[INFO] [stdout]   20:     0x63b0194bb749 - std::sync::once::Once::call_once::{{closure}}::h7bd75721e858094f
[INFO] [stdout]                                at /rustc/90b35a6239c3d8bdabc530a6a0816f7ff89a0aaf/library/std/src/sync/once.rs:158:41
[INFO] [stdout]   21:     0x63b0194b9ac3 - std::sys::sync::once::futex::Once::call::hddfcaeb766e3f5ce
[INFO] [stdout]                                at /rustc/90b35a6239c3d8bdabc530a6a0816f7ff89a0aaf/library/std/src/sys/sync/once/futex.rs:177:21
[INFO] [stdout]   22:     0x63b0194bb574 - std::sync::once::Once::call_once::h5da557e032d0d26e
[INFO] [stdout]                                at /rustc/90b35a6239c3d8bdabc530a6a0816f7ff89a0aaf/library/std/src/sync/once.rs:158:9
[INFO] [stdout]   23:     0x63b0194bb470 - lazy_static::lazy::Lazy<T>::get::h4c20e81a340778a2
[INFO] [stdout]                                at /opt/rustwide/cargo-home/registry/src/index.crates.io-6f17d22bba15001f/lazy_static-1.4.0/src/inline_lazy.rs:30:9
[INFO] [stdout]   24:     0x63b0194bb470 - <kosik::lut::ROMAN_NUMERALS as core::ops::deref::Deref>::deref::__stability::h99dc91e069d1b09c
[INFO] [stdout]                                at /opt/rustwide/cargo-home/registry/src/index.crates.io-6f17d22bba15001f/lazy_static-1.4.0/src/lib.rs:142:21
[INFO] [stdout]   25:     0x63b0194bb470 - <kosik::lut::ROMAN_NUMERALS as core::ops::deref::Deref>::deref::h55afc9c96ef3b912
[INFO] [stdout]                                at /opt/rustwide/cargo-home/registry/src/index.crates.io-6f17d22bba15001f/lazy_static-1.4.0/src/lib.rs:144:17
[INFO] [stdout]   26:     0x63b0194ba931 - rust_out::main::_doctest_main_src_lut_rs_22_0::h2ba652f2e8a783a5
[INFO] [stdout]   27:     0x63b0194ba916 - rust_out::main::h86d391cc11b8a827
[INFO] [stdout]   28:     0x63b0194ba873 - core::ops::function::FnOnce::call_once::hd1e0b33d350e8c2e
[INFO] [stdout]   29:     0x63b0194ba856 - std::sys::backtrace::__rust_begin_short_backtrace::hb7c4fd168269da08
[INFO] [stdout]   30:     0x63b0194ba839 - std::rt::lang_start::{{closure}}::h7630186e3858a44d
[INFO] [stdout]   31:     0x63b0194d9f2e - core::ops::function::impls::<impl core::ops::function::FnOnce<A> for &F>::call_once::hfdb85f4ee94732d3
[INFO] [stdout]                                at /rustc/90b35a6239c3d8bdabc530a6a0816f7ff89a0aaf/library/core/src/ops/function.rs:284:13
[INFO] [stdout]   32:     0x63b0194d9f2e - std::panicking::try::do_call::h6e577310f330cbef
[INFO] [stdout]                                at /rustc/90b35a6239c3d8bdabc530a6a0816f7ff89a0aaf/library/std/src/panicking.rs:557:40
[INFO] [stdout]   33:     0x63b0194d9f2e - std::panicking::try::ha588d438267d2645
[INFO] [stdout]                                at /rustc/90b35a6239c3d8bdabc530a6a0816f7ff89a0aaf/library/std/src/panicking.rs:520:19
[INFO] [stdout]   34:     0x63b0194d9f2e - std::panic::catch_unwind::h429fda1e025f26d9
[INFO] [stdout]                                at /rustc/90b35a6239c3d8bdabc530a6a0816f7ff89a0aaf/library/std/src/panic.rs:358:14
[INFO] [stdout]   35:     0x63b0194d9f2e - std::rt::lang_start_internal::{{closure}}::h7b731265e841c4bf
[INFO] [stdout]                                at /rustc/90b35a6239c3d8bdabc530a6a0816f7ff89a0aaf/library/std/src/rt.rs:174:48
[INFO] [stdout]   36:     0x63b0194d9f2e - std::panicking::try::do_call::hc0f6a675b7ae5a36
[INFO] [stdout]                                at /rustc/90b35a6239c3d8bdabc530a6a0816f7ff89a0aaf/library/std/src/panicking.rs:557:40
[INFO] [stdout]   37:     0x63b0194d9f2e - std::panicking::try::h4c93b7ff0671f1ff
[INFO] [stdout]                                at /rustc/90b35a6239c3d8bdabc530a6a0816f7ff89a0aaf/library/std/src/panicking.rs:520:19
[INFO] [stdout]   38:     0x63b0194d9f2e - std::panic::catch_unwind::hcc1e154961d16ce6
[INFO] [stdout]                                at /rustc/90b35a6239c3d8bdabc530a6a0816f7ff89a0aaf/library/std/src/panic.rs:358:14
[INFO] [stdout]   39:     0x63b0194d9f2e - std::rt::lang_start_internal::h1c66660c99c8424c
[INFO] [stdout]                                at /rustc/90b35a6239c3d8bdabc530a6a0816f7ff89a0aaf/library/std/src/rt.rs:174:20
[INFO] [stdout]   40:     0x63b0194ba817 - std::rt::lang_start::hcdb31f4834f76b8c
[INFO] [stdout]   41:     0x63b0194ba9e5 - main
[INFO] [stdout]   42:     0x755a40ae4d90 - <unknown>
[INFO] [stdout]   43:     0x755a40ae4e40 - __libc_start_main
[INFO] [stdout]   44:     0x63b0194ba725 - _start
[INFO] [stdout]   45:                0x0 - <unknown>
[INFO] [stdout] 
[INFO] [stdout] 
[INFO] [stdout] 
[INFO] [stdout] failures:
[INFO] [stdout]     src/document/reader.rs - document::reader::Reader<'a>::new (line 434)
[INFO] [stdout]     src/lut.rs - lut (line 22)
[INFO] [stdout]     src/text.rs - text::linebreak_fill (line 360)
[INFO] [stdout]     src/text.rs - text::linebreak_hang (line 487)
[INFO] [stdout] 
[INFO] [stdout] test result: FAILED. 15 passed; 4 failed; 0 ignored; 0 measured; 0 filtered out; finished in 4.82s
[INFO] [stdout] 
[INFO] [stderr] error: doctest failed, to rerun pass `--doc`
[INFO] running `Command { std: "docker" "inspect" "37adb6bdd3f6cfa6bd9492842a40ec364c617564c3f54b63a45c86f30aeb849b", kill_on_drop: false }`
[INFO] running `Command { std: "docker" "rm" "-f" "37adb6bdd3f6cfa6bd9492842a40ec364c617564c3f54b63a45c86f30aeb849b", kill_on_drop: false }`
[INFO] [stdout] 37adb6bdd3f6cfa6bd9492842a40ec364c617564c3f54b63a45c86f30aeb849b
