[INFO] cloning repository https://github.com/gggiulio77/jojo-common
[INFO] running `Command { std: "git" "-c" "credential.helper=" "-c" "credential.helper=/workspace/cargo-home/bin/git-credential-null" "clone" "--bare" "https://github.com/gggiulio77/jojo-common" "/workspace/cache/git-repos/https%3A%2F%2Fgithub.com%2Fgggiulio77%2Fjojo-common", kill_on_drop: false }`
[INFO] [stderr] Cloning into bare repository '/workspace/cache/git-repos/https%3A%2F%2Fgithub.com%2Fgggiulio77%2Fjojo-common'...
[INFO] running `Command { std: "git" "rev-parse" "HEAD", kill_on_drop: false }`
[INFO] [stdout] a149bd5226912ceec442e1e94a101f700c24485f
[INFO] testing gggiulio77/jojo-common against 1.83.0 for beta-1.84.0-4-retry
[INFO] running `Command { std: "git" "clone" "/workspace/cache/git-repos/https%3A%2F%2Fgithub.com%2Fgggiulio77%2Fjojo-common" "/workspace/builds/worker-4-tc1/source", kill_on_drop: false }`
[INFO] [stderr] Cloning into '/workspace/builds/worker-4-tc1/source'...
[INFO] [stderr] done.
[INFO] validating manifest of git repo https://github.com/gggiulio77/jojo-common on toolchain 1.83.0
[INFO] running `Command { std: CARGO_HOME="/workspace/cargo-home" RUSTUP_HOME="/workspace/rustup-home" "/workspace/cargo-home/bin/cargo" "+1.83.0" "metadata" "--manifest-path" "Cargo.toml" "--no-deps", kill_on_drop: false }`
[INFO] started tweaking git repo https://github.com/gggiulio77/jojo-common
[INFO] finished tweaking git repo https://github.com/gggiulio77/jojo-common
[INFO] tweaked toml for git repo https://github.com/gggiulio77/jojo-common written to /workspace/builds/worker-4-tc1/source/Cargo.toml
[INFO] crate git repo https://github.com/gggiulio77/jojo-common already has a lockfile, it will not be regenerated
[INFO] running `Command { std: CARGO_HOME="/workspace/cargo-home" RUSTUP_HOME="/workspace/rustup-home" "/workspace/cargo-home/bin/cargo" "+1.83.0" "fetch" "--manifest-path" "Cargo.toml", kill_on_drop: false }`
[INFO] [stderr]     Updating crates.io index
[INFO] [stderr]  Downloading crates ...
[INFO] [stderr]   Downloaded profiling-procmacros v1.0.13
[INFO] [stderr]   Downloaded vjoy-sys v0.4.1
[INFO] [stderr]   Downloaded vjoy v0.6.0
[INFO] running `Command { std: "docker" "create" "-v" "/var/lib/crater-agent-workspace/builds/worker-4-tc1/target:/opt/rustwide/target:rw,Z" "-v" "/var/lib/crater-agent-workspace/builds/worker-4-tc1/source:/opt/rustwide/workdir:ro,Z" "-v" "/var/lib/crater-agent-workspace/cargo-home:/opt/rustwide/cargo-home:ro,Z" "-v" "/var/lib/crater-agent-workspace/rustup-home:/opt/rustwide/rustup-home:ro,Z" "-e" "SOURCE_DIR=/opt/rustwide/workdir" "-e" "CARGO_TARGET_DIR=/opt/rustwide/target" "-e" "CARGO_HOME=/opt/rustwide/cargo-home" "-e" "RUSTUP_HOME=/opt/rustwide/rustup-home" "-w" "/opt/rustwide/workdir" "-m" "1610612736" "--user" "0:0" "--network" "none" "ghcr.io/rust-lang/crates-build-env/linux@sha256:f3a9d4ad9d972b27faf3965f35b62e55ba32bbce8f20bc8fe909558a86702fde" "/opt/rustwide/cargo-home/bin/cargo" "+1.83.0" "metadata" "--no-deps" "--format-version=1", kill_on_drop: false }`
[INFO] [stdout] 82e2de589d76e24764fd2ecea8d4649c3840097dcb1d9f851cc560474ba47030
[INFO] running `Command { std: "docker" "start" "-a" "82e2de589d76e24764fd2ecea8d4649c3840097dcb1d9f851cc560474ba47030", kill_on_drop: false }`
[INFO] running `Command { std: "docker" "inspect" "82e2de589d76e24764fd2ecea8d4649c3840097dcb1d9f851cc560474ba47030", kill_on_drop: false }`
[INFO] running `Command { std: "docker" "rm" "-f" "82e2de589d76e24764fd2ecea8d4649c3840097dcb1d9f851cc560474ba47030", kill_on_drop: false }`
[INFO] [stdout] 82e2de589d76e24764fd2ecea8d4649c3840097dcb1d9f851cc560474ba47030
[INFO] running `Command { std: "docker" "create" "-v" "/var/lib/crater-agent-workspace/builds/worker-4-tc1/target:/opt/rustwide/target:rw,Z" "-v" "/var/lib/crater-agent-workspace/builds/worker-4-tc1/source:/opt/rustwide/workdir:ro,Z" "-v" "/var/lib/crater-agent-workspace/cargo-home:/opt/rustwide/cargo-home:ro,Z" "-v" "/var/lib/crater-agent-workspace/rustup-home:/opt/rustwide/rustup-home:ro,Z" "-e" "SOURCE_DIR=/opt/rustwide/workdir" "-e" "CARGO_TARGET_DIR=/opt/rustwide/target" "-e" "CARGO_INCREMENTAL=0" "-e" "RUST_BACKTRACE=full" "-e" "RUSTFLAGS=--cap-lints=warn" "-e" "RUSTDOCFLAGS=--cap-lints=warn" "-e" "CARGO_HOME=/opt/rustwide/cargo-home" "-e" "RUSTUP_HOME=/opt/rustwide/rustup-home" "-w" "/opt/rustwide/workdir" "-m" "1610612736" "--user" "0:0" "--network" "none" "ghcr.io/rust-lang/crates-build-env/linux@sha256:f3a9d4ad9d972b27faf3965f35b62e55ba32bbce8f20bc8fe909558a86702fde" "/opt/rustwide/cargo-home/bin/cargo" "+1.83.0" "build" "--frozen" "--message-format=json", kill_on_drop: false }`
[INFO] [stdout] 49bc01e2cedd7184ffac0f162739f2c1dbea327b2830ccf26a8b7b9eaf3442c7
[INFO] running `Command { std: "docker" "start" "-a" "49bc01e2cedd7184ffac0f162739f2c1dbea327b2830ccf26a8b7b9eaf3442c7", kill_on_drop: false }`
[INFO] [stderr]    Compiling libc v0.2.151
[INFO] [stderr]    Compiling proc-macro2 v1.0.70
[INFO] [stderr]    Compiling unicode-ident v1.0.12
[INFO] [stderr]    Compiling serde v1.0.193
[INFO] [stderr]    Compiling quote v1.0.33
[INFO] [stderr]    Compiling getrandom v0.2.11
[INFO] [stderr]    Compiling syn v2.0.41
[INFO] [stderr]    Compiling rand_core v0.6.4
[INFO] [stderr]    Compiling rand_chacha v0.3.1
[INFO] [stderr]    Compiling rand v0.8.5
[INFO] [stderr]    Compiling serde_derive v1.0.193
[INFO] [stderr]    Compiling uuid v1.6.1
[INFO] [stderr]    Compiling jojo-common v0.1.0 (/opt/rustwide/workdir)
[INFO] [stdout] warning: unexpected `cfg` condition value: `macos`
[INFO] [stdout]    --> src/keyboard.rs:257:11
[INFO] [stdout]     |
[INFO] [stdout] 257 |     #[cfg(feature = "macos")]
[INFO] [stdout]     |           ^^^^^^^^^^-------
[INFO] [stdout]     |                     |
[INFO] [stdout]     |                     help: there is a expected value with a similar name: `"mac_os"`
[INFO] [stdout]     |
[INFO] [stdout]     = note: expected values for `feature` are: `default`, `driver`, `linux`, `mac_os`, and `windows`
[INFO] [stdout]     = help: consider adding `macos` as a feature in `Cargo.toml`
[INFO] [stdout]     = note: see <https://doc.rust-lang.org/nightly/rustc/check-cfg/cargo-specifics.html> for more information about checking conditional configuration
[INFO] [stdout]     = note: `#[warn(unexpected_cfgs)]` on by default
[INFO] [stdout] 
[INFO] [stdout] 
[INFO] [stdout] warning: unexpected `cfg` condition value: `macos`
[INFO] [stdout]    --> src/keyboard.rs:346:11
[INFO] [stdout]     |
[INFO] [stdout] 346 |     #[cfg(feature = "macos")]
[INFO] [stdout]     |           ^^^^^^^^^^-------
[INFO] [stdout]     |                     |
[INFO] [stdout]     |                     help: there is a expected value with a similar name: `"mac_os"`
[INFO] [stdout]     |
[INFO] [stdout]     = note: expected values for `feature` are: `default`, `driver`, `linux`, `mac_os`, and `windows`
[INFO] [stdout]     = help: consider adding `macos` as a feature in `Cargo.toml`
[INFO] [stdout]     = note: see <https://doc.rust-lang.org/nightly/rustc/check-cfg/cargo-specifics.html> for more information about checking conditional configuration
[INFO] [stdout] 
[INFO] [stdout] 
[INFO] [stdout] warning: unexpected `cfg` condition value: `macos`
[INFO] [stdout]    --> src/keyboard.rs:373:11
[INFO] [stdout]     |
[INFO] [stdout] 373 |     #[cfg(feature = "macos")]
[INFO] [stdout]     |           ^^^^^^^^^^-------
[INFO] [stdout]     |                     |
[INFO] [stdout]     |                     help: there is a expected value with a similar name: `"mac_os"`
[INFO] [stdout]     |
[INFO] [stdout]     = note: expected values for `feature` are: `default`, `driver`, `linux`, `mac_os`, and `windows`
[INFO] [stdout]     = help: consider adding `macos` as a feature in `Cargo.toml`
[INFO] [stdout]     = note: see <https://doc.rust-lang.org/nightly/rustc/check-cfg/cargo-specifics.html> for more information about checking conditional configuration
[INFO] [stdout] 
[INFO] [stdout] 
[INFO] [stdout] warning: unexpected `cfg` condition value: `macos`
[INFO] [stdout]    --> src/keyboard.rs:512:11
[INFO] [stdout]     |
[INFO] [stdout] 512 |     #[cfg(feature = "macos")]
[INFO] [stdout]     |           ^^^^^^^^^^-------
[INFO] [stdout]     |                     |
[INFO] [stdout]     |                     help: there is a expected value with a similar name: `"mac_os"`
[INFO] [stdout]     |
[INFO] [stdout]     = note: expected values for `feature` are: `default`, `driver`, `linux`, `mac_os`, and `windows`
[INFO] [stdout]     = help: consider adding `macos` as a feature in `Cargo.toml`
[INFO] [stdout]     = note: see <https://doc.rust-lang.org/nightly/rustc/check-cfg/cargo-specifics.html> for more information about checking conditional configuration
[INFO] [stdout] 
[INFO] [stdout] 
[INFO] [stdout] warning: unexpected `cfg` condition value: `macos`
[INFO] [stdout]    --> src/keyboard.rs:523:11
[INFO] [stdout]     |
[INFO] [stdout] 523 |     #[cfg(feature = "macos")]
[INFO] [stdout]     |           ^^^^^^^^^^-------
[INFO] [stdout]     |                     |
[INFO] [stdout]     |                     help: there is a expected value with a similar name: `"mac_os"`
[INFO] [stdout]     |
[INFO] [stdout]     = note: expected values for `feature` are: `default`, `driver`, `linux`, `mac_os`, and `windows`
[INFO] [stdout]     = help: consider adding `macos` as a feature in `Cargo.toml`
[INFO] [stdout]     = note: see <https://doc.rust-lang.org/nightly/rustc/check-cfg/cargo-specifics.html> for more information about checking conditional configuration
[INFO] [stdout] 
[INFO] [stdout] 
[INFO] [stdout] warning: use of deprecated unit variant `keyboard::Key::Command`: now renamed to Meta
[INFO] [stdout]    --> src/keyboard.rs:130:5
[INFO] [stdout]     |
[INFO] [stdout] 130 |     Command,
[INFO] [stdout]     |     ^^^^^^^
[INFO] [stdout]     |
[INFO] [stdout]     = note: `#[warn(deprecated)]` on by default
[INFO] [stdout] 
[INFO] [stdout] 
[INFO] [stdout] warning: use of deprecated unit variant `keyboard::Key::Super`: now renamed to Meta
[INFO] [stdout]    --> src/keyboard.rs:553:5
[INFO] [stdout]     |
[INFO] [stdout] 553 |     Super,
[INFO] [stdout]     |     ^^^^^
[INFO] [stdout] 
[INFO] [stdout] 
[INFO] [stderr]     Finished `dev` profile [unoptimized + debuginfo] target(s) in 16.95s
[INFO] running `Command { std: "docker" "inspect" "49bc01e2cedd7184ffac0f162739f2c1dbea327b2830ccf26a8b7b9eaf3442c7", kill_on_drop: false }`
[INFO] running `Command { std: "docker" "rm" "-f" "49bc01e2cedd7184ffac0f162739f2c1dbea327b2830ccf26a8b7b9eaf3442c7", kill_on_drop: false }`
[INFO] [stdout] 49bc01e2cedd7184ffac0f162739f2c1dbea327b2830ccf26a8b7b9eaf3442c7
[INFO] running `Command { std: "docker" "create" "-v" "/var/lib/crater-agent-workspace/builds/worker-4-tc1/target:/opt/rustwide/target:rw,Z" "-v" "/var/lib/crater-agent-workspace/builds/worker-4-tc1/source:/opt/rustwide/workdir:ro,Z" "-v" "/var/lib/crater-agent-workspace/cargo-home:/opt/rustwide/cargo-home:ro,Z" "-v" "/var/lib/crater-agent-workspace/rustup-home:/opt/rustwide/rustup-home:ro,Z" "-e" "SOURCE_DIR=/opt/rustwide/workdir" "-e" "CARGO_TARGET_DIR=/opt/rustwide/target" "-e" "CARGO_INCREMENTAL=0" "-e" "RUST_BACKTRACE=full" "-e" "RUSTFLAGS=--cap-lints=warn" "-e" "RUSTDOCFLAGS=--cap-lints=warn" "-e" "CARGO_HOME=/opt/rustwide/cargo-home" "-e" "RUSTUP_HOME=/opt/rustwide/rustup-home" "-w" "/opt/rustwide/workdir" "-m" "1610612736" "--user" "0:0" "--network" "none" "ghcr.io/rust-lang/crates-build-env/linux@sha256:f3a9d4ad9d972b27faf3965f35b62e55ba32bbce8f20bc8fe909558a86702fde" "/opt/rustwide/cargo-home/bin/cargo" "+1.83.0" "test" "--frozen" "--no-run" "--message-format=json", kill_on_drop: false }`
[INFO] [stdout] 27c1dc23e46aaa7bd6e7a492f3999ae5e1821e0091e3d30a620cb691518592dd
[INFO] running `Command { std: "docker" "start" "-a" "27c1dc23e46aaa7bd6e7a492f3999ae5e1821e0091e3d30a620cb691518592dd", kill_on_drop: false }`
[INFO] [stderr]    Compiling serde_json v1.0.108
[INFO] [stderr]    Compiling itoa v1.0.10
[INFO] [stderr]    Compiling ryu v1.0.16
[INFO] [stderr]    Compiling bincode v1.3.3
[INFO] [stdout] warning: unexpected `cfg` condition value: `macos`
[INFO] [stdout]    --> src/keyboard.rs:257:11
[INFO] [stdout]     |
[INFO] [stdout] 257 |     #[cfg(feature = "macos")]
[INFO] [stdout]     |           ^^^^^^^^^^-------
[INFO] [stdout]     |                     |
[INFO] [stdout]     |                     help: there is a expected value with a similar name: `"mac_os"`
[INFO] [stdout]     |
[INFO] [stdout]     = note: expected values for `feature` are: `default`, `driver`, `linux`, `mac_os`, and `windows`
[INFO] [stdout]     = help: consider adding `macos` as a feature in `Cargo.toml`
[INFO] [stdout]     = note: see <https://doc.rust-lang.org/nightly/rustc/check-cfg/cargo-specifics.html> for more information about checking conditional configuration
[INFO] [stdout]     = note: `#[warn(unexpected_cfgs)]` on by default
[INFO] [stdout] 
[INFO] [stdout] 
[INFO] [stdout] warning: unexpected `cfg` condition value: `macos`
[INFO] [stdout]    --> src/keyboard.rs:346:11
[INFO] [stdout]     |
[INFO] [stdout] 346 |     #[cfg(feature = "macos")]
[INFO] [stdout]     |           ^^^^^^^^^^-------
[INFO] [stdout]     |                     |
[INFO] [stdout]     |                     help: there is a expected value with a similar name: `"mac_os"`
[INFO] [stdout]     |
[INFO] [stdout]     = note: expected values for `feature` are: `default`, `driver`, `linux`, `mac_os`, and `windows`
[INFO] [stdout]     = help: consider adding `macos` as a feature in `Cargo.toml`
[INFO] [stdout]     = note: see <https://doc.rust-lang.org/nightly/rustc/check-cfg/cargo-specifics.html> for more information about checking conditional configuration
[INFO] [stdout] 
[INFO] [stdout] 
[INFO] [stdout] warning: unexpected `cfg` condition value: `macos`
[INFO] [stdout]    --> src/keyboard.rs:373:11
[INFO] [stdout]     |
[INFO] [stdout] 373 |     #[cfg(feature = "macos")]
[INFO] [stdout]     |           ^^^^^^^^^^-------
[INFO] [stdout]     |                     |
[INFO] [stdout]     |                     help: there is a expected value with a similar name: `"mac_os"`
[INFO] [stdout]     |
[INFO] [stdout]     = note: expected values for `feature` are: `default`, `driver`, `linux`, `mac_os`, and `windows`
[INFO] [stdout]     = help: consider adding `macos` as a feature in `Cargo.toml`
[INFO] [stdout]     = note: see <https://doc.rust-lang.org/nightly/rustc/check-cfg/cargo-specifics.html> for more information about checking conditional configuration
[INFO] [stdout] 
[INFO] [stdout] 
[INFO] [stdout] warning: unexpected `cfg` condition value: `macos`
[INFO] [stdout]    --> src/keyboard.rs:512:11
[INFO] [stdout]     |
[INFO] [stdout] 512 |     #[cfg(feature = "macos")]
[INFO] [stdout]     |           ^^^^^^^^^^-------
[INFO] [stdout]     |                     |
[INFO] [stdout]     |                     help: there is a expected value with a similar name: `"mac_os"`
[INFO] [stdout]     |
[INFO] [stdout]     = note: expected values for `feature` are: `default`, `driver`, `linux`, `mac_os`, and `windows`
[INFO] [stdout]     = help: consider adding `macos` as a feature in `Cargo.toml`
[INFO] [stdout]     = note: see <https://doc.rust-lang.org/nightly/rustc/check-cfg/cargo-specifics.html> for more information about checking conditional configuration
[INFO] [stdout] 
[INFO] [stdout] 
[INFO] [stdout] warning: unexpected `cfg` condition value: `macos`
[INFO] [stdout]    --> src/keyboard.rs:523:11
[INFO] [stdout]     |
[INFO] [stdout] 523 |     #[cfg(feature = "macos")]
[INFO] [stdout]     |           ^^^^^^^^^^-------
[INFO] [stdout]     |                     |
[INFO] [stdout]     |                     help: there is a expected value with a similar name: `"mac_os"`
[INFO] [stdout]     |
[INFO] [stdout]     = note: expected values for `feature` are: `default`, `driver`, `linux`, `mac_os`, and `windows`
[INFO] [stdout]     = help: consider adding `macos` as a feature in `Cargo.toml`
[INFO] [stdout]     = note: see <https://doc.rust-lang.org/nightly/rustc/check-cfg/cargo-specifics.html> for more information about checking conditional configuration
[INFO] [stdout] 
[INFO] [stdout] 
[INFO] [stdout] warning: use of deprecated unit variant `keyboard::Key::Command`: now renamed to Meta
[INFO] [stdout]    --> src/keyboard.rs:130:5
[INFO] [stdout]     |
[INFO] [stdout] 130 |     Command,
[INFO] [stdout]     |     ^^^^^^^
[INFO] [stdout]     |
[INFO] [stdout]     = note: `#[warn(deprecated)]` on by default
[INFO] [stdout] 
[INFO] [stdout] 
[INFO] [stdout] warning: use of deprecated unit variant `keyboard::Key::Super`: now renamed to Meta
[INFO] [stdout]    --> src/keyboard.rs:553:5
[INFO] [stdout]     |
[INFO] [stdout] 553 |     Super,
[INFO] [stdout]     |     ^^^^^
[INFO] [stdout] 
[INFO] [stdout] 
[INFO] [stderr]    Compiling jojo-common v0.1.0 (/opt/rustwide/workdir)
[INFO] [stdout] warning: unexpected `cfg` condition value: `macos`
[INFO] [stdout]    --> src/keyboard.rs:257:11
[INFO] [stdout]     |
[INFO] [stdout] 257 |     #[cfg(feature = "macos")]
[INFO] [stdout]     |           ^^^^^^^^^^-------
[INFO] [stdout]     |                     |
[INFO] [stdout]     |                     help: there is a expected value with a similar name: `"mac_os"`
[INFO] [stdout]     |
[INFO] [stdout]     = note: expected values for `feature` are: `default`, `driver`, `linux`, `mac_os`, and `windows`
[INFO] [stdout]     = help: consider adding `macos` as a feature in `Cargo.toml`
[INFO] [stdout]     = note: see <https://doc.rust-lang.org/nightly/rustc/check-cfg/cargo-specifics.html> for more information about checking conditional configuration
[INFO] [stdout]     = note: `#[warn(unexpected_cfgs)]` on by default
[INFO] [stdout] 
[INFO] [stdout] 
[INFO] [stdout] warning: unexpected `cfg` condition value: `macos`
[INFO] [stdout]    --> src/keyboard.rs:346:11
[INFO] [stdout]     |
[INFO] [stdout] 346 |     #[cfg(feature = "macos")]
[INFO] [stdout]     |           ^^^^^^^^^^-------
[INFO] [stdout]     |                     |
[INFO] [stdout]     |                     help: there is a expected value with a similar name: `"mac_os"`
[INFO] [stdout]     |
[INFO] [stdout]     = note: expected values for `feature` are: `default`, `driver`, `linux`, `mac_os`, and `windows`
[INFO] [stdout]     = help: consider adding `macos` as a feature in `Cargo.toml`
[INFO] [stdout]     = note: see <https://doc.rust-lang.org/nightly/rustc/check-cfg/cargo-specifics.html> for more information about checking conditional configuration
[INFO] [stdout] 
[INFO] [stdout] 
[INFO] [stdout] warning: unexpected `cfg` condition value: `macos`
[INFO] [stdout]    --> src/keyboard.rs:373:11
[INFO] [stdout]     |
[INFO] [stdout] 373 |     #[cfg(feature = "macos")]
[INFO] [stdout]     |           ^^^^^^^^^^-------
[INFO] [stdout]     |                     |
[INFO] [stdout]     |                     help: there is a expected value with a similar name: `"mac_os"`
[INFO] [stdout]     |
[INFO] [stdout]     = note: expected values for `feature` are: `default`, `driver`, `linux`, `mac_os`, and `windows`
[INFO] [stdout]     = help: consider adding `macos` as a feature in `Cargo.toml`
[INFO] [stdout]     = note: see <https://doc.rust-lang.org/nightly/rustc/check-cfg/cargo-specifics.html> for more information about checking conditional configuration
[INFO] [stdout] 
[INFO] [stdout] 
[INFO] [stdout] warning: unexpected `cfg` condition value: `macos`
[INFO] [stdout]    --> src/keyboard.rs:512:11
[INFO] [stdout]     |
[INFO] [stdout] 512 |     #[cfg(feature = "macos")]
[INFO] [stdout]     |           ^^^^^^^^^^-------
[INFO] [stdout]     |                     |
[INFO] [stdout]     |                     help: there is a expected value with a similar name: `"mac_os"`
[INFO] [stdout]     |
[INFO] [stdout]     = note: expected values for `feature` are: `default`, `driver`, `linux`, `mac_os`, and `windows`
[INFO] [stdout]     = help: consider adding `macos` as a feature in `Cargo.toml`
[INFO] [stdout]     = note: see <https://doc.rust-lang.org/nightly/rustc/check-cfg/cargo-specifics.html> for more information about checking conditional configuration
[INFO] [stdout] 
[INFO] [stdout] 
[INFO] [stdout] warning: unexpected `cfg` condition value: `macos`
[INFO] [stdout]    --> src/keyboard.rs:523:11
[INFO] [stdout]     |
[INFO] [stdout] 523 |     #[cfg(feature = "macos")]
[INFO] [stdout]     |           ^^^^^^^^^^-------
[INFO] [stdout]     |                     |
[INFO] [stdout]     |                     help: there is a expected value with a similar name: `"mac_os"`
[INFO] [stdout]     |
[INFO] [stdout]     = note: expected values for `feature` are: `default`, `driver`, `linux`, `mac_os`, and `windows`
[INFO] [stdout]     = help: consider adding `macos` as a feature in `Cargo.toml`
[INFO] [stdout]     = note: see <https://doc.rust-lang.org/nightly/rustc/check-cfg/cargo-specifics.html> for more information about checking conditional configuration
[INFO] [stdout] 
[INFO] [stdout] 
[INFO] [stdout] warning: use of deprecated unit variant `keyboard::Key::Command`: now renamed to Meta
[INFO] [stdout]    --> src/keyboard.rs:130:5
[INFO] [stdout]     |
[INFO] [stdout] 130 |     Command,
[INFO] [stdout]     |     ^^^^^^^
[INFO] [stdout]     |
[INFO] [stdout]     = note: `#[warn(deprecated)]` on by default
[INFO] [stdout] 
[INFO] [stdout] 
[INFO] [stdout] warning: use of deprecated unit variant `keyboard::Key::Super`: now renamed to Meta
[INFO] [stdout]    --> src/keyboard.rs:553:5
[INFO] [stdout]     |
[INFO] [stdout] 553 |     Super,
[INFO] [stdout]     |     ^^^^^
[INFO] [stdout] 
[INFO] [stdout] 
[INFO] [stderr]     Finished `test` profile [unoptimized + debuginfo] target(s) in 5.61s
[INFO] running `Command { std: "docker" "inspect" "27c1dc23e46aaa7bd6e7a492f3999ae5e1821e0091e3d30a620cb691518592dd", kill_on_drop: false }`
[INFO] running `Command { std: "docker" "rm" "-f" "27c1dc23e46aaa7bd6e7a492f3999ae5e1821e0091e3d30a620cb691518592dd", kill_on_drop: false }`
[INFO] [stdout] 27c1dc23e46aaa7bd6e7a492f3999ae5e1821e0091e3d30a620cb691518592dd
[INFO] running `Command { std: "docker" "create" "-v" "/var/lib/crater-agent-workspace/builds/worker-4-tc1/target:/opt/rustwide/target:rw,Z" "-v" "/var/lib/crater-agent-workspace/builds/worker-4-tc1/source:/opt/rustwide/workdir:ro,Z" "-v" "/var/lib/crater-agent-workspace/cargo-home:/opt/rustwide/cargo-home:ro,Z" "-v" "/var/lib/crater-agent-workspace/rustup-home:/opt/rustwide/rustup-home:ro,Z" "-e" "SOURCE_DIR=/opt/rustwide/workdir" "-e" "CARGO_TARGET_DIR=/opt/rustwide/target" "-e" "CARGO_INCREMENTAL=0" "-e" "RUST_BACKTRACE=full" "-e" "RUSTFLAGS=--cap-lints=warn" "-e" "RUSTDOCFLAGS=--cap-lints=warn" "-e" "CARGO_HOME=/opt/rustwide/cargo-home" "-e" "RUSTUP_HOME=/opt/rustwide/rustup-home" "-w" "/opt/rustwide/workdir" "-m" "1610612736" "--user" "0:0" "--network" "none" "ghcr.io/rust-lang/crates-build-env/linux@sha256:f3a9d4ad9d972b27faf3965f35b62e55ba32bbce8f20bc8fe909558a86702fde" "/opt/rustwide/cargo-home/bin/cargo" "+1.83.0" "test" "--frozen", kill_on_drop: false }`
[INFO] [stdout] 8010774d678416e5f76182f941fc8ef37d23ee0d6596ad42a234f41032fd432b
[INFO] running `Command { std: "docker" "start" "-a" "8010774d678416e5f76182f941fc8ef37d23ee0d6596ad42a234f41032fd432b", kill_on_drop: false }`
[INFO] [stderr] warning: unexpected `cfg` condition value: `macos`
[INFO] [stderr]    --> src/keyboard.rs:257:11
[INFO] [stderr]     |
[INFO] [stderr] 257 |     #[cfg(feature = "macos")]
[INFO] [stderr]     |           ^^^^^^^^^^-------
[INFO] [stderr]     |                     |
[INFO] [stderr]     |                     help: there is a expected value with a similar name: `"mac_os"`
[INFO] [stderr]     |
[INFO] [stderr]     = note: expected values for `feature` are: `default`, `driver`, `linux`, `mac_os`, and `windows`
[INFO] [stderr]     = help: consider adding `macos` as a feature in `Cargo.toml`
[INFO] [stderr]     = note: see <https://doc.rust-lang.org/nightly/rustc/check-cfg/cargo-specifics.html> for more information about checking conditional configuration
[INFO] [stderr]     = note: `#[warn(unexpected_cfgs)]` on by default
[INFO] [stderr] 
[INFO] [stderr] warning: unexpected `cfg` condition value: `macos`
[INFO] [stderr]    --> src/keyboard.rs:346:11
[INFO] [stderr]     |
[INFO] [stderr] 346 |     #[cfg(feature = "macos")]
[INFO] [stderr]     |           ^^^^^^^^^^-------
[INFO] [stderr]     |                     |
[INFO] [stderr]     |                     help: there is a expected value with a similar name: `"mac_os"`
[INFO] [stderr]     |
[INFO] [stderr]     = note: expected values for `feature` are: `default`, `driver`, `linux`, `mac_os`, and `windows`
[INFO] [stderr]     = help: consider adding `macos` as a feature in `Cargo.toml`
[INFO] [stderr]     = note: see <https://doc.rust-lang.org/nightly/rustc/check-cfg/cargo-specifics.html> for more information about checking conditional configuration
[INFO] [stderr] 
[INFO] [stderr] warning: unexpected `cfg` condition value: `macos`
[INFO] [stderr]    --> src/keyboard.rs:373:11
[INFO] [stderr]     |
[INFO] [stderr] 373 |     #[cfg(feature = "macos")]
[INFO] [stderr]     |           ^^^^^^^^^^-------
[INFO] [stderr]     |                     |
[INFO] [stderr]     |                     help: there is a expected value with a similar name: `"mac_os"`
[INFO] [stderr]     |
[INFO] [stderr]     = note: expected values for `feature` are: `default`, `driver`, `linux`, `mac_os`, and `windows`
[INFO] [stderr]     = help: consider adding `macos` as a feature in `Cargo.toml`
[INFO] [stderr]     = note: see <https://doc.rust-lang.org/nightly/rustc/check-cfg/cargo-specifics.html> for more information about checking conditional configuration
[INFO] [stderr] 
[INFO] [stderr] warning: unexpected `cfg` condition value: `macos`
[INFO] [stderr]    --> src/keyboard.rs:512:11
[INFO] [stderr]     |
[INFO] [stderr] 512 |     #[cfg(feature = "macos")]
[INFO] [stderr]     |           ^^^^^^^^^^-------
[INFO] [stderr]     |                     |
[INFO] [stderr]     |                     help: there is a expected value with a similar name: `"mac_os"`
[INFO] [stderr]     |
[INFO] [stderr]     = note: expected values for `feature` are: `default`, `driver`, `linux`, `mac_os`, and `windows`
[INFO] [stderr]     = help: consider adding `macos` as a feature in `Cargo.toml`
[INFO] [stderr]     = note: see <https://doc.rust-lang.org/nightly/rustc/check-cfg/cargo-specifics.html> for more information about checking conditional configuration
[INFO] [stderr] 
[INFO] [stderr] warning: unexpected `cfg` condition value: `macos`
[INFO] [stderr]    --> src/keyboard.rs:523:11
[INFO] [stderr]     |
[INFO] [stderr] 523 |     #[cfg(feature = "macos")]
[INFO] [stderr]     |           ^^^^^^^^^^-------
[INFO] [stderr]     |                     |
[INFO] [stderr]     |                     help: there is a expected value with a similar name: `"mac_os"`
[INFO] [stderr]     |
[INFO] [stderr]     = note: expected values for `feature` are: `default`, `driver`, `linux`, `mac_os`, and `windows`
[INFO] [stderr]     = help: consider adding `macos` as a feature in `Cargo.toml`
[INFO] [stderr]     = note: see <https://doc.rust-lang.org/nightly/rustc/check-cfg/cargo-specifics.html> for more information about checking conditional configuration
[INFO] [stderr] 
[INFO] [stderr] warning: use of deprecated unit variant `keyboard::Key::Command`: now renamed to Meta
[INFO] [stderr]    --> src/keyboard.rs:130:5
[INFO] [stderr]     |
[INFO] [stderr] 130 |     Command,
[INFO] [stderr]     |     ^^^^^^^
[INFO] [stderr]     |
[INFO] [stderr]     = note: `#[warn(deprecated)]` on by default
[INFO] [stderr] 
[INFO] [stderr] warning: use of deprecated unit variant `keyboard::Key::Super`: now renamed to Meta
[INFO] [stderr]    --> src/keyboard.rs:553:5
[INFO] [stderr]     |
[INFO] [stderr] 553 |     Super,
[INFO] [stderr]     |     ^^^^^
[INFO] [stderr] 
[INFO] [stderr] warning: `jojo-common` (lib) generated 7 warnings
[INFO] [stderr] warning: `jojo-common` (lib test) generated 7 warnings (7 duplicates)
[INFO] [stderr]     Finished `test` profile [unoptimized + debuginfo] target(s) in 0.10s
[INFO] [stderr]      Running unittests src/lib.rs (/opt/rustwide/target/debug/deps/jojo_common-50a1ba39d880c259)
[INFO] [stdout] 
[INFO] [stdout] running 5 tests
[INFO] [stdout] test message::tests::serialize_client_message ... ok
[INFO] [stdout] test network::tests::ssid_validation ... ok
[INFO] [stdout] test network::tests::password_validation ... ok
[INFO] [stdout] test button::tests::test_serialize ... ok
[INFO] [stderr] error: test failed, to rerun pass `--lib`
[INFO] [stdout] test command::tests::run_binary ... FAILED
[INFO] [stdout] 
[INFO] [stdout] failures:
[INFO] [stdout] 
[INFO] [stdout] ---- command::tests::run_binary stdout ----
[INFO] [stdout] thread 'command::tests::run_binary' panicked at src/command.rs:29:51:
[INFO] [stdout] fail to run binary: Os { code: 2, kind: NotFound, message: "No such file or directory" }
[INFO] [stdout] stack backtrace:
[INFO] [stdout]    0:     0x58e6a961575a - std::backtrace_rs::backtrace::libunwind::trace::h5a5b8284f2d0c266
[INFO] [stdout]                                at /rustc/90b35a6239c3d8bdabc530a6a0816f7ff89a0aaf/library/std/src/../../backtrace/src/backtrace/libunwind.rs:116:5
[INFO] [stdout]    1:     0x58e6a961575a - std::backtrace_rs::backtrace::trace_unsynchronized::h76d4f1c9b0b875e3
[INFO] [stdout]                                at /rustc/90b35a6239c3d8bdabc530a6a0816f7ff89a0aaf/library/std/src/../../backtrace/src/backtrace/mod.rs:66:5
[INFO] [stdout]    2:     0x58e6a961575a - std::sys::backtrace::_print_fmt::hc4546b8364a537c6
[INFO] [stdout]                                at /rustc/90b35a6239c3d8bdabc530a6a0816f7ff89a0aaf/library/std/src/sys/backtrace.rs:66:9
[INFO] [stdout]    3:     0x58e6a961575a - <std::sys::backtrace::BacktraceLock::print::DisplayBacktrace as core::fmt::Display>::fmt::h5b6bd5631a6d1f6b
[INFO] [stdout]                                at /rustc/90b35a6239c3d8bdabc530a6a0816f7ff89a0aaf/library/std/src/sys/backtrace.rs:39:26
[INFO] [stdout]    4:     0x58e6a963af23 - core::fmt::rt::Argument::fmt::h270f6602a2b96f62
[INFO] [stdout]                                at /rustc/90b35a6239c3d8bdabc530a6a0816f7ff89a0aaf/library/core/src/fmt/rt.rs:177:76
[INFO] [stdout]    5:     0x58e6a963af23 - core::fmt::write::h7550c97b06c86515
[INFO] [stdout]                                at /rustc/90b35a6239c3d8bdabc530a6a0816f7ff89a0aaf/library/core/src/fmt/mod.rs:1186:21
[INFO] [stdout]    6:     0x58e6a96128c3 - std::io::Write::write_fmt::h509ff860e5956e5e
[INFO] [stdout]                                at /rustc/90b35a6239c3d8bdabc530a6a0816f7ff89a0aaf/library/std/src/io/mod.rs:1839:15
[INFO] [stdout]    7:     0x58e6a96155a2 - std::sys::backtrace::BacktraceLock::print::h2395ccd2c84ba3aa
[INFO] [stdout]                                at /rustc/90b35a6239c3d8bdabc530a6a0816f7ff89a0aaf/library/std/src/sys/backtrace.rs:42:9
[INFO] [stdout]    8:     0x58e6a9616bba - std::panicking::default_hook::{{closure}}::he19d4c7230e07961
[INFO] [stdout]                                at /rustc/90b35a6239c3d8bdabc530a6a0816f7ff89a0aaf/library/std/src/panicking.rs:268:22
[INFO] [stdout]    9:     0x58e6a96169c4 - std::panicking::default_hook::hf614597d3c67bbdb
[INFO] [stdout]                                at /rustc/90b35a6239c3d8bdabc530a6a0816f7ff89a0aaf/library/std/src/panicking.rs:292:9
[INFO] [stdout]   10:     0x58e6a95d9be9 - <alloc::boxed::Box<F,A> as core::ops::function::Fn<Args>>::call::h39b51ce4599c23d1
[INFO] [stdout]                                at /rustc/90b35a6239c3d8bdabc530a6a0816f7ff89a0aaf/library/alloc/src/boxed.rs:2468:9
[INFO] [stdout]   11:     0x58e6a95d9be9 - test::test_main::{{closure}}::he977ae839a582784
[INFO] [stdout]                                at /rustc/90b35a6239c3d8bdabc530a6a0816f7ff89a0aaf/library/test/src/lib.rs:133:21
[INFO] [stdout]   12:     0x58e6a9617258 - <alloc::boxed::Box<F,A> as core::ops::function::Fn<Args>>::call::h9455091b6b06f9fb
[INFO] [stdout]                                at /rustc/90b35a6239c3d8bdabc530a6a0816f7ff89a0aaf/library/alloc/src/boxed.rs:2468:9
[INFO] [stdout]   13:     0x58e6a9617258 - std::panicking::rust_panic_with_hook::h8942133a8b252070
[INFO] [stdout]                                at /rustc/90b35a6239c3d8bdabc530a6a0816f7ff89a0aaf/library/std/src/panicking.rs:809:13
[INFO] [stdout]   14:     0x58e6a961701a - std::panicking::begin_panic_handler::{{closure}}::hb5f5963570096b29
[INFO] [stdout]                                at /rustc/90b35a6239c3d8bdabc530a6a0816f7ff89a0aaf/library/std/src/panicking.rs:674:13
[INFO] [stdout]   15:     0x58e6a9615c39 - std::sys::backtrace::__rust_end_short_backtrace::h6208cedc1922feda
[INFO] [stdout]                                at /rustc/90b35a6239c3d8bdabc530a6a0816f7ff89a0aaf/library/std/src/sys/backtrace.rs:170:18
[INFO] [stdout]   16:     0x58e6a9616cac - rust_begin_unwind
[INFO] [stdout]                                at /rustc/90b35a6239c3d8bdabc530a6a0816f7ff89a0aaf/library/std/src/panicking.rs:665:5
[INFO] [stdout]   17:     0x58e6a9505a60 - core::panicking::panic_fmt::h0c3082644d1bf418
[INFO] [stdout]                                at /rustc/90b35a6239c3d8bdabc530a6a0816f7ff89a0aaf/library/core/src/panicking.rs:74:14
[INFO] [stdout]   18:     0x58e6a9505ea6 - core::result::unwrap_failed::hd20b4aa073bda1e2
[INFO] [stdout]                                at /rustc/90b35a6239c3d8bdabc530a6a0816f7ff89a0aaf/library/core/src/result.rs:1700:5
[INFO] [stdout]   19:     0x58e6a958eb95 - core::result::Result<T,E>::expect::h789c44e20ed69605
[INFO] [stdout]                                at /rustc/90b35a6239c3d8bdabc530a6a0816f7ff89a0aaf/library/core/src/result.rs:1061:23
[INFO] [stdout]   20:     0x58e6a955bbf8 - jojo_common::command::tests::run_binary::h5c61a951eeaa6fb1
[INFO] [stdout]                                at /opt/rustwide/workdir/src/command.rs:29:9
[INFO] [stdout]   21:     0x58e6a955bb97 - jojo_common::command::tests::run_binary::{{closure}}::h30dfea16fd57fb6d
[INFO] [stdout]                                at /opt/rustwide/workdir/src/command.rs:28:20
[INFO] [stdout]   22:     0x58e6a9553456 - core::ops::function::FnOnce::call_once::hcab88a3733284d7b
[INFO] [stdout]                                at /rustc/90b35a6239c3d8bdabc530a6a0816f7ff89a0aaf/library/core/src/ops/function.rs:250:5
[INFO] [stdout]   23:     0x58e6a95de5ab - core::ops::function::FnOnce::call_once::h109cf8051a59b34e
[INFO] [stdout]                                at /rustc/90b35a6239c3d8bdabc530a6a0816f7ff89a0aaf/library/core/src/ops/function.rs:250:5
[INFO] [stdout]   24:     0x58e6a95de5ab - test::__rust_begin_short_backtrace::hf4fff89d377446ba
[INFO] [stdout]                                at /rustc/90b35a6239c3d8bdabc530a6a0816f7ff89a0aaf/library/test/src/lib.rs:621:18
[INFO] [stdout]   25:     0x58e6a95ddde7 - test::run_test_in_process::{{closure}}::h0e39181dd7ee5a43
[INFO] [stdout]                                at /rustc/90b35a6239c3d8bdabc530a6a0816f7ff89a0aaf/library/test/src/lib.rs:644:60
[INFO] [stdout]   26:     0x58e6a95ddde7 - <core::panic::unwind_safe::AssertUnwindSafe<F> as core::ops::function::FnOnce<()>>::call_once::hc5a66a30f0bdfd1f
[INFO] [stdout]                                at /rustc/90b35a6239c3d8bdabc530a6a0816f7ff89a0aaf/library/core/src/panic/unwind_safe.rs:272:9
[INFO] [stdout]   27:     0x58e6a95ddde7 - std::panicking::try::do_call::h873b7cf639554a5e
[INFO] [stdout]                                at /rustc/90b35a6239c3d8bdabc530a6a0816f7ff89a0aaf/library/std/src/panicking.rs:557:40
[INFO] [stdout]   28:     0x58e6a95ddde7 - std::panicking::try::hdb19862fad9c8bd1
[INFO] [stdout]                                at /rustc/90b35a6239c3d8bdabc530a6a0816f7ff89a0aaf/library/std/src/panicking.rs:520:19
[INFO] [stdout]   29:     0x58e6a95ddde7 - std::panic::catch_unwind::h281fe732d236d260
[INFO] [stdout]                                at /rustc/90b35a6239c3d8bdabc530a6a0816f7ff89a0aaf/library/std/src/panic.rs:358:14
[INFO] [stdout]   30:     0x58e6a95ddde7 - test::run_test_in_process::h949b6df8457ed338
[INFO] [stdout]                                at /rustc/90b35a6239c3d8bdabc530a6a0816f7ff89a0aaf/library/test/src/lib.rs:644:27
[INFO] [stdout]   31:     0x58e6a95ddde7 - test::run_test::{{closure}}::h52c556a6d4740e10
[INFO] [stdout]                                at /rustc/90b35a6239c3d8bdabc530a6a0816f7ff89a0aaf/library/test/src/lib.rs:565:43
[INFO] [stdout]   32:     0x58e6a95a30c4 - test::run_test::{{closure}}::h4237f6381c45ccb9
[INFO] [stdout]                                at /rustc/90b35a6239c3d8bdabc530a6a0816f7ff89a0aaf/library/test/src/lib.rs:595:41
[INFO] [stdout]   33:     0x58e6a95a30c4 - std::sys::backtrace::__rust_begin_short_backtrace::h505c97a579eca628
[INFO] [stdout]                                at /rustc/90b35a6239c3d8bdabc530a6a0816f7ff89a0aaf/library/std/src/sys/backtrace.rs:154:18
[INFO] [stdout]   34:     0x58e6a95a678e - std::thread::Builder::spawn_unchecked_::{{closure}}::{{closure}}::h9e86b2e2bc107ea3
[INFO] [stdout]                                at /rustc/90b35a6239c3d8bdabc530a6a0816f7ff89a0aaf/library/std/src/thread/mod.rs:538:17
[INFO] [stdout]   35:     0x58e6a95a678e - <core::panic::unwind_safe::AssertUnwindSafe<F> as core::ops::function::FnOnce<()>>::call_once::h8b06ddb275ff4a25
[INFO] [stdout]                                at /rustc/90b35a6239c3d8bdabc530a6a0816f7ff89a0aaf/library/core/src/panic/unwind_safe.rs:272:9
[INFO] [stdout]   36:     0x58e6a95a678e - std::panicking::try::do_call::hb26ecd7cd9a9355d
[INFO] [stdout]                                at /rustc/90b35a6239c3d8bdabc530a6a0816f7ff89a0aaf/library/std/src/panicking.rs:557:40
[INFO] [stdout]   37:     0x58e6a95a678e - std::panicking::try::h8ddeca9d705f9069
[INFO] [stdout]                                at /rustc/90b35a6239c3d8bdabc530a6a0816f7ff89a0aaf/library/std/src/panicking.rs:520:19
[INFO] [stdout]   38:     0x58e6a95a678e - std::panic::catch_unwind::h49e1c33078844c46
[INFO] [stdout]                                at /rustc/90b35a6239c3d8bdabc530a6a0816f7ff89a0aaf/library/std/src/panic.rs:358:14
[INFO] [stdout]   39:     0x58e6a95a678e - std::thread::Builder::spawn_unchecked_::{{closure}}::h6073db6ff56ad35d
[INFO] [stdout]                                at /rustc/90b35a6239c3d8bdabc530a6a0816f7ff89a0aaf/library/std/src/thread/mod.rs:537:30
[INFO] [stdout]   40:     0x58e6a95a678e - core::ops::function::FnOnce::call_once{{vtable.shim}}::h2c5a5f3779c774f1
[INFO] [stdout]                                at /rustc/90b35a6239c3d8bdabc530a6a0816f7ff89a0aaf/library/core/src/ops/function.rs:250:5
[INFO] [stdout]   41:     0x58e6a961afbb - <alloc::boxed::Box<F,A> as core::ops::function::FnOnce<Args>>::call_once::hf75717d9f28faebf
[INFO] [stdout]                                at /rustc/90b35a6239c3d8bdabc530a6a0816f7ff89a0aaf/library/alloc/src/boxed.rs:2454:9
[INFO] [stdout]   42:     0x58e6a961afbb - <alloc::boxed::Box<F,A> as core::ops::function::FnOnce<Args>>::call_once::h7bd883a5f3c5f3c1
[INFO] [stdout]                                at /rustc/90b35a6239c3d8bdabc530a6a0816f7ff89a0aaf/library/alloc/src/boxed.rs:2454:9
[INFO] [stdout]   43:     0x58e6a961afbb - std::sys::pal::unix::thread::Thread::new::thread_start::hcc78f3943333fa94
[INFO] [stdout]                                at /rustc/90b35a6239c3d8bdabc530a6a0816f7ff89a0aaf/library/std/src/sys/pal/unix/thread.rs:105:17
[INFO] [stdout]   44:     0x771c761dfac3 - <unknown>
[INFO] [stdout]   45:     0x771c76270a04 - clone
[INFO] [stdout]   46:                0x0 - <unknown>
[INFO] [stdout] 
[INFO] [stdout] 
[INFO] [stdout] failures:
[INFO] [stdout]     command::tests::run_binary
[INFO] [stdout] 
[INFO] [stdout] test result: FAILED. 4 passed; 1 failed; 0 ignored; 0 measured; 0 filtered out; finished in 0.02s
[INFO] [stdout] 
[INFO] running `Command { std: "docker" "inspect" "8010774d678416e5f76182f941fc8ef37d23ee0d6596ad42a234f41032fd432b", kill_on_drop: false }`
[INFO] running `Command { std: "docker" "rm" "-f" "8010774d678416e5f76182f941fc8ef37d23ee0d6596ad42a234f41032fd432b", kill_on_drop: false }`
[INFO] [stdout] 8010774d678416e5f76182f941fc8ef37d23ee0d6596ad42a234f41032fd432b
