[INFO] cloning repository https://github.com/gfreezy/rlox
[INFO] running `Command { std: "git" "-c" "credential.helper=" "-c" "credential.helper=/workspace/cargo-home/bin/git-credential-null" "clone" "--bare" "https://github.com/gfreezy/rlox" "/workspace/cache/git-repos/https%3A%2F%2Fgithub.com%2Fgfreezy%2Frlox", kill_on_drop: false }`
[INFO] [stderr] Cloning into bare repository '/workspace/cache/git-repos/https%3A%2F%2Fgithub.com%2Fgfreezy%2Frlox'...
[INFO] running `Command { std: "git" "rev-parse" "HEAD", kill_on_drop: false }`
[INFO] [stdout] ca52b0b58d3b2d1d8bf36d5e6827d1578707c1a2
[INFO] testing gfreezy/rlox against 1.83.0 for beta-1.84.0-4-retry
[INFO] running `Command { std: "git" "clone" "/workspace/cache/git-repos/https%3A%2F%2Fgithub.com%2Fgfreezy%2Frlox" "/workspace/builds/worker-7-tc1/source", kill_on_drop: false }`
[INFO] [stderr] Cloning into '/workspace/builds/worker-7-tc1/source'...
[INFO] [stderr] done.
[INFO] validating manifest of git repo https://github.com/gfreezy/rlox on toolchain 1.83.0
[INFO] running `Command { std: CARGO_HOME="/workspace/cargo-home" RUSTUP_HOME="/workspace/rustup-home" "/workspace/cargo-home/bin/cargo" "+1.83.0" "metadata" "--manifest-path" "Cargo.toml" "--no-deps", kill_on_drop: false }`
[INFO] started tweaking git repo https://github.com/gfreezy/rlox
[INFO] finished tweaking git repo https://github.com/gfreezy/rlox
[INFO] tweaked toml for git repo https://github.com/gfreezy/rlox written to /workspace/builds/worker-7-tc1/source/Cargo.toml
[INFO] crate git repo https://github.com/gfreezy/rlox already has a lockfile, it will not be regenerated
[INFO] running `Command { std: CARGO_HOME="/workspace/cargo-home" RUSTUP_HOME="/workspace/rustup-home" "/workspace/cargo-home/bin/cargo" "+1.83.0" "fetch" "--manifest-path" "Cargo.toml", kill_on_drop: false }`
[INFO] [stderr]  Downloading crates ...
[INFO] [stderr]   Downloaded proc-macro-hack v0.5.7
[INFO] [stderr]   Downloaded paste v0.1.5
[INFO] [stderr]   Downloaded paste-impl v0.1.5
[INFO] [stderr]   Downloaded syn v0.15.34
[INFO] [stderr]   Downloaded snafu-derive v0.4.1
[INFO] [stderr]   Downloaded num_enum v0.2.0
[INFO] [stderr]   Downloaded snafu v0.4.1
[INFO] running `Command { std: "docker" "create" "-v" "/var/lib/crater-agent-workspace/builds/worker-7-tc1/target:/opt/rustwide/target:rw,Z" "-v" "/var/lib/crater-agent-workspace/builds/worker-7-tc1/source:/opt/rustwide/workdir:ro,Z" "-v" "/var/lib/crater-agent-workspace/cargo-home:/opt/rustwide/cargo-home:ro,Z" "-v" "/var/lib/crater-agent-workspace/rustup-home:/opt/rustwide/rustup-home:ro,Z" "-e" "SOURCE_DIR=/opt/rustwide/workdir" "-e" "CARGO_TARGET_DIR=/opt/rustwide/target" "-e" "CARGO_HOME=/opt/rustwide/cargo-home" "-e" "RUSTUP_HOME=/opt/rustwide/rustup-home" "-w" "/opt/rustwide/workdir" "-m" "1610612736" "--user" "0:0" "--network" "none" "ghcr.io/rust-lang/crates-build-env/linux@sha256:f3a9d4ad9d972b27faf3965f35b62e55ba32bbce8f20bc8fe909558a86702fde" "/opt/rustwide/cargo-home/bin/cargo" "+1.83.0" "metadata" "--no-deps" "--format-version=1", kill_on_drop: false }`
[INFO] [stdout] 4e979746fad2e0479d7786ea30bb87bf3e07eb00efb2822c5a66e06a9f2a26c4
[INFO] running `Command { std: "docker" "start" "-a" "4e979746fad2e0479d7786ea30bb87bf3e07eb00efb2822c5a66e06a9f2a26c4", kill_on_drop: false }`
[INFO] running `Command { std: "docker" "inspect" "4e979746fad2e0479d7786ea30bb87bf3e07eb00efb2822c5a66e06a9f2a26c4", kill_on_drop: false }`
[INFO] running `Command { std: "docker" "rm" "-f" "4e979746fad2e0479d7786ea30bb87bf3e07eb00efb2822c5a66e06a9f2a26c4", kill_on_drop: false }`
[INFO] [stdout] 4e979746fad2e0479d7786ea30bb87bf3e07eb00efb2822c5a66e06a9f2a26c4
[INFO] running `Command { std: "docker" "create" "-v" "/var/lib/crater-agent-workspace/builds/worker-7-tc1/target:/opt/rustwide/target:rw,Z" "-v" "/var/lib/crater-agent-workspace/builds/worker-7-tc1/source:/opt/rustwide/workdir:ro,Z" "-v" "/var/lib/crater-agent-workspace/cargo-home:/opt/rustwide/cargo-home:ro,Z" "-v" "/var/lib/crater-agent-workspace/rustup-home:/opt/rustwide/rustup-home:ro,Z" "-e" "SOURCE_DIR=/opt/rustwide/workdir" "-e" "CARGO_TARGET_DIR=/opt/rustwide/target" "-e" "CARGO_INCREMENTAL=0" "-e" "RUST_BACKTRACE=full" "-e" "RUSTFLAGS=--cap-lints=warn" "-e" "RUSTDOCFLAGS=--cap-lints=warn" "-e" "CARGO_HOME=/opt/rustwide/cargo-home" "-e" "RUSTUP_HOME=/opt/rustwide/rustup-home" "-w" "/opt/rustwide/workdir" "-m" "1610612736" "--user" "0:0" "--network" "none" "ghcr.io/rust-lang/crates-build-env/linux@sha256:f3a9d4ad9d972b27faf3965f35b62e55ba32bbce8f20bc8fe909558a86702fde" "/opt/rustwide/cargo-home/bin/cargo" "+1.83.0" "build" "--frozen" "--message-format=json", kill_on_drop: false }`
[INFO] [stdout] bac8a5a93ba395ba2961b3b881c45aca255677b298b9c8d8e13513e8fdfea1f3
[INFO] running `Command { std: "docker" "start" "-a" "bac8a5a93ba395ba2961b3b881c45aca255677b298b9c8d8e13513e8fdfea1f3", kill_on_drop: false }`
[INFO] [stderr]    Compiling syn v0.15.34
[INFO] [stderr]    Compiling libc v0.2.58
[INFO] [stderr]    Compiling cc v1.0.37
[INFO] [stderr]    Compiling autocfg v0.1.4
[INFO] [stderr]    Compiling byteorder v1.3.1
[INFO] [stderr]    Compiling rustc-demangle v0.1.15
[INFO] [stderr]    Compiling backtrace v0.3.30
[INFO] [stderr]    Compiling backtrace-sys v0.1.28
[INFO] [stderr]    Compiling proc-macro-hack v0.5.7
[INFO] [stderr]    Compiling snafu-derive v0.4.1
[INFO] [stderr]    Compiling num_enum v0.2.0
[INFO] [stderr]    Compiling paste-impl v0.1.5
[INFO] [stderr]    Compiling snafu v0.4.1
[INFO] [stderr]    Compiling paste v0.1.5
[INFO] [stderr]    Compiling rlox v0.1.0 (/opt/rustwide/workdir)
[INFO] [stdout] warning: unnecessary trailing semicolon
[INFO] [stdout]    --> src/vm.rs:92:21
[INFO] [stdout]     |
[INFO] [stdout] 92  |                 })?;;
[INFO] [stdout]     |                     ^ help: remove this semicolon
[INFO] [stdout] ...
[INFO] [stdout] 141 |                         binary_op!(|l, r| format!("{}{}", l, r), into_str, "not a str");
[INFO] [stdout]     |                         --------------------------------------------------------------- in this macro invocation
[INFO] [stdout]     |
[INFO] [stdout]     = note: `#[warn(redundant_semicolons)]` on by default
[INFO] [stdout]     = note: this warning originates in the macro `binary_op` (in Nightly builds, run with -Z macro-backtrace for more info)
[INFO] [stdout] 
[INFO] [stdout] 
[INFO] [stdout] warning: unnecessary trailing semicolon
[INFO] [stdout]    --> src/vm.rs:92:21
[INFO] [stdout]     |
[INFO] [stdout] 92  |                 })?;;
[INFO] [stdout]     |                     ^ help: remove this semicolon
[INFO] [stdout] ...
[INFO] [stdout] 143 |                         binary_op!(|l, r| l + r, into_number, "not a str");
[INFO] [stdout]     |                         -------------------------------------------------- in this macro invocation
[INFO] [stdout]     |
[INFO] [stdout]     = note: this warning originates in the macro `binary_op` (in Nightly builds, run with -Z macro-backtrace for more info)
[INFO] [stdout] 
[INFO] [stdout] 
[INFO] [stdout] warning: unnecessary trailing semicolon
[INFO] [stdout]    --> src/vm.rs:92:21
[INFO] [stdout]     |
[INFO] [stdout] 92  |                 })?;;
[INFO] [stdout]     |                     ^ help: remove this semicolon
[INFO] [stdout] ...
[INFO] [stdout] 147 |                     binary_op!(|l, r| l - r, into_number, "not a number");
[INFO] [stdout]     |                     ----------------------------------------------------- in this macro invocation
[INFO] [stdout]     |
[INFO] [stdout]     = note: this warning originates in the macro `binary_op` (in Nightly builds, run with -Z macro-backtrace for more info)
[INFO] [stdout] 
[INFO] [stdout] 
[INFO] [stdout] warning: unnecessary trailing semicolon
[INFO] [stdout]    --> src/vm.rs:92:21
[INFO] [stdout]     |
[INFO] [stdout] 92  |                 })?;;
[INFO] [stdout]     |                     ^ help: remove this semicolon
[INFO] [stdout] ...
[INFO] [stdout] 150 |                     binary_op!(|l, r| l * r, into_number, "not a number");
[INFO] [stdout]     |                     ----------------------------------------------------- in this macro invocation
[INFO] [stdout]     |
[INFO] [stdout]     = note: this warning originates in the macro `binary_op` (in Nightly builds, run with -Z macro-backtrace for more info)
[INFO] [stdout] 
[INFO] [stdout] 
[INFO] [stdout] warning: unnecessary trailing semicolon
[INFO] [stdout]    --> src/vm.rs:92:21
[INFO] [stdout]     |
[INFO] [stdout] 92  |                 })?;;
[INFO] [stdout]     |                     ^ help: remove this semicolon
[INFO] [stdout] ...
[INFO] [stdout] 153 |                     binary_op!(|l, r| l / r, into_number, "not a number");
[INFO] [stdout]     |                     ----------------------------------------------------- in this macro invocation
[INFO] [stdout]     |
[INFO] [stdout]     = note: this warning originates in the macro `binary_op` (in Nightly builds, run with -Z macro-backtrace for more info)
[INFO] [stdout] 
[INFO] [stdout] 
[INFO] [stdout] warning: unnecessary trailing semicolon
[INFO] [stdout]    --> src/vm.rs:92:21
[INFO] [stdout]     |
[INFO] [stdout] 92  |                 })?;;
[INFO] [stdout]     |                     ^ help: remove this semicolon
[INFO] [stdout] ...
[INFO] [stdout] 170 |                     binary_op!(|l, r| l > r, into_number, "not a number");
[INFO] [stdout]     |                     ----------------------------------------------------- in this macro invocation
[INFO] [stdout]     |
[INFO] [stdout]     = note: this warning originates in the macro `binary_op` (in Nightly builds, run with -Z macro-backtrace for more info)
[INFO] [stdout] 
[INFO] [stdout] 
[INFO] [stdout] warning: unnecessary trailing semicolon
[INFO] [stdout]    --> src/vm.rs:92:21
[INFO] [stdout]     |
[INFO] [stdout] 92  |                 })?;;
[INFO] [stdout]     |                     ^ help: remove this semicolon
[INFO] [stdout] ...
[INFO] [stdout] 173 |                     binary_op!(|l, r| l < r, into_number, "not a number");
[INFO] [stdout]     |                     ----------------------------------------------------- in this macro invocation
[INFO] [stdout]     |
[INFO] [stdout]     = note: this warning originates in the macro `binary_op` (in Nightly builds, run with -Z macro-backtrace for more info)
[INFO] [stdout] 
[INFO] [stdout] 
[INFO] [stdout] warning: variant `Previous` is never constructed
[INFO] [stdout]    --> src/compiler.rs:111:5
[INFO] [stdout]     |
[INFO] [stdout] 109 | enum TokenPosition {
[INFO] [stdout]     |      ------------- variant in this enum
[INFO] [stdout] 110 |     Current,
[INFO] [stdout] 111 |     Previous,
[INFO] [stdout]     |     ^^^^^^^^
[INFO] [stdout]     |
[INFO] [stdout]     = note: `TokenPosition` has derived impls for the traits `Clone` and `Debug`, but these are intentionally ignored during dead code analysis
[INFO] [stdout]     = note: `#[warn(dead_code)]` on by default
[INFO] [stdout] 
[INFO] [stdout] 
[INFO] [stdout] warning: method `error` is never used
[INFO] [stdout]    --> src/compiler.rs:154:8
[INFO] [stdout]     |
[INFO] [stdout] 139 | impl<'a> Parser<'a> {
[INFO] [stdout]     | ------------------- method in this implementation
[INFO] [stdout] ...
[INFO] [stdout] 154 |     fn error(&mut self, msg: &str) -> Result<()> {
[INFO] [stdout]     |        ^^^^^
[INFO] [stdout] 
[INFO] [stdout] 
[INFO] [stdout] warning: variants `CompileError` and `RuntimeError` are never constructed
[INFO] [stdout]   --> src/error.rs:12:5
[INFO] [stdout]    |
[INFO] [stdout] 6  | pub enum Error {
[INFO] [stdout]    |          ----- variants in this enum
[INFO] [stdout] ...
[INFO] [stdout] 12 |     CompileError {
[INFO] [stdout]    |     ^^^^^^^^^^^^
[INFO] [stdout] ...
[INFO] [stdout] 16 |     RuntimeError {
[INFO] [stdout]    |     ^^^^^^^^^^^^
[INFO] [stdout]    |
[INFO] [stdout]    = note: `Error` has a derived impl for the trait `Debug`, but this is intentionally ignored during dead code analysis
[INFO] [stdout] 
[INFO] [stdout] 
[INFO] [stdout] warning: methods `write`, `write_opcode`, and `write_constant` are never used
[INFO] [stdout]   --> src/vm.rs:26:12
[INFO] [stdout]    |
[INFO] [stdout] 17 | impl VM {
[INFO] [stdout]    | ------- methods in this implementation
[INFO] [stdout] ...
[INFO] [stdout] 26 |     pub fn write(&mut self, byte: u8, line: u32) {
[INFO] [stdout]    |            ^^^^^
[INFO] [stdout] ...
[INFO] [stdout] 30 |     pub fn write_opcode(&mut self, opcode: OpCode, line: u32) {
[INFO] [stdout]    |            ^^^^^^^^^^^^
[INFO] [stdout] ...
[INFO] [stdout] 34 |     pub fn write_constant(&mut self, value: Value, line: u32) {
[INFO] [stdout]    |            ^^^^^^^^^^^^^^
[INFO] [stdout] 
[INFO] [stdout] 
[INFO] [stderr]     Finished `dev` profile [unoptimized + debuginfo] target(s) in 9.32s
[INFO] running `Command { std: "docker" "inspect" "bac8a5a93ba395ba2961b3b881c45aca255677b298b9c8d8e13513e8fdfea1f3", kill_on_drop: false }`
[INFO] running `Command { std: "docker" "rm" "-f" "bac8a5a93ba395ba2961b3b881c45aca255677b298b9c8d8e13513e8fdfea1f3", kill_on_drop: false }`
[INFO] [stdout] bac8a5a93ba395ba2961b3b881c45aca255677b298b9c8d8e13513e8fdfea1f3
[INFO] running `Command { std: "docker" "create" "-v" "/var/lib/crater-agent-workspace/builds/worker-7-tc1/target:/opt/rustwide/target:rw,Z" "-v" "/var/lib/crater-agent-workspace/builds/worker-7-tc1/source:/opt/rustwide/workdir:ro,Z" "-v" "/var/lib/crater-agent-workspace/cargo-home:/opt/rustwide/cargo-home:ro,Z" "-v" "/var/lib/crater-agent-workspace/rustup-home:/opt/rustwide/rustup-home:ro,Z" "-e" "SOURCE_DIR=/opt/rustwide/workdir" "-e" "CARGO_TARGET_DIR=/opt/rustwide/target" "-e" "CARGO_INCREMENTAL=0" "-e" "RUST_BACKTRACE=full" "-e" "RUSTFLAGS=--cap-lints=warn" "-e" "RUSTDOCFLAGS=--cap-lints=warn" "-e" "CARGO_HOME=/opt/rustwide/cargo-home" "-e" "RUSTUP_HOME=/opt/rustwide/rustup-home" "-w" "/opt/rustwide/workdir" "-m" "1610612736" "--user" "0:0" "--network" "none" "ghcr.io/rust-lang/crates-build-env/linux@sha256:f3a9d4ad9d972b27faf3965f35b62e55ba32bbce8f20bc8fe909558a86702fde" "/opt/rustwide/cargo-home/bin/cargo" "+1.83.0" "test" "--frozen" "--no-run" "--message-format=json", kill_on_drop: false }`
[INFO] [stdout] 77deb4e3c58da5f4f76424a9e686a223be5d2d9394236a145b3a9f97ca6c6e72
[INFO] running `Command { std: "docker" "start" "-a" "77deb4e3c58da5f4f76424a9e686a223be5d2d9394236a145b3a9f97ca6c6e72", kill_on_drop: false }`
[INFO] [stderr]    Compiling rlox v0.1.0 (/opt/rustwide/workdir)
[INFO] [stdout] warning: unnecessary trailing semicolon
[INFO] [stdout]    --> src/vm.rs:92:21
[INFO] [stdout]     |
[INFO] [stdout] 92  |                 })?;;
[INFO] [stdout]     |                     ^ help: remove this semicolon
[INFO] [stdout] ...
[INFO] [stdout] 141 |                         binary_op!(|l, r| format!("{}{}", l, r), into_str, "not a str");
[INFO] [stdout]     |                         --------------------------------------------------------------- in this macro invocation
[INFO] [stdout]     |
[INFO] [stdout]     = note: `#[warn(redundant_semicolons)]` on by default
[INFO] [stdout]     = note: this warning originates in the macro `binary_op` (in Nightly builds, run with -Z macro-backtrace for more info)
[INFO] [stdout] 
[INFO] [stdout] 
[INFO] [stdout] warning: unnecessary trailing semicolon
[INFO] [stdout]    --> src/vm.rs:92:21
[INFO] [stdout]     |
[INFO] [stdout] 92  |                 })?;;
[INFO] [stdout]     |                     ^ help: remove this semicolon
[INFO] [stdout] ...
[INFO] [stdout] 143 |                         binary_op!(|l, r| l + r, into_number, "not a str");
[INFO] [stdout]     |                         -------------------------------------------------- in this macro invocation
[INFO] [stdout]     |
[INFO] [stdout]     = note: this warning originates in the macro `binary_op` (in Nightly builds, run with -Z macro-backtrace for more info)
[INFO] [stdout] 
[INFO] [stdout] 
[INFO] [stdout] warning: unnecessary trailing semicolon
[INFO] [stdout]    --> src/vm.rs:92:21
[INFO] [stdout]     |
[INFO] [stdout] 92  |                 })?;;
[INFO] [stdout]     |                     ^ help: remove this semicolon
[INFO] [stdout] ...
[INFO] [stdout] 147 |                     binary_op!(|l, r| l - r, into_number, "not a number");
[INFO] [stdout]     |                     ----------------------------------------------------- in this macro invocation
[INFO] [stdout]     |
[INFO] [stdout]     = note: this warning originates in the macro `binary_op` (in Nightly builds, run with -Z macro-backtrace for more info)
[INFO] [stdout] 
[INFO] [stdout] 
[INFO] [stdout] warning: unnecessary trailing semicolon
[INFO] [stdout]    --> src/vm.rs:92:21
[INFO] [stdout]     |
[INFO] [stdout] 92  |                 })?;;
[INFO] [stdout]     |                     ^ help: remove this semicolon
[INFO] [stdout] ...
[INFO] [stdout] 150 |                     binary_op!(|l, r| l * r, into_number, "not a number");
[INFO] [stdout]     |                     ----------------------------------------------------- in this macro invocation
[INFO] [stdout]     |
[INFO] [stdout]     = note: this warning originates in the macro `binary_op` (in Nightly builds, run with -Z macro-backtrace for more info)
[INFO] [stdout] 
[INFO] [stdout] 
[INFO] [stdout] warning: unnecessary trailing semicolon
[INFO] [stdout]    --> src/vm.rs:92:21
[INFO] [stdout]     |
[INFO] [stdout] 92  |                 })?;;
[INFO] [stdout]     |                     ^ help: remove this semicolon
[INFO] [stdout] ...
[INFO] [stdout] 153 |                     binary_op!(|l, r| l / r, into_number, "not a number");
[INFO] [stdout]     |                     ----------------------------------------------------- in this macro invocation
[INFO] [stdout]     |
[INFO] [stdout]     = note: this warning originates in the macro `binary_op` (in Nightly builds, run with -Z macro-backtrace for more info)
[INFO] [stdout] 
[INFO] [stdout] 
[INFO] [stdout] warning: unnecessary trailing semicolon
[INFO] [stdout]    --> src/vm.rs:92:21
[INFO] [stdout]     |
[INFO] [stdout] 92  |                 })?;;
[INFO] [stdout]     |                     ^ help: remove this semicolon
[INFO] [stdout] ...
[INFO] [stdout] 170 |                     binary_op!(|l, r| l > r, into_number, "not a number");
[INFO] [stdout]     |                     ----------------------------------------------------- in this macro invocation
[INFO] [stdout]     |
[INFO] [stdout]     = note: this warning originates in the macro `binary_op` (in Nightly builds, run with -Z macro-backtrace for more info)
[INFO] [stdout] 
[INFO] [stdout] 
[INFO] [stdout] warning: unnecessary trailing semicolon
[INFO] [stdout]    --> src/vm.rs:92:21
[INFO] [stdout]     |
[INFO] [stdout] 92  |                 })?;;
[INFO] [stdout]     |                     ^ help: remove this semicolon
[INFO] [stdout] ...
[INFO] [stdout] 173 |                     binary_op!(|l, r| l < r, into_number, "not a number");
[INFO] [stdout]     |                     ----------------------------------------------------- in this macro invocation
[INFO] [stdout]     |
[INFO] [stdout]     = note: this warning originates in the macro `binary_op` (in Nightly builds, run with -Z macro-backtrace for more info)
[INFO] [stdout] 
[INFO] [stdout] 
[INFO] [stdout] warning: variant `Previous` is never constructed
[INFO] [stdout]    --> src/compiler.rs:111:5
[INFO] [stdout]     |
[INFO] [stdout] 109 | enum TokenPosition {
[INFO] [stdout]     |      ------------- variant in this enum
[INFO] [stdout] 110 |     Current,
[INFO] [stdout] 111 |     Previous,
[INFO] [stdout]     |     ^^^^^^^^
[INFO] [stdout]     |
[INFO] [stdout]     = note: `TokenPosition` has derived impls for the traits `Clone` and `Debug`, but these are intentionally ignored during dead code analysis
[INFO] [stdout]     = note: `#[warn(dead_code)]` on by default
[INFO] [stdout] 
[INFO] [stdout] 
[INFO] [stdout] warning: method `error` is never used
[INFO] [stdout]    --> src/compiler.rs:154:8
[INFO] [stdout]     |
[INFO] [stdout] 139 | impl<'a> Parser<'a> {
[INFO] [stdout]     | ------------------- method in this implementation
[INFO] [stdout] ...
[INFO] [stdout] 154 |     fn error(&mut self, msg: &str) -> Result<()> {
[INFO] [stdout]     |        ^^^^^
[INFO] [stdout] 
[INFO] [stdout] 
[INFO] [stdout] warning: variants `CompileError` and `RuntimeError` are never constructed
[INFO] [stdout]   --> src/error.rs:12:5
[INFO] [stdout]    |
[INFO] [stdout] 6  | pub enum Error {
[INFO] [stdout]    |          ----- variants in this enum
[INFO] [stdout] ...
[INFO] [stdout] 12 |     CompileError {
[INFO] [stdout]    |     ^^^^^^^^^^^^
[INFO] [stdout] ...
[INFO] [stdout] 16 |     RuntimeError {
[INFO] [stdout]    |     ^^^^^^^^^^^^
[INFO] [stdout]    |
[INFO] [stdout]    = note: `Error` has a derived impl for the trait `Debug`, but this is intentionally ignored during dead code analysis
[INFO] [stdout] 
[INFO] [stdout] 
[INFO] [stdout] warning: methods `write`, `write_opcode`, and `write_constant` are never used
[INFO] [stdout]   --> src/vm.rs:26:12
[INFO] [stdout]    |
[INFO] [stdout] 17 | impl VM {
[INFO] [stdout]    | ------- methods in this implementation
[INFO] [stdout] ...
[INFO] [stdout] 26 |     pub fn write(&mut self, byte: u8, line: u32) {
[INFO] [stdout]    |            ^^^^^
[INFO] [stdout] ...
[INFO] [stdout] 30 |     pub fn write_opcode(&mut self, opcode: OpCode, line: u32) {
[INFO] [stdout]    |            ^^^^^^^^^^^^
[INFO] [stdout] ...
[INFO] [stdout] 34 |     pub fn write_constant(&mut self, value: Value, line: u32) {
[INFO] [stdout]    |            ^^^^^^^^^^^^^^
[INFO] [stdout] 
[INFO] [stdout] 
[INFO] [stderr]     Finished `test` profile [unoptimized + debuginfo] target(s) in 1.02s
[INFO] running `Command { std: "docker" "inspect" "77deb4e3c58da5f4f76424a9e686a223be5d2d9394236a145b3a9f97ca6c6e72", kill_on_drop: false }`
[INFO] running `Command { std: "docker" "rm" "-f" "77deb4e3c58da5f4f76424a9e686a223be5d2d9394236a145b3a9f97ca6c6e72", kill_on_drop: false }`
[INFO] [stdout] 77deb4e3c58da5f4f76424a9e686a223be5d2d9394236a145b3a9f97ca6c6e72
[INFO] running `Command { std: "docker" "create" "-v" "/var/lib/crater-agent-workspace/builds/worker-7-tc1/target:/opt/rustwide/target:rw,Z" "-v" "/var/lib/crater-agent-workspace/builds/worker-7-tc1/source:/opt/rustwide/workdir:ro,Z" "-v" "/var/lib/crater-agent-workspace/cargo-home:/opt/rustwide/cargo-home:ro,Z" "-v" "/var/lib/crater-agent-workspace/rustup-home:/opt/rustwide/rustup-home:ro,Z" "-e" "SOURCE_DIR=/opt/rustwide/workdir" "-e" "CARGO_TARGET_DIR=/opt/rustwide/target" "-e" "CARGO_INCREMENTAL=0" "-e" "RUST_BACKTRACE=full" "-e" "RUSTFLAGS=--cap-lints=warn" "-e" "RUSTDOCFLAGS=--cap-lints=warn" "-e" "CARGO_HOME=/opt/rustwide/cargo-home" "-e" "RUSTUP_HOME=/opt/rustwide/rustup-home" "-w" "/opt/rustwide/workdir" "-m" "1610612736" "--user" "0:0" "--network" "none" "ghcr.io/rust-lang/crates-build-env/linux@sha256:f3a9d4ad9d972b27faf3965f35b62e55ba32bbce8f20bc8fe909558a86702fde" "/opt/rustwide/cargo-home/bin/cargo" "+1.83.0" "test" "--frozen", kill_on_drop: false }`
[INFO] [stdout] 8752c7668d34588b47c7ee6a3fdc9f28e0e185abcbc56c3477c4d4307b56f10d
[INFO] running `Command { std: "docker" "start" "-a" "8752c7668d34588b47c7ee6a3fdc9f28e0e185abcbc56c3477c4d4307b56f10d", kill_on_drop: false }`
[INFO] [stderr] warning: unnecessary trailing semicolon
[INFO] [stderr]    --> src/vm.rs:92:21
[INFO] [stderr]     |
[INFO] [stderr] 92  |                 })?;;
[INFO] [stderr]     |                     ^ help: remove this semicolon
[INFO] [stderr] ...
[INFO] [stderr] 141 |                         binary_op!(|l, r| format!("{}{}", l, r), into_str, "not a str");
[INFO] [stderr]     |                         --------------------------------------------------------------- in this macro invocation
[INFO] [stderr]     |
[INFO] [stderr]     = note: `#[warn(redundant_semicolons)]` on by default
[INFO] [stderr]     = note: this warning originates in the macro `binary_op` (in Nightly builds, run with -Z macro-backtrace for more info)
[INFO] [stderr] 
[INFO] [stderr] warning: unnecessary trailing semicolon
[INFO] [stderr]    --> src/vm.rs:92:21
[INFO] [stderr]     |
[INFO] [stderr] 92  |                 })?;;
[INFO] [stderr]     |                     ^ help: remove this semicolon
[INFO] [stderr] ...
[INFO] [stderr] 143 |                         binary_op!(|l, r| l + r, into_number, "not a str");
[INFO] [stderr]     |                         -------------------------------------------------- in this macro invocation
[INFO] [stderr]     |
[INFO] [stderr]     = note: this warning originates in the macro `binary_op` (in Nightly builds, run with -Z macro-backtrace for more info)
[INFO] [stderr] 
[INFO] [stderr] warning: unnecessary trailing semicolon
[INFO] [stderr]    --> src/vm.rs:92:21
[INFO] [stderr]     |
[INFO] [stderr] 92  |                 })?;;
[INFO] [stderr]     |                     ^ help: remove this semicolon
[INFO] [stderr] ...
[INFO] [stderr] 147 |                     binary_op!(|l, r| l - r, into_number, "not a number");
[INFO] [stderr]     |                     ----------------------------------------------------- in this macro invocation
[INFO] [stderr]     |
[INFO] [stderr]     = note: this warning originates in the macro `binary_op` (in Nightly builds, run with -Z macro-backtrace for more info)
[INFO] [stderr] 
[INFO] [stderr] warning: unnecessary trailing semicolon
[INFO] [stderr]    --> src/vm.rs:92:21
[INFO] [stderr]     |
[INFO] [stderr] 92  |                 })?;;
[INFO] [stderr]     |                     ^ help: remove this semicolon
[INFO] [stderr] ...
[INFO] [stderr] 150 |                     binary_op!(|l, r| l * r, into_number, "not a number");
[INFO] [stderr]     |                     ----------------------------------------------------- in this macro invocation
[INFO] [stderr]     |
[INFO] [stderr]     = note: this warning originates in the macro `binary_op` (in Nightly builds, run with -Z macro-backtrace for more info)
[INFO] [stderr] 
[INFO] [stderr] warning: unnecessary trailing semicolon
[INFO] [stderr]    --> src/vm.rs:92:21
[INFO] [stderr]     |
[INFO] [stderr] 92  |                 })?;;
[INFO] [stderr]     |                     ^ help: remove this semicolon
[INFO] [stderr] ...
[INFO] [stderr] 153 |                     binary_op!(|l, r| l / r, into_number, "not a number");
[INFO] [stderr]     |                     ----------------------------------------------------- in this macro invocation
[INFO] [stderr]     |
[INFO] [stderr]     = note: this warning originates in the macro `binary_op` (in Nightly builds, run with -Z macro-backtrace for more info)
[INFO] [stderr] 
[INFO] [stderr] warning: unnecessary trailing semicolon
[INFO] [stderr]    --> src/vm.rs:92:21
[INFO] [stderr]     |
[INFO] [stderr] 92  |                 })?;;
[INFO] [stderr]     |                     ^ help: remove this semicolon
[INFO] [stderr] ...
[INFO] [stderr] 170 |                     binary_op!(|l, r| l > r, into_number, "not a number");
[INFO] [stderr]     |                     ----------------------------------------------------- in this macro invocation
[INFO] [stderr]     |
[INFO] [stderr]     = note: this warning originates in the macro `binary_op` (in Nightly builds, run with -Z macro-backtrace for more info)
[INFO] [stderr] 
[INFO] [stderr] warning: unnecessary trailing semicolon
[INFO] [stderr]    --> src/vm.rs:92:21
[INFO] [stderr]     |
[INFO] [stderr] 92  |                 })?;;
[INFO] [stderr]     |                     ^ help: remove this semicolon
[INFO] [stderr] ...
[INFO] [stderr] 173 |                     binary_op!(|l, r| l < r, into_number, "not a number");
[INFO] [stderr]     |                     ----------------------------------------------------- in this macro invocation
[INFO] [stderr]     |
[INFO] [stderr]     = note: this warning originates in the macro `binary_op` (in Nightly builds, run with -Z macro-backtrace for more info)
[INFO] [stderr] 
[INFO] [stderr] warning: variant `Previous` is never constructed
[INFO] [stderr]    --> src/compiler.rs:111:5
[INFO] [stderr]     |
[INFO] [stderr] 109 | enum TokenPosition {
[INFO] [stderr]     |      ------------- variant in this enum
[INFO] [stderr] 110 |     Current,
[INFO] [stderr] 111 |     Previous,
[INFO] [stderr]     |     ^^^^^^^^
[INFO] [stderr]     |
[INFO] [stderr]     = note: `TokenPosition` has derived impls for the traits `Clone` and `Debug`, but these are intentionally ignored during dead code analysis
[INFO] [stderr]     = note: `#[warn(dead_code)]` on by default
[INFO] [stderr] 
[INFO] [stderr] warning: method `error` is never used
[INFO] [stderr]    --> src/compiler.rs:154:8
[INFO] [stderr]     |
[INFO] [stderr] 139 | impl<'a> Parser<'a> {
[INFO] [stderr]     | ------------------- method in this implementation
[INFO] [stderr] ...
[INFO] [stderr] 154 |     fn error(&mut self, msg: &str) -> Result<()> {
[INFO] [stderr]     |        ^^^^^
[INFO] [stderr] 
[INFO] [stderr] warning: variants `CompileError` and `RuntimeError` are never constructed
[INFO] [stderr]   --> src/error.rs:12:5
[INFO] [stderr]    |
[INFO] [stderr] 6  | pub enum Error {
[INFO] [stderr]    |          ----- variants in this enum
[INFO] [stderr] ...
[INFO] [stderr] 12 |     CompileError {
[INFO] [stderr]    |     ^^^^^^^^^^^^
[INFO] [stderr] ...
[INFO] [stderr] 16 |     RuntimeError {
[INFO] [stderr]    |     ^^^^^^^^^^^^
[INFO] [stderr]    |
[INFO] [stderr]    = note: `Error` has a derived impl for the trait `Debug`, but this is intentionally ignored during dead code analysis
[INFO] [stderr] 
[INFO] [stderr] warning: methods `write`, `write_opcode`, and `write_constant` are never used
[INFO] [stderr]   --> src/vm.rs:26:12
[INFO] [stderr]    |
[INFO] [stderr] 17 | impl VM {
[INFO] [stderr]    | ------- methods in this implementation
[INFO] [stderr] ...
[INFO] [stderr] 26 |     pub fn write(&mut self, byte: u8, line: u32) {
[INFO] [stderr]    |            ^^^^^
[INFO] [stderr] ...
[INFO] [stderr] 30 |     pub fn write_opcode(&mut self, opcode: OpCode, line: u32) {
[INFO] [stderr]    |            ^^^^^^^^^^^^
[INFO] [stderr] ...
[INFO] [stderr] 34 |     pub fn write_constant(&mut self, value: Value, line: u32) {
[INFO] [stderr]    |            ^^^^^^^^^^^^^^
[INFO] [stderr] 
[INFO] [stderr] warning: `rlox` (bin "rlox" test) generated 11 warnings
[INFO] [stderr]     Finished `test` profile [unoptimized + debuginfo] target(s) in 0.05s
[INFO] [stderr]      Running unittests src/main.rs (/opt/rustwide/target/debug/deps/rlox-d8df56364cc1f124)
[INFO] [stdout] 
[INFO] [stdout] running 6 tests
[INFO] [stdout] test chunk::line_encoding::tests::test_add ... ok
[INFO] [stdout] test chunk::line_encoding::tests::test_get ... ok
[INFO] [stdout] test chunk::tests::test_write_u24 ... ok
[INFO] [stdout] test chunk::tests::test_read_u24 ... FAILED
[INFO] [stdout] test chunk::tests::test_read_u24_should_panic - should panic ... ok
[INFO] [stderr] error: test failed, to rerun pass `--bin rlox`
[INFO] [stdout] test chunk::tests::test_write_u24_shoudl_panic - should panic ... ok
[INFO] [stdout] 
[INFO] [stdout] failures:
[INFO] [stdout] 
[INFO] [stdout] ---- chunk::tests::test_read_u24 stdout ----
[INFO] [stdout] thread 'chunk::tests::test_read_u24' panicked at src/chunk.rs:109:9:
[INFO] [stdout] assertion `left == right` failed
[INFO] [stdout]   left: 4368
[INFO] [stdout]  right: 1118212
[INFO] [stdout] stack backtrace:
[INFO] [stdout]    0:     0x56f31fdef3ba - std::backtrace_rs::backtrace::libunwind::trace::h5a5b8284f2d0c266
[INFO] [stdout]                                at /rustc/90b35a6239c3d8bdabc530a6a0816f7ff89a0aaf/library/std/src/../../backtrace/src/backtrace/libunwind.rs:116:5
[INFO] [stdout]    1:     0x56f31fdef3ba - std::backtrace_rs::backtrace::trace_unsynchronized::h76d4f1c9b0b875e3
[INFO] [stdout]                                at /rustc/90b35a6239c3d8bdabc530a6a0816f7ff89a0aaf/library/std/src/../../backtrace/src/backtrace/mod.rs:66:5
[INFO] [stdout]    2:     0x56f31fdef3ba - std::sys::backtrace::_print_fmt::hc4546b8364a537c6
[INFO] [stdout]                                at /rustc/90b35a6239c3d8bdabc530a6a0816f7ff89a0aaf/library/std/src/sys/backtrace.rs:66:9
[INFO] [stdout]    3:     0x56f31fdef3ba - <std::sys::backtrace::BacktraceLock::print::DisplayBacktrace as core::fmt::Display>::fmt::h5b6bd5631a6d1f6b
[INFO] [stdout]                                at /rustc/90b35a6239c3d8bdabc530a6a0816f7ff89a0aaf/library/std/src/sys/backtrace.rs:39:26
[INFO] [stdout]    4:     0x56f31fe14663 - core::fmt::rt::Argument::fmt::h270f6602a2b96f62
[INFO] [stdout]                                at /rustc/90b35a6239c3d8bdabc530a6a0816f7ff89a0aaf/library/core/src/fmt/rt.rs:177:76
[INFO] [stdout]    5:     0x56f31fe14663 - core::fmt::write::h7550c97b06c86515
[INFO] [stdout]                                at /rustc/90b35a6239c3d8bdabc530a6a0816f7ff89a0aaf/library/core/src/fmt/mod.rs:1186:21
[INFO] [stdout]    6:     0x56f31fdec583 - std::io::Write::write_fmt::h509ff860e5956e5e
[INFO] [stdout]                                at /rustc/90b35a6239c3d8bdabc530a6a0816f7ff89a0aaf/library/std/src/io/mod.rs:1839:15
[INFO] [stdout]    7:     0x56f31fdef202 - std::sys::backtrace::BacktraceLock::print::h2395ccd2c84ba3aa
[INFO] [stdout]                                at /rustc/90b35a6239c3d8bdabc530a6a0816f7ff89a0aaf/library/std/src/sys/backtrace.rs:42:9
[INFO] [stdout]    8:     0x56f31fdf081a - std::panicking::default_hook::{{closure}}::he19d4c7230e07961
[INFO] [stdout]                                at /rustc/90b35a6239c3d8bdabc530a6a0816f7ff89a0aaf/library/std/src/panicking.rs:268:22
[INFO] [stdout]    9:     0x56f31fdf0624 - std::panicking::default_hook::hf614597d3c67bbdb
[INFO] [stdout]                                at /rustc/90b35a6239c3d8bdabc530a6a0816f7ff89a0aaf/library/std/src/panicking.rs:292:9
[INFO] [stdout]   10:     0x56f31fdbb299 - <alloc::boxed::Box<F,A> as core::ops::function::Fn<Args>>::call::h39b51ce4599c23d1
[INFO] [stdout]                                at /rustc/90b35a6239c3d8bdabc530a6a0816f7ff89a0aaf/library/alloc/src/boxed.rs:2468:9
[INFO] [stdout]   11:     0x56f31fdbb299 - test::test_main::{{closure}}::he977ae839a582784
[INFO] [stdout]                                at /rustc/90b35a6239c3d8bdabc530a6a0816f7ff89a0aaf/library/test/src/lib.rs:133:21
[INFO] [stdout]   12:     0x56f31fdf0eb8 - <alloc::boxed::Box<F,A> as core::ops::function::Fn<Args>>::call::h9455091b6b06f9fb
[INFO] [stdout]                                at /rustc/90b35a6239c3d8bdabc530a6a0816f7ff89a0aaf/library/alloc/src/boxed.rs:2468:9
[INFO] [stdout]   13:     0x56f31fdf0eb8 - std::panicking::rust_panic_with_hook::h8942133a8b252070
[INFO] [stdout]                                at /rustc/90b35a6239c3d8bdabc530a6a0816f7ff89a0aaf/library/std/src/panicking.rs:809:13
[INFO] [stdout]   14:     0x56f31fdf0c7a - std::panicking::begin_panic_handler::{{closure}}::hb5f5963570096b29
[INFO] [stdout]                                at /rustc/90b35a6239c3d8bdabc530a6a0816f7ff89a0aaf/library/std/src/panicking.rs:674:13
[INFO] [stdout]   15:     0x56f31fdef899 - std::sys::backtrace::__rust_end_short_backtrace::h6208cedc1922feda
[INFO] [stdout]                                at /rustc/90b35a6239c3d8bdabc530a6a0816f7ff89a0aaf/library/std/src/sys/backtrace.rs:170:18
[INFO] [stdout]   16:     0x56f31fdf090c - rust_begin_unwind
[INFO] [stdout]                                at /rustc/90b35a6239c3d8bdabc530a6a0816f7ff89a0aaf/library/std/src/panicking.rs:665:5
[INFO] [stdout]   17:     0x56f31fd7da60 - core::panicking::panic_fmt::h0c3082644d1bf418
[INFO] [stdout]                                at /rustc/90b35a6239c3d8bdabc530a6a0816f7ff89a0aaf/library/core/src/panicking.rs:74:14
[INFO] [stdout]   18:     0x56f31fd7dd8b - core::panicking::assert_failed_inner::h2ddf1fcc067fa858
[INFO] [stdout]   19:     0x56f31fd803f3 - core::panicking::assert_failed::h9a2836c17cac58c3
[INFO] [stdout]                                at /rustc/90b35a6239c3d8bdabc530a6a0816f7ff89a0aaf/library/core/src/panicking.rs:367:5
[INFO] [stdout]   20:     0x56f31fd82b56 - rlox::chunk::tests::test_read_u24::heb0a1236e2c7d364
[INFO] [stdout]                                at /opt/rustwide/workdir/src/chunk.rs:109:9
[INFO] [stdout]   21:     0x56f31fd82a47 - rlox::chunk::tests::test_read_u24::{{closure}}::h7ab57ddc12e844b3
[INFO] [stdout]                                at /opt/rustwide/workdir/src/chunk.rs:107:23
[INFO] [stdout]   22:     0x56f31fd7f656 - core::ops::function::FnOnce::call_once::h546b75b2dc65f3c3
[INFO] [stdout]                                at /rustc/90b35a6239c3d8bdabc530a6a0816f7ff89a0aaf/library/core/src/ops/function.rs:250:5
[INFO] [stdout]   23:     0x56f31fdbfc5b - core::ops::function::FnOnce::call_once::h109cf8051a59b34e
[INFO] [stdout]                                at /rustc/90b35a6239c3d8bdabc530a6a0816f7ff89a0aaf/library/core/src/ops/function.rs:250:5
[INFO] [stdout]   24:     0x56f31fdbfc5b - test::__rust_begin_short_backtrace::hf4fff89d377446ba
[INFO] [stdout]                                at /rustc/90b35a6239c3d8bdabc530a6a0816f7ff89a0aaf/library/test/src/lib.rs:621:18
[INFO] [stdout]   25:     0x56f31fdbf497 - test::run_test_in_process::{{closure}}::h0e39181dd7ee5a43
[INFO] [stdout]                                at /rustc/90b35a6239c3d8bdabc530a6a0816f7ff89a0aaf/library/test/src/lib.rs:644:60
[INFO] [stdout]   26:     0x56f31fdbf497 - <core::panic::unwind_safe::AssertUnwindSafe<F> as core::ops::function::FnOnce<()>>::call_once::hc5a66a30f0bdfd1f
[INFO] [stdout]                                at /rustc/90b35a6239c3d8bdabc530a6a0816f7ff89a0aaf/library/core/src/panic/unwind_safe.rs:272:9
[INFO] [stdout]   27:     0x56f31fdbf497 - std::panicking::try::do_call::h873b7cf639554a5e
[INFO] [stdout]                                at /rustc/90b35a6239c3d8bdabc530a6a0816f7ff89a0aaf/library/std/src/panicking.rs:557:40
[INFO] [stdout]   28:     0x56f31fdbf497 - std::panicking::try::hdb19862fad9c8bd1
[INFO] [stdout]                                at /rustc/90b35a6239c3d8bdabc530a6a0816f7ff89a0aaf/library/std/src/panicking.rs:520:19
[INFO] [stdout]   29:     0x56f31fdbf497 - std::panic::catch_unwind::h281fe732d236d260
[INFO] [stdout]                                at /rustc/90b35a6239c3d8bdabc530a6a0816f7ff89a0aaf/library/std/src/panic.rs:358:14
[INFO] [stdout]   30:     0x56f31fdbf497 - test::run_test_in_process::h949b6df8457ed338
[INFO] [stdout]                                at /rustc/90b35a6239c3d8bdabc530a6a0816f7ff89a0aaf/library/test/src/lib.rs:644:27
[INFO] [stdout]   31:     0x56f31fdbf497 - test::run_test::{{closure}}::h52c556a6d4740e10
[INFO] [stdout]                                at /rustc/90b35a6239c3d8bdabc530a6a0816f7ff89a0aaf/library/test/src/lib.rs:565:43
[INFO] [stdout]   32:     0x56f31fd84774 - test::run_test::{{closure}}::h4237f6381c45ccb9
[INFO] [stdout]                                at /rustc/90b35a6239c3d8bdabc530a6a0816f7ff89a0aaf/library/test/src/lib.rs:595:41
[INFO] [stdout]   33:     0x56f31fd84774 - std::sys::backtrace::__rust_begin_short_backtrace::h505c97a579eca628
[INFO] [stdout]                                at /rustc/90b35a6239c3d8bdabc530a6a0816f7ff89a0aaf/library/std/src/sys/backtrace.rs:154:18
[INFO] [stdout]   34:     0x56f31fd87e3e - std::thread::Builder::spawn_unchecked_::{{closure}}::{{closure}}::h9e86b2e2bc107ea3
[INFO] [stdout]                                at /rustc/90b35a6239c3d8bdabc530a6a0816f7ff89a0aaf/library/std/src/thread/mod.rs:538:17
[INFO] [stdout]   35:     0x56f31fd87e3e - <core::panic::unwind_safe::AssertUnwindSafe<F> as core::ops::function::FnOnce<()>>::call_once::h8b06ddb275ff4a25
[INFO] [stdout]                                at /rustc/90b35a6239c3d8bdabc530a6a0816f7ff89a0aaf/library/core/src/panic/unwind_safe.rs:272:9
[INFO] [stdout]   36:     0x56f31fd87e3e - std::panicking::try::do_call::hb26ecd7cd9a9355d
[INFO] [stdout]                                at /rustc/90b35a6239c3d8bdabc530a6a0816f7ff89a0aaf/library/std/src/panicking.rs:557:40
[INFO] [stdout]   37:     0x56f31fd87e3e - std::panicking::try::h8ddeca9d705f9069
[INFO] [stdout]                                at /rustc/90b35a6239c3d8bdabc530a6a0816f7ff89a0aaf/library/std/src/panicking.rs:520:19
[INFO] [stdout]   38:     0x56f31fd87e3e - std::panic::catch_unwind::h49e1c33078844c46
[INFO] [stdout]                                at /rustc/90b35a6239c3d8bdabc530a6a0816f7ff89a0aaf/library/std/src/panic.rs:358:14
[INFO] [stdout]   39:     0x56f31fd87e3e - std::thread::Builder::spawn_unchecked_::{{closure}}::h6073db6ff56ad35d
[INFO] [stdout]                                at /rustc/90b35a6239c3d8bdabc530a6a0816f7ff89a0aaf/library/std/src/thread/mod.rs:537:30
[INFO] [stdout]   40:     0x56f31fd87e3e - core::ops::function::FnOnce::call_once{{vtable.shim}}::h2c5a5f3779c774f1
[INFO] [stdout]                                at /rustc/90b35a6239c3d8bdabc530a6a0816f7ff89a0aaf/library/core/src/ops/function.rs:250:5
[INFO] [stdout]   41:     0x56f31fdf4c0b - <alloc::boxed::Box<F,A> as core::ops::function::FnOnce<Args>>::call_once::hf75717d9f28faebf
[INFO] [stdout]                                at /rustc/90b35a6239c3d8bdabc530a6a0816f7ff89a0aaf/library/alloc/src/boxed.rs:2454:9
[INFO] [stdout]   42:     0x56f31fdf4c0b - <alloc::boxed::Box<F,A> as core::ops::function::FnOnce<Args>>::call_once::h7bd883a5f3c5f3c1
[INFO] [stdout]                                at /rustc/90b35a6239c3d8bdabc530a6a0816f7ff89a0aaf/library/alloc/src/boxed.rs:2454:9
[INFO] [stdout]   43:     0x56f31fdf4c0b - std::sys::pal::unix::thread::Thread::new::thread_start::hcc78f3943333fa94
[INFO] [stdout]                                at /rustc/90b35a6239c3d8bdabc530a6a0816f7ff89a0aaf/library/std/src/sys/pal/unix/thread.rs:105:17
[INFO] [stdout]   44:     0x7fc3187aeac3 - <unknown>
[INFO] [stdout]   45:     0x7fc31883fa04 - clone
[INFO] [stdout]   46:                0x0 - <unknown>
[INFO] [stdout] 
[INFO] [stdout] 
[INFO] [stdout] failures:
[INFO] [stdout]     chunk::tests::test_read_u24
[INFO] [stdout] 
[INFO] [stdout] test result: FAILED. 5 passed; 1 failed; 0 ignored; 0 measured; 0 filtered out; finished in 0.02s
[INFO] [stdout] 
[INFO] running `Command { std: "docker" "inspect" "8752c7668d34588b47c7ee6a3fdc9f28e0e185abcbc56c3477c4d4307b56f10d", kill_on_drop: false }`
[INFO] running `Command { std: "docker" "rm" "-f" "8752c7668d34588b47c7ee6a3fdc9f28e0e185abcbc56c3477c4d4307b56f10d", kill_on_drop: false }`
[INFO] [stdout] 8752c7668d34588b47c7ee6a3fdc9f28e0e185abcbc56c3477c4d4307b56f10d
