[INFO] cloning repository https://github.com/gfaster/ir
[INFO] running `Command { std: "git" "-c" "credential.helper=" "-c" "credential.helper=/workspace/cargo-home/bin/git-credential-null" "clone" "--bare" "https://github.com/gfaster/ir" "/workspace/cache/git-repos/https%3A%2F%2Fgithub.com%2Fgfaster%2Fir", kill_on_drop: false }`
[INFO] [stderr] Cloning into bare repository '/workspace/cache/git-repos/https%3A%2F%2Fgithub.com%2Fgfaster%2Fir'...
[INFO] running `Command { std: "git" "rev-parse" "HEAD", kill_on_drop: false }`
[INFO] [stdout] aff518c1946af9ad0853056570f4a70e2194294b
[INFO] testing gfaster/ir against 1.83.0 for beta-1.84.0-4-retry
[INFO] running `Command { std: "git" "clone" "/workspace/cache/git-repos/https%3A%2F%2Fgithub.com%2Fgfaster%2Fir" "/workspace/builds/worker-2-tc1/source", kill_on_drop: false }`
[INFO] [stderr] Cloning into '/workspace/builds/worker-2-tc1/source'...
[INFO] [stderr] done.
[INFO] validating manifest of git repo https://github.com/gfaster/ir on toolchain 1.83.0
[INFO] running `Command { std: CARGO_HOME="/workspace/cargo-home" RUSTUP_HOME="/workspace/rustup-home" "/workspace/cargo-home/bin/cargo" "+1.83.0" "metadata" "--manifest-path" "Cargo.toml" "--no-deps", kill_on_drop: false }`
[INFO] removed /workspace/builds/worker-2-tc1/source/.cargo/config.toml
[INFO] started tweaking git repo https://github.com/gfaster/ir
[INFO] finished tweaking git repo https://github.com/gfaster/ir
[INFO] tweaked toml for git repo https://github.com/gfaster/ir written to /workspace/builds/worker-2-tc1/source/Cargo.toml
[INFO] crate git repo https://github.com/gfaster/ir already has a lockfile, it will not be regenerated
[INFO] running `Command { std: CARGO_HOME="/workspace/cargo-home" RUSTUP_HOME="/workspace/rustup-home" "/workspace/cargo-home/bin/cargo" "+1.83.0" "fetch" "--manifest-path" "Cargo.toml", kill_on_drop: false }`
[INFO] running `Command { std: "docker" "create" "-v" "/var/lib/crater-agent-workspace/builds/worker-2-tc1/target:/opt/rustwide/target:rw,Z" "-v" "/var/lib/crater-agent-workspace/builds/worker-2-tc1/source:/opt/rustwide/workdir:ro,Z" "-v" "/var/lib/crater-agent-workspace/cargo-home:/opt/rustwide/cargo-home:ro,Z" "-v" "/var/lib/crater-agent-workspace/rustup-home:/opt/rustwide/rustup-home:ro,Z" "-e" "SOURCE_DIR=/opt/rustwide/workdir" "-e" "CARGO_TARGET_DIR=/opt/rustwide/target" "-e" "CARGO_HOME=/opt/rustwide/cargo-home" "-e" "RUSTUP_HOME=/opt/rustwide/rustup-home" "-w" "/opt/rustwide/workdir" "-m" "1610612736" "--user" "0:0" "--network" "none" "ghcr.io/rust-lang/crates-build-env/linux@sha256:f3a9d4ad9d972b27faf3965f35b62e55ba32bbce8f20bc8fe909558a86702fde" "/opt/rustwide/cargo-home/bin/cargo" "+1.83.0" "metadata" "--no-deps" "--format-version=1", kill_on_drop: false }`
[INFO] [stdout] 145ca1954222bb1e884da25a17f9bd4b79667c04462b06ba7ad517320b8c4832
[INFO] running `Command { std: "docker" "start" "-a" "145ca1954222bb1e884da25a17f9bd4b79667c04462b06ba7ad517320b8c4832", kill_on_drop: false }`
[INFO] running `Command { std: "docker" "inspect" "145ca1954222bb1e884da25a17f9bd4b79667c04462b06ba7ad517320b8c4832", kill_on_drop: false }`
[INFO] running `Command { std: "docker" "rm" "-f" "145ca1954222bb1e884da25a17f9bd4b79667c04462b06ba7ad517320b8c4832", kill_on_drop: false }`
[INFO] [stdout] 145ca1954222bb1e884da25a17f9bd4b79667c04462b06ba7ad517320b8c4832
[INFO] running `Command { std: "docker" "create" "-v" "/var/lib/crater-agent-workspace/builds/worker-2-tc1/target:/opt/rustwide/target:rw,Z" "-v" "/var/lib/crater-agent-workspace/builds/worker-2-tc1/source:/opt/rustwide/workdir:ro,Z" "-v" "/var/lib/crater-agent-workspace/cargo-home:/opt/rustwide/cargo-home:ro,Z" "-v" "/var/lib/crater-agent-workspace/rustup-home:/opt/rustwide/rustup-home:ro,Z" "-e" "SOURCE_DIR=/opt/rustwide/workdir" "-e" "CARGO_TARGET_DIR=/opt/rustwide/target" "-e" "CARGO_INCREMENTAL=0" "-e" "RUST_BACKTRACE=full" "-e" "RUSTFLAGS=--cap-lints=warn" "-e" "RUSTDOCFLAGS=--cap-lints=warn" "-e" "CARGO_HOME=/opt/rustwide/cargo-home" "-e" "RUSTUP_HOME=/opt/rustwide/rustup-home" "-w" "/opt/rustwide/workdir" "-m" "1610612736" "--user" "0:0" "--network" "none" "ghcr.io/rust-lang/crates-build-env/linux@sha256:f3a9d4ad9d972b27faf3965f35b62e55ba32bbce8f20bc8fe909558a86702fde" "/opt/rustwide/cargo-home/bin/cargo" "+1.83.0" "build" "--frozen" "--message-format=json", kill_on_drop: false }`
[INFO] [stdout] 94623db322b51ec0bdb72970fe7e25279ed75a6d399f2ea18d7eca73c5470271
[INFO] running `Command { std: "docker" "start" "-a" "94623db322b51ec0bdb72970fe7e25279ed75a6d399f2ea18d7eca73c5470271", kill_on_drop: false }`
[INFO] [stderr]    Compiling proc-macro2 v1.0.78
[INFO] [stderr]    Compiling unicode-ident v1.0.12
[INFO] [stderr]    Compiling quote v1.0.35
[INFO] [stderr]    Compiling syn v2.0.48
[INFO] [stderr]    Compiling macros v0.1.0 (/opt/rustwide/workdir/macros)
[INFO] [stdout] warning: field `0` is never read
[INFO] [stdout]   --> macros/src/lib.rs:28:9
[INFO] [stdout]    |
[INFO] [stdout] 28 |     Req(kw::req),
[INFO] [stdout]    |     --- ^^^^^^^
[INFO] [stdout]    |     |
[INFO] [stdout]    |     field in this variant
[INFO] [stdout]    |
[INFO] [stdout]    = note: `SPropIdentListsType` has a derived impl for the trait `Clone`, but this is intentionally ignored during dead code analysis
[INFO] [stdout]    = note: `#[warn(dead_code)]` on by default
[INFO] [stdout] help: consider changing the field to be of unit type to suppress this warning while preserving the field numbering, or remove the field
[INFO] [stdout]    |
[INFO] [stdout] 28 |     Req(()),
[INFO] [stdout]    |         ~~
[INFO] [stdout] 
[INFO] [stdout] 
[INFO] [stdout] warning: field `0` is never read
[INFO] [stdout]   --> macros/src/lib.rs:29:9
[INFO] [stdout]    |
[INFO] [stdout] 29 |     Set(kw::set),
[INFO] [stdout]    |     --- ^^^^^^^
[INFO] [stdout]    |     |
[INFO] [stdout]    |     field in this variant
[INFO] [stdout]    |
[INFO] [stdout]    = note: `SPropIdentListsType` has a derived impl for the trait `Clone`, but this is intentionally ignored during dead code analysis
[INFO] [stdout] help: consider changing the field to be of unit type to suppress this warning while preserving the field numbering, or remove the field
[INFO] [stdout]    |
[INFO] [stdout] 29 |     Set(()),
[INFO] [stdout]    |         ~~
[INFO] [stdout] 
[INFO] [stdout] 
[INFO] [stdout] warning: field `0` is never read
[INFO] [stdout]   --> macros/src/lib.rs:30:10
[INFO] [stdout]    |
[INFO] [stdout] 30 |     Used(kw::used),
[INFO] [stdout]    |     ---- ^^^^^^^^
[INFO] [stdout]    |     |
[INFO] [stdout]    |     field in this variant
[INFO] [stdout]    |
[INFO] [stdout]    = note: `SPropIdentListsType` has a derived impl for the trait `Clone`, but this is intentionally ignored during dead code analysis
[INFO] [stdout] help: consider changing the field to be of unit type to suppress this warning while preserving the field numbering, or remove the field
[INFO] [stdout]    |
[INFO] [stdout] 30 |     Used(()),
[INFO] [stdout]    |          ~~
[INFO] [stdout] 
[INFO] [stdout] 
[INFO] [stdout] warning: fields `ty` and `idents` are never read
[INFO] [stdout]   --> macros/src/lib.rs:50:5
[INFO] [stdout]    |
[INFO] [stdout] 49 | struct SPropIdentLists {
[INFO] [stdout]    |        --------------- fields in this struct
[INFO] [stdout] 50 |     ty: SPropIdentListsType,
[INFO] [stdout]    |     ^^
[INFO] [stdout] 51 |     idents: Vec<syn::Ident>,
[INFO] [stdout]    |     ^^^^^^
[INFO] [stdout]    |
[INFO] [stdout]    = note: `SPropIdentLists` has a derived impl for the trait `Clone`, but this is intentionally ignored during dead code analysis
[INFO] [stdout] 
[INFO] [stdout] 
[INFO] [stdout] warning: field `0` is never read
[INFO] [stdout]   --> macros/src/lib.rs:70:10
[INFO] [stdout]    |
[INFO] [stdout] 70 |     Iset(kw::iset),
[INFO] [stdout]    |     ---- ^^^^^^^^
[INFO] [stdout]    |     |
[INFO] [stdout]    |     field in this variant
[INFO] [stdout]    |
[INFO] [stdout]    = note: `SPropExprListsType` has a derived impl for the trait `Clone`, but this is intentionally ignored during dead code analysis
[INFO] [stdout] help: consider changing the field to be of unit type to suppress this warning while preserving the field numbering, or remove the field
[INFO] [stdout]    |
[INFO] [stdout] 70 |     Iset(()),
[INFO] [stdout]    |          ~~
[INFO] [stdout] 
[INFO] [stdout] 
[INFO] [stdout] warning: field `0` is never read
[INFO] [stdout]   --> macros/src/lib.rs:71:11
[INFO] [stdout]    |
[INFO] [stdout] 71 |     Iused(kw::iused),
[INFO] [stdout]    |     ----- ^^^^^^^^^
[INFO] [stdout]    |     |
[INFO] [stdout]    |     field in this variant
[INFO] [stdout]    |
[INFO] [stdout]    = note: `SPropExprListsType` has a derived impl for the trait `Clone`, but this is intentionally ignored during dead code analysis
[INFO] [stdout] help: consider changing the field to be of unit type to suppress this warning while preserving the field numbering, or remove the field
[INFO] [stdout]    |
[INFO] [stdout] 71 |     Iused(()),
[INFO] [stdout]    |           ~~
[INFO] [stdout] 
[INFO] [stdout] 
[INFO] [stdout] warning: fields `ty` and `arr` are never read
[INFO] [stdout]   --> macros/src/lib.rs:89:5
[INFO] [stdout]    |
[INFO] [stdout] 88 | struct SPropExprLists {
[INFO] [stdout]    |        -------------- fields in this struct
[INFO] [stdout] 89 |     ty: SPropExprListsType,
[INFO] [stdout]    |     ^^
[INFO] [stdout] 90 |     arr: syn::ExprArray,
[INFO] [stdout]    |     ^^^
[INFO] [stdout]    |
[INFO] [stdout]    = note: `SPropExprLists` has a derived impl for the trait `Clone`, but this is intentionally ignored during dead code analysis
[INFO] [stdout] 
[INFO] [stdout] 
[INFO] [stdout] warning: field `0` is never read
[INFO] [stdout]    --> macros/src/lib.rs:104:12
[INFO] [stdout]     |
[INFO] [stdout] 104 |     Idents(SPropIdentLists),
[INFO] [stdout]     |     ------ ^^^^^^^^^^^^^^^
[INFO] [stdout]     |     |
[INFO] [stdout]     |     field in this variant
[INFO] [stdout]     |
[INFO] [stdout]     = note: `SPropOverrideType` has a derived impl for the trait `Clone`, but this is intentionally ignored during dead code analysis
[INFO] [stdout] help: consider changing the field to be of unit type to suppress this warning while preserving the field numbering, or remove the field
[INFO] [stdout]     |
[INFO] [stdout] 104 |     Idents(()),
[INFO] [stdout]     |            ~~
[INFO] [stdout] 
[INFO] [stdout] 
[INFO] [stdout] warning: field `0` is never read
[INFO] [stdout]    --> macros/src/lib.rs:105:10
[INFO] [stdout]     |
[INFO] [stdout] 105 |     Expr(SPropExprLists)
[INFO] [stdout]     |     ---- ^^^^^^^^^^^^^^
[INFO] [stdout]     |     |
[INFO] [stdout]     |     field in this variant
[INFO] [stdout]     |
[INFO] [stdout]     = note: `SPropOverrideType` has a derived impl for the trait `Clone`, but this is intentionally ignored during dead code analysis
[INFO] [stdout] help: consider changing the field to be of unit type to suppress this warning while preserving the field numbering, or remove the field
[INFO] [stdout]     |
[INFO] [stdout] 105 |     Expr(())
[INFO] [stdout]     |          ~~
[INFO] [stdout] 
[INFO] [stdout] 
[INFO] [stdout] warning: field `inner` is never read
[INFO] [stdout]    --> macros/src/lib.rs:123:5
[INFO] [stdout]     |
[INFO] [stdout] 122 | struct SPropOverride {
[INFO] [stdout]     |        ------------- field in this struct
[INFO] [stdout] 123 |     inner: SPropOverrideType,
[INFO] [stdout]     |     ^^^^^
[INFO] [stdout]     |
[INFO] [stdout]     = note: `SPropOverride` has a derived impl for the trait `Clone`, but this is intentionally ignored during dead code analysis
[INFO] [stdout] 
[INFO] [stdout] 
[INFO] [stdout] warning: field `0` is never read
[INFO] [stdout]    --> macros/src/lib.rs:170:7
[INFO] [stdout]     |
[INFO] [stdout] 170 |     S(SPropOverride),
[INFO] [stdout]     |     - ^^^^^^^^^^^^^
[INFO] [stdout]     |     |
[INFO] [stdout]     |     field in this variant
[INFO] [stdout]     |
[INFO] [stdout]     = note: `PropOverride` has a derived impl for the trait `Clone`, but this is intentionally ignored during dead code analysis
[INFO] [stdout] help: consider changing the field to be of unit type to suppress this warning while preserving the field numbering, or remove the field
[INFO] [stdout]     |
[INFO] [stdout] 170 |     S(()),
[INFO] [stdout]     |       ~~
[INFO] [stdout] 
[INFO] [stdout] 
[INFO] [stderr]    Compiling ir v0.1.0 (/opt/rustwide/workdir)
[INFO] [stderr]     Finished `dev` profile [unoptimized + debuginfo] target(s) in 7.39s
[INFO] running `Command { std: "docker" "inspect" "94623db322b51ec0bdb72970fe7e25279ed75a6d399f2ea18d7eca73c5470271", kill_on_drop: false }`
[INFO] running `Command { std: "docker" "rm" "-f" "94623db322b51ec0bdb72970fe7e25279ed75a6d399f2ea18d7eca73c5470271", kill_on_drop: false }`
[INFO] [stdout] 94623db322b51ec0bdb72970fe7e25279ed75a6d399f2ea18d7eca73c5470271
[INFO] running `Command { std: "docker" "create" "-v" "/var/lib/crater-agent-workspace/builds/worker-2-tc1/target:/opt/rustwide/target:rw,Z" "-v" "/var/lib/crater-agent-workspace/builds/worker-2-tc1/source:/opt/rustwide/workdir:ro,Z" "-v" "/var/lib/crater-agent-workspace/cargo-home:/opt/rustwide/cargo-home:ro,Z" "-v" "/var/lib/crater-agent-workspace/rustup-home:/opt/rustwide/rustup-home:ro,Z" "-e" "SOURCE_DIR=/opt/rustwide/workdir" "-e" "CARGO_TARGET_DIR=/opt/rustwide/target" "-e" "CARGO_INCREMENTAL=0" "-e" "RUST_BACKTRACE=full" "-e" "RUSTFLAGS=--cap-lints=warn" "-e" "RUSTDOCFLAGS=--cap-lints=warn" "-e" "CARGO_HOME=/opt/rustwide/cargo-home" "-e" "RUSTUP_HOME=/opt/rustwide/rustup-home" "-w" "/opt/rustwide/workdir" "-m" "1610612736" "--user" "0:0" "--network" "none" "ghcr.io/rust-lang/crates-build-env/linux@sha256:f3a9d4ad9d972b27faf3965f35b62e55ba32bbce8f20bc8fe909558a86702fde" "/opt/rustwide/cargo-home/bin/cargo" "+1.83.0" "test" "--frozen" "--no-run" "--message-format=json", kill_on_drop: false }`
[INFO] [stdout] 08faa9376f6070b92b6b49c86b960bb712aeb2befdf2b1134d889c0cae301e19
[INFO] running `Command { std: "docker" "start" "-a" "08faa9376f6070b92b6b49c86b960bb712aeb2befdf2b1134d889c0cae301e19", kill_on_drop: false }`
[INFO] [stderr]    Compiling ir v0.1.0 (/opt/rustwide/workdir)
[INFO] [stdout] warning: field `0` is never read
[INFO] [stdout]   --> macros/src/lib.rs:28:9
[INFO] [stdout]    |
[INFO] [stdout] 28 |     Req(kw::req),
[INFO] [stdout]    |     --- ^^^^^^^
[INFO] [stdout]    |     |
[INFO] [stdout]    |     field in this variant
[INFO] [stdout]    |
[INFO] [stdout]    = note: `SPropIdentListsType` has a derived impl for the trait `Clone`, but this is intentionally ignored during dead code analysis
[INFO] [stdout]    = note: `#[warn(dead_code)]` on by default
[INFO] [stdout] help: consider changing the field to be of unit type to suppress this warning while preserving the field numbering, or remove the field
[INFO] [stdout]    |
[INFO] [stdout] 28 |     Req(()),
[INFO] [stdout]    |         ~~
[INFO] [stdout] 
[INFO] [stdout] 
[INFO] [stdout] warning: field `0` is never read
[INFO] [stdout]   --> macros/src/lib.rs:29:9
[INFO] [stdout]    |
[INFO] [stdout] 29 |     Set(kw::set),
[INFO] [stdout]    |     --- ^^^^^^^
[INFO] [stdout]    |     |
[INFO] [stdout]    |     field in this variant
[INFO] [stdout]    |
[INFO] [stdout]    = note: `SPropIdentListsType` has a derived impl for the trait `Clone`, but this is intentionally ignored during dead code analysis
[INFO] [stdout] help: consider changing the field to be of unit type to suppress this warning while preserving the field numbering, or remove the field
[INFO] [stdout]    |
[INFO] [stdout] 29 |     Set(()),
[INFO] [stdout]    |         ~~
[INFO] [stdout] 
[INFO] [stdout] 
[INFO] [stdout] warning: field `0` is never read
[INFO] [stdout]   --> macros/src/lib.rs:30:10
[INFO] [stdout]    |
[INFO] [stdout] 30 |     Used(kw::used),
[INFO] [stdout]    |     ---- ^^^^^^^^
[INFO] [stdout]    |     |
[INFO] [stdout]    |     field in this variant
[INFO] [stdout]    |
[INFO] [stdout]    = note: `SPropIdentListsType` has a derived impl for the trait `Clone`, but this is intentionally ignored during dead code analysis
[INFO] [stdout] help: consider changing the field to be of unit type to suppress this warning while preserving the field numbering, or remove the field
[INFO] [stdout]    |
[INFO] [stdout] 30 |     Used(()),
[INFO] [stdout]    |          ~~
[INFO] [stdout] 
[INFO] [stdout] 
[INFO] [stdout] warning: fields `ty` and `idents` are never read
[INFO] [stdout]   --> macros/src/lib.rs:50:5
[INFO] [stdout]    |
[INFO] [stdout] 49 | struct SPropIdentLists {
[INFO] [stdout]    |        --------------- fields in this struct
[INFO] [stdout] 50 |     ty: SPropIdentListsType,
[INFO] [stdout]    |     ^^
[INFO] [stdout] 51 |     idents: Vec<syn::Ident>,
[INFO] [stdout]    |     ^^^^^^
[INFO] [stdout]    |
[INFO] [stdout]    = note: `SPropIdentLists` has a derived impl for the trait `Clone`, but this is intentionally ignored during dead code analysis
[INFO] [stdout] 
[INFO] [stdout] 
[INFO] [stdout] warning: field `0` is never read
[INFO] [stdout]   --> macros/src/lib.rs:70:10
[INFO] [stdout]    |
[INFO] [stdout] 70 |     Iset(kw::iset),
[INFO] [stdout]    |     ---- ^^^^^^^^
[INFO] [stdout]    |     |
[INFO] [stdout]    |     field in this variant
[INFO] [stdout]    |
[INFO] [stdout]    = note: `SPropExprListsType` has a derived impl for the trait `Clone`, but this is intentionally ignored during dead code analysis
[INFO] [stdout] help: consider changing the field to be of unit type to suppress this warning while preserving the field numbering, or remove the field
[INFO] [stdout]    |
[INFO] [stdout] 70 |     Iset(()),
[INFO] [stdout]    |          ~~
[INFO] [stdout] 
[INFO] [stdout] 
[INFO] [stdout] warning: field `0` is never read
[INFO] [stdout]   --> macros/src/lib.rs:71:11
[INFO] [stdout]    |
[INFO] [stdout] 71 |     Iused(kw::iused),
[INFO] [stdout]    |     ----- ^^^^^^^^^
[INFO] [stdout]    |     |
[INFO] [stdout]    |     field in this variant
[INFO] [stdout]    |
[INFO] [stdout]    = note: `SPropExprListsType` has a derived impl for the trait `Clone`, but this is intentionally ignored during dead code analysis
[INFO] [stdout] help: consider changing the field to be of unit type to suppress this warning while preserving the field numbering, or remove the field
[INFO] [stdout]    |
[INFO] [stdout] 71 |     Iused(()),
[INFO] [stdout]    |           ~~
[INFO] [stdout] 
[INFO] [stdout] 
[INFO] [stdout] warning: fields `ty` and `arr` are never read
[INFO] [stdout]   --> macros/src/lib.rs:89:5
[INFO] [stdout]    |
[INFO] [stdout] 88 | struct SPropExprLists {
[INFO] [stdout]    |        -------------- fields in this struct
[INFO] [stdout] 89 |     ty: SPropExprListsType,
[INFO] [stdout]    |     ^^
[INFO] [stdout] 90 |     arr: syn::ExprArray,
[INFO] [stdout]    |     ^^^
[INFO] [stdout]    |
[INFO] [stdout]    = note: `SPropExprLists` has a derived impl for the trait `Clone`, but this is intentionally ignored during dead code analysis
[INFO] [stdout] 
[INFO] [stdout] 
[INFO] [stdout] warning: field `0` is never read
[INFO] [stdout]    --> macros/src/lib.rs:104:12
[INFO] [stdout]     |
[INFO] [stdout] 104 |     Idents(SPropIdentLists),
[INFO] [stdout]     |     ------ ^^^^^^^^^^^^^^^
[INFO] [stdout]     |     |
[INFO] [stdout]     |     field in this variant
[INFO] [stdout]     |
[INFO] [stdout]     = note: `SPropOverrideType` has a derived impl for the trait `Clone`, but this is intentionally ignored during dead code analysis
[INFO] [stdout] help: consider changing the field to be of unit type to suppress this warning while preserving the field numbering, or remove the field
[INFO] [stdout]     |
[INFO] [stdout] 104 |     Idents(()),
[INFO] [stdout]     |            ~~
[INFO] [stdout] 
[INFO] [stdout] 
[INFO] [stdout] warning: field `0` is never read
[INFO] [stdout]    --> macros/src/lib.rs:105:10
[INFO] [stdout]     |
[INFO] [stdout] 105 |     Expr(SPropExprLists)
[INFO] [stdout]     |     ---- ^^^^^^^^^^^^^^
[INFO] [stdout]     |     |
[INFO] [stdout]     |     field in this variant
[INFO] [stdout]     |
[INFO] [stdout]     = note: `SPropOverrideType` has a derived impl for the trait `Clone`, but this is intentionally ignored during dead code analysis
[INFO] [stdout] help: consider changing the field to be of unit type to suppress this warning while preserving the field numbering, or remove the field
[INFO] [stdout]     |
[INFO] [stdout] 105 |     Expr(())
[INFO] [stdout]     |          ~~
[INFO] [stdout] 
[INFO] [stdout] 
[INFO] [stdout] warning: field `inner` is never read
[INFO] [stdout]    --> macros/src/lib.rs:123:5
[INFO] [stdout]     |
[INFO] [stdout] 122 | struct SPropOverride {
[INFO] [stdout]     |        ------------- field in this struct
[INFO] [stdout] 123 |     inner: SPropOverrideType,
[INFO] [stdout]     |     ^^^^^
[INFO] [stdout]     |
[INFO] [stdout]     = note: `SPropOverride` has a derived impl for the trait `Clone`, but this is intentionally ignored during dead code analysis
[INFO] [stdout] 
[INFO] [stdout] 
[INFO] [stdout] warning: field `0` is never read
[INFO] [stdout]    --> macros/src/lib.rs:170:7
[INFO] [stdout]     |
[INFO] [stdout] 170 |     S(SPropOverride),
[INFO] [stdout]     |     - ^^^^^^^^^^^^^
[INFO] [stdout]     |     |
[INFO] [stdout]     |     field in this variant
[INFO] [stdout]     |
[INFO] [stdout]     = note: `PropOverride` has a derived impl for the trait `Clone`, but this is intentionally ignored during dead code analysis
[INFO] [stdout] help: consider changing the field to be of unit type to suppress this warning while preserving the field numbering, or remove the field
[INFO] [stdout]     |
[INFO] [stdout] 170 |     S(()),
[INFO] [stdout]     |       ~~
[INFO] [stdout] 
[INFO] [stdout] 
[INFO] [stderr]     Finished `test` profile [unoptimized + debuginfo] target(s) in 2.32s
[INFO] running `Command { std: "docker" "inspect" "08faa9376f6070b92b6b49c86b960bb712aeb2befdf2b1134d889c0cae301e19", kill_on_drop: false }`
[INFO] running `Command { std: "docker" "rm" "-f" "08faa9376f6070b92b6b49c86b960bb712aeb2befdf2b1134d889c0cae301e19", kill_on_drop: false }`
[INFO] [stdout] 08faa9376f6070b92b6b49c86b960bb712aeb2befdf2b1134d889c0cae301e19
[INFO] running `Command { std: "docker" "create" "-v" "/var/lib/crater-agent-workspace/builds/worker-2-tc1/target:/opt/rustwide/target:rw,Z" "-v" "/var/lib/crater-agent-workspace/builds/worker-2-tc1/source:/opt/rustwide/workdir:ro,Z" "-v" "/var/lib/crater-agent-workspace/cargo-home:/opt/rustwide/cargo-home:ro,Z" "-v" "/var/lib/crater-agent-workspace/rustup-home:/opt/rustwide/rustup-home:ro,Z" "-e" "SOURCE_DIR=/opt/rustwide/workdir" "-e" "CARGO_TARGET_DIR=/opt/rustwide/target" "-e" "CARGO_INCREMENTAL=0" "-e" "RUST_BACKTRACE=full" "-e" "RUSTFLAGS=--cap-lints=warn" "-e" "RUSTDOCFLAGS=--cap-lints=warn" "-e" "CARGO_HOME=/opt/rustwide/cargo-home" "-e" "RUSTUP_HOME=/opt/rustwide/rustup-home" "-w" "/opt/rustwide/workdir" "-m" "1610612736" "--user" "0:0" "--network" "none" "ghcr.io/rust-lang/crates-build-env/linux@sha256:f3a9d4ad9d972b27faf3965f35b62e55ba32bbce8f20bc8fe909558a86702fde" "/opt/rustwide/cargo-home/bin/cargo" "+1.83.0" "test" "--frozen", kill_on_drop: false }`
[INFO] [stdout] 61d1d12cef44c14d6a1fe8b42c0d3831cb89ccf7e9a2a8d573be8e25d046e4aa
[INFO] running `Command { std: "docker" "start" "-a" "61d1d12cef44c14d6a1fe8b42c0d3831cb89ccf7e9a2a8d573be8e25d046e4aa", kill_on_drop: false }`
[INFO] [stderr] warning: field `0` is never read
[INFO] [stderr]   --> macros/src/lib.rs:28:9
[INFO] [stderr]    |
[INFO] [stderr] 28 |     Req(kw::req),
[INFO] [stderr]    |     --- ^^^^^^^
[INFO] [stderr]    |     |
[INFO] [stderr]    |     field in this variant
[INFO] [stderr]    |
[INFO] [stderr]    = note: `SPropIdentListsType` has a derived impl for the trait `Clone`, but this is intentionally ignored during dead code analysis
[INFO] [stderr]    = note: `#[warn(dead_code)]` on by default
[INFO] [stderr] help: consider changing the field to be of unit type to suppress this warning while preserving the field numbering, or remove the field
[INFO] [stderr]    |
[INFO] [stderr] 28 |     Req(()),
[INFO] [stderr]    |         ~~
[INFO] [stderr] 
[INFO] [stderr] warning: field `0` is never read
[INFO] [stderr]   --> macros/src/lib.rs:29:9
[INFO] [stderr]    |
[INFO] [stderr] 29 |     Set(kw::set),
[INFO] [stderr]    |     --- ^^^^^^^
[INFO] [stderr]    |     |
[INFO] [stderr]    |     field in this variant
[INFO] [stderr]    |
[INFO] [stderr]    = note: `SPropIdentListsType` has a derived impl for the trait `Clone`, but this is intentionally ignored during dead code analysis
[INFO] [stderr] help: consider changing the field to be of unit type to suppress this warning while preserving the field numbering, or remove the field
[INFO] [stderr]    |
[INFO] [stderr] 29 |     Set(()),
[INFO] [stderr]    |         ~~
[INFO] [stderr] 
[INFO] [stderr] warning: field `0` is never read
[INFO] [stderr]   --> macros/src/lib.rs:30:10
[INFO] [stderr]    |
[INFO] [stderr] 30 |     Used(kw::used),
[INFO] [stderr]    |     ---- ^^^^^^^^
[INFO] [stderr]    |     |
[INFO] [stderr]    |     field in this variant
[INFO] [stderr]    |
[INFO] [stderr]    = note: `SPropIdentListsType` has a derived impl for the trait `Clone`, but this is intentionally ignored during dead code analysis
[INFO] [stderr] help: consider changing the field to be of unit type to suppress this warning while preserving the field numbering, or remove the field
[INFO] [stderr]    |
[INFO] [stderr] 30 |     Used(()),
[INFO] [stderr]    |          ~~
[INFO] [stderr] 
[INFO] [stderr] warning: fields `ty` and `idents` are never read
[INFO] [stderr]   --> macros/src/lib.rs:50:5
[INFO] [stderr]    |
[INFO] [stderr] 49 | struct SPropIdentLists {
[INFO] [stderr]    |        --------------- fields in this struct
[INFO] [stderr] 50 |     ty: SPropIdentListsType,
[INFO] [stderr]    |     ^^
[INFO] [stderr] 51 |     idents: Vec<syn::Ident>,
[INFO] [stderr]    |     ^^^^^^
[INFO] [stderr]    |
[INFO] [stderr]    = note: `SPropIdentLists` has a derived impl for the trait `Clone`, but this is intentionally ignored during dead code analysis
[INFO] [stderr] 
[INFO] [stderr] warning: field `0` is never read
[INFO] [stderr]   --> macros/src/lib.rs:70:10
[INFO] [stderr]    |
[INFO] [stderr] 70 |     Iset(kw::iset),
[INFO] [stderr]    |     ---- ^^^^^^^^
[INFO] [stderr]    |     |
[INFO] [stderr]    |     field in this variant
[INFO] [stderr]    |
[INFO] [stderr]    = note: `SPropExprListsType` has a derived impl for the trait `Clone`, but this is intentionally ignored during dead code analysis
[INFO] [stderr] help: consider changing the field to be of unit type to suppress this warning while preserving the field numbering, or remove the field
[INFO] [stderr]    |
[INFO] [stderr] 70 |     Iset(()),
[INFO] [stderr]    |          ~~
[INFO] [stderr] 
[INFO] [stderr] warning: field `0` is never read
[INFO] [stderr]   --> macros/src/lib.rs:71:11
[INFO] [stderr]    |
[INFO] [stderr] 71 |     Iused(kw::iused),
[INFO] [stderr]    |     ----- ^^^^^^^^^
[INFO] [stderr]    |     |
[INFO] [stderr]    |     field in this variant
[INFO] [stderr]    |
[INFO] [stderr]    = note: `SPropExprListsType` has a derived impl for the trait `Clone`, but this is intentionally ignored during dead code analysis
[INFO] [stderr] help: consider changing the field to be of unit type to suppress this warning while preserving the field numbering, or remove the field
[INFO] [stderr]    |
[INFO] [stderr] 71 |     Iused(()),
[INFO] [stderr]    |           ~~
[INFO] [stderr] 
[INFO] [stderr] warning: fields `ty` and `arr` are never read
[INFO] [stderr]   --> macros/src/lib.rs:89:5
[INFO] [stderr]    |
[INFO] [stderr] 88 | struct SPropExprLists {
[INFO] [stderr]    |        -------------- fields in this struct
[INFO] [stderr] 89 |     ty: SPropExprListsType,
[INFO] [stderr]    |     ^^
[INFO] [stderr] 90 |     arr: syn::ExprArray,
[INFO] [stderr]    |     ^^^
[INFO] [stderr]    |
[INFO] [stderr]    = note: `SPropExprLists` has a derived impl for the trait `Clone`, but this is intentionally ignored during dead code analysis
[INFO] [stderr] 
[INFO] [stderr] warning: field `0` is never read
[INFO] [stderr]    --> macros/src/lib.rs:104:12
[INFO] [stderr]     |
[INFO] [stderr] 104 |     Idents(SPropIdentLists),
[INFO] [stderr]     |     ------ ^^^^^^^^^^^^^^^
[INFO] [stderr]     |     |
[INFO] [stderr]     |     field in this variant
[INFO] [stderr]     |
[INFO] [stderr]     = note: `SPropOverrideType` has a derived impl for the trait `Clone`, but this is intentionally ignored during dead code analysis
[INFO] [stderr] help: consider changing the field to be of unit type to suppress this warning while preserving the field numbering, or remove the field
[INFO] [stderr]     |
[INFO] [stderr] 104 |     Idents(()),
[INFO] [stderr]     |            ~~
[INFO] [stderr] 
[INFO] [stderr] warning: field `0` is never read
[INFO] [stderr]    --> macros/src/lib.rs:105:10
[INFO] [stderr]     |
[INFO] [stderr] 105 |     Expr(SPropExprLists)
[INFO] [stderr]     |     ---- ^^^^^^^^^^^^^^
[INFO] [stderr]     |     |
[INFO] [stderr]     |     field in this variant
[INFO] [stderr]     |
[INFO] [stderr]     = note: `SPropOverrideType` has a derived impl for the trait `Clone`, but this is intentionally ignored during dead code analysis
[INFO] [stderr] help: consider changing the field to be of unit type to suppress this warning while preserving the field numbering, or remove the field
[INFO] [stderr]     |
[INFO] [stderr] 105 |     Expr(())
[INFO] [stderr]     |          ~~
[INFO] [stderr] 
[INFO] [stderr] warning: field `inner` is never read
[INFO] [stderr]    --> macros/src/lib.rs:123:5
[INFO] [stderr]     |
[INFO] [stderr] 122 | struct SPropOverride {
[INFO] [stderr]     |        ------------- field in this struct
[INFO] [stderr] 123 |     inner: SPropOverrideType,
[INFO] [stderr]     |     ^^^^^
[INFO] [stderr]     |
[INFO] [stderr]     = note: `SPropOverride` has a derived impl for the trait `Clone`, but this is intentionally ignored during dead code analysis
[INFO] [stderr] 
[INFO] [stderr] warning: field `0` is never read
[INFO] [stderr]    --> macros/src/lib.rs:170:7
[INFO] [stderr]     |
[INFO] [stderr] 170 |     S(SPropOverride),
[INFO] [stderr]     |     - ^^^^^^^^^^^^^
[INFO] [stderr]     |     |
[INFO] [stderr]     |     field in this variant
[INFO] [stderr]     |
[INFO] [stderr]     = note: `PropOverride` has a derived impl for the trait `Clone`, but this is intentionally ignored during dead code analysis
[INFO] [stderr] help: consider changing the field to be of unit type to suppress this warning while preserving the field numbering, or remove the field
[INFO] [stderr]     |
[INFO] [stderr] 170 |     S(()),
[INFO] [stderr]     |       ~~
[INFO] [stderr] 
[INFO] [stderr] warning: `macros` (lib) generated 11 warnings
[INFO] [stderr]     Finished `test` profile [unoptimized + debuginfo] target(s) in 0.02s
[INFO] [stderr]      Running unittests src/main.rs (/opt/rustwide/target/debug/deps/ir-c97ffa1297e6518a)
[INFO] [stdout] 
[INFO] [stdout] running 23 tests
[INFO] [stdout] test list::test::detach_and_insert ... ok
[INFO] [stdout] test list::test::detach ... ok
[INFO] [stdout] test list::test::boxes ... ok
[INFO] [stdout] test list::test::insert_in_iter ... ok
[INFO] [stdout] test parse::rules::test::parse_branch ... ignored, outdated
[INFO] [stdout] test parse::rules::test::parse_jmp ... ignored, outdated
[INFO] [stdout] test list::test::push_front ... ok
[INFO] [stdout] test list::test::replace_and_insert ... ok
[INFO] [stdout] test list::test::replacing ... ok
[INFO] [stdout] test parse::rules::test::parse_stmt ... ignored, outdated
[INFO] [stdout] test parse::rules::test::parse_fndef ... ok
[INFO] [stdout] test parse::rules::test::parse_reg ... ok
[INFO] [stdout] test parse::rules::test::parse_reg2 ... ok
[INFO] [stdout] test tagged_ptr::test::assert_ptr_size ... ok
[INFO] [stdout] test tagged_ptr::test::tag_basic ... ok
[INFO] [stdout] test list::test::smoke ... ok
[INFO] [stdout] test list::test::detach_iter ... ok
[INFO] [stdout] test parse::rules::test::parse_literal ... ok
[INFO] [stdout] test tagged_ptr::test::new_fast_vs_fallback ... ok
[INFO] [stdout] test list::test::head_tail ... ok
[INFO] [stdout] test tagged_ptr::test::tag_fast_vs_fallback ... ok
[INFO] [stdout] test arch::x64::tests::test0 ... FAILED
[INFO] [stdout] test tagged_ptr::test::count_high ... ok
[INFO] [stdout] 
[INFO] [stdout] failures:
[INFO] [stderr] error: test failed, to rerun pass `--bin ir`
[INFO] [stdout] 
[INFO] [stdout] ---- arch::x64::tests::test0 stdout ----
[INFO] [stdout] [src/arch/x64.rs:177:9] super::ADD.basic.is_commutative = true
[INFO] [stdout] thread 'arch::x64::tests::test0' panicked at src/arch/x64.rs:178:9:
[INFO] [stdout] explicit panic
[INFO] [stdout] stack backtrace:
[INFO] [stdout]    0:     0x64ce4d4b32ca - std::backtrace_rs::backtrace::libunwind::trace::h5a5b8284f2d0c266
[INFO] [stdout]                                at /rustc/90b35a6239c3d8bdabc530a6a0816f7ff89a0aaf/library/std/src/../../backtrace/src/backtrace/libunwind.rs:116:5
[INFO] [stdout]    1:     0x64ce4d4b32ca - std::backtrace_rs::backtrace::trace_unsynchronized::h76d4f1c9b0b875e3
[INFO] [stdout]                                at /rustc/90b35a6239c3d8bdabc530a6a0816f7ff89a0aaf/library/std/src/../../backtrace/src/backtrace/mod.rs:66:5
[INFO] [stdout]    2:     0x64ce4d4b32ca - std::sys::backtrace::_print_fmt::hc4546b8364a537c6
[INFO] [stdout]                                at /rustc/90b35a6239c3d8bdabc530a6a0816f7ff89a0aaf/library/std/src/sys/backtrace.rs:66:9
[INFO] [stdout]    3:     0x64ce4d4b32ca - <std::sys::backtrace::BacktraceLock::print::DisplayBacktrace as core::fmt::Display>::fmt::h5b6bd5631a6d1f6b
[INFO] [stdout]                                at /rustc/90b35a6239c3d8bdabc530a6a0816f7ff89a0aaf/library/std/src/sys/backtrace.rs:39:26
[INFO] [stdout]    4:     0x64ce4d4d86e3 - core::fmt::rt::Argument::fmt::h270f6602a2b96f62
[INFO] [stdout]                                at /rustc/90b35a6239c3d8bdabc530a6a0816f7ff89a0aaf/library/core/src/fmt/rt.rs:177:76
[INFO] [stdout]    5:     0x64ce4d4d86e3 - core::fmt::write::h7550c97b06c86515
[INFO] [stdout]                                at /rustc/90b35a6239c3d8bdabc530a6a0816f7ff89a0aaf/library/core/src/fmt/mod.rs:1186:21
[INFO] [stdout]    6:     0x64ce4d4b0493 - std::io::Write::write_fmt::h509ff860e5956e5e
[INFO] [stdout]                                at /rustc/90b35a6239c3d8bdabc530a6a0816f7ff89a0aaf/library/std/src/io/mod.rs:1839:15
[INFO] [stdout]    7:     0x64ce4d4b3112 - std::sys::backtrace::BacktraceLock::print::h2395ccd2c84ba3aa
[INFO] [stdout]                                at /rustc/90b35a6239c3d8bdabc530a6a0816f7ff89a0aaf/library/std/src/sys/backtrace.rs:42:9
[INFO] [stdout]    8:     0x64ce4d4b472a - std::panicking::default_hook::{{closure}}::he19d4c7230e07961
[INFO] [stdout]                                at /rustc/90b35a6239c3d8bdabc530a6a0816f7ff89a0aaf/library/std/src/panicking.rs:268:22
[INFO] [stdout]    9:     0x64ce4d4b4534 - std::panicking::default_hook::hf614597d3c67bbdb
[INFO] [stdout]                                at /rustc/90b35a6239c3d8bdabc530a6a0816f7ff89a0aaf/library/std/src/panicking.rs:292:9
[INFO] [stdout]   10:     0x64ce4d47fe19 - <alloc::boxed::Box<F,A> as core::ops::function::Fn<Args>>::call::h39b51ce4599c23d1
[INFO] [stdout]                                at /rustc/90b35a6239c3d8bdabc530a6a0816f7ff89a0aaf/library/alloc/src/boxed.rs:2468:9
[INFO] [stdout]   11:     0x64ce4d47fe19 - test::test_main::{{closure}}::he977ae839a582784
[INFO] [stdout]                                at /rustc/90b35a6239c3d8bdabc530a6a0816f7ff89a0aaf/library/test/src/lib.rs:133:21
[INFO] [stdout]   12:     0x64ce4d4b4dc8 - <alloc::boxed::Box<F,A> as core::ops::function::Fn<Args>>::call::h9455091b6b06f9fb
[INFO] [stdout]                                at /rustc/90b35a6239c3d8bdabc530a6a0816f7ff89a0aaf/library/alloc/src/boxed.rs:2468:9
[INFO] [stdout]   13:     0x64ce4d4b4dc8 - std::panicking::rust_panic_with_hook::h8942133a8b252070
[INFO] [stdout]                                at /rustc/90b35a6239c3d8bdabc530a6a0816f7ff89a0aaf/library/std/src/panicking.rs:809:13
[INFO] [stdout]   14:     0x64ce4d4b4b8a - std::panicking::begin_panic_handler::{{closure}}::hb5f5963570096b29
[INFO] [stdout]                                at /rustc/90b35a6239c3d8bdabc530a6a0816f7ff89a0aaf/library/std/src/panicking.rs:674:13
[INFO] [stdout]   15:     0x64ce4d4b37a9 - std::sys::backtrace::__rust_end_short_backtrace::h6208cedc1922feda
[INFO] [stdout]                                at /rustc/90b35a6239c3d8bdabc530a6a0816f7ff89a0aaf/library/std/src/sys/backtrace.rs:170:18
[INFO] [stdout]   16:     0x64ce4d4b481c - rust_begin_unwind
[INFO] [stdout]                                at /rustc/90b35a6239c3d8bdabc530a6a0816f7ff89a0aaf/library/std/src/panicking.rs:665:5
[INFO] [stdout]   17:     0x64ce4d417a60 - core::panicking::panic_fmt::h0c3082644d1bf418
[INFO] [stdout]                                at /rustc/90b35a6239c3d8bdabc530a6a0816f7ff89a0aaf/library/core/src/panicking.rs:74:14
[INFO] [stdout]   18:     0x64ce4d417be6 - core::panicking::panic_display::h735d9af8bded520c
[INFO] [stdout]                                at /rustc/90b35a6239c3d8bdabc530a6a0816f7ff89a0aaf/library/core/src/panicking.rs:264:5
[INFO] [stdout]   19:     0x64ce4d417be6 - core::panicking::panic_explicit::h7c6d528b0860fceb
[INFO] [stdout]                                at /rustc/90b35a6239c3d8bdabc530a6a0816f7ff89a0aaf/library/core/src/panicking.rs:237:5
[INFO] [stdout]   20:     0x64ce4d43f8ea - ir::arch::x64::tests::test0::panic_cold_explicit::h8a8b705224979664
[INFO] [stdout]                                at /rustc/90b35a6239c3d8bdabc530a6a0816f7ff89a0aaf/library/core/src/panic.rs:88:13
[INFO] [stdout]   21:     0x64ce4d43f8d2 - ir::arch::x64::tests::test0::h6c8fa701d0ed3f01
[INFO] [stdout]                                at /opt/rustwide/workdir/src/arch/x64.rs:178:9
[INFO] [stdout]   22:     0x64ce4d43f667 - ir::arch::x64::tests::test0::{{closure}}::h57de259838152881
[INFO] [stdout]                                at /opt/rustwide/workdir/src/arch/x64.rs:176:15
[INFO] [stdout]   23:     0x64ce4d42f4c6 - core::ops::function::FnOnce::call_once::h0564bb2c5f694884
[INFO] [stdout]                                at /rustc/90b35a6239c3d8bdabc530a6a0816f7ff89a0aaf/library/core/src/ops/function.rs:250:5
[INFO] [stdout]   24:     0x64ce4d4847db - core::ops::function::FnOnce::call_once::h109cf8051a59b34e
[INFO] [stdout]                                at /rustc/90b35a6239c3d8bdabc530a6a0816f7ff89a0aaf/library/core/src/ops/function.rs:250:5
[INFO] [stdout]   25:     0x64ce4d4847db - test::__rust_begin_short_backtrace::hf4fff89d377446ba
[INFO] [stdout]                                at /rustc/90b35a6239c3d8bdabc530a6a0816f7ff89a0aaf/library/test/src/lib.rs:621:18
[INFO] [stdout]   26:     0x64ce4d484017 - test::run_test_in_process::{{closure}}::h0e39181dd7ee5a43
[INFO] [stdout]                                at /rustc/90b35a6239c3d8bdabc530a6a0816f7ff89a0aaf/library/test/src/lib.rs:644:60
[INFO] [stdout]   27:     0x64ce4d484017 - <core::panic::unwind_safe::AssertUnwindSafe<F> as core::ops::function::FnOnce<()>>::call_once::hc5a66a30f0bdfd1f
[INFO] [stdout]                                at /rustc/90b35a6239c3d8bdabc530a6a0816f7ff89a0aaf/library/core/src/panic/unwind_safe.rs:272:9
[INFO] [stdout]   28:     0x64ce4d484017 - std::panicking::try::do_call::h873b7cf639554a5e
[INFO] [stdout]                                at /rustc/90b35a6239c3d8bdabc530a6a0816f7ff89a0aaf/library/std/src/panicking.rs:557:40
[INFO] [stdout]   29:     0x64ce4d484017 - std::panicking::try::hdb19862fad9c8bd1
[INFO] [stdout]                                at /rustc/90b35a6239c3d8bdabc530a6a0816f7ff89a0aaf/library/std/src/panicking.rs:520:19
[INFO] [stdout]   30:     0x64ce4d484017 - std::panic::catch_unwind::h281fe732d236d260
[INFO] [stdout]                                at /rustc/90b35a6239c3d8bdabc530a6a0816f7ff89a0aaf/library/std/src/panic.rs:358:14
[INFO] [stdout]   31:     0x64ce4d484017 - test::run_test_in_process::h949b6df8457ed338
[INFO] [stdout]                                at /rustc/90b35a6239c3d8bdabc530a6a0816f7ff89a0aaf/library/test/src/lib.rs:644:27
[INFO] [stdout]   32:     0x64ce4d484017 - test::run_test::{{closure}}::h52c556a6d4740e10
[INFO] [stdout]                                at /rustc/90b35a6239c3d8bdabc530a6a0816f7ff89a0aaf/library/test/src/lib.rs:565:43
[INFO] [stdout]   33:     0x64ce4d4492f4 - test::run_test::{{closure}}::h4237f6381c45ccb9
[INFO] [stdout]                                at /rustc/90b35a6239c3d8bdabc530a6a0816f7ff89a0aaf/library/test/src/lib.rs:595:41
[INFO] [stdout]   34:     0x64ce4d4492f4 - std::sys::backtrace::__rust_begin_short_backtrace::h505c97a579eca628
[INFO] [stdout]                                at /rustc/90b35a6239c3d8bdabc530a6a0816f7ff89a0aaf/library/std/src/sys/backtrace.rs:154:18
[INFO] [stdout]   35:     0x64ce4d44c9be - std::thread::Builder::spawn_unchecked_::{{closure}}::{{closure}}::h9e86b2e2bc107ea3
[INFO] [stdout]                                at /rustc/90b35a6239c3d8bdabc530a6a0816f7ff89a0aaf/library/std/src/thread/mod.rs:538:17
[INFO] [stdout]   36:     0x64ce4d44c9be - <core::panic::unwind_safe::AssertUnwindSafe<F> as core::ops::function::FnOnce<()>>::call_once::h8b06ddb275ff4a25
[INFO] [stdout]                                at /rustc/90b35a6239c3d8bdabc530a6a0816f7ff89a0aaf/library/core/src/panic/unwind_safe.rs:272:9
[INFO] [stdout]   37:     0x64ce4d44c9be - std::panicking::try::do_call::hb26ecd7cd9a9355d
[INFO] [stdout]                                at /rustc/90b35a6239c3d8bdabc530a6a0816f7ff89a0aaf/library/std/src/panicking.rs:557:40
[INFO] [stdout]   38:     0x64ce4d44c9be - std::panicking::try::h8ddeca9d705f9069
[INFO] [stdout]                                at /rustc/90b35a6239c3d8bdabc530a6a0816f7ff89a0aaf/library/std/src/panicking.rs:520:19
[INFO] [stdout]   39:     0x64ce4d44c9be - std::panic::catch_unwind::h49e1c33078844c46
[INFO] [stdout]                                at /rustc/90b35a6239c3d8bdabc530a6a0816f7ff89a0aaf/library/std/src/panic.rs:358:14
[INFO] [stdout]   40:     0x64ce4d44c9be - std::thread::Builder::spawn_unchecked_::{{closure}}::h6073db6ff56ad35d
[INFO] [stdout]                                at /rustc/90b35a6239c3d8bdabc530a6a0816f7ff89a0aaf/library/std/src/thread/mod.rs:537:30
[INFO] [stdout]   41:     0x64ce4d44c9be - core::ops::function::FnOnce::call_once{{vtable.shim}}::h2c5a5f3779c774f1
[INFO] [stdout]                                at /rustc/90b35a6239c3d8bdabc530a6a0816f7ff89a0aaf/library/core/src/ops/function.rs:250:5
[INFO] [stdout]   42:     0x64ce4d4b8b1b - <alloc::boxed::Box<F,A> as core::ops::function::FnOnce<Args>>::call_once::hf75717d9f28faebf
[INFO] [stdout]                                at /rustc/90b35a6239c3d8bdabc530a6a0816f7ff89a0aaf/library/alloc/src/boxed.rs:2454:9
[INFO] [stdout]   43:     0x64ce4d4b8b1b - <alloc::boxed::Box<F,A> as core::ops::function::FnOnce<Args>>::call_once::h7bd883a5f3c5f3c1
[INFO] [stdout]                                at /rustc/90b35a6239c3d8bdabc530a6a0816f7ff89a0aaf/library/alloc/src/boxed.rs:2454:9
[INFO] [stdout]   44:     0x64ce4d4b8b1b - std::sys::pal::unix::thread::Thread::new::thread_start::hcc78f3943333fa94
[INFO] [stdout]                                at /rustc/90b35a6239c3d8bdabc530a6a0816f7ff89a0aaf/library/std/src/sys/pal/unix/thread.rs:105:17
[INFO] [stdout]   45:     0x731e14577ac3 - <unknown>
[INFO] [stdout]   46:     0x731e14608a04 - clone
[INFO] [stdout]   47:                0x0 - <unknown>
[INFO] [stdout] 
[INFO] [stdout] 
[INFO] [stdout] failures:
[INFO] [stdout]     arch::x64::tests::test0
[INFO] [stdout] 
[INFO] [stdout] test result: FAILED. 19 passed; 1 failed; 3 ignored; 0 measured; 0 filtered out; finished in 0.05s
[INFO] [stdout] 
[INFO] running `Command { std: "docker" "inspect" "61d1d12cef44c14d6a1fe8b42c0d3831cb89ccf7e9a2a8d573be8e25d046e4aa", kill_on_drop: false }`
[INFO] running `Command { std: "docker" "rm" "-f" "61d1d12cef44c14d6a1fe8b42c0d3831cb89ccf7e9a2a8d573be8e25d046e4aa", kill_on_drop: false }`
[INFO] [stdout] 61d1d12cef44c14d6a1fe8b42c0d3831cb89ccf7e9a2a8d573be8e25d046e4aa
