[INFO] cloning repository https://github.com/garbagetrash/aoc2019
[INFO] running `Command { std: "git" "-c" "credential.helper=" "-c" "credential.helper=/workspace/cargo-home/bin/git-credential-null" "clone" "--bare" "https://github.com/garbagetrash/aoc2019" "/workspace/cache/git-repos/https%3A%2F%2Fgithub.com%2Fgarbagetrash%2Faoc2019", kill_on_drop: false }`
[INFO] [stderr] Cloning into bare repository '/workspace/cache/git-repos/https%3A%2F%2Fgithub.com%2Fgarbagetrash%2Faoc2019'...
[INFO] running `Command { std: "git" "rev-parse" "HEAD", kill_on_drop: false }`
[INFO] [stdout] 2b6305447a4286699719c271d9779e2aa5cedce2
[INFO] testing garbagetrash/aoc2019 against 1.83.0 for beta-1.84.0-4-retry
[INFO] running `Command { std: "git" "clone" "/workspace/cache/git-repos/https%3A%2F%2Fgithub.com%2Fgarbagetrash%2Faoc2019" "/workspace/builds/worker-2-tc1/source", kill_on_drop: false }`
[INFO] [stderr] Cloning into '/workspace/builds/worker-2-tc1/source'...
[INFO] [stderr] done.
[INFO] validating manifest of git repo https://github.com/garbagetrash/aoc2019 on toolchain 1.83.0
[INFO] running `Command { std: CARGO_HOME="/workspace/cargo-home" RUSTUP_HOME="/workspace/rustup-home" "/workspace/cargo-home/bin/cargo" "+1.83.0" "metadata" "--manifest-path" "Cargo.toml" "--no-deps", kill_on_drop: false }`
[INFO] started tweaking git repo https://github.com/garbagetrash/aoc2019
[INFO] finished tweaking git repo https://github.com/garbagetrash/aoc2019
[INFO] tweaked toml for git repo https://github.com/garbagetrash/aoc2019 written to /workspace/builds/worker-2-tc1/source/Cargo.toml
[INFO] crate git repo https://github.com/garbagetrash/aoc2019 already has a lockfile, it will not be regenerated
[INFO] running `Command { std: CARGO_HOME="/workspace/cargo-home" RUSTUP_HOME="/workspace/rustup-home" "/workspace/cargo-home/bin/cargo" "+1.83.0" "fetch" "--manifest-path" "Cargo.toml", kill_on_drop: false }`
[INFO] running `Command { std: "docker" "create" "-v" "/var/lib/crater-agent-workspace/builds/worker-2-tc1/target:/opt/rustwide/target:rw,Z" "-v" "/var/lib/crater-agent-workspace/builds/worker-2-tc1/source:/opt/rustwide/workdir:ro,Z" "-v" "/var/lib/crater-agent-workspace/cargo-home:/opt/rustwide/cargo-home:ro,Z" "-v" "/var/lib/crater-agent-workspace/rustup-home:/opt/rustwide/rustup-home:ro,Z" "-e" "SOURCE_DIR=/opt/rustwide/workdir" "-e" "CARGO_TARGET_DIR=/opt/rustwide/target" "-e" "CARGO_HOME=/opt/rustwide/cargo-home" "-e" "RUSTUP_HOME=/opt/rustwide/rustup-home" "-w" "/opt/rustwide/workdir" "-m" "1610612736" "--user" "0:0" "--network" "none" "ghcr.io/rust-lang/crates-build-env/linux@sha256:f3a9d4ad9d972b27faf3965f35b62e55ba32bbce8f20bc8fe909558a86702fde" "/opt/rustwide/cargo-home/bin/cargo" "+1.83.0" "metadata" "--no-deps" "--format-version=1", kill_on_drop: false }`
[INFO] [stdout] 04a29420ed00595d6d4e94178fb17f8d959561dfeaed7b908d9ef132c268433b
[INFO] running `Command { std: "docker" "start" "-a" "04a29420ed00595d6d4e94178fb17f8d959561dfeaed7b908d9ef132c268433b", kill_on_drop: false }`
[INFO] running `Command { std: "docker" "inspect" "04a29420ed00595d6d4e94178fb17f8d959561dfeaed7b908d9ef132c268433b", kill_on_drop: false }`
[INFO] running `Command { std: "docker" "rm" "-f" "04a29420ed00595d6d4e94178fb17f8d959561dfeaed7b908d9ef132c268433b", kill_on_drop: false }`
[INFO] [stdout] 04a29420ed00595d6d4e94178fb17f8d959561dfeaed7b908d9ef132c268433b
[INFO] running `Command { std: "docker" "create" "-v" "/var/lib/crater-agent-workspace/builds/worker-2-tc1/target:/opt/rustwide/target:rw,Z" "-v" "/var/lib/crater-agent-workspace/builds/worker-2-tc1/source:/opt/rustwide/workdir:ro,Z" "-v" "/var/lib/crater-agent-workspace/cargo-home:/opt/rustwide/cargo-home:ro,Z" "-v" "/var/lib/crater-agent-workspace/rustup-home:/opt/rustwide/rustup-home:ro,Z" "-e" "SOURCE_DIR=/opt/rustwide/workdir" "-e" "CARGO_TARGET_DIR=/opt/rustwide/target" "-e" "CARGO_INCREMENTAL=0" "-e" "RUST_BACKTRACE=full" "-e" "RUSTFLAGS=--cap-lints=warn" "-e" "RUSTDOCFLAGS=--cap-lints=warn" "-e" "CARGO_HOME=/opt/rustwide/cargo-home" "-e" "RUSTUP_HOME=/opt/rustwide/rustup-home" "-w" "/opt/rustwide/workdir" "-m" "1610612736" "--user" "0:0" "--network" "none" "ghcr.io/rust-lang/crates-build-env/linux@sha256:f3a9d4ad9d972b27faf3965f35b62e55ba32bbce8f20bc8fe909558a86702fde" "/opt/rustwide/cargo-home/bin/cargo" "+1.83.0" "build" "--frozen" "--message-format=json", kill_on_drop: false }`
[INFO] [stdout] 69a92a5d312445e206781474f25c9ebeaa12cdb11305d537e0ba3f655a2a66a9
[INFO] running `Command { std: "docker" "start" "-a" "69a92a5d312445e206781474f25c9ebeaa12cdb11305d537e0ba3f655a2a66a9", kill_on_drop: false }`
[INFO] [stderr]    Compiling autocfg v0.1.7
[INFO] [stderr]    Compiling autocfg v1.0.1
[INFO] [stderr]    Compiling libc v0.2.66
[INFO] [stderr]    Compiling lazy_static v1.4.0
[INFO] [stderr]    Compiling const_fn v0.4.3
[INFO] [stderr]    Compiling cfg-if v1.0.0
[INFO] [stderr]    Compiling memchr v2.2.1
[INFO] [stderr]    Compiling scopeguard v1.1.0
[INFO] [stderr]    Compiling rayon-core v1.9.0
[INFO] [stderr]    Compiling cc v1.0.48
[INFO] [stderr]    Compiling pkg-config v0.3.17
[INFO] [stderr]    Compiling bitflags v1.2.1
[INFO] [stderr]    Compiling unicode-width v0.1.6
[INFO] [stderr]    Compiling either v1.5.3
[INFO] [stderr]    Compiling strsim v0.8.0
[INFO] [stderr]    Compiling vec_map v0.8.1
[INFO] [stderr]    Compiling regex-syntax v0.6.12
[INFO] [stderr]    Compiling thread_local v0.3.6
[INFO] [stderr]    Compiling textwrap v0.11.0
[INFO] [stderr]    Compiling ansi_term v0.11.0
[INFO] [stderr]    Compiling itertools v0.8.2
[INFO] [stderr]    Compiling num-traits v0.2.10
[INFO] [stderr]    Compiling num-integer v0.1.41
[INFO] [stderr]    Compiling crossbeam-utils v0.8.1
[INFO] [stderr]    Compiling memoffset v0.6.1
[INFO] [stderr]    Compiling num-bigint v0.2.3
[INFO] [stderr]    Compiling num-complex v0.2.3
[INFO] [stderr]    Compiling num-iter v0.1.39
[INFO] [stderr]    Compiling num-rational v0.2.2
[INFO] [stderr]    Compiling rayon v1.5.0
[INFO] [stderr]    Compiling ncurses v5.99.0
[INFO] [stderr]    Compiling num_cpus v1.13.0
[INFO] [stderr]    Compiling atty v0.2.13
[INFO] [stderr]    Compiling clap v2.33.0
[INFO] [stderr]    Compiling aho-corasick v0.7.6
[INFO] [stderr]    Compiling crossbeam-epoch v0.9.1
[INFO] [stderr]    Compiling crossbeam-channel v0.5.0
[INFO] [stderr]    Compiling crossbeam-deque v0.8.0
[INFO] [stderr]    Compiling regex v1.3.1
[INFO] [stderr]    Compiling num v0.2.0
[INFO] [stderr]    Compiling aoc2019 v0.1.0 (/opt/rustwide/workdir)
[INFO] [stdout] warning: value assigned to `output` is never read
[INFO] [stdout]    --> src/day16.rs:108:13
[INFO] [stdout]     |
[INFO] [stdout] 108 |     let mut output = Vec::with_capacity(input_len);
[INFO] [stdout]     |             ^^^^^^
[INFO] [stdout]     |
[INFO] [stdout]     = help: maybe it is overwritten before being read?
[INFO] [stdout]     = note: `#[warn(unused_assignments)]` on by default
[INFO] [stdout] 
[INFO] [stdout] 
[INFO] [stdout] warning: unused variable: `start_pt`
[INFO] [stdout]    --> src/day20.rs:523:5
[INFO] [stdout]     |
[INFO] [stdout] 523 |     start_pt: &(i32, i32),
[INFO] [stdout]     |     ^^^^^^^^ help: if this is intentional, prefix it with an underscore: `_start_pt`
[INFO] [stdout]     |
[INFO] [stdout]     = note: `#[warn(unused_variables)]` on by default
[INFO] [stdout] 
[INFO] [stdout] 
[INFO] [stdout] warning: unused variable: `end_pt`
[INFO] [stdout]    --> src/day20.rs:524:5
[INFO] [stdout]     |
[INFO] [stdout] 524 |     end_pt: &(i32, i32),
[INFO] [stdout]     |     ^^^^^^ help: if this is intentional, prefix it with an underscore: `_end_pt`
[INFO] [stdout] 
[INFO] [stdout] 
[INFO] [stdout] warning: value assigned to `other` is never read
[INFO] [stdout]    --> src/day20.rs:616:21
[INFO] [stdout]     |
[INFO] [stdout] 616 |             let mut other = "A";
[INFO] [stdout]     |                     ^^^^^
[INFO] [stdout]     |
[INFO] [stdout]     = help: maybe it is overwritten before being read?
[INFO] [stdout] 
[INFO] [stdout] 
[INFO] [stdout] warning: struct `Wires` is never constructed
[INFO] [stdout]  --> src/day04.rs:9:12
[INFO] [stdout]   |
[INFO] [stdout] 9 | pub struct Wires {}
[INFO] [stdout]   |            ^^^^^
[INFO] [stdout]   |
[INFO] [stdout]   = note: `Wires` has a derived impl for the trait `Debug`, but this is intentionally ignored during dead code analysis
[INFO] [stdout]   = note: `#[warn(dead_code)]` on by default
[INFO] [stdout] 
[INFO] [stdout] 
[INFO] [stdout] warning: struct `Wires` is never constructed
[INFO] [stdout]   --> src/day06.rs:11:12
[INFO] [stdout]    |
[INFO] [stdout] 11 | pub struct Wires {}
[INFO] [stdout]    |            ^^^^^
[INFO] [stdout]    |
[INFO] [stdout]    = note: `Wires` has a derived impl for the trait `Debug`, but this is intentionally ignored during dead code analysis
[INFO] [stdout] 
[INFO] [stdout] 
[INFO] [stdout] warning: field `row` is never read
[INFO] [stdout]   --> src/day16.rs:61:5
[INFO] [stdout]    |
[INFO] [stdout] 59 | pub struct NegPattern {
[INFO] [stdout]    |            ---------- field in this struct
[INFO] [stdout] 60 |     rows: usize,
[INFO] [stdout] 61 |     row: usize,
[INFO] [stdout]    |     ^^^
[INFO] [stdout] 
[INFO] [stdout] 
[INFO] [stdout] warning: field `point` is never read
[INFO] [stdout]   --> src/day20.rs:33:5
[INFO] [stdout]    |
[INFO] [stdout] 31 | pub struct Tile {
[INFO] [stdout]    |            ---- field in this struct
[INFO] [stdout] 32 |     tile_type: TileType,
[INFO] [stdout] 33 |     point: (i32, i32),
[INFO] [stdout]    |     ^^^^^
[INFO] [stdout]    |
[INFO] [stdout]    = note: `Tile` has derived impls for the traits `Clone` and `Debug`, but these are intentionally ignored during dead code analysis
[INFO] [stdout] 
[INFO] [stdout] 
[INFO] [stdout] warning: method `neighboring_tiles` is never used
[INFO] [stdout]   --> src/day20.rs:41:12
[INFO] [stdout]    |
[INFO] [stdout] 36 | impl Tile {
[INFO] [stdout]    | --------- method in this implementation
[INFO] [stdout] ...
[INFO] [stdout] 41 |     pub fn neighboring_tiles(&self) -> Vec<(i32, i32, Move)> {
[INFO] [stdout]    |            ^^^^^^^^^^^^^^^^^
[INFO] [stdout] 
[INFO] [stdout] 
[INFO] [stdout] warning: enum `DoorType` is never used
[INFO] [stdout]   --> src/day20.rs:53:10
[INFO] [stdout]    |
[INFO] [stdout] 53 | pub enum DoorType {
[INFO] [stdout]    |          ^^^^^^^^
[INFO] [stdout]    |
[INFO] [stdout]    = note: `DoorType` has derived impls for the traits `Clone` and `Debug`, but these are intentionally ignored during dead code analysis
[INFO] [stdout] 
[INFO] [stdout] 
[INFO] [stdout] warning: struct `Door` is never constructed
[INFO] [stdout]   --> src/day20.rs:59:12
[INFO] [stdout]    |
[INFO] [stdout] 59 | pub struct Door {
[INFO] [stdout]    |            ^^^^
[INFO] [stdout]    |
[INFO] [stdout]    = note: `Door` has derived impls for the traits `Clone` and `Debug`, but these are intentionally ignored during dead code analysis
[INFO] [stdout] 
[INFO] [stdout] 
[INFO] [stdout] warning: associated function `new` is never used
[INFO] [stdout]   --> src/day20.rs:68:12
[INFO] [stdout]    |
[INFO] [stdout] 67 | impl Door {
[INFO] [stdout]    | --------- associated function in this implementation
[INFO] [stdout] 68 |     pub fn new(
[INFO] [stdout]    |            ^^^
[INFO] [stdout] 
[INFO] [stdout] 
[INFO] [stdout] warning: function `start_render_thread` is never used
[INFO] [stdout]    --> src/day20.rs:155:8
[INFO] [stdout]     |
[INFO] [stdout] 155 | pub fn start_render_thread() -> (
[INFO] [stdout]     |        ^^^^^^^^^^^^^^^^^^^
[INFO] [stdout] 
[INFO] [stdout] 
[INFO] [stdout] warning: panic message is not a string literal
[INFO] [stdout]   --> src/day14.rs:62:16
[INFO] [stdout]    |
[INFO] [stdout] 62 |         panic!(format!("Cannot run this transaction:\n{:?}", *rule));
[INFO] [stdout]    |                ^^^^^^^^^^^^^^^^^^^^^^^^^^^^^^^^^^^^^^^^^^^^^^^^^^^^
[INFO] [stdout]    |
[INFO] [stdout]    = note: this usage of `panic!()` is deprecated; it will be a hard error in Rust 2021
[INFO] [stdout]    = note: for more information, see <https://doc.rust-lang.org/nightly/edition-guide/rust-2021/panic-macro-consistency.html>
[INFO] [stdout]    = note: the `panic!()` macro supports formatting, so there's no need for the `format!()` macro here
[INFO] [stdout]    = note: `#[warn(non_fmt_panics)]` on by default
[INFO] [stdout] help: remove the `format!(..)` macro call
[INFO] [stdout]    |
[INFO] [stdout] 62 -         panic!(format!("Cannot run this transaction:\n{:?}", *rule));
[INFO] [stdout] 62 +         panic!("Cannot run this transaction:\n{:?}", *rule);
[INFO] [stdout]    |
[INFO] [stdout] 
[INFO] [stdout] 
[INFO] [stdout] warning: panic message contains an unused formatting placeholder
[INFO] [stdout]    --> src/day17.rs:109:37
[INFO] [stdout]     |
[INFO] [stdout] 109 |                 _ => panic!("Output {} unrecognized"),
[INFO] [stdout]     |                                     ^^
[INFO] [stdout]     |
[INFO] [stdout]     = note: this message is not used as a format string when given without arguments, but will be in Rust 2021
[INFO] [stdout] help: add the missing argument
[INFO] [stdout]     |
[INFO] [stdout] 109 |                 _ => panic!("Output {} unrecognized", ...),
[INFO] [stdout]     |                                                     +++++
[INFO] [stdout] help: or add a "{}" format string to use the message literally
[INFO] [stdout]     |
[INFO] [stdout] 109 |                 _ => panic!("{}", "Output {} unrecognized"),
[INFO] [stdout]     |                             +++++
[INFO] [stdout] 
[INFO] [stdout] 
[INFO] [stderr]     Finished `dev` profile [unoptimized + debuginfo] target(s) in 16.72s
[INFO] running `Command { std: "docker" "inspect" "69a92a5d312445e206781474f25c9ebeaa12cdb11305d537e0ba3f655a2a66a9", kill_on_drop: false }`
[INFO] running `Command { std: "docker" "rm" "-f" "69a92a5d312445e206781474f25c9ebeaa12cdb11305d537e0ba3f655a2a66a9", kill_on_drop: false }`
[INFO] [stdout] 69a92a5d312445e206781474f25c9ebeaa12cdb11305d537e0ba3f655a2a66a9
[INFO] running `Command { std: "docker" "create" "-v" "/var/lib/crater-agent-workspace/builds/worker-2-tc1/target:/opt/rustwide/target:rw,Z" "-v" "/var/lib/crater-agent-workspace/builds/worker-2-tc1/source:/opt/rustwide/workdir:ro,Z" "-v" "/var/lib/crater-agent-workspace/cargo-home:/opt/rustwide/cargo-home:ro,Z" "-v" "/var/lib/crater-agent-workspace/rustup-home:/opt/rustwide/rustup-home:ro,Z" "-e" "SOURCE_DIR=/opt/rustwide/workdir" "-e" "CARGO_TARGET_DIR=/opt/rustwide/target" "-e" "CARGO_INCREMENTAL=0" "-e" "RUST_BACKTRACE=full" "-e" "RUSTFLAGS=--cap-lints=warn" "-e" "RUSTDOCFLAGS=--cap-lints=warn" "-e" "CARGO_HOME=/opt/rustwide/cargo-home" "-e" "RUSTUP_HOME=/opt/rustwide/rustup-home" "-w" "/opt/rustwide/workdir" "-m" "1610612736" "--user" "0:0" "--network" "none" "ghcr.io/rust-lang/crates-build-env/linux@sha256:f3a9d4ad9d972b27faf3965f35b62e55ba32bbce8f20bc8fe909558a86702fde" "/opt/rustwide/cargo-home/bin/cargo" "+1.83.0" "test" "--frozen" "--no-run" "--message-format=json", kill_on_drop: false }`
[INFO] [stdout] b054113581ae41e2615494b4f6277bcfd467a85064a8e799d22cbc8e2242f591
[INFO] running `Command { std: "docker" "start" "-a" "b054113581ae41e2615494b4f6277bcfd467a85064a8e799d22cbc8e2242f591", kill_on_drop: false }`
[INFO] [stderr]    Compiling aoc2019 v0.1.0 (/opt/rustwide/workdir)
[INFO] [stdout] warning: unused import: `super::*`
[INFO] [stdout]    --> src/day13.rs:134:9
[INFO] [stdout]     |
[INFO] [stdout] 134 |     use super::*;
[INFO] [stdout]     |         ^^^^^^^^
[INFO] [stdout]     |
[INFO] [stdout]     = note: `#[warn(unused_imports)]` on by default
[INFO] [stdout] 
[INFO] [stdout] 
[INFO] [stdout] warning: unused import: `super::*`
[INFO] [stdout]    --> src/day16.rs:193:9
[INFO] [stdout]     |
[INFO] [stdout] 193 |     use super::*;
[INFO] [stdout]     |         ^^^^^^^^
[INFO] [stdout] 
[INFO] [stdout] 
[INFO] [stdout] warning: value assigned to `output` is never read
[INFO] [stdout]    --> src/day16.rs:108:13
[INFO] [stdout]     |
[INFO] [stdout] 108 |     let mut output = Vec::with_capacity(input_len);
[INFO] [stdout]     |             ^^^^^^
[INFO] [stdout]     |
[INFO] [stdout]     = help: maybe it is overwritten before being read?
[INFO] [stdout]     = note: `#[warn(unused_assignments)]` on by default
[INFO] [stdout] 
[INFO] [stdout] 
[INFO] [stdout] warning: unused variable: `start_pt`
[INFO] [stdout]    --> src/day20.rs:523:5
[INFO] [stdout]     |
[INFO] [stdout] 523 |     start_pt: &(i32, i32),
[INFO] [stdout]     |     ^^^^^^^^ help: if this is intentional, prefix it with an underscore: `_start_pt`
[INFO] [stdout]     |
[INFO] [stdout]     = note: `#[warn(unused_variables)]` on by default
[INFO] [stdout] 
[INFO] [stdout] 
[INFO] [stdout] warning: unused variable: `end_pt`
[INFO] [stdout]    --> src/day20.rs:524:5
[INFO] [stdout]     |
[INFO] [stdout] 524 |     end_pt: &(i32, i32),
[INFO] [stdout]     |     ^^^^^^ help: if this is intentional, prefix it with an underscore: `_end_pt`
[INFO] [stdout] 
[INFO] [stdout] 
[INFO] [stdout] warning: value assigned to `other` is never read
[INFO] [stdout]    --> src/day20.rs:616:21
[INFO] [stdout]     |
[INFO] [stdout] 616 |             let mut other = "A";
[INFO] [stdout]     |                     ^^^^^
[INFO] [stdout]     |
[INFO] [stdout]     = help: maybe it is overwritten before being read?
[INFO] [stdout] 
[INFO] [stdout] 
[INFO] [stdout] warning: struct `Wires` is never constructed
[INFO] [stdout]  --> src/day04.rs:9:12
[INFO] [stdout]   |
[INFO] [stdout] 9 | pub struct Wires {}
[INFO] [stdout]   |            ^^^^^
[INFO] [stdout]   |
[INFO] [stdout]   = note: `Wires` has a derived impl for the trait `Debug`, but this is intentionally ignored during dead code analysis
[INFO] [stdout]   = note: `#[warn(dead_code)]` on by default
[INFO] [stdout] 
[INFO] [stdout] 
[INFO] [stdout] warning: struct `Wires` is never constructed
[INFO] [stdout]   --> src/day06.rs:11:12
[INFO] [stdout]    |
[INFO] [stdout] 11 | pub struct Wires {}
[INFO] [stdout]    |            ^^^^^
[INFO] [stdout]    |
[INFO] [stdout]    = note: `Wires` has a derived impl for the trait `Debug`, but this is intentionally ignored during dead code analysis
[INFO] [stdout] 
[INFO] [stdout] 
[INFO] [stdout] warning: field `row` is never read
[INFO] [stdout]   --> src/day16.rs:61:5
[INFO] [stdout]    |
[INFO] [stdout] 59 | pub struct NegPattern {
[INFO] [stdout]    |            ---------- field in this struct
[INFO] [stdout] 60 |     rows: usize,
[INFO] [stdout] 61 |     row: usize,
[INFO] [stdout]    |     ^^^
[INFO] [stdout] 
[INFO] [stdout] 
[INFO] [stdout] warning: field `point` is never read
[INFO] [stdout]   --> src/day20.rs:33:5
[INFO] [stdout]    |
[INFO] [stdout] 31 | pub struct Tile {
[INFO] [stdout]    |            ---- field in this struct
[INFO] [stdout] 32 |     tile_type: TileType,
[INFO] [stdout] 33 |     point: (i32, i32),
[INFO] [stdout]    |     ^^^^^
[INFO] [stdout]    |
[INFO] [stdout]    = note: `Tile` has derived impls for the traits `Clone` and `Debug`, but these are intentionally ignored during dead code analysis
[INFO] [stdout] 
[INFO] [stdout] 
[INFO] [stdout] warning: method `neighboring_tiles` is never used
[INFO] [stdout]   --> src/day20.rs:41:12
[INFO] [stdout]    |
[INFO] [stdout] 36 | impl Tile {
[INFO] [stdout]    | --------- method in this implementation
[INFO] [stdout] ...
[INFO] [stdout] 41 |     pub fn neighboring_tiles(&self) -> Vec<(i32, i32, Move)> {
[INFO] [stdout]    |            ^^^^^^^^^^^^^^^^^
[INFO] [stdout] 
[INFO] [stdout] 
[INFO] [stdout] warning: enum `DoorType` is never used
[INFO] [stdout]   --> src/day20.rs:53:10
[INFO] [stdout]    |
[INFO] [stdout] 53 | pub enum DoorType {
[INFO] [stdout]    |          ^^^^^^^^
[INFO] [stdout]    |
[INFO] [stdout]    = note: `DoorType` has derived impls for the traits `Clone` and `Debug`, but these are intentionally ignored during dead code analysis
[INFO] [stdout] 
[INFO] [stdout] 
[INFO] [stdout] warning: struct `Door` is never constructed
[INFO] [stdout]   --> src/day20.rs:59:12
[INFO] [stdout]    |
[INFO] [stdout] 59 | pub struct Door {
[INFO] [stdout]    |            ^^^^
[INFO] [stdout]    |
[INFO] [stdout]    = note: `Door` has derived impls for the traits `Clone` and `Debug`, but these are intentionally ignored during dead code analysis
[INFO] [stdout] 
[INFO] [stdout] 
[INFO] [stdout] warning: associated function `new` is never used
[INFO] [stdout]   --> src/day20.rs:68:12
[INFO] [stdout]    |
[INFO] [stdout] 67 | impl Door {
[INFO] [stdout]    | --------- associated function in this implementation
[INFO] [stdout] 68 |     pub fn new(
[INFO] [stdout]    |            ^^^
[INFO] [stdout] 
[INFO] [stdout] 
[INFO] [stdout] warning: function `start_render_thread` is never used
[INFO] [stdout]    --> src/day20.rs:155:8
[INFO] [stdout]     |
[INFO] [stdout] 155 | pub fn start_render_thread() -> (
[INFO] [stdout]     |        ^^^^^^^^^^^^^^^^^^^
[INFO] [stdout] 
[INFO] [stdout] 
[INFO] [stdout] warning: panic message is not a string literal
[INFO] [stdout]   --> src/day14.rs:62:16
[INFO] [stdout]    |
[INFO] [stdout] 62 |         panic!(format!("Cannot run this transaction:\n{:?}", *rule));
[INFO] [stdout]    |                ^^^^^^^^^^^^^^^^^^^^^^^^^^^^^^^^^^^^^^^^^^^^^^^^^^^^
[INFO] [stdout]    |
[INFO] [stdout]    = note: this usage of `panic!()` is deprecated; it will be a hard error in Rust 2021
[INFO] [stdout]    = note: for more information, see <https://doc.rust-lang.org/nightly/edition-guide/rust-2021/panic-macro-consistency.html>
[INFO] [stdout]    = note: the `panic!()` macro supports formatting, so there's no need for the `format!()` macro here
[INFO] [stdout]    = note: `#[warn(non_fmt_panics)]` on by default
[INFO] [stdout] help: remove the `format!(..)` macro call
[INFO] [stdout]    |
[INFO] [stdout] 62 -         panic!(format!("Cannot run this transaction:\n{:?}", *rule));
[INFO] [stdout] 62 +         panic!("Cannot run this transaction:\n{:?}", *rule);
[INFO] [stdout]    |
[INFO] [stdout] 
[INFO] [stdout] 
[INFO] [stdout] warning: panic message contains an unused formatting placeholder
[INFO] [stdout]    --> src/day17.rs:109:37
[INFO] [stdout]     |
[INFO] [stdout] 109 |                 _ => panic!("Output {} unrecognized"),
[INFO] [stdout]     |                                     ^^
[INFO] [stdout]     |
[INFO] [stdout]     = note: this message is not used as a format string when given without arguments, but will be in Rust 2021
[INFO] [stdout] help: add the missing argument
[INFO] [stdout]     |
[INFO] [stdout] 109 |                 _ => panic!("Output {} unrecognized", ...),
[INFO] [stdout]     |                                                     +++++
[INFO] [stdout] help: or add a "{}" format string to use the message literally
[INFO] [stdout]     |
[INFO] [stdout] 109 |                 _ => panic!("{}", "Output {} unrecognized"),
[INFO] [stdout]     |                             +++++
[INFO] [stdout] 
[INFO] [stdout] 
[INFO] [stderr]     Finished `test` profile [unoptimized + debuginfo] target(s) in 2.53s
[INFO] running `Command { std: "docker" "inspect" "b054113581ae41e2615494b4f6277bcfd467a85064a8e799d22cbc8e2242f591", kill_on_drop: false }`
[INFO] running `Command { std: "docker" "rm" "-f" "b054113581ae41e2615494b4f6277bcfd467a85064a8e799d22cbc8e2242f591", kill_on_drop: false }`
[INFO] [stdout] b054113581ae41e2615494b4f6277bcfd467a85064a8e799d22cbc8e2242f591
[INFO] running `Command { std: "docker" "create" "-v" "/var/lib/crater-agent-workspace/builds/worker-2-tc1/target:/opt/rustwide/target:rw,Z" "-v" "/var/lib/crater-agent-workspace/builds/worker-2-tc1/source:/opt/rustwide/workdir:ro,Z" "-v" "/var/lib/crater-agent-workspace/cargo-home:/opt/rustwide/cargo-home:ro,Z" "-v" "/var/lib/crater-agent-workspace/rustup-home:/opt/rustwide/rustup-home:ro,Z" "-e" "SOURCE_DIR=/opt/rustwide/workdir" "-e" "CARGO_TARGET_DIR=/opt/rustwide/target" "-e" "CARGO_INCREMENTAL=0" "-e" "RUST_BACKTRACE=full" "-e" "RUSTFLAGS=--cap-lints=warn" "-e" "RUSTDOCFLAGS=--cap-lints=warn" "-e" "CARGO_HOME=/opt/rustwide/cargo-home" "-e" "RUSTUP_HOME=/opt/rustwide/rustup-home" "-w" "/opt/rustwide/workdir" "-m" "1610612736" "--user" "0:0" "--network" "none" "ghcr.io/rust-lang/crates-build-env/linux@sha256:f3a9d4ad9d972b27faf3965f35b62e55ba32bbce8f20bc8fe909558a86702fde" "/opt/rustwide/cargo-home/bin/cargo" "+1.83.0" "test" "--frozen", kill_on_drop: false }`
[INFO] [stdout] 41699e4fdc4a0cb1e1a14f69464e51d3ecf4d3f14368b1a200894528e4efd6c5
[INFO] running `Command { std: "docker" "start" "-a" "41699e4fdc4a0cb1e1a14f69464e51d3ecf4d3f14368b1a200894528e4efd6c5", kill_on_drop: false }`
[INFO] [stderr] warning: unused import: `super::*`
[INFO] [stderr]    --> src/day13.rs:134:9
[INFO] [stderr]     |
[INFO] [stderr] 134 |     use super::*;
[INFO] [stderr]     |         ^^^^^^^^
[INFO] [stderr]     |
[INFO] [stderr]     = note: `#[warn(unused_imports)]` on by default
[INFO] [stderr] 
[INFO] [stderr] warning: unused import: `super::*`
[INFO] [stderr]    --> src/day16.rs:193:9
[INFO] [stderr]     |
[INFO] [stderr] 193 |     use super::*;
[INFO] [stderr]     |         ^^^^^^^^
[INFO] [stderr] 
[INFO] [stderr] warning: value assigned to `output` is never read
[INFO] [stderr]    --> src/day16.rs:108:13
[INFO] [stderr]     |
[INFO] [stderr] 108 |     let mut output = Vec::with_capacity(input_len);
[INFO] [stderr]     |             ^^^^^^
[INFO] [stderr]     |
[INFO] [stderr]     = help: maybe it is overwritten before being read?
[INFO] [stderr]     = note: `#[warn(unused_assignments)]` on by default
[INFO] [stderr] 
[INFO] [stderr] warning: unused variable: `start_pt`
[INFO] [stderr]    --> src/day20.rs:523:5
[INFO] [stderr]     |
[INFO] [stderr] 523 |     start_pt: &(i32, i32),
[INFO] [stderr]     |     ^^^^^^^^ help: if this is intentional, prefix it with an underscore: `_start_pt`
[INFO] [stderr]     |
[INFO] [stderr]     = note: `#[warn(unused_variables)]` on by default
[INFO] [stderr] 
[INFO] [stderr] warning: unused variable: `end_pt`
[INFO] [stderr]    --> src/day20.rs:524:5
[INFO] [stderr]     |
[INFO] [stderr] 524 |     end_pt: &(i32, i32),
[INFO] [stderr]     |     ^^^^^^ help: if this is intentional, prefix it with an underscore: `_end_pt`
[INFO] [stderr] 
[INFO] [stderr] warning: value assigned to `other` is never read
[INFO] [stderr]    --> src/day20.rs:616:21
[INFO] [stderr]     |
[INFO] [stderr] 616 |             let mut other = "A";
[INFO] [stderr]     |                     ^^^^^
[INFO] [stderr]     |
[INFO] [stderr]     = help: maybe it is overwritten before being read?
[INFO] [stderr] 
[INFO] [stderr] warning: struct `Wires` is never constructed
[INFO] [stderr]  --> src/day04.rs:9:12
[INFO] [stderr]   |
[INFO] [stderr] 9 | pub struct Wires {}
[INFO] [stderr]   |            ^^^^^
[INFO] [stderr]   |
[INFO] [stderr]   = note: `Wires` has a derived impl for the trait `Debug`, but this is intentionally ignored during dead code analysis
[INFO] [stderr]   = note: `#[warn(dead_code)]` on by default
[INFO] [stderr] 
[INFO] [stderr] warning: struct `Wires` is never constructed
[INFO] [stderr]   --> src/day06.rs:11:12
[INFO] [stderr]    |
[INFO] [stderr] 11 | pub struct Wires {}
[INFO] [stderr]    |            ^^^^^
[INFO] [stderr]    |
[INFO] [stderr]    = note: `Wires` has a derived impl for the trait `Debug`, but this is intentionally ignored during dead code analysis
[INFO] [stderr] 
[INFO] [stderr] warning: field `row` is never read
[INFO] [stderr]   --> src/day16.rs:61:5
[INFO] [stderr]    |
[INFO] [stderr] 59 | pub struct NegPattern {
[INFO] [stderr]    |            ---------- field in this struct
[INFO] [stderr] 60 |     rows: usize,
[INFO] [stderr] 61 |     row: usize,
[INFO] [stderr]    |     ^^^
[INFO] [stderr] 
[INFO] [stderr] warning: field `point` is never read
[INFO] [stderr]   --> src/day20.rs:33:5
[INFO] [stderr]    |
[INFO] [stderr] 31 | pub struct Tile {
[INFO] [stderr]    |            ---- field in this struct
[INFO] [stderr] 32 |     tile_type: TileType,
[INFO] [stderr] 33 |     point: (i32, i32),
[INFO] [stderr]    |     ^^^^^
[INFO] [stderr]    |
[INFO] [stderr]    = note: `Tile` has derived impls for the traits `Clone` and `Debug`, but these are intentionally ignored during dead code analysis
[INFO] [stderr] 
[INFO] [stderr] warning: method `neighboring_tiles` is never used
[INFO] [stderr]   --> src/day20.rs:41:12
[INFO] [stderr]    |
[INFO] [stderr] 36 | impl Tile {
[INFO] [stderr]    | --------- method in this implementation
[INFO] [stderr] ...
[INFO] [stderr] 41 |     pub fn neighboring_tiles(&self) -> Vec<(i32, i32, Move)> {
[INFO] [stderr]    |            ^^^^^^^^^^^^^^^^^
[INFO] [stderr] 
[INFO] [stderr] warning: enum `DoorType` is never used
[INFO] [stderr]   --> src/day20.rs:53:10
[INFO] [stderr]    |
[INFO] [stderr] 53 | pub enum DoorType {
[INFO] [stderr]    |          ^^^^^^^^
[INFO] [stderr]    |
[INFO] [stderr]    = note: `DoorType` has derived impls for the traits `Clone` and `Debug`, but these are intentionally ignored during dead code analysis
[INFO] [stderr] 
[INFO] [stderr] warning: struct `Door` is never constructed
[INFO] [stderr]   --> src/day20.rs:59:12
[INFO] [stderr]    |
[INFO] [stderr] 59 | pub struct Door {
[INFO] [stderr]    |            ^^^^
[INFO] [stderr]    |
[INFO] [stderr]    = note: `Door` has derived impls for the traits `Clone` and `Debug`, but these are intentionally ignored during dead code analysis
[INFO] [stderr] 
[INFO] [stderr] warning: associated function `new` is never used
[INFO] [stderr]   --> src/day20.rs:68:12
[INFO] [stderr]    |
[INFO] [stderr] 67 | impl Door {
[INFO] [stderr]    | --------- associated function in this implementation
[INFO] [stderr] 68 |     pub fn new(
[INFO] [stderr]    |            ^^^
[INFO] [stderr] 
[INFO] [stderr] warning: function `start_render_thread` is never used
[INFO] [stderr]    --> src/day20.rs:155:8
[INFO] [stderr]     |
[INFO] [stderr] 155 | pub fn start_render_thread() -> (
[INFO] [stderr]     |        ^^^^^^^^^^^^^^^^^^^
[INFO] [stderr] 
[INFO] [stderr] warning: panic message is not a string literal
[INFO] [stderr]   --> src/day14.rs:62:16
[INFO] [stderr]    |
[INFO] [stderr] 62 |         panic!(format!("Cannot run this transaction:\n{:?}", *rule));
[INFO] [stderr]    |                ^^^^^^^^^^^^^^^^^^^^^^^^^^^^^^^^^^^^^^^^^^^^^^^^^^^^
[INFO] [stderr]    |
[INFO] [stderr]    = note: this usage of `panic!()` is deprecated; it will be a hard error in Rust 2021
[INFO] [stderr]    = note: for more information, see <https://doc.rust-lang.org/nightly/edition-guide/rust-2021/panic-macro-consistency.html>
[INFO] [stderr]    = note: the `panic!()` macro supports formatting, so there's no need for the `format!()` macro here
[INFO] [stderr]    = note: `#[warn(non_fmt_panics)]` on by default
[INFO] [stderr] help: remove the `format!(..)` macro call
[INFO] [stderr]    |
[INFO] [stderr] 62 -         panic!(format!("Cannot run this transaction:\n{:?}", *rule));
[INFO] [stderr] 62 +         panic!("Cannot run this transaction:\n{:?}", *rule);
[INFO] [stderr]    |
[INFO] [stderr] 
[INFO] [stderr] warning: panic message contains an unused formatting placeholder
[INFO] [stderr]    --> src/day17.rs:109:37
[INFO] [stderr]     |
[INFO] [stderr] 109 |                 _ => panic!("Output {} unrecognized"),
[INFO] [stderr]     |                                     ^^
[INFO] [stderr]     |
[INFO] [stderr]     = note: this message is not used as a format string when given without arguments, but will be in Rust 2021
[INFO] [stderr] help: add the missing argument
[INFO] [stderr]     |
[INFO] [stderr] 109 |                 _ => panic!("Output {} unrecognized", ...),
[INFO] [stderr]     |                                                     +++++
[INFO] [stderr] help: or add a "{}" format string to use the message literally
[INFO] [stderr]     |
[INFO] [stderr] 109 |                 _ => panic!("{}", "Output {} unrecognized"),
[INFO] [stderr]     |                             +++++
[INFO] [stderr] 
[INFO] [stderr] warning: `aoc2019` (bin "aoc2019" test) generated 17 warnings (run `cargo fix --bin "aoc2019" --tests` to apply 4 suggestions)
[INFO] [stderr]     Finished `test` profile [unoptimized + debuginfo] target(s) in 0.05s
[INFO] [stderr]      Running unittests src/main.rs (/opt/rustwide/target/debug/deps/aoc2019-0ce616cf87554b81)
[INFO] [stdout] 
[INFO] [stdout] running 24 tests
[INFO] [stdout] test day01::test::test_part1 ... ok
[INFO] [stdout] test day02::test::test_part2 ... ok
[INFO] [stdout] test day01::test::test_part2 ... ok
[INFO] [stdout] test day02::test::test_part1 ... ok
[INFO] [stdout] test day06::test::test_part1 ... ok
[INFO] [stdout] test day06::test::test_part2 ... ok
[INFO] [stdout] test day04::test::test_part1 ... ok
[INFO] [stdout] test day04::test::test_part2 ... ok
[INFO] [stdout] test day03::test::test_part2 ... ok
[INFO] [stdout] test day13::test::test_part1 ... ok
[INFO] [stdout] test day13::test::test_part2 ... ok
[INFO] [stdout] test day12::test::test_part1 ... ok
[INFO] [stdout] test day14::test::test_part1 ... ok
[INFO] [stdout] test day16::test::test_part2 ... ok
[INFO] [stdout] test day03::test::test_part1 ... ok
[INFO] [stdout] test day09::test::test_part1 ... ok
[INFO] [stdout] test day14::test::test_part2 ... ok
[INFO] [stdout] test day05::test::test_part2 ... ok
[INFO] [stdout] test day16::test::test_part1 ... FAILED
[INFO] [stdout] test day12::test::test_part2 ... ok
[INFO] [stdout] test day10::test::test_part1 ... ok
[INFO] [stdout] test day10::test::test_part2 ... ok
[INFO] [stdout] test day07::test::test_part1 ... ok
[INFO] [stdout] test day07::test::test_part2 ... ok
[INFO] [stdout] 
[INFO] [stdout] failures:
[INFO] [stdout] 
[INFO] [stdout] ---- day16::test::test_part1 stdout ----
[INFO] [stdout] thread 'day16::test::test_part1' panicked at src/day16.rs:197:9:
[INFO] [stdout] assertion `left == right` failed
[INFO] [stdout]   left: 0
[INFO] [stdout]  right: 1
[INFO] [stdout] stack backtrace:
[INFO] [stdout]    0:     0x6154f29a159a - std::backtrace_rs::backtrace::libunwind::trace::h5a5b8284f2d0c266
[INFO] [stdout]                                at /rustc/90b35a6239c3d8bdabc530a6a0816f7ff89a0aaf/library/std/src/../../backtrace/src/backtrace/libunwind.rs:116:5
[INFO] [stdout]    1:     0x6154f29a159a - std::backtrace_rs::backtrace::trace_unsynchronized::h76d4f1c9b0b875e3
[INFO] [stdout]                                at /rustc/90b35a6239c3d8bdabc530a6a0816f7ff89a0aaf/library/std/src/../../backtrace/src/backtrace/mod.rs:66:5
[INFO] [stdout]    2:     0x6154f29a159a - std::sys::backtrace::_print_fmt::hc4546b8364a537c6
[INFO] [stdout]                                at /rustc/90b35a6239c3d8bdabc530a6a0816f7ff89a0aaf/library/std/src/sys/backtrace.rs:66:9
[INFO] [stdout]    3:     0x6154f29a159a - <std::sys::backtrace::BacktraceLock::print::DisplayBacktrace as core::fmt::Display>::fmt::h5b6bd5631a6d1f6b
[INFO] [stdout]                                at /rustc/90b35a6239c3d8bdabc530a6a0816f7ff89a0aaf/library/std/src/sys/backtrace.rs:39:26
[INFO] [stdout]    4:     0x6154f29c6a93 - core::fmt::rt::Argument::fmt::h270f6602a2b96f62
[INFO] [stdout]                                at /rustc/90b35a6239c3d8bdabc530a6a0816f7ff89a0aaf/library/core/src/fmt/rt.rs:177:76
[INFO] [stdout]    5:     0x6154f29c6a93 - core::fmt::write::h7550c97b06c86515
[INFO] [stdout]                                at /rustc/90b35a6239c3d8bdabc530a6a0816f7ff89a0aaf/library/core/src/fmt/mod.rs:1186:21
[INFO] [stdout]    6:     0x6154f299e763 - std::io::Write::write_fmt::h509ff860e5956e5e
[INFO] [stdout]                                at /rustc/90b35a6239c3d8bdabc530a6a0816f7ff89a0aaf/library/std/src/io/mod.rs:1839:15
[INFO] [stdout]    7:     0x6154f29a13e2 - std::sys::backtrace::BacktraceLock::print::h2395ccd2c84ba3aa
[INFO] [stdout]                                at /rustc/90b35a6239c3d8bdabc530a6a0816f7ff89a0aaf/library/std/src/sys/backtrace.rs:42:9
[INFO] [stdout]    8:     0x6154f29a29fa - std::panicking::default_hook::{{closure}}::he19d4c7230e07961
[INFO] [stdout]                                at /rustc/90b35a6239c3d8bdabc530a6a0816f7ff89a0aaf/library/std/src/panicking.rs:268:22
[INFO] [stdout]    9:     0x6154f29a2804 - std::panicking::default_hook::hf614597d3c67bbdb
[INFO] [stdout]                                at /rustc/90b35a6239c3d8bdabc530a6a0816f7ff89a0aaf/library/std/src/panicking.rs:292:9
[INFO] [stdout]   10:     0x6154f280a2f9 - <alloc::boxed::Box<F,A> as core::ops::function::Fn<Args>>::call::h39b51ce4599c23d1
[INFO] [stdout]                                at /rustc/90b35a6239c3d8bdabc530a6a0816f7ff89a0aaf/library/alloc/src/boxed.rs:2468:9
[INFO] [stdout]   11:     0x6154f280a2f9 - test::test_main::{{closure}}::he977ae839a582784
[INFO] [stdout]                                at /rustc/90b35a6239c3d8bdabc530a6a0816f7ff89a0aaf/library/test/src/lib.rs:133:21
[INFO] [stdout]   12:     0x6154f29a3098 - <alloc::boxed::Box<F,A> as core::ops::function::Fn<Args>>::call::h9455091b6b06f9fb
[INFO] [stdout]                                at /rustc/90b35a6239c3d8bdabc530a6a0816f7ff89a0aaf/library/alloc/src/boxed.rs:2468:9
[INFO] [stdout]   13:     0x6154f29a3098 - std::panicking::rust_panic_with_hook::h8942133a8b252070
[INFO] [stdout]                                at /rustc/90b35a6239c3d8bdabc530a6a0816f7ff89a0aaf/library/std/src/panicking.rs:809:13
[INFO] [stdout]   14:     0x6154f29a2e5a - std::panicking::begin_panic_handler::{{closure}}::hb5f5963570096b29
[INFO] [stdout]                                at /rustc/90b35a6239c3d8bdabc530a6a0816f7ff89a0aaf/library/std/src/panicking.rs:674:13
[INFO] [stdout]   15:     0x6154f29a1a79 - std::sys::backtrace::__rust_end_short_backtrace::h6208cedc1922feda
[INFO] [stdout]                                at /rustc/90b35a6239c3d8bdabc530a6a0816f7ff89a0aaf/library/std/src/sys/backtrace.rs:170:18
[INFO] [stdout]   16:     0x6154f29a2aec - rust_begin_unwind
[INFO] [stdout]                                at /rustc/90b35a6239c3d8bdabc530a6a0816f7ff89a0aaf/library/std/src/panicking.rs:665:5
[INFO] [stdout]   17:     0x6154f278b0d0 - core::panicking::panic_fmt::h0c3082644d1bf418
[INFO] [stdout]                                at /rustc/90b35a6239c3d8bdabc530a6a0816f7ff89a0aaf/library/core/src/panicking.rs:74:14
[INFO] [stdout]   18:     0x6154f278b4d4 - core::panicking::assert_failed_inner::h2ddf1fcc067fa858
[INFO] [stdout]   19:     0x6154f27addfd - core::panicking::assert_failed::h63c5986e530c31e8
[INFO] [stdout]                                at /rustc/90b35a6239c3d8bdabc530a6a0816f7ff89a0aaf/library/core/src/panicking.rs:367:5
[INFO] [stdout]   20:     0x6154f27c54ac - aoc2019::day16::test::test_part1::h418567da930c4173
[INFO] [stdout]                                at /opt/rustwide/workdir/src/day16.rs:197:9
[INFO] [stdout]   21:     0x6154f27c5437 - aoc2019::day16::test::test_part1::{{closure}}::h9e5fdfe5da2b4c64
[INFO] [stdout]                                at /opt/rustwide/workdir/src/day16.rs:196:20
[INFO] [stdout]   22:     0x6154f27c0f06 - core::ops::function::FnOnce::call_once::h7073430ee91302c5
[INFO] [stdout]                                at /rustc/90b35a6239c3d8bdabc530a6a0816f7ff89a0aaf/library/core/src/ops/function.rs:250:5
[INFO] [stdout]   23:     0x6154f280ecbb - core::ops::function::FnOnce::call_once::h109cf8051a59b34e
[INFO] [stdout]                                at /rustc/90b35a6239c3d8bdabc530a6a0816f7ff89a0aaf/library/core/src/ops/function.rs:250:5
[INFO] [stdout]   24:     0x6154f280ecbb - test::__rust_begin_short_backtrace::hf4fff89d377446ba
[INFO] [stdout]                                at /rustc/90b35a6239c3d8bdabc530a6a0816f7ff89a0aaf/library/test/src/lib.rs:621:18
[INFO] [stdout]   25:     0x6154f280e4f7 - test::run_test_in_process::{{closure}}::h0e39181dd7ee5a43
[INFO] [stdout]                                at /rustc/90b35a6239c3d8bdabc530a6a0816f7ff89a0aaf/library/test/src/lib.rs:644:60
[INFO] [stdout]   26:     0x6154f280e4f7 - <core::panic::unwind_safe::AssertUnwindSafe<F> as core::ops::function::FnOnce<()>>::call_once::hc5a66a30f0bdfd1f
[INFO] [stdout]                                at /rustc/90b35a6239c3d8bdabc530a6a0816f7ff89a0aaf/library/core/src/panic/unwind_safe.rs:272:9
[INFO] [stdout]   27:     0x6154f280e4f7 - std::panicking::try::do_call::h873b7cf639554a5e
[INFO] [stdout]                                at /rustc/90b35a6239c3d8bdabc530a6a0816f7ff89a0aaf/library/std/src/panicking.rs:557:40
[INFO] [stdout]   28:     0x6154f280e4f7 - std::panicking::try::hdb19862fad9c8bd1
[INFO] [stdout]                                at /rustc/90b35a6239c3d8bdabc530a6a0816f7ff89a0aaf/library/std/src/panicking.rs:520:19
[INFO] [stdout]   29:     0x6154f280e4f7 - std::panic::catch_unwind::h281fe732d236d260
[INFO] [stdout]                                at /rustc/90b35a6239c3d8bdabc530a6a0816f7ff89a0aaf/library/std/src/panic.rs:358:14
[INFO] [stdout]   30:     0x6154f280e4f7 - test::run_test_in_process::h949b6df8457ed338
[INFO] [stdout]                                at /rustc/90b35a6239c3d8bdabc530a6a0816f7ff89a0aaf/library/test/src/lib.rs:644:27
[INFO] [stdout]   31:     0x6154f280e4f7 - test::run_test::{{closure}}::h52c556a6d4740e10
[INFO] [stdout]                                at /rustc/90b35a6239c3d8bdabc530a6a0816f7ff89a0aaf/library/test/src/lib.rs:565:43
[INFO] [stdout]   32:     0x6154f27d37d4 - test::run_test::{{closure}}::h4237f6381c45ccb9
[INFO] [stdout]                                at /rustc/90b35a6239c3d8bdabc530a6a0816f7ff89a0aaf/library/test/src/lib.rs:595:41
[INFO] [stdout]   33:     0x6154f27d37d4 - std::sys::backtrace::__rust_begin_short_backtrace::h505c97a579eca628
[INFO] [stdout]                                at /rustc/90b35a6239c3d8bdabc530a6a0816f7ff89a0aaf/library/std/src/sys/backtrace.rs:154:18
[INFO] [stdout]   34:     0x6154f27d6e9e - std::thread::Builder::spawn_unchecked_::{{closure}}::{{closure}}::h9e86b2e2bc107ea3
[INFO] [stdout]                                at /rustc/90b35a6239c3d8bdabc530a6a0816f7ff89a0aaf/library/std/src/thread/mod.rs:538:17
[INFO] [stdout]   35:     0x6154f27d6e9e - <core::panic::unwind_safe::AssertUnwindSafe<F> as core::ops::function::FnOnce<()>>::call_once::h8b06ddb275ff4a25
[INFO] [stdout]                                at /rustc/90b35a6239c3d8bdabc530a6a0816f7ff89a0aaf/library/core/src/panic/unwind_safe.rs:272:9
[INFO] [stdout]   36:     0x6154f27d6e9e - std::panicking::try::do_call::hb26ecd7cd9a9355d
[INFO] [stdout]                                at /rustc/90b35a6239c3d8bdabc530a6a0816f7ff89a0aaf/library/std/src/panicking.rs:557:40
[INFO] [stdout]   37:     0x6154f27d6e9e - std::panicking::try::h8ddeca9d705f9069
[INFO] [stdout]                                at /rustc/90b35a6239c3d8bdabc530a6a0816f7ff89a0aaf/library/std/src/panicking.rs:520:19
[INFO] [stdout]   38:     0x6154f27d6e9e - std::panic::catch_unwind::h49e1c33078844c46
[INFO] [stdout]                                at /rustc/90b35a6239c3d8bdabc530a6a0816f7ff89a0aaf/library/std/src/panic.rs:358:14
[INFO] [stdout]   39:     0x6154f27d6e9e - std::thread::Builder::spawn_unchecked_::{{closure}}::h6073db6ff56ad35d
[INFO] [stdout]                                at /rustc/90b35a6239c3d8bdabc530a6a0816f7ff89a0aaf/library/std/src/thread/mod.rs:537:30
[INFO] [stdout]   40:     0x6154f27d6e9e - core::ops::function::FnOnce::call_once{{vtable.shim}}::h2c5a5f3779c774f1
[INFO] [stdout]                                at /rustc/90b35a6239c3d8bdabc530a6a0816f7ff89a0aaf/library/core/src/ops/function.rs:250:5
[INFO] [stdout]   41:     0x6154f29a6dfb - <alloc::boxed::Box<F,A> as core::ops::function::FnOnce<Args>>::call_once::hf75717d9f28faebf
[INFO] [stdout]                                at /rustc/90b35a6239c3d8bdabc530a6a0816f7ff89a0aaf/library/alloc/src/boxed.rs:2454:9
[INFO] [stdout]   42:     0x6154f29a6dfb - <alloc::boxed::Box<F,A> as core::ops::function::FnOnce<Args>>::call_once::h7bd883a5f3c5f3c1
[INFO] [stdout]                                at /rustc/90b35a6239c3d8bdabc530a6a0816f7ff89a0aaf/library/alloc/src/boxed.rs:2454:9
[INFO] [stdout]   43:     0x6154f29a6dfb - std::sys::pal::unix::thread::Thread::new::thread_start::hcc78f3943333fa94
[INFO] [stdout]                                at /rustc/90b35a6239c3d8bdabc530a6a0816f7ff89a0aaf/library/std/src/sys/pal/unix/thread.rs:105:17
[INFO] [stdout]   44:     0x7d133c889ac3 - <unknown>
[INFO] [stdout]   45:     0x7d133c91aa04 - clone
[INFO] [stdout]   46:                0x0 - <unknown>
[INFO] [stdout] 
[INFO] [stdout] 
[INFO] [stdout] failures:
[INFO] [stdout]     day16::test::test_part1
[INFO] [stdout] 
[INFO] [stdout] test result: FAILED. 23 passed; 1 failed; 0 ignored; 0 measured; 0 filtered out; finished in 7.76s
[INFO] [stdout] 
[INFO] [stderr] error: test failed, to rerun pass `--bin aoc2019`
[INFO] running `Command { std: "docker" "inspect" "41699e4fdc4a0cb1e1a14f69464e51d3ecf4d3f14368b1a200894528e4efd6c5", kill_on_drop: false }`
[INFO] running `Command { std: "docker" "rm" "-f" "41699e4fdc4a0cb1e1a14f69464e51d3ecf4d3f14368b1a200894528e4efd6c5", kill_on_drop: false }`
[INFO] [stdout] 41699e4fdc4a0cb1e1a14f69464e51d3ecf4d3f14368b1a200894528e4efd6c5
