[INFO] cloning repository https://github.com/funny233-github/MCLauncher
[INFO] running `Command { std: "git" "-c" "credential.helper=" "-c" "credential.helper=/workspace/cargo-home/bin/git-credential-null" "clone" "--bare" "https://github.com/funny233-github/MCLauncher" "/workspace/cache/git-repos/https%3A%2F%2Fgithub.com%2Ffunny233-github%2FMCLauncher", kill_on_drop: false }`
[INFO] [stderr] Cloning into bare repository '/workspace/cache/git-repos/https%3A%2F%2Fgithub.com%2Ffunny233-github%2FMCLauncher'...
[INFO] running `Command { std: "git" "rev-parse" "HEAD", kill_on_drop: false }`
[INFO] [stdout] af80b4fe8f914a7011f2a06c27523da35d8bef0a
[INFO] testing funny233-github/MCLauncher against beta-2024-12-08 for beta-1.84.0-4-retry
[INFO] running `Command { std: "git" "clone" "/workspace/cache/git-repos/https%3A%2F%2Fgithub.com%2Ffunny233-github%2FMCLauncher" "/workspace/builds/worker-2-tc2/source", kill_on_drop: false }`
[INFO] [stderr] Cloning into '/workspace/builds/worker-2-tc2/source'...
[INFO] [stderr] done.
[INFO] validating manifest of git repo https://github.com/funny233-github/MCLauncher on toolchain beta-2024-12-08
[INFO] running `Command { std: CARGO_HOME="/workspace/cargo-home" RUSTUP_HOME="/workspace/rustup-home" "/workspace/cargo-home/bin/cargo" "+beta-2024-12-08" "metadata" "--manifest-path" "Cargo.toml" "--no-deps", kill_on_drop: false }`
[INFO] started tweaking git repo https://github.com/funny233-github/MCLauncher
[INFO] finished tweaking git repo https://github.com/funny233-github/MCLauncher
[INFO] tweaked toml for git repo https://github.com/funny233-github/MCLauncher written to /workspace/builds/worker-2-tc2/source/Cargo.toml
[INFO] crate git repo https://github.com/funny233-github/MCLauncher already has a lockfile, it will not be regenerated
[INFO] running `Command { std: CARGO_HOME="/workspace/cargo-home" RUSTUP_HOME="/workspace/rustup-home" "/workspace/cargo-home/bin/cargo" "+beta-2024-12-08" "fetch" "--manifest-path" "Cargo.toml", kill_on_drop: false }`
[INFO] running `Command { std: "docker" "create" "-v" "/var/lib/crater-agent-workspace/builds/worker-2-tc2/target:/opt/rustwide/target:rw,Z" "-v" "/var/lib/crater-agent-workspace/builds/worker-2-tc2/source:/opt/rustwide/workdir:ro,Z" "-v" "/var/lib/crater-agent-workspace/cargo-home:/opt/rustwide/cargo-home:ro,Z" "-v" "/var/lib/crater-agent-workspace/rustup-home:/opt/rustwide/rustup-home:ro,Z" "-e" "SOURCE_DIR=/opt/rustwide/workdir" "-e" "CARGO_TARGET_DIR=/opt/rustwide/target" "-e" "CARGO_HOME=/opt/rustwide/cargo-home" "-e" "RUSTUP_HOME=/opt/rustwide/rustup-home" "-w" "/opt/rustwide/workdir" "-m" "1610612736" "--user" "0:0" "--network" "none" "ghcr.io/rust-lang/crates-build-env/linux@sha256:f3a9d4ad9d972b27faf3965f35b62e55ba32bbce8f20bc8fe909558a86702fde" "/opt/rustwide/cargo-home/bin/cargo" "+beta-2024-12-08" "metadata" "--no-deps" "--format-version=1", kill_on_drop: false }`
[INFO] [stdout] df851131260c43378d1b2f9f2ba1bbe156da30042c99b44cd1ab0637a0dd3725
[INFO] running `Command { std: "docker" "start" "-a" "df851131260c43378d1b2f9f2ba1bbe156da30042c99b44cd1ab0637a0dd3725", kill_on_drop: false }`
[INFO] running `Command { std: "docker" "inspect" "df851131260c43378d1b2f9f2ba1bbe156da30042c99b44cd1ab0637a0dd3725", kill_on_drop: false }`
[INFO] running `Command { std: "docker" "rm" "-f" "df851131260c43378d1b2f9f2ba1bbe156da30042c99b44cd1ab0637a0dd3725", kill_on_drop: false }`
[INFO] [stdout] df851131260c43378d1b2f9f2ba1bbe156da30042c99b44cd1ab0637a0dd3725
[INFO] running `Command { std: "docker" "create" "-v" "/var/lib/crater-agent-workspace/builds/worker-2-tc2/target:/opt/rustwide/target:rw,Z" "-v" "/var/lib/crater-agent-workspace/builds/worker-2-tc2/source:/opt/rustwide/workdir:ro,Z" "-v" "/var/lib/crater-agent-workspace/cargo-home:/opt/rustwide/cargo-home:ro,Z" "-v" "/var/lib/crater-agent-workspace/rustup-home:/opt/rustwide/rustup-home:ro,Z" "-e" "SOURCE_DIR=/opt/rustwide/workdir" "-e" "CARGO_TARGET_DIR=/opt/rustwide/target" "-e" "CARGO_INCREMENTAL=0" "-e" "RUST_BACKTRACE=full" "-e" "RUSTFLAGS=--cap-lints=warn" "-e" "RUSTDOCFLAGS=--cap-lints=warn" "-e" "CARGO_HOME=/opt/rustwide/cargo-home" "-e" "RUSTUP_HOME=/opt/rustwide/rustup-home" "-w" "/opt/rustwide/workdir" "-m" "1610612736" "--user" "0:0" "--network" "none" "ghcr.io/rust-lang/crates-build-env/linux@sha256:f3a9d4ad9d972b27faf3965f35b62e55ba32bbce8f20bc8fe909558a86702fde" "/opt/rustwide/cargo-home/bin/cargo" "+beta-2024-12-08" "build" "--frozen" "--message-format=json", kill_on_drop: false }`
[INFO] [stdout] abe27316e432319088329cbad46add1dc8a5368a7a29f6128b8e4c1458f733ca
[INFO] running `Command { std: "docker" "start" "-a" "abe27316e432319088329cbad46add1dc8a5368a7a29f6128b8e4c1458f733ca", kill_on_drop: false }`
[INFO] [stderr]    Compiling proc-macro2 v1.0.81
[INFO] [stderr]    Compiling libc v0.2.153
[INFO] [stderr]    Compiling once_cell v1.19.0
[INFO] [stderr]    Compiling pin-project-lite v0.2.14
[INFO] [stderr]    Compiling bytes v1.6.0
[INFO] [stderr]    Compiling log v0.4.21
[INFO] [stderr]    Compiling memchr v2.7.2
[INFO] [stderr]    Compiling autocfg v1.2.0
[INFO] [stderr]    Compiling vcpkg v0.2.15
[INFO] [stderr]    Compiling cc v1.0.95
[INFO] [stderr]    Compiling futures-core v0.3.30
[INFO] [stderr]    Compiling itoa v1.0.11
[INFO] [stderr]    Compiling pkg-config v0.3.30
[INFO] [stderr]    Compiling slab v0.4.9
[INFO] [stderr]    Compiling futures-sink v0.3.30
[INFO] [stderr]    Compiling serde v1.0.200
[INFO] [stderr]    Compiling socket2 v0.5.6
[INFO] [stderr]    Compiling quote v1.0.36
[INFO] [stderr]    Compiling num_cpus v1.16.0
[INFO] [stderr]    Compiling mio v0.8.11
[INFO] [stderr]    Compiling tracing-core v0.1.32
[INFO] [stderr]    Compiling syn v2.0.60
[INFO] [stderr]    Compiling tokio v1.37.0
[INFO] [stderr]    Compiling fnv v1.0.7
[INFO] [stderr]    Compiling version_check v0.9.4
[INFO] [stderr]    Compiling equivalent v1.0.1
[INFO] [stderr]    Compiling typenum v1.17.0
[INFO] [stderr]    Compiling hashbrown v0.14.3
[INFO] [stderr]    Compiling generic-array v0.14.7
[INFO] [stderr]    Compiling openssl-sys v0.9.102
[INFO] [stderr]    Compiling http v1.1.0
[INFO] [stderr]    Compiling tracing v0.1.40
[INFO] [stderr]    Compiling futures-task v0.3.30
[INFO] [stderr]    Compiling futures-io v0.3.30
[INFO] [stderr]    Compiling pin-utils v0.1.0
[INFO] [stderr]    Compiling futures-util v0.3.30
[INFO] [stderr]    Compiling openssl v0.10.64
[INFO] [stderr]    Compiling indexmap v2.2.6
[INFO] [stderr]    Compiling httparse v1.8.0
[INFO] [stderr]    Compiling foreign-types-shared v0.1.1
[INFO] [stderr]    Compiling foreign-types v0.3.2
[INFO] [stderr]    Compiling http-body v1.0.0
[INFO] [stderr]    Compiling bitflags v2.5.0
[INFO] [stderr]    Compiling tinyvec_macros v0.1.1
[INFO] [stderr]    Compiling try-lock v0.2.5
[INFO] [stderr]    Compiling native-tls v0.2.11
[INFO] [stderr]    Compiling want v0.3.1
[INFO] [stderr]    Compiling tinyvec v1.6.0
[INFO] [stderr]    Compiling anstyle-parse v0.2.3
[INFO] [stderr]    Compiling futures-channel v0.3.30
[INFO] [stderr]    Compiling aho-corasick v1.1.3
[INFO] [stderr]    Compiling anstyle v1.0.6
[INFO] [stderr]    Compiling openssl-probe v0.1.5
[INFO] [stderr]    Compiling percent-encoding v2.3.1
[INFO] [stderr]    Compiling smallvec v1.13.2
[INFO] [stderr]    Compiling anstyle-query v1.0.2
[INFO] [stderr]    Compiling regex-syntax v0.8.3
[INFO] [stderr]    Compiling tower-layer v0.3.2
[INFO] [stderr]    Compiling tower-service v0.3.2
[INFO] [stderr]    Compiling form_urlencoded v1.2.1
[INFO] [stderr]    Compiling anstream v0.6.13
[INFO] [stderr]    Compiling unicode-normalization v0.1.23
[INFO] [stderr]    Compiling block-buffer v0.10.4
[INFO] [stderr]    Compiling crypto-common v0.1.6
[INFO] [stderr]    Compiling getrandom v0.2.14
[INFO] [stderr]    Compiling unicode-bidi v0.3.15
[INFO] [stderr]    Compiling serde_json v1.0.116
[INFO] [stderr]    Compiling ryu v1.0.17
[INFO] [stderr]    Compiling idna v0.5.0
[INFO] [stderr]    Compiling rand_core v0.6.4
[INFO] [stderr]    Compiling digest v0.10.7
[INFO] [stderr]    Compiling tokio-util v0.7.10
[INFO] [stderr]    Compiling http-body-util v0.1.1
[INFO] [stderr]    Compiling cpufeatures v0.2.12
[INFO] [stderr]    Compiling anyhow v1.0.83
[INFO] [stderr]    Compiling ppv-lite86 v0.2.17
[INFO] [stderr]    Compiling base64 v0.22.0
[INFO] [stderr]    Compiling h2 v0.4.4
[INFO] [stderr]    Compiling portable-atomic v1.6.0
[INFO] [stderr]    Compiling regex-automata v0.4.6
[INFO] [stderr]    Compiling rustls-pki-types v1.5.0
[INFO] [stderr]    Compiling serde_derive v1.0.200
[INFO] [stderr]    Compiling pin-project-internal v1.1.5
[INFO] [stderr]    Compiling openssl-macros v0.1.1
[INFO] [stderr]    Compiling rustls-pemfile v2.1.2
[INFO] [stderr]    Compiling rand_chacha v0.3.1
[INFO] [stderr]    Compiling url v2.5.0
[INFO] [stderr]    Compiling encoding_rs v0.8.34
[INFO] [stderr]    Compiling pin-project v1.1.5
[INFO] [stderr]    Compiling tower v0.4.13
[INFO] [stderr]    Compiling sync_wrapper v0.1.2
[INFO] [stderr]    Compiling heck v0.5.0
[INFO] [stderr]    Compiling ipnet v2.9.0
[INFO] [stderr]    Compiling mime v0.3.17
[INFO] [stderr]    Compiling regex v1.10.4
[INFO] [stderr]    Compiling clap_lex v0.7.0
[INFO] [stderr]    Compiling env_filter v0.1.0
[INFO] [stderr]    Compiling strsim v0.11.1
[INFO] [stderr]    Compiling winnow v0.6.6
[INFO] [stderr]    Compiling env_logger v0.11.3
[INFO] [stderr]    Compiling clap_builder v4.5.2
[INFO] [stderr]    Compiling clap_derive v4.5.4
[INFO] [stderr]    Compiling console v0.15.8
[INFO] [stderr]    Compiling hyper v1.3.1
[INFO] [stderr]    Compiling tokio-native-tls v0.3.1
[INFO] [stderr]    Compiling rand v0.8.5
[INFO] [stderr]    Compiling uuid-macro-internal v1.8.0
[INFO] [stderr]    Compiling sha1 v0.10.6
[INFO] [stderr]    Compiling hyper-util v0.1.3
[INFO] [stderr]    Compiling same-file v1.0.6
[INFO] [stderr]    Compiling walkdir v2.5.0
[INFO] [stderr]    Compiling indicatif v0.17.8
[INFO] [stderr]    Compiling uuid v1.8.0
[INFO] [stderr]    Compiling clap v4.5.4
[INFO] [stderr]    Compiling sha-1 v0.10.1
[INFO] [stderr]    Compiling hyper-tls v0.6.0
[INFO] [stderr]    Compiling serde_urlencoded v0.7.1
[INFO] [stderr]    Compiling serde_spanned v0.6.5
[INFO] [stderr]    Compiling toml_datetime v0.6.5
[INFO] [stderr]    Compiling toml_edit v0.22.12
[INFO] [stderr]    Compiling reqwest v0.12.4
[INFO] [stderr]    Compiling toml v0.8.12
[INFO] [stderr]    Compiling mc-api v0.1.0 (/opt/rustwide/workdir/mc-api)
[INFO] [stderr]    Compiling launcher v0.1.0 (/opt/rustwide/workdir)
[INFO] [stderr]     Finished `dev` profile [unoptimized + debuginfo] target(s) in 2m 05s
[INFO] running `Command { std: "docker" "inspect" "abe27316e432319088329cbad46add1dc8a5368a7a29f6128b8e4c1458f733ca", kill_on_drop: false }`
[INFO] running `Command { std: "docker" "rm" "-f" "abe27316e432319088329cbad46add1dc8a5368a7a29f6128b8e4c1458f733ca", kill_on_drop: false }`
[INFO] [stdout] abe27316e432319088329cbad46add1dc8a5368a7a29f6128b8e4c1458f733ca
[INFO] running `Command { std: "docker" "create" "-v" "/var/lib/crater-agent-workspace/builds/worker-2-tc2/target:/opt/rustwide/target:rw,Z" "-v" "/var/lib/crater-agent-workspace/builds/worker-2-tc2/source:/opt/rustwide/workdir:ro,Z" "-v" "/var/lib/crater-agent-workspace/cargo-home:/opt/rustwide/cargo-home:ro,Z" "-v" "/var/lib/crater-agent-workspace/rustup-home:/opt/rustwide/rustup-home:ro,Z" "-e" "SOURCE_DIR=/opt/rustwide/workdir" "-e" "CARGO_TARGET_DIR=/opt/rustwide/target" "-e" "CARGO_INCREMENTAL=0" "-e" "RUST_BACKTRACE=full" "-e" "RUSTFLAGS=--cap-lints=warn" "-e" "RUSTDOCFLAGS=--cap-lints=warn" "-e" "CARGO_HOME=/opt/rustwide/cargo-home" "-e" "RUSTUP_HOME=/opt/rustwide/rustup-home" "-w" "/opt/rustwide/workdir" "-m" "1610612736" "--user" "0:0" "--network" "none" "ghcr.io/rust-lang/crates-build-env/linux@sha256:f3a9d4ad9d972b27faf3965f35b62e55ba32bbce8f20bc8fe909558a86702fde" "/opt/rustwide/cargo-home/bin/cargo" "+beta-2024-12-08" "test" "--frozen" "--no-run" "--message-format=json", kill_on_drop: false }`
[INFO] [stdout] ee9b082db1dd703f60e29d12ccadfc05d5501d540427f19811cb77b6045b6611
[INFO] running `Command { std: "docker" "start" "-a" "ee9b082db1dd703f60e29d12ccadfc05d5501d540427f19811cb77b6045b6611", kill_on_drop: false }`
[INFO] [stderr]    Compiling launcher v0.1.0 (/opt/rustwide/workdir)
[INFO] [stderr]     Finished `test` profile [unoptimized + debuginfo] target(s) in 4.58s
[INFO] running `Command { std: "docker" "inspect" "ee9b082db1dd703f60e29d12ccadfc05d5501d540427f19811cb77b6045b6611", kill_on_drop: false }`
[INFO] running `Command { std: "docker" "rm" "-f" "ee9b082db1dd703f60e29d12ccadfc05d5501d540427f19811cb77b6045b6611", kill_on_drop: false }`
[INFO] [stdout] ee9b082db1dd703f60e29d12ccadfc05d5501d540427f19811cb77b6045b6611
[INFO] running `Command { std: "docker" "create" "-v" "/var/lib/crater-agent-workspace/builds/worker-2-tc2/target:/opt/rustwide/target:rw,Z" "-v" "/var/lib/crater-agent-workspace/builds/worker-2-tc2/source:/opt/rustwide/workdir:ro,Z" "-v" "/var/lib/crater-agent-workspace/cargo-home:/opt/rustwide/cargo-home:ro,Z" "-v" "/var/lib/crater-agent-workspace/rustup-home:/opt/rustwide/rustup-home:ro,Z" "-e" "SOURCE_DIR=/opt/rustwide/workdir" "-e" "CARGO_TARGET_DIR=/opt/rustwide/target" "-e" "CARGO_INCREMENTAL=0" "-e" "RUST_BACKTRACE=full" "-e" "RUSTFLAGS=--cap-lints=warn" "-e" "RUSTDOCFLAGS=--cap-lints=warn" "-e" "CARGO_HOME=/opt/rustwide/cargo-home" "-e" "RUSTUP_HOME=/opt/rustwide/rustup-home" "-w" "/opt/rustwide/workdir" "-m" "1610612736" "--user" "0:0" "--network" "none" "ghcr.io/rust-lang/crates-build-env/linux@sha256:f3a9d4ad9d972b27faf3965f35b62e55ba32bbce8f20bc8fe909558a86702fde" "/opt/rustwide/cargo-home/bin/cargo" "+beta-2024-12-08" "test" "--frozen", kill_on_drop: false }`
[INFO] [stdout] f569be82e1ad7b4c914b434ae2b1f6c1ac716bfedb916b2acbb4bfbd363f986b
[INFO] running `Command { std: "docker" "start" "-a" "f569be82e1ad7b4c914b434ae2b1f6c1ac716bfedb916b2acbb4bfbd363f986b", kill_on_drop: false }`
[INFO] [stderr]     Finished `test` profile [unoptimized + debuginfo] target(s) in 0.16s
[INFO] [stderr]      Running unittests src/lib.rs (/opt/rustwide/target/debug/deps/launcher-27d91a520ccd42c4)
[INFO] [stdout] 
[INFO] [stdout] running 1 test
[INFO] [stdout] test mcargument::test_replace_arguments ... ok
[INFO] [stderr]      Running unittests src/main.rs (/opt/rustwide/target/debug/deps/launcher-7d17a895377aff39)
[INFO] [stdout] 
[INFO] [stderr]    Doc-tests launcher
[INFO] [stdout] test result: ok. 1 passed; 0 failed; 0 ignored; 0 measured; 0 filtered out; finished in 0.02s
[INFO] [stdout] 
[INFO] [stdout] 
[INFO] [stdout] running 0 tests
[INFO] [stdout] 
[INFO] [stdout] test result: ok. 0 passed; 0 failed; 0 ignored; 0 measured; 0 filtered out; finished in 0.00s
[INFO] [stdout] 
[INFO] [stdout] 
[INFO] [stdout] running 6 tests
[INFO] [stdout] test src/install/mod.rs - install::TaskPool<T>::len (line 171) ... FAILED
[INFO] [stdout] test src/install/mod.rs - install::TaskPool<T>::append (line 241) ... FAILED
[INFO] [stdout] test src/install/mod.rs - install::TaskPool<T>::new (line 156) ... ok
[INFO] [stdout] test src/install/mod.rs - install::TaskPool<T>::is_empty (line 185) ... ok
[INFO] [stdout] test src/install/mod.rs - install::TaskPool<T>::push_back (line 220) ... ok
[INFO] [stdout] test src/install/mod.rs - install::TaskPool<T>::pop_back (line 203) ... ok
[INFO] [stdout] 
[INFO] [stdout] failures:
[INFO] [stdout] 
[INFO] [stdout] ---- src/install/mod.rs - install::TaskPool<T>::len (line 171) stdout ----
[INFO] [stdout] error: linking with `cc` failed: exit status: 1
[INFO] [stdout]   |
[INFO] [stdout]   = note: LC_ALL="C" PATH="/opt/rustwide/rustup-home/toolchains/beta-2024-12-08-x86_64-unknown-linux-gnu/lib/rustlib/x86_64-unknown-linux-gnu/bin:/opt/rustwide/cargo-home/bin:/usr/local/sbin:/usr/local/bin:/usr/sbin:/usr/bin:/sbin:/bin" VSLANG="1033" "cc" "-m64" "/tmp/rustcWtC1xm/symbols.o" "/tmp/rustdoctestaR0WvR/rust_out.rust_out.9242fac72db2cd11-cgu.0.rcgu.o" "/tmp/rustdoctestaR0WvR/rust_out.2hl2tb9xdtge7mguxzn2q1kvi.rcgu.o" "-Wl,--as-needed" "-Wl,-Bstatic" "/opt/rustwide/target/debug/deps/liblauncher-bb4c1e4a0ff99208.rlib" "/opt/rustwide/target/debug/deps/libsha1-86b669384e0ba1a9.rlib" "/opt/rustwide/target/debug/deps/libindicatif-6643e917100d8770.rlib" "/opt/rustwide/target/debug/deps/libportable_atomic-fcf8a3460819be3e.rlib" "/opt/rustwide/target/debug/deps/libnumber_prefix-32290b097e7f8875.rlib" "/opt/rustwide/target/debug/deps/libconsole-745f6bfce0d78555.rlib" "/opt/rustwide/target/debug/deps/libunicode_width-cfceec31e2d6206b.rlib" "/opt/rustwide/target/debug/deps/liblazy_static-efa3519517df6cf0.rlib" "/opt/rustwide/target/debug/deps/libuuid-cb184771c05a351a.rlib" "/opt/rustwide/target/debug/deps/librand-f7eb59ad7351d6e8.rlib" "/opt/rustwide/target/debug/deps/librand_chacha-bccc1f25154e9dff.rlib" "/opt/rustwide/target/debug/deps/libppv_lite86-6355e3a2f5357626.rlib" "/opt/rustwide/target/debug/deps/librand_core-34efe3f1f128b065.rlib" "/opt/rustwide/target/debug/deps/libgetrandom-cd342152f55aa17a.rlib" "/opt/rustwide/target/debug/deps/libmc_api-1c6ea2fda784f746.rlib" "/opt/rustwide/target/debug/deps/libreqwest-22bd651f0314741e.rlib" "/opt/rustwide/target/debug/deps/librustls_pemfile-23496bdb23a19e69.rlib" "/opt/rustwide/target/debug/deps/librustls_pki_types-025149ae40cbbbcc.rlib" "/opt/rustwide/target/debug/deps/libbase64-bee381116a2a0c87.rlib" "/opt/rustwide/target/debug/deps/libipnet-5d86936adafddcc9.rlib" "/opt/rustwide/target/debug/deps/libhyper_tls-498893863c35562a.rlib" "/opt/rustwide/target/debug/deps/libtokio_native_tls-ad5e237f1446485d.rlib" "/opt/rustwide/target/debug/deps/libserde_urlencoded-323c78972504ff66.rlib" "/opt/rustwide/target/debug/deps/libmime-a9df5a780629fb7d.rlib" "/opt/rustwide/target/debug/deps/libencoding_rs-72c6ecdc91029a85.rlib" "/opt/rustwide/target/debug/deps/libserde_json-54b33aed1ddae69a.rlib" "/opt/rustwide/target/debug/deps/libryu-4305639b8ee77ec1.rlib" "/opt/rustwide/target/debug/deps/libnative_tls-e1c931d508580ac0.rlib" "/opt/rustwide/target/debug/deps/libopenssl_probe-ed1174850529d944.rlib" "/opt/rustwide/target/debug/deps/libopenssl-8eebd5f9f4ff4a0a.rlib" "/opt/rustwide/target/debug/deps/libbitflags-73a3465e70e0bb19.rlib" "/opt/rustwide/target/debug/deps/libforeign_types-2619a4331d8b6eb7.rlib" "/opt/rustwide/target/debug/deps/libforeign_types_shared-c35523625cfd8702.rlib" "/opt/rustwide/target/debug/deps/libopenssl_sys-57dfea65b7312012.rlib" "/opt/rustwide/target/debug/deps/libhyper_util-1dec1c133887ad56.rlib" "/opt/rustwide/target/debug/deps/libtower-d5c4194561c5aeee.rlib" "/opt/rustwide/target/debug/deps/libpin_project-57a10ef60294bafd.rlib" "/opt/rustwide/target/debug/deps/libtower_layer-8945467366ba7da8.rlib" "/opt/rustwide/target/debug/deps/libtower_service-7daacb91dc19d256.rlib" "/opt/rustwide/target/debug/deps/libhyper-218bd623a5934503.rlib" "/opt/rustwide/target/debug/deps/libwant-254baf7a3ce1b24f.rlib" "/opt/rustwide/target/debug/deps/libtry_lock-523daa20a4acb788.rlib" "/opt/rustwide/target/debug/deps/libsmallvec-e47cf4c2f7e4fd50.rlib" "/opt/rustwide/target/debug/deps/libhttparse-2dbc320ca65411a3.rlib" "/opt/rustwide/target/debug/deps/libh2-90d46af5d3ce0701.rlib" "/opt/rustwide/target/debug/deps/libindexmap-e19a6ae0b23a44bc.rlib" "/opt/rustwide/target/debug/deps/libequivalent-e4dc2e1acc32de2c.rlib" "/opt/rustwide/target/debug/deps/libhashbrown-ad909cf2cd84416e.rlib" "/opt/rustwide/target/debug/deps/libtokio_util-0786196a12e66c4d.rlib" "/opt/rustwide/target/debug/deps/libtracing-d29e3e5c5b195ce0.rlib" "/opt/rustwide/target/debug/deps/libtracing_core-494c8f77b83eb5be.rlib" "/opt/rustwide/target/debug/deps/libonce_cell-334d739f4e3a4961.rlib" "/opt/rustwide/target/debug/deps/libfutures_channel-1cc6a797ffeca2d3.rlib" "/opt/rustwide/target/debug/deps/libtokio-81d3a361103c3290.rlib" "/opt/rustwide/target/debug/deps/libnum_cpus-f92a2249bcff4bcb.rlib" "/opt/rustwide/target/debug/deps/libsocket2-c9fa7111cab5edc9.rlib" "/opt/rustwide/target/debug/deps/libmio-033873ca71868144.rlib" "/opt/rustwide/target/debug/deps/liblibc-db6d1022cbe7c1eb.rlib" "/opt/rustwide/target/debug/deps/libhttp_body_util-5e69a9abb73941e2.rlib" "/opt/rustwide/target/debug/deps/libhttp_body-01fe647f02915e90.rlib" "/opt/rustwide/target/debug/deps/libfutures_util-cc95e981683042fb.rlib" "/opt/rustwide/target/debug/deps/libfutures_io-b01d4a1afd6f88b5.rlib" "/opt/rustwide/target/debug/deps/libslab-4af98065b6656afb.rlib" "/opt/rustwide/target/debug/deps/libpin_project_lite-92287217d9698c36.rlib" "/opt/rustwide/target/debug/deps/libfutures_sink-be8c0dbcc571dd8d.rlib" "/opt/rustwide/target/debug/deps/libfutures_task-5f891dfd68443eda.rlib" "/opt/rustwide/target/debug/deps/libpin_utils-e8360a4d12f71807.rlib" "/opt/rustwide/target/debug/deps/libfutures_core-b7e48a954509deff.rlib" "/opt/rustwide/target/debug/deps/liburl-34e94d54e26c08e0.rlib" "/opt/rustwide/target/debug/deps/libidna-77e463d244e20468.rlib" "/opt/rustwide/target/debug/deps/libunicode_normalization-184ea3783b9704ed.rlib" "/opt/rustwide/target/debug/deps/libtinyvec-dcbbce603bc23510.rlib" "/opt/rustwide/target/debug/deps/libtinyvec_macros-333661e3b238a9a3.rlib" "/opt/rustwide/target/debug/deps/libunicode_bidi-9b64cff028edaa87.rlib" "/opt/rustwide/target/debug/deps/libform_urlencoded-59e65d5ba0f82c92.rlib" "/opt/rustwide/target/debug/deps/libpercent_encoding-fc63a8437ca6afa3.rlib" "/opt/rustwide/target/debug/deps/libhttp-a1be63427794076b.rlib" "/opt/rustwide/target/debug/deps/libitoa-307f5b8ccbe1a9f3.rlib" "/opt/rustwide/target/debug/deps/libbytes-2732d0fbd5e31f67.rlib" "/opt/rustwide/target/debug/deps/libfnv-953831fe314029b4.rlib" "/opt/rustwide/target/debug/deps/libhex-bf5d7c1623e40692.rlib" "/opt/rustwide/target/debug/deps/liblog-7b75ec81b7344c77.rlib" "/opt/rustwide/target/debug/deps/libanyhow-7c659f8305bd2bc8.rlib" "/opt/rustwide/target/debug/deps/libserde-c382353703d52588.rlib" "/opt/rustwide/target/debug/deps/libsha1-7b90341a76349ec7.rlib" "/opt/rustwide/target/debug/deps/libcpufeatures-6b5d33967087d885.rlib" "/opt/rustwide/target/debug/deps/libcfg_if-a3e7e701fcd1f47b.rlib" "/opt/rustwide/target/debug/deps/libdigest-c84df7ec6d03d262.rlib" "/opt/rustwide/target/debug/deps/libblock_buffer-1c810e7ce630e20d.rlib" "/opt/rustwide/target/debug/deps/libcrypto_common-c9a7249a89218cc0.rlib" "/opt/rustwide/target/debug/deps/libgeneric_array-8204c0397cddb82b.rlib" "/opt/rustwide/target/debug/deps/libtypenum-b40ba058056b0bf8.rlib" "/opt/rustwide/target/debug/deps/libregex-5d643ad489837c7e.rlib" "/opt/rustwide/target/debug/deps/libregex_automata-65fbcc2e7272c41b.rlib" "/opt/rustwide/target/debug/deps/libaho_corasick-7caac28eed5e421d.rlib" "/opt/rustwide/target/debug/deps/libmemchr-d8470a4b578ef69c.rlib" "/opt/rustwide/target/debug/deps/libregex_syntax-96109dd5bfd35bc9.rlib" "/opt/rustwide/target/debug/deps/libclap-6101327c7d0ce1ed.rlib" "/opt/rustwide/target/debug/deps/libclap_builder-0488ea40e61176ea.rlib" "/opt/rustwide/target/debug/deps/libstrsim-92ad05d142a27bd8.rlib" "/opt/rustwide/target/debug/deps/libanstream-f53be55b49cda91a.rlib" "/opt/rustwide/target/debug/deps/libanstyle_query-f19e96befdf44a77.rlib" "/opt/rustwide/target/debug/deps/libcolorchoice-d395abfad8a7a372.rlib" "/opt/rustwide/target/debug/deps/libanstyle_parse-7219d04ae72ede9e.rlib" "/opt/rustwide/target/debug/deps/libutf8parse-39ed42569342c469.rlib" "/opt/rustwide/target/debug/deps/libclap_lex-8d490d9c09223880.rlib" "/opt/rustwide/target/debug/deps/libanstyle-392ffcd059bb6a00.rlib" "/opt/rustwide/rustup-home/toolchains/beta-2024-12-08-x86_64-unknown-linux-gnu/lib/rustlib/x86_64-unknown-linux-gnu/lib/libstd-02dc84f49135b6b8.rlib" "/opt/rustwide/rustup-home/toolchains/beta-2024-12-08-x86_64-unknown-linux-gnu/lib/rustlib/x86_64-unknown-linux-gnu/lib/libpanic_unwind-a8f45b397fae3f81.rlib" "/opt/rustwide/rustup-home/toolchains/beta-2024-12-08-x86_64-unknown-linux-gnu/lib/rustlib/x86_64-unknown-linux-gnu/lib/libobject-089607133c180609.rlib" "/opt/rustwide/rustup-home/toolchains/beta-2024-12-08-x86_64-unknown-linux-gnu/lib/rustlib/x86_64-unknown-linux-gnu/lib/libmemchr-fc89f091bcd86cbb.rlib" "/opt/rustwide/rustup-home/toolchains/beta-2024-12-08-x86_64-unknown-linux-gnu/lib/rustlib/x86_64-unknown-linux-gnu/lib/libaddr2line-5a60949f01c7340c.rlib" "/opt/rustwide/rustup-home/toolchains/beta-2024-12-08-x86_64-unknown-linux-gnu/lib/rustlib/x86_64-unknown-linux-gnu/lib/libgimli-d29e6a55ca253c8c.rlib" "/opt/rustwide/rustup-home/toolchains/beta-2024-12-08-x86_64-unknown-linux-gnu/lib/rustlib/x86_64-unknown-linux-gnu/lib/librustc_demangle-273c078d5f65de7a.rlib" "/opt/rustwide/rustup-home/toolchains/beta-2024-12-08-x86_64-unknown-linux-gnu/lib/rustlib/x86_64-unknown-linux-gnu/lib/libstd_detect-413c950ffbdd4454.rlib" "/opt/rustwide/rustup-home/toolchains/beta-2024-12-08-x86_64-unknown-linux-gnu/lib/rustlib/x86_64-unknown-linux-gnu/lib/libhashbrown-1853c0976a1d88a6.rlib" "/opt/rustwide/rustup-home/toolchains/beta-2024-12-08-x86_64-unknown-linux-gnu/lib/rustlib/x86_64-unknown-linux-gnu/lib/librustc_std_workspace_alloc-ccb3384ddacb0f9e.rlib" "/opt/rustwide/rustup-home/toolchains/beta-2024-12-08-x86_64-unknown-linux-gnu/lib/rustlib/x86_64-unknown-linux-gnu/lib/libminiz_oxide-0b901dfb0ca849e0.rlib" "/opt/rustwide/rustup-home/toolchains/beta-2024-12-08-x86_64-unknown-linux-gnu/lib/rustlib/x86_64-unknown-linux-gnu/lib/libadler-eebeb8d7c64543ad.rlib" "/opt/rustwide/rustup-home/toolchains/beta-2024-12-08-x86_64-unknown-linux-gnu/lib/rustlib/x86_64-unknown-linux-gnu/lib/libunwind-4723ef81d6079867.rlib" "/opt/rustwide/rustup-home/toolchains/beta-2024-12-08-x86_64-unknown-linux-gnu/lib/rustlib/x86_64-unknown-linux-gnu/lib/libcfg_if-54442f8b422f5a54.rlib" "/opt/rustwide/rustup-home/toolchains/beta-2024-12-08-x86_64-unknown-linux-gnu/lib/rustlib/x86_64-unknown-linux-gnu/lib/liblibc-e0bbe034b5282553.rlib" "/opt/rustwide/rustup-home/toolchains/beta-2024-12-08-x86_64-unknown-linux-gnu/lib/rustlib/x86_64-unknown-linux-gnu/lib/liballoc-d0febb68c1c37b90.rlib" "/opt/rustwide/rustup-home/toolchains/beta-2024-12-08-x86_64-unknown-linux-gnu/lib/rustlib/x86_64-unknown-linux-gnu/lib/librustc_std_workspace_core-4cf833632aafa84c.rlib" "/opt/rustwide/rustup-home/toolchains/beta-2024-12-08-x86_64-unknown-linux-gnu/lib/rustlib/x86_64-unknown-linux-gnu/lib/libcore-65c2c6d2d6ae570b.rlib" "/opt/rustwide/rustup-home/toolchains/beta-2024-12-08-x86_64-unknown-linux-gnu/lib/rustlib/x86_64-unknown-linux-gnu/lib/libcompiler_builtins-97929cee0dcfe424.rlib" "-Wl,-Bdynamic" "-lssl" "-lcrypto" "-lgcc_s" "-lutil" "-lrt" "-lpthread" "-lm" "-ldl" "-lc" "-Wl,--eh-frame-hdr" "-Wl,-z,noexecstack" "-L" "/opt/rustwide/rustup-home/toolchains/beta-2024-12-08-x86_64-unknown-linux-gnu/lib/rustlib/x86_64-unknown-linux-gnu/lib" "-o" "/tmp/rustdoctestaR0WvR/rust_out" "-Wl,--gc-sections" "-pie" "-Wl,-z,relro,-z,now" "-nodefaultlibs"
[INFO] [stdout]   = note: collect2: fatal error: ld terminated with signal 9 [Killed]
[INFO] [stdout]           compilation terminated.
[INFO] [stdout]           
[INFO] [stdout] 
[INFO] [stdout] error: aborting due to 1 previous error
[INFO] [stdout] 
[INFO] [stdout] Couldn't compile the test.
[INFO] [stdout] ---- src/install/mod.rs - install::TaskPool<T>::append (line 241) stdout ----
[INFO] [stdout] error: linking with `cc` failed: exit status: 1
[INFO] [stdout]   |
[INFO] [stdout]   = note: LC_ALL="C" PATH="/opt/rustwide/rustup-home/toolchains/beta-2024-12-08-x86_64-unknown-linux-gnu/lib/rustlib/x86_64-unknown-linux-gnu/bin:/opt/rustwide/cargo-home/bin:/usr/local/sbin:/usr/local/bin:/usr/sbin:/usr/bin:/sbin:/bin" VSLANG="1033" "cc" "-m64" "/tmp/rustc317yuh/symbols.o" "/tmp/rustdoctestvfEU1L/rust_out.rust_out.9242fac72db2cd11-cgu.0.rcgu.o" "/tmp/rustdoctestvfEU1L/rust_out.2hl2tb9xdtge7mguxzn2q1kvi.rcgu.o" "-Wl,--as-needed" "-Wl,-Bstatic" "/opt/rustwide/target/debug/deps/liblauncher-bb4c1e4a0ff99208.rlib" "/opt/rustwide/target/debug/deps/libsha1-86b669384e0ba1a9.rlib" "/opt/rustwide/target/debug/deps/libindicatif-6643e917100d8770.rlib" "/opt/rustwide/target/debug/deps/libportable_atomic-fcf8a3460819be3e.rlib" "/opt/rustwide/target/debug/deps/libnumber_prefix-32290b097e7f8875.rlib" "/opt/rustwide/target/debug/deps/libconsole-745f6bfce0d78555.rlib" "/opt/rustwide/target/debug/deps/libunicode_width-cfceec31e2d6206b.rlib" "/opt/rustwide/target/debug/deps/liblazy_static-efa3519517df6cf0.rlib" "/opt/rustwide/target/debug/deps/libuuid-cb184771c05a351a.rlib" "/opt/rustwide/target/debug/deps/librand-f7eb59ad7351d6e8.rlib" "/opt/rustwide/target/debug/deps/librand_chacha-bccc1f25154e9dff.rlib" "/opt/rustwide/target/debug/deps/libppv_lite86-6355e3a2f5357626.rlib" "/opt/rustwide/target/debug/deps/librand_core-34efe3f1f128b065.rlib" "/opt/rustwide/target/debug/deps/libgetrandom-cd342152f55aa17a.rlib" "/opt/rustwide/target/debug/deps/libmc_api-1c6ea2fda784f746.rlib" "/opt/rustwide/target/debug/deps/libreqwest-22bd651f0314741e.rlib" "/opt/rustwide/target/debug/deps/librustls_pemfile-23496bdb23a19e69.rlib" "/opt/rustwide/target/debug/deps/librustls_pki_types-025149ae40cbbbcc.rlib" "/opt/rustwide/target/debug/deps/libbase64-bee381116a2a0c87.rlib" "/opt/rustwide/target/debug/deps/libipnet-5d86936adafddcc9.rlib" "/opt/rustwide/target/debug/deps/libhyper_tls-498893863c35562a.rlib" "/opt/rustwide/target/debug/deps/libtokio_native_tls-ad5e237f1446485d.rlib" "/opt/rustwide/target/debug/deps/libserde_urlencoded-323c78972504ff66.rlib" "/opt/rustwide/target/debug/deps/libmime-a9df5a780629fb7d.rlib" "/opt/rustwide/target/debug/deps/libencoding_rs-72c6ecdc91029a85.rlib" "/opt/rustwide/target/debug/deps/libserde_json-54b33aed1ddae69a.rlib" "/opt/rustwide/target/debug/deps/libryu-4305639b8ee77ec1.rlib" "/opt/rustwide/target/debug/deps/libnative_tls-e1c931d508580ac0.rlib" "/opt/rustwide/target/debug/deps/libopenssl_probe-ed1174850529d944.rlib" "/opt/rustwide/target/debug/deps/libopenssl-8eebd5f9f4ff4a0a.rlib" "/opt/rustwide/target/debug/deps/libbitflags-73a3465e70e0bb19.rlib" "/opt/rustwide/target/debug/deps/libforeign_types-2619a4331d8b6eb7.rlib" "/opt/rustwide/target/debug/deps/libforeign_types_shared-c35523625cfd8702.rlib" "/opt/rustwide/target/debug/deps/libopenssl_sys-57dfea65b7312012.rlib" "/opt/rustwide/target/debug/deps/libhyper_util-1dec1c133887ad56.rlib" "/opt/rustwide/target/debug/deps/libtower-d5c4194561c5aeee.rlib" "/opt/rustwide/target/debug/deps/libpin_project-57a10ef60294bafd.rlib" "/opt/rustwide/target/debug/deps/libtower_layer-8945467366ba7da8.rlib" "/opt/rustwide/target/debug/deps/libtower_service-7daacb91dc19d256.rlib" "/opt/rustwide/target/debug/deps/libhyper-218bd623a5934503.rlib" "/opt/rustwide/target/debug/deps/libwant-254baf7a3ce1b24f.rlib" "/opt/rustwide/target/debug/deps/libtry_lock-523daa20a4acb788.rlib" "/opt/rustwide/target/debug/deps/libsmallvec-e47cf4c2f7e4fd50.rlib" "/opt/rustwide/target/debug/deps/libhttparse-2dbc320ca65411a3.rlib" "/opt/rustwide/target/debug/deps/libh2-90d46af5d3ce0701.rlib" "/opt/rustwide/target/debug/deps/libindexmap-e19a6ae0b23a44bc.rlib" "/opt/rustwide/target/debug/deps/libequivalent-e4dc2e1acc32de2c.rlib" "/opt/rustwide/target/debug/deps/libhashbrown-ad909cf2cd84416e.rlib" "/opt/rustwide/target/debug/deps/libtokio_util-0786196a12e66c4d.rlib" "/opt/rustwide/target/debug/deps/libtracing-d29e3e5c5b195ce0.rlib" "/opt/rustwide/target/debug/deps/libtracing_core-494c8f77b83eb5be.rlib" "/opt/rustwide/target/debug/deps/libonce_cell-334d739f4e3a4961.rlib" "/opt/rustwide/target/debug/deps/libfutures_channel-1cc6a797ffeca2d3.rlib" "/opt/rustwide/target/debug/deps/libtokio-81d3a361103c3290.rlib" "/opt/rustwide/target/debug/deps/libnum_cpus-f92a2249bcff4bcb.rlib" "/opt/rustwide/target/debug/deps/libsocket2-c9fa7111cab5edc9.rlib" "/opt/rustwide/target/debug/deps/libmio-033873ca71868144.rlib" "/opt/rustwide/target/debug/deps/liblibc-db6d1022cbe7c1eb.rlib" "/opt/rustwide/target/debug/deps/libhttp_body_util-5e69a9abb73941e2.rlib" "/opt/rustwide/target/debug/deps/libhttp_body-01fe647f02915e90.rlib" "/opt/rustwide/target/debug/deps/libfutures_util-cc95e981683042fb.rlib" "/opt/rustwide/target/debug/deps/libfutures_io-b01d4a1afd6f88b5.rlib" "/opt/rustwide/target/debug/deps/libslab-4af98065b6656afb.rlib" "/opt/rustwide/target/debug/deps/libpin_project_lite-92287217d9698c36.rlib" "/opt/rustwide/target/debug/deps/libfutures_sink-be8c0dbcc571dd8d.rlib" "/opt/rustwide/target/debug/deps/libfutures_task-5f891dfd68443eda.rlib" "/opt/rustwide/target/debug/deps/libpin_utils-e8360a4d12f71807.rlib" "/opt/rustwide/target/debug/deps/libfutures_core-b7e48a954509deff.rlib" "/opt/rustwide/target/debug/deps/liburl-34e94d54e26c08e0.rlib" "/opt/rustwide/target/debug/deps/libidna-77e463d244e20468.rlib" "/opt/rustwide/target/debug/deps/libunicode_normalization-184ea3783b9704ed.rlib" "/opt/rustwide/target/debug/deps/libtinyvec-dcbbce603bc23510.rlib" "/opt/rustwide/target/debug/deps/libtinyvec_macros-333661e3b238a9a3.rlib" "/opt/rustwide/target/debug/deps/libunicode_bidi-9b64cff028edaa87.rlib" "/opt/rustwide/target/debug/deps/libform_urlencoded-59e65d5ba0f82c92.rlib" "/opt/rustwide/target/debug/deps/libpercent_encoding-fc63a8437ca6afa3.rlib" "/opt/rustwide/target/debug/deps/libhttp-a1be63427794076b.rlib" "/opt/rustwide/target/debug/deps/libitoa-307f5b8ccbe1a9f3.rlib" "/opt/rustwide/target/debug/deps/libbytes-2732d0fbd5e31f67.rlib" "/opt/rustwide/target/debug/deps/libfnv-953831fe314029b4.rlib" "/opt/rustwide/target/debug/deps/libhex-bf5d7c1623e40692.rlib" "/opt/rustwide/target/debug/deps/liblog-7b75ec81b7344c77.rlib" "/opt/rustwide/target/debug/deps/libanyhow-7c659f8305bd2bc8.rlib" "/opt/rustwide/target/debug/deps/libserde-c382353703d52588.rlib" "/opt/rustwide/target/debug/deps/libsha1-7b90341a76349ec7.rlib" "/opt/rustwide/target/debug/deps/libcpufeatures-6b5d33967087d885.rlib" "/opt/rustwide/target/debug/deps/libcfg_if-a3e7e701fcd1f47b.rlib" "/opt/rustwide/target/debug/deps/libdigest-c84df7ec6d03d262.rlib" "/opt/rustwide/target/debug/deps/libblock_buffer-1c810e7ce630e20d.rlib" "/opt/rustwide/target/debug/deps/libcrypto_common-c9a7249a89218cc0.rlib" "/opt/rustwide/target/debug/deps/libgeneric_array-8204c0397cddb82b.rlib" "/opt/rustwide/target/debug/deps/libtypenum-b40ba058056b0bf8.rlib" "/opt/rustwide/target/debug/deps/libregex-5d643ad489837c7e.rlib" "/opt/rustwide/target/debug/deps/libregex_automata-65fbcc2e7272c41b.rlib" "/opt/rustwide/target/debug/deps/libaho_corasick-7caac28eed5e421d.rlib" "/opt/rustwide/target/debug/deps/libmemchr-d8470a4b578ef69c.rlib" "/opt/rustwide/target/debug/deps/libregex_syntax-96109dd5bfd35bc9.rlib" "/opt/rustwide/target/debug/deps/libclap-6101327c7d0ce1ed.rlib" "/opt/rustwide/target/debug/deps/libclap_builder-0488ea40e61176ea.rlib" "/opt/rustwide/target/debug/deps/libstrsim-92ad05d142a27bd8.rlib" "/opt/rustwide/target/debug/deps/libanstream-f53be55b49cda91a.rlib" "/opt/rustwide/target/debug/deps/libanstyle_query-f19e96befdf44a77.rlib" "/opt/rustwide/target/debug/deps/libcolorchoice-d395abfad8a7a372.rlib" "/opt/rustwide/target/debug/deps/libanstyle_parse-7219d04ae72ede9e.rlib" "/opt/rustwide/target/debug/deps/libutf8parse-39ed42569342c469.rlib" "/opt/rustwide/target/debug/deps/libclap_lex-8d490d9c09223880.rlib" "/opt/rustwide/target/debug/deps/libanstyle-392ffcd059bb6a00.rlib" "/opt/rustwide/rustup-home/toolchains/beta-2024-12-08-x86_64-unknown-linux-gnu/lib/rustlib/x86_64-unknown-linux-gnu/lib/libstd-02dc84f49135b6b8.rlib" "/opt/rustwide/rustup-home/toolchains/beta-2024-12-08-x86_64-unknown-linux-gnu/lib/rustlib/x86_64-unknown-linux-gnu/lib/libpanic_unwind-a8f45b397fae3f81.rlib" "/opt/rustwide/rustup-home/toolchains/beta-2024-12-08-x86_64-unknown-linux-gnu/lib/rustlib/x86_64-unknown-linux-gnu/lib/libobject-089607133c180609.rlib" "/opt/rustwide/rustup-home/toolchains/beta-2024-12-08-x86_64-unknown-linux-gnu/lib/rustlib/x86_64-unknown-linux-gnu/lib/libmemchr-fc89f091bcd86cbb.rlib" "/opt/rustwide/rustup-home/toolchains/beta-2024-12-08-x86_64-unknown-linux-gnu/lib/rustlib/x86_64-unknown-linux-gnu/lib/libaddr2line-5a60949f01c7340c.rlib" "/opt/rustwide/rustup-home/toolchains/beta-2024-12-08-x86_64-unknown-linux-gnu/lib/rustlib/x86_64-unknown-linux-gnu/lib/libgimli-d29e6a55ca253c8c.rlib" "/opt/rustwide/rustup-home/toolchains/beta-2024-12-08-x86_64-unknown-linux-gnu/lib/rustlib/x86_64-unknown-linux-gnu/lib/librustc_demangle-273c078d5f65de7a.rlib" "/opt/rustwide/rustup-home/toolchains/beta-2024-12-08-x86_64-unknown-linux-gnu/lib/rustlib/x86_64-unknown-linux-gnu/lib/libstd_detect-413c950ffbdd4454.rlib" "/opt/rustwide/rustup-home/toolchains/beta-2024-12-08-x86_64-unknown-linux-gnu/lib/rustlib/x86_64-unknown-linux-gnu/lib/libhashbrown-1853c0976a1d88a6.rlib" "/opt/rustwide/rustup-home/toolchains/beta-2024-12-08-x86_64-unknown-linux-gnu/lib/rustlib/x86_64-unknown-linux-gnu/lib/librustc_std_workspace_alloc-ccb3384ddacb0f9e.rlib" "/opt/rustwide/rustup-home/toolchains/beta-2024-12-08-x86_64-unknown-linux-gnu/lib/rustlib/x86_64-unknown-linux-gnu/lib/libminiz_oxide-0b901dfb0ca849e0.rlib" "/opt/rustwide/rustup-home/toolchains/beta-2024-12-08-x86_64-unknown-linux-gnu/lib/rustlib/x86_64-unknown-linux-gnu/lib/libadler-eebeb8d7c64543ad.rlib" "/opt/rustwide/rustup-home/toolchains/beta-2024-12-08-x86_64-unknown-linux-gnu/lib/rustlib/x86_64-unknown-linux-gnu/lib/libunwind-4723ef81d6079867.rlib" "/opt/rustwide/rustup-home/toolchains/beta-2024-12-08-x86_64-unknown-linux-gnu/lib/rustlib/x86_64-unknown-linux-gnu/lib/libcfg_if-54442f8b422f5a54.rlib" "/opt/rustwide/rustup-home/toolchains/beta-2024-12-08-x86_64-unknown-linux-gnu/lib/rustlib/x86_64-unknown-linux-gnu/lib/liblibc-e0bbe034b5282553.rlib" "/opt/rustwide/rustup-home/toolchains/beta-2024-12-08-x86_64-unknown-linux-gnu/lib/rustlib/x86_64-unknown-linux-gnu/lib/liballoc-d0febb68c1c37b90.rlib" "/opt/rustwide/rustup-home/toolchains/beta-2024-12-08-x86_64-unknown-linux-gnu/lib/rustlib/x86_64-unknown-linux-gnu/lib/librustc_std_workspace_core-4cf833632aafa84c.rlib" "/opt/rustwide/rustup-home/toolchains/beta-2024-12-08-x86_64-unknown-linux-gnu/lib/rustlib/x86_64-unknown-linux-gnu/lib/libcore-65c2c6d2d6ae570b.rlib" "/opt/rustwide/rustup-home/toolchains/beta-2024-12-08-x86_64-unknown-linux-gnu/lib/rustlib/x86_64-unknown-linux-gnu/lib/libcompiler_builtins-97929cee0dcfe424.rlib" "-Wl,-Bdynamic" "-lssl" "-lcrypto" "-lgcc_s" "-lutil" "-lrt" "-lpthread" "-lm" "-ldl" "-lc" "-Wl,--eh-frame-hdr" "-Wl,-z,noexecstack" "-L" "/opt/rustwide/rustup-home/toolchains/beta-2024-12-08-x86_64-unknown-linux-gnu/lib/rustlib/x86_64-unknown-linux-gnu/lib" "-o" "/tmp/rustdoctestvfEU1L/rust_out" "-Wl,--gc-sections" "-pie" "-Wl,-z,relro,-z,now" "-nodefaultlibs"
[INFO] [stdout]   = note: collect2: fatal error: ld terminated with signal 9 [Killed]
[INFO] [stdout]           compilation terminated.
[INFO] [stdout]           
[INFO] [stdout] 
[INFO] [stdout] error: aborting due to 1 previous error
[INFO] [stdout] 
[INFO] [stdout] Couldn't compile the test.
[INFO] [stdout] 
[INFO] [stdout] failures:
[INFO] [stdout]     src/install/mod.rs - install::TaskPool<T>::append (line 241)
[INFO] [stdout]     src/install/mod.rs - install::TaskPool<T>::len (line 171)
[INFO] [stdout] 
[INFO] [stdout] test result: FAILED. 4 passed; 2 failed; 0 ignored; 0 measured; 0 filtered out; finished in 13.78s
[INFO] [stdout] 
[INFO] [stderr] error: doctest failed, to rerun pass `--doc`
[INFO] running `Command { std: "docker" "inspect" "f569be82e1ad7b4c914b434ae2b1f6c1ac716bfedb916b2acbb4bfbd363f986b", kill_on_drop: false }`
[INFO] running `Command { std: "docker" "rm" "-f" "f569be82e1ad7b4c914b434ae2b1f6c1ac716bfedb916b2acbb4bfbd363f986b", kill_on_drop: false }`
[INFO] [stdout] f569be82e1ad7b4c914b434ae2b1f6c1ac716bfedb916b2acbb4bfbd363f986b
