[INFO] cloning repository https://github.com/frroossst/mipstenite
[INFO] running `Command { std: "git" "-c" "credential.helper=" "-c" "credential.helper=/workspace/cargo-home/bin/git-credential-null" "clone" "--bare" "https://github.com/frroossst/mipstenite" "/workspace/cache/git-repos/https%3A%2F%2Fgithub.com%2Ffrroossst%2Fmipstenite", kill_on_drop: false }`
[INFO] [stderr] Cloning into bare repository '/workspace/cache/git-repos/https%3A%2F%2Fgithub.com%2Ffrroossst%2Fmipstenite'...
[INFO] running `Command { std: "git" "rev-parse" "HEAD", kill_on_drop: false }`
[INFO] [stdout] 6bfdf217e86977c5dfebb2e4e975a5a85e74b961
[INFO] testing frroossst/mipstenite against 1.83.0 for beta-1.84.0-4-retry
[INFO] running `Command { std: "git" "clone" "/workspace/cache/git-repos/https%3A%2F%2Fgithub.com%2Ffrroossst%2Fmipstenite" "/workspace/builds/worker-7-tc1/source", kill_on_drop: false }`
[INFO] [stderr] Cloning into '/workspace/builds/worker-7-tc1/source'...
[INFO] [stderr] done.
[INFO] validating manifest of git repo https://github.com/frroossst/mipstenite on toolchain 1.83.0
[INFO] running `Command { std: CARGO_HOME="/workspace/cargo-home" RUSTUP_HOME="/workspace/rustup-home" "/workspace/cargo-home/bin/cargo" "+1.83.0" "metadata" "--manifest-path" "Cargo.toml" "--no-deps", kill_on_drop: false }`
[INFO] started tweaking git repo https://github.com/frroossst/mipstenite
[INFO] finished tweaking git repo https://github.com/frroossst/mipstenite
[INFO] tweaked toml for git repo https://github.com/frroossst/mipstenite written to /workspace/builds/worker-7-tc1/source/Cargo.toml
[INFO] crate git repo https://github.com/frroossst/mipstenite already has a lockfile, it will not be regenerated
[INFO] running `Command { std: CARGO_HOME="/workspace/cargo-home" RUSTUP_HOME="/workspace/rustup-home" "/workspace/cargo-home/bin/cargo" "+1.83.0" "fetch" "--manifest-path" "Cargo.toml", kill_on_drop: false }`
[INFO] [stderr] warning: unused manifest key: env
[INFO] [stderr]  Downloading crates ...
[INFO] [stderr]   Downloaded clap v4.4.11
[INFO] [stderr]   Downloaded clap_builder v4.4.11
[INFO] running `Command { std: "docker" "create" "-v" "/var/lib/crater-agent-workspace/builds/worker-7-tc1/target:/opt/rustwide/target:rw,Z" "-v" "/var/lib/crater-agent-workspace/builds/worker-7-tc1/source:/opt/rustwide/workdir:ro,Z" "-v" "/var/lib/crater-agent-workspace/cargo-home:/opt/rustwide/cargo-home:ro,Z" "-v" "/var/lib/crater-agent-workspace/rustup-home:/opt/rustwide/rustup-home:ro,Z" "-e" "SOURCE_DIR=/opt/rustwide/workdir" "-e" "CARGO_TARGET_DIR=/opt/rustwide/target" "-e" "CARGO_HOME=/opt/rustwide/cargo-home" "-e" "RUSTUP_HOME=/opt/rustwide/rustup-home" "-w" "/opt/rustwide/workdir" "-m" "1610612736" "--user" "0:0" "--network" "none" "ghcr.io/rust-lang/crates-build-env/linux@sha256:f3a9d4ad9d972b27faf3965f35b62e55ba32bbce8f20bc8fe909558a86702fde" "/opt/rustwide/cargo-home/bin/cargo" "+1.83.0" "metadata" "--no-deps" "--format-version=1", kill_on_drop: false }`
[INFO] [stdout] e834ae76b04b4e9b3473f0e9065f75bddcb3a2146025102ba9799fd9392b08ac
[INFO] running `Command { std: "docker" "start" "-a" "e834ae76b04b4e9b3473f0e9065f75bddcb3a2146025102ba9799fd9392b08ac", kill_on_drop: false }`
[INFO] running `Command { std: "docker" "inspect" "e834ae76b04b4e9b3473f0e9065f75bddcb3a2146025102ba9799fd9392b08ac", kill_on_drop: false }`
[INFO] running `Command { std: "docker" "rm" "-f" "e834ae76b04b4e9b3473f0e9065f75bddcb3a2146025102ba9799fd9392b08ac", kill_on_drop: false }`
[INFO] [stdout] e834ae76b04b4e9b3473f0e9065f75bddcb3a2146025102ba9799fd9392b08ac
[INFO] running `Command { std: "docker" "create" "-v" "/var/lib/crater-agent-workspace/builds/worker-7-tc1/target:/opt/rustwide/target:rw,Z" "-v" "/var/lib/crater-agent-workspace/builds/worker-7-tc1/source:/opt/rustwide/workdir:ro,Z" "-v" "/var/lib/crater-agent-workspace/cargo-home:/opt/rustwide/cargo-home:ro,Z" "-v" "/var/lib/crater-agent-workspace/rustup-home:/opt/rustwide/rustup-home:ro,Z" "-e" "SOURCE_DIR=/opt/rustwide/workdir" "-e" "CARGO_TARGET_DIR=/opt/rustwide/target" "-e" "CARGO_INCREMENTAL=0" "-e" "RUST_BACKTRACE=full" "-e" "RUSTFLAGS=--cap-lints=warn" "-e" "RUSTDOCFLAGS=--cap-lints=warn" "-e" "CARGO_HOME=/opt/rustwide/cargo-home" "-e" "RUSTUP_HOME=/opt/rustwide/rustup-home" "-w" "/opt/rustwide/workdir" "-m" "1610612736" "--user" "0:0" "--network" "none" "ghcr.io/rust-lang/crates-build-env/linux@sha256:f3a9d4ad9d972b27faf3965f35b62e55ba32bbce8f20bc8fe909558a86702fde" "/opt/rustwide/cargo-home/bin/cargo" "+1.83.0" "build" "--frozen" "--message-format=json", kill_on_drop: false }`
[INFO] [stdout] 44434d01aa24581f956c3d72d81a3adfe479e39f2852e10054954dd672d3e534
[INFO] running `Command { std: "docker" "start" "-a" "44434d01aa24581f956c3d72d81a3adfe479e39f2852e10054954dd672d3e534", kill_on_drop: false }`
[INFO] [stderr] warning: unused manifest key: env
[INFO] [stderr]    Compiling proc-macro2 v1.0.70
[INFO] [stderr]    Compiling unicode-ident v1.0.12
[INFO] [stderr]    Compiling memchr v2.6.4
[INFO] [stderr]    Compiling rustix v0.38.28
[INFO] [stderr]    Compiling linux-raw-sys v0.4.12
[INFO] [stderr]    Compiling bitflags v2.4.1
[INFO] [stderr]    Compiling utf8parse v0.2.1
[INFO] [stderr]    Compiling regex-syntax v0.8.2
[INFO] [stderr]    Compiling anstyle v1.0.4
[INFO] [stderr]    Compiling anstyle-parse v0.2.3
[INFO] [stderr]    Compiling colorchoice v1.0.0
[INFO] [stderr]    Compiling serde v1.0.193
[INFO] [stderr]    Compiling anstyle-query v1.0.2
[INFO] [stderr]    Compiling anstream v0.6.5
[INFO] [stderr]    Compiling termcolor v1.4.0
[INFO] [stderr]    Compiling clap_lex v0.6.0
[INFO] [stderr]    Compiling strsim v0.10.0
[INFO] [stderr]    Compiling minimal-lexical v0.2.1
[INFO] [stderr]    Compiling heck v0.4.1
[INFO] [stderr]    Compiling aho-corasick v1.1.2
[INFO] [stderr]    Compiling humantime v2.1.0
[INFO] [stderr]    Compiling log v0.4.20
[INFO] [stderr]    Compiling quote v1.0.33
[INFO] [stderr]    Compiling nom v7.1.3
[INFO] [stderr]    Compiling clap_builder v4.4.11
[INFO] [stderr]    Compiling syn v2.0.39
[INFO] [stderr]    Compiling bytecount v0.6.7
[INFO] [stderr]    Compiling is-terminal v0.4.9
[INFO] [stderr]    Compiling regex-automata v0.4.3
[INFO] [stderr]    Compiling nom_locate v4.2.0
[INFO] [stderr]    Compiling serde_derive v1.0.193
[INFO] [stderr]    Compiling clap_derive v4.4.7
[INFO] [stderr]    Compiling regex v1.10.2
[INFO] [stderr]    Compiling env_logger v0.10.1
[INFO] [stderr]    Compiling pretty_env_logger v0.5.0
[INFO] [stderr]    Compiling clap v4.4.11
[INFO] [stderr]    Compiling bincode v1.3.3
[INFO] [stderr]    Compiling mipstenite v0.1.0 (/opt/rustwide/workdir)
[INFO] [stdout] warning: unused import: `HashMap`
[INFO] [stdout]  --> src/memory.rs:1:24
[INFO] [stdout]   |
[INFO] [stdout] 1 | use std::collections::{HashMap, BTreeMap};
[INFO] [stdout]   |                        ^^^^^^^
[INFO] [stdout]   |
[INFO] [stdout]   = note: `#[warn(unused_imports)]` on by default
[INFO] [stdout] 
[INFO] [stdout] 
[INFO] [stdout] warning: unreachable pattern
[INFO] [stdout]    --> src/bytecode.rs:143:13
[INFO] [stdout]     |
[INFO] [stdout] 143 |             _ => { unimplemented!() }
[INFO] [stdout]     |             ^ no value can reach this
[INFO] [stdout]     |
[INFO] [stdout] note: multiple earlier patterns match some of the same values
[INFO] [stdout]    --> src/bytecode.rs:143:13
[INFO] [stdout]     |
[INFO] [stdout] 123 |             AsmInstruction::LI(reg, imm) => {
[INFO] [stdout]     |             ---------------------------- matches some of the same values
[INFO] [stdout] ...
[INFO] [stdout] 127 |             AsmInstruction::ADD(src, op1, op2) => {
[INFO] [stdout]     |             ---------------------------------- matches some of the same values
[INFO] [stdout] ...
[INFO] [stdout] 133 |             AsmInstruction::JUMP(where_to) => {
[INFO] [stdout]     |             ------------------------------ matches some of the same values
[INFO] [stdout] ...
[INFO] [stdout] 143 |             _ => { unimplemented!() }
[INFO] [stdout]     |             ^ collectively making this unreachable
[INFO] [stdout]     = note: `#[warn(unreachable_patterns)]` on by default
[INFO] [stdout] 
[INFO] [stdout] 
[INFO] [stdout] warning: unused variable: `label`
[INFO] [stdout]    --> src/bytecode.rs:135:36
[INFO] [stdout]     |
[INFO] [stdout] 135 |                     WhereTo::Label(label) => {
[INFO] [stdout]     |                                    ^^^^^ help: if this is intentional, prefix it with an underscore: `_label`
[INFO] [stdout]     |
[INFO] [stdout]     = note: `#[warn(unused_variables)]` on by default
[INFO] [stdout] 
[INFO] [stdout] 
[INFO] [stdout] warning: function `eol_comment` is never used
[INFO] [stdout]   --> src/parser.rs:53:4
[INFO] [stdout]    |
[INFO] [stdout] 53 | fn eol_comment<'a>(i: Span<'a>) -> IResult<Span<'a>, String, ParserVerboseError> {
[INFO] [stdout]    |    ^^^^^^^^^^^
[INFO] [stdout]    |
[INFO] [stdout]    = note: `#[warn(dead_code)]` on by default
[INFO] [stdout] 
[INFO] [stdout] 
[INFO] [stdout] warning: struct `Word` is never constructed
[INFO] [stdout]   --> src/memory.rs:11:8
[INFO] [stdout]    |
[INFO] [stdout] 11 | struct Word {
[INFO] [stdout]    |        ^^^^
[INFO] [stdout] 
[INFO] [stdout] 
[INFO] [stdout] warning: struct `HalfWord` is never constructed
[INFO] [stdout]   --> src/memory.rs:20:8
[INFO] [stdout]    |
[INFO] [stdout] 20 | struct HalfWord {
[INFO] [stdout]    |        ^^^^^^^^
[INFO] [stdout] 
[INFO] [stdout] 
[INFO] [stderr]     Finished `dev` profile [unoptimized + debuginfo] target(s) in 46.68s
[INFO] running `Command { std: "docker" "inspect" "44434d01aa24581f956c3d72d81a3adfe479e39f2852e10054954dd672d3e534", kill_on_drop: false }`
[INFO] running `Command { std: "docker" "rm" "-f" "44434d01aa24581f956c3d72d81a3adfe479e39f2852e10054954dd672d3e534", kill_on_drop: false }`
[INFO] [stdout] 44434d01aa24581f956c3d72d81a3adfe479e39f2852e10054954dd672d3e534
[INFO] running `Command { std: "docker" "create" "-v" "/var/lib/crater-agent-workspace/builds/worker-7-tc1/target:/opt/rustwide/target:rw,Z" "-v" "/var/lib/crater-agent-workspace/builds/worker-7-tc1/source:/opt/rustwide/workdir:ro,Z" "-v" "/var/lib/crater-agent-workspace/cargo-home:/opt/rustwide/cargo-home:ro,Z" "-v" "/var/lib/crater-agent-workspace/rustup-home:/opt/rustwide/rustup-home:ro,Z" "-e" "SOURCE_DIR=/opt/rustwide/workdir" "-e" "CARGO_TARGET_DIR=/opt/rustwide/target" "-e" "CARGO_INCREMENTAL=0" "-e" "RUST_BACKTRACE=full" "-e" "RUSTFLAGS=--cap-lints=warn" "-e" "RUSTDOCFLAGS=--cap-lints=warn" "-e" "CARGO_HOME=/opt/rustwide/cargo-home" "-e" "RUSTUP_HOME=/opt/rustwide/rustup-home" "-w" "/opt/rustwide/workdir" "-m" "1610612736" "--user" "0:0" "--network" "none" "ghcr.io/rust-lang/crates-build-env/linux@sha256:f3a9d4ad9d972b27faf3965f35b62e55ba32bbce8f20bc8fe909558a86702fde" "/opt/rustwide/cargo-home/bin/cargo" "+1.83.0" "test" "--frozen" "--no-run" "--message-format=json", kill_on_drop: false }`
[INFO] [stdout] dc2ce9587758b3c19b8bf126a069f91cd8d15fb8c7cfde22b53547d9ef68f7fe
[INFO] running `Command { std: "docker" "start" "-a" "dc2ce9587758b3c19b8bf126a069f91cd8d15fb8c7cfde22b53547d9ef68f7fe", kill_on_drop: false }`
[INFO] [stderr] warning: unused manifest key: env
[INFO] [stdout] warning: unused import: `HashMap`
[INFO] [stdout]  --> src/memory.rs:1:24
[INFO] [stdout]   |
[INFO] [stdout] 1 | use std::collections::{HashMap, BTreeMap};
[INFO] [stdout]   |                        ^^^^^^^
[INFO] [stdout]   |
[INFO] [stdout]   = note: `#[warn(unused_imports)]` on by default
[INFO] [stdout] 
[INFO] [stdout] 
[INFO] [stderr]    Compiling mipstenite v0.1.0 (/opt/rustwide/workdir)
[INFO] [stdout] warning: unreachable pattern
[INFO] [stdout]    --> src/bytecode.rs:143:13
[INFO] [stdout]     |
[INFO] [stdout] 143 |             _ => { unimplemented!() }
[INFO] [stdout]     |             ^ no value can reach this
[INFO] [stdout]     |
[INFO] [stdout] note: multiple earlier patterns match some of the same values
[INFO] [stdout]    --> src/bytecode.rs:143:13
[INFO] [stdout]     |
[INFO] [stdout] 123 |             AsmInstruction::LI(reg, imm) => {
[INFO] [stdout]     |             ---------------------------- matches some of the same values
[INFO] [stdout] ...
[INFO] [stdout] 127 |             AsmInstruction::ADD(src, op1, op2) => {
[INFO] [stdout]     |             ---------------------------------- matches some of the same values
[INFO] [stdout] ...
[INFO] [stdout] 133 |             AsmInstruction::JUMP(where_to) => {
[INFO] [stdout]     |             ------------------------------ matches some of the same values
[INFO] [stdout] ...
[INFO] [stdout] 143 |             _ => { unimplemented!() }
[INFO] [stdout]     |             ^ collectively making this unreachable
[INFO] [stdout]     = note: `#[warn(unreachable_patterns)]` on by default
[INFO] [stdout] 
[INFO] [stdout] 
[INFO] [stdout] warning: unused variable: `label`
[INFO] [stdout]    --> src/bytecode.rs:135:36
[INFO] [stdout]     |
[INFO] [stdout] 135 |                     WhereTo::Label(label) => {
[INFO] [stdout]     |                                    ^^^^^ help: if this is intentional, prefix it with an underscore: `_label`
[INFO] [stdout]     |
[INFO] [stdout]     = note: `#[warn(unused_variables)]` on by default
[INFO] [stdout] 
[INFO] [stdout] 
[INFO] [stdout] warning: function `eol_comment` is never used
[INFO] [stdout]   --> src/parser.rs:53:4
[INFO] [stdout]    |
[INFO] [stdout] 53 | fn eol_comment<'a>(i: Span<'a>) -> IResult<Span<'a>, String, ParserVerboseError> {
[INFO] [stdout]    |    ^^^^^^^^^^^
[INFO] [stdout]    |
[INFO] [stdout]    = note: `#[warn(dead_code)]` on by default
[INFO] [stdout] 
[INFO] [stdout] 
[INFO] [stdout] warning: struct `Word` is never constructed
[INFO] [stdout]   --> src/memory.rs:11:8
[INFO] [stdout]    |
[INFO] [stdout] 11 | struct Word {
[INFO] [stdout]    |        ^^^^
[INFO] [stdout] 
[INFO] [stdout] 
[INFO] [stdout] warning: struct `HalfWord` is never constructed
[INFO] [stdout]   --> src/memory.rs:20:8
[INFO] [stdout]    |
[INFO] [stdout] 20 | struct HalfWord {
[INFO] [stdout]    |        ^^^^^^^^
[INFO] [stdout] 
[INFO] [stdout] 
[INFO] [stdout] warning: unused import: `HashMap`
[INFO] [stdout]  --> src/memory.rs:1:24
[INFO] [stdout]   |
[INFO] [stdout] 1 | use std::collections::{HashMap, BTreeMap};
[INFO] [stdout]   |                        ^^^^^^^
[INFO] [stdout]   |
[INFO] [stdout]   = note: `#[warn(unused_imports)]` on by default
[INFO] [stdout] 
[INFO] [stdout] 
[INFO] [stdout] warning: unused variable: `result`
[INFO] [stdout]    --> src/parser.rs:295:13
[INFO] [stdout]     |
[INFO] [stdout] 295 |         let result = parse_instruction(Span::new(input));
[INFO] [stdout]     |             ^^^^^^ help: if this is intentional, prefix it with an underscore: `_result`
[INFO] [stdout]     |
[INFO] [stdout]     = note: `#[warn(unused_variables)]` on by default
[INFO] [stdout] 
[INFO] [stdout] 
[INFO] [stdout] warning: unreachable pattern
[INFO] [stdout]    --> src/bytecode.rs:143:13
[INFO] [stdout]     |
[INFO] [stdout] 143 |             _ => { unimplemented!() }
[INFO] [stdout]     |             ^ no value can reach this
[INFO] [stdout]     |
[INFO] [stdout] note: multiple earlier patterns match some of the same values
[INFO] [stdout]    --> src/bytecode.rs:143:13
[INFO] [stdout]     |
[INFO] [stdout] 123 |             AsmInstruction::LI(reg, imm) => {
[INFO] [stdout]     |             ---------------------------- matches some of the same values
[INFO] [stdout] ...
[INFO] [stdout] 127 |             AsmInstruction::ADD(src, op1, op2) => {
[INFO] [stdout]     |             ---------------------------------- matches some of the same values
[INFO] [stdout] ...
[INFO] [stdout] 133 |             AsmInstruction::JUMP(where_to) => {
[INFO] [stdout]     |             ------------------------------ matches some of the same values
[INFO] [stdout] ...
[INFO] [stdout] 143 |             _ => { unimplemented!() }
[INFO] [stdout]     |             ^ collectively making this unreachable
[INFO] [stdout]     = note: `#[warn(unreachable_patterns)]` on by default
[INFO] [stdout] 
[INFO] [stdout] 
[INFO] [stdout] warning: unused variable: `label`
[INFO] [stdout]    --> src/bytecode.rs:135:36
[INFO] [stdout]     |
[INFO] [stdout] 135 |                     WhereTo::Label(label) => {
[INFO] [stdout]     |                                    ^^^^^ help: if this is intentional, prefix it with an underscore: `_label`
[INFO] [stdout] 
[INFO] [stdout] 
[INFO] [stdout] warning: struct `Word` is never constructed
[INFO] [stdout]   --> src/memory.rs:11:8
[INFO] [stdout]    |
[INFO] [stdout] 11 | struct Word {
[INFO] [stdout]    |        ^^^^
[INFO] [stdout]    |
[INFO] [stdout]    = note: `#[warn(dead_code)]` on by default
[INFO] [stdout] 
[INFO] [stdout] 
[INFO] [stdout] warning: struct `HalfWord` is never constructed
[INFO] [stdout]   --> src/memory.rs:20:8
[INFO] [stdout]    |
[INFO] [stdout] 20 | struct HalfWord {
[INFO] [stdout]    |        ^^^^^^^^
[INFO] [stdout] 
[INFO] [stdout] 
[INFO] [stderr]     Finished `test` profile [unoptimized + debuginfo] target(s) in 3.06s
[INFO] running `Command { std: "docker" "inspect" "dc2ce9587758b3c19b8bf126a069f91cd8d15fb8c7cfde22b53547d9ef68f7fe", kill_on_drop: false }`
[INFO] running `Command { std: "docker" "rm" "-f" "dc2ce9587758b3c19b8bf126a069f91cd8d15fb8c7cfde22b53547d9ef68f7fe", kill_on_drop: false }`
[INFO] [stdout] dc2ce9587758b3c19b8bf126a069f91cd8d15fb8c7cfde22b53547d9ef68f7fe
[INFO] running `Command { std: "docker" "create" "-v" "/var/lib/crater-agent-workspace/builds/worker-7-tc1/target:/opt/rustwide/target:rw,Z" "-v" "/var/lib/crater-agent-workspace/builds/worker-7-tc1/source:/opt/rustwide/workdir:ro,Z" "-v" "/var/lib/crater-agent-workspace/cargo-home:/opt/rustwide/cargo-home:ro,Z" "-v" "/var/lib/crater-agent-workspace/rustup-home:/opt/rustwide/rustup-home:ro,Z" "-e" "SOURCE_DIR=/opt/rustwide/workdir" "-e" "CARGO_TARGET_DIR=/opt/rustwide/target" "-e" "CARGO_INCREMENTAL=0" "-e" "RUST_BACKTRACE=full" "-e" "RUSTFLAGS=--cap-lints=warn" "-e" "RUSTDOCFLAGS=--cap-lints=warn" "-e" "CARGO_HOME=/opt/rustwide/cargo-home" "-e" "RUSTUP_HOME=/opt/rustwide/rustup-home" "-w" "/opt/rustwide/workdir" "-m" "1610612736" "--user" "0:0" "--network" "none" "ghcr.io/rust-lang/crates-build-env/linux@sha256:f3a9d4ad9d972b27faf3965f35b62e55ba32bbce8f20bc8fe909558a86702fde" "/opt/rustwide/cargo-home/bin/cargo" "+1.83.0" "test" "--frozen", kill_on_drop: false }`
[INFO] [stdout] cff5e34337e81f37d45e626494129e5290dba6e9b2b82ae41de1ca814303a0eb
[INFO] running `Command { std: "docker" "start" "-a" "cff5e34337e81f37d45e626494129e5290dba6e9b2b82ae41de1ca814303a0eb", kill_on_drop: false }`
[INFO] [stderr] warning: unused manifest key: env
[INFO] [stderr] warning: unused import: `HashMap`
[INFO] [stderr]  --> src/memory.rs:1:24
[INFO] [stderr]   |
[INFO] [stderr] 1 | use std::collections::{HashMap, BTreeMap};
[INFO] [stderr]   |                        ^^^^^^^
[INFO] [stderr]   |
[INFO] [stderr]   = note: `#[warn(unused_imports)]` on by default
[INFO] [stderr] 
[INFO] [stderr] warning: unreachable pattern
[INFO] [stderr]    --> src/bytecode.rs:143:13
[INFO] [stderr]     |
[INFO] [stderr] 143 |             _ => { unimplemented!() }
[INFO] [stderr]     |             ^ no value can reach this
[INFO] [stderr]     |
[INFO] [stderr] note: multiple earlier patterns match some of the same values
[INFO] [stderr]    --> src/bytecode.rs:143:13
[INFO] [stderr]     |
[INFO] [stderr] 123 |             AsmInstruction::LI(reg, imm) => {
[INFO] [stderr]     |             ---------------------------- matches some of the same values
[INFO] [stderr] ...
[INFO] [stderr] 127 |             AsmInstruction::ADD(src, op1, op2) => {
[INFO] [stderr]     |             ---------------------------------- matches some of the same values
[INFO] [stderr] ...
[INFO] [stderr] 133 |             AsmInstruction::JUMP(where_to) => {
[INFO] [stderr]     |             ------------------------------ matches some of the same values
[INFO] [stderr] ...
[INFO] [stderr] 143 |             _ => { unimplemented!() }
[INFO] [stderr]     |             ^ collectively making this unreachable
[INFO] [stderr]     = note: `#[warn(unreachable_patterns)]` on by default
[INFO] [stderr] 
[INFO] [stderr] warning: unused variable: `label`
[INFO] [stderr]    --> src/bytecode.rs:135:36
[INFO] [stderr]     |
[INFO] [stderr] 135 |                     WhereTo::Label(label) => {
[INFO] [stderr]     |                                    ^^^^^ help: if this is intentional, prefix it with an underscore: `_label`
[INFO] [stderr]     |
[INFO] [stderr]     = note: `#[warn(unused_variables)]` on by default
[INFO] [stderr] 
[INFO] [stderr] warning: function `eol_comment` is never used
[INFO] [stderr]   --> src/parser.rs:53:4
[INFO] [stderr]    |
[INFO] [stderr] 53 | fn eol_comment<'a>(i: Span<'a>) -> IResult<Span<'a>, String, ParserVerboseError> {
[INFO] [stderr]    |    ^^^^^^^^^^^
[INFO] [stderr]    |
[INFO] [stderr]    = note: `#[warn(dead_code)]` on by default
[INFO] [stderr] 
[INFO] [stderr] warning: struct `Word` is never constructed
[INFO] [stderr]   --> src/memory.rs:11:8
[INFO] [stderr]    |
[INFO] [stderr] 11 | struct Word {
[INFO] [stderr]    |        ^^^^
[INFO] [stderr] 
[INFO] [stderr] warning: struct `HalfWord` is never constructed
[INFO] [stderr]   --> src/memory.rs:20:8
[INFO] [stderr]    |
[INFO] [stderr] 20 | struct HalfWord {
[INFO] [stderr]    |        ^^^^^^^^
[INFO] [stderr] 
[INFO] [stderr] warning: `mipstenite` (lib) generated 6 warnings (run `cargo fix --lib -p mipstenite` to apply 1 suggestion)
[INFO] [stderr] warning: unused variable: `result`
[INFO] [stderr]    --> src/parser.rs:295:13
[INFO] [stderr]     |
[INFO] [stderr] 295 |         let result = parse_instruction(Span::new(input));
[INFO] [stderr]     |             ^^^^^^ help: if this is intentional, prefix it with an underscore: `_result`
[INFO] [stderr]     |
[INFO] [stderr]     = note: `#[warn(unused_variables)]` on by default
[INFO] [stderr] 
[INFO] [stderr] warning: unused variable: `label`
[INFO] [stderr]    --> src/bytecode.rs:135:36
[INFO] [stderr]     |
[INFO] [stderr] 135 |                     WhereTo::Label(label) => {
[INFO] [stderr]     |                                    ^^^^^ help: if this is intentional, prefix it with an underscore: `_label`
[INFO] [stderr] 
[INFO] [stderr] warning: struct `Word` is never constructed
[INFO] [stderr]   --> src/memory.rs:11:8
[INFO] [stderr]    |
[INFO] [stderr] 11 | struct Word {
[INFO] [stderr]    |        ^^^^
[INFO] [stderr]    |
[INFO] [stderr]    = note: `#[warn(dead_code)]` on by default
[INFO] [stderr] 
[INFO] [stderr] warning: `mipstenite` (lib test) generated 6 warnings (3 duplicates)
[INFO] [stderr]     Finished `test` profile [unoptimized + debuginfo] target(s) in 0.06s
[INFO] [stderr]      Running unittests src/lib.rs (/opt/rustwide/target/debug/deps/mipstenite-3f3727ce8a7b0266)
[INFO] [stdout] 
[INFO] [stdout] running 11 tests
[INFO] [stdout] test bytecode::tests::test_to_li ... ok
[INFO] [stdout] test parser::tests::test_eol_comment ... ok
[INFO] [stdout] test bytecode::tests::test_to_add ... ok
[INFO] [stdout] test parser::tests::test_parse_instruction ... ok
[INFO] [stdout] test parser::tests::test_parse_instruction_multiline ... ok
[INFO] [stdout] test virtual_machine::tests::test_negative_li ... ok
[INFO] [stdout] test debug_table::tests::test_bytecode_linenum_lookup ... ok
[INFO] [stdout] test bytecode::tests::test_to_jump ... ok
[INFO] [stdout] test parser::tests::test_parse_text_section ... ok
[INFO] [stdout] test virtual_machine::tests::test_vm_add ... ok
[INFO] [stderr] error: test failed, to rerun pass `--lib`
[INFO] [stdout] test parser::tests::test_integrated_all ... FAILED
[INFO] [stdout] 
[INFO] [stdout] failures:
[INFO] [stdout] 
[INFO] [stdout] ---- parser::tests::test_integrated_all stdout ----
[INFO] [stdout] thread 'parser::tests::test_integrated_all' panicked at src/parser.rs:316:9:
[INFO] [stdout] not implemented: integrated tests
[INFO] [stdout] stack backtrace:
[INFO] [stdout]    0:     0x6236b6a22b6a - std::backtrace_rs::backtrace::libunwind::trace::h5a5b8284f2d0c266
[INFO] [stdout]                                at /rustc/90b35a6239c3d8bdabc530a6a0816f7ff89a0aaf/library/std/src/../../backtrace/src/backtrace/libunwind.rs:116:5
[INFO] [stdout]    1:     0x6236b6a22b6a - std::backtrace_rs::backtrace::trace_unsynchronized::h76d4f1c9b0b875e3
[INFO] [stdout]                                at /rustc/90b35a6239c3d8bdabc530a6a0816f7ff89a0aaf/library/std/src/../../backtrace/src/backtrace/mod.rs:66:5
[INFO] [stdout]    2:     0x6236b6a22b6a - std::sys::backtrace::_print_fmt::hc4546b8364a537c6
[INFO] [stdout]                                at /rustc/90b35a6239c3d8bdabc530a6a0816f7ff89a0aaf/library/std/src/sys/backtrace.rs:66:9
[INFO] [stdout]    3:     0x6236b6a22b6a - <std::sys::backtrace::BacktraceLock::print::DisplayBacktrace as core::fmt::Display>::fmt::h5b6bd5631a6d1f6b
[INFO] [stdout]                                at /rustc/90b35a6239c3d8bdabc530a6a0816f7ff89a0aaf/library/std/src/sys/backtrace.rs:39:26
[INFO] [stdout]    4:     0x6236b6a47fb3 - core::fmt::rt::Argument::fmt::h270f6602a2b96f62
[INFO] [stdout]                                at /rustc/90b35a6239c3d8bdabc530a6a0816f7ff89a0aaf/library/core/src/fmt/rt.rs:177:76
[INFO] [stdout]    5:     0x6236b6a47fb3 - core::fmt::write::h7550c97b06c86515
[INFO] [stdout]                                at /rustc/90b35a6239c3d8bdabc530a6a0816f7ff89a0aaf/library/core/src/fmt/mod.rs:1186:21
[INFO] [stdout]    6:     0x6236b6a1fd33 - std::io::Write::write_fmt::h509ff860e5956e5e
[INFO] [stdout]                                at /rustc/90b35a6239c3d8bdabc530a6a0816f7ff89a0aaf/library/std/src/io/mod.rs:1839:15
[INFO] [stdout]    7:     0x6236b6a229b2 - std::sys::backtrace::BacktraceLock::print::h2395ccd2c84ba3aa
[INFO] [stdout]                                at /rustc/90b35a6239c3d8bdabc530a6a0816f7ff89a0aaf/library/std/src/sys/backtrace.rs:42:9
[INFO] [stdout]    8:     0x6236b6a23fca - std::panicking::default_hook::{{closure}}::he19d4c7230e07961
[INFO] [stdout]                                at /rustc/90b35a6239c3d8bdabc530a6a0816f7ff89a0aaf/library/std/src/panicking.rs:268:22
[INFO] [stdout]    9:     0x6236b6a23dd4 - std::panicking::default_hook::hf614597d3c67bbdb
[INFO] [stdout]                                at /rustc/90b35a6239c3d8bdabc530a6a0816f7ff89a0aaf/library/std/src/panicking.rs:292:9
[INFO] [stdout]   10:     0x6236b69e4a29 - <alloc::boxed::Box<F,A> as core::ops::function::Fn<Args>>::call::h39b51ce4599c23d1
[INFO] [stdout]                                at /rustc/90b35a6239c3d8bdabc530a6a0816f7ff89a0aaf/library/alloc/src/boxed.rs:2468:9
[INFO] [stdout]   11:     0x6236b69e4a29 - test::test_main::{{closure}}::he977ae839a582784
[INFO] [stdout]                                at /rustc/90b35a6239c3d8bdabc530a6a0816f7ff89a0aaf/library/test/src/lib.rs:133:21
[INFO] [stdout]   12:     0x6236b6a24668 - <alloc::boxed::Box<F,A> as core::ops::function::Fn<Args>>::call::h9455091b6b06f9fb
[INFO] [stdout]                                at /rustc/90b35a6239c3d8bdabc530a6a0816f7ff89a0aaf/library/alloc/src/boxed.rs:2468:9
[INFO] [stdout]   13:     0x6236b6a24668 - std::panicking::rust_panic_with_hook::h8942133a8b252070
[INFO] [stdout]                                at /rustc/90b35a6239c3d8bdabc530a6a0816f7ff89a0aaf/library/std/src/panicking.rs:809:13
[INFO] [stdout]   14:     0x6236b6a243f6 - std::panicking::begin_panic_handler::{{closure}}::hb5f5963570096b29
[INFO] [stdout]                                at /rustc/90b35a6239c3d8bdabc530a6a0816f7ff89a0aaf/library/std/src/panicking.rs:667:13
[INFO] [stdout]   15:     0x6236b6a23049 - std::sys::backtrace::__rust_end_short_backtrace::h6208cedc1922feda
[INFO] [stdout]                                at /rustc/90b35a6239c3d8bdabc530a6a0816f7ff89a0aaf/library/std/src/sys/backtrace.rs:170:18
[INFO] [stdout]   16:     0x6236b6a240bc - rust_begin_unwind
[INFO] [stdout]                                at /rustc/90b35a6239c3d8bdabc530a6a0816f7ff89a0aaf/library/std/src/panicking.rs:665:5
[INFO] [stdout]   17:     0x6236b6963fd0 - core::panicking::panic_fmt::h0c3082644d1bf418
[INFO] [stdout]                                at /rustc/90b35a6239c3d8bdabc530a6a0816f7ff89a0aaf/library/core/src/panicking.rs:74:14
[INFO] [stdout]   18:     0x6236b69783ed - mipstenite::parser::tests::test_integrated_all::h85416a3de8935522
[INFO] [stdout]                                at /opt/rustwide/workdir/src/parser.rs:316:9
[INFO] [stdout]   19:     0x6236b6978387 - mipstenite::parser::tests::test_integrated_all::{{closure}}::h2819baf232d86256
[INFO] [stdout]                                at /opt/rustwide/workdir/src/parser.rs:299:29
[INFO] [stdout]   20:     0x6236b69937d6 - core::ops::function::FnOnce::call_once::hf73444d4471a5327
[INFO] [stdout]                                at /rustc/90b35a6239c3d8bdabc530a6a0816f7ff89a0aaf/library/core/src/ops/function.rs:250:5
[INFO] [stdout]   21:     0x6236b69e93eb - core::ops::function::FnOnce::call_once::h109cf8051a59b34e
[INFO] [stdout]                                at /rustc/90b35a6239c3d8bdabc530a6a0816f7ff89a0aaf/library/core/src/ops/function.rs:250:5
[INFO] [stdout]   22:     0x6236b69e93eb - test::__rust_begin_short_backtrace::hf4fff89d377446ba
[INFO] [stdout]                                at /rustc/90b35a6239c3d8bdabc530a6a0816f7ff89a0aaf/library/test/src/lib.rs:621:18
[INFO] [stdout]   23:     0x6236b69e8c27 - test::run_test_in_process::{{closure}}::h0e39181dd7ee5a43
[INFO] [stdout]                                at /rustc/90b35a6239c3d8bdabc530a6a0816f7ff89a0aaf/library/test/src/lib.rs:644:60
[INFO] [stdout]   24:     0x6236b69e8c27 - <core::panic::unwind_safe::AssertUnwindSafe<F> as core::ops::function::FnOnce<()>>::call_once::hc5a66a30f0bdfd1f
[INFO] [stdout]                                at /rustc/90b35a6239c3d8bdabc530a6a0816f7ff89a0aaf/library/core/src/panic/unwind_safe.rs:272:9
[INFO] [stdout]   25:     0x6236b69e8c27 - std::panicking::try::do_call::h873b7cf639554a5e
[INFO] [stdout]                                at /rustc/90b35a6239c3d8bdabc530a6a0816f7ff89a0aaf/library/std/src/panicking.rs:557:40
[INFO] [stdout]   26:     0x6236b69e8c27 - std::panicking::try::hdb19862fad9c8bd1
[INFO] [stdout]                                at /rustc/90b35a6239c3d8bdabc530a6a0816f7ff89a0aaf/library/std/src/panicking.rs:520:19
[INFO] [stdout]   27:     0x6236b69e8c27 - std::panic::catch_unwind::h281fe732d236d260
[INFO] [stdout]                                at /rustc/90b35a6239c3d8bdabc530a6a0816f7ff89a0aaf/library/std/src/panic.rs:358:14
[INFO] [stdout]   28:     0x6236b69e8c27 - test::run_test_in_process::h949b6df8457ed338
[INFO] [stdout]                                at /rustc/90b35a6239c3d8bdabc530a6a0816f7ff89a0aaf/library/test/src/lib.rs:644:27
[INFO] [stdout]   29:     0x6236b69e8c27 - test::run_test::{{closure}}::h52c556a6d4740e10
[INFO] [stdout]                                at /rustc/90b35a6239c3d8bdabc530a6a0816f7ff89a0aaf/library/test/src/lib.rs:565:43
[INFO] [stdout]   30:     0x6236b69adf04 - test::run_test::{{closure}}::h4237f6381c45ccb9
[INFO] [stdout]                                at /rustc/90b35a6239c3d8bdabc530a6a0816f7ff89a0aaf/library/test/src/lib.rs:595:41
[INFO] [stdout]   31:     0x6236b69adf04 - std::sys::backtrace::__rust_begin_short_backtrace::h505c97a579eca628
[INFO] [stdout]                                at /rustc/90b35a6239c3d8bdabc530a6a0816f7ff89a0aaf/library/std/src/sys/backtrace.rs:154:18
[INFO] [stdout]   32:     0x6236b69b15ce - std::thread::Builder::spawn_unchecked_::{{closure}}::{{closure}}::h9e86b2e2bc107ea3
[INFO] [stdout]                                at /rustc/90b35a6239c3d8bdabc530a6a0816f7ff89a0aaf/library/std/src/thread/mod.rs:538:17
[INFO] [stdout]   33:     0x6236b69b15ce - <core::panic::unwind_safe::AssertUnwindSafe<F> as core::ops::function::FnOnce<()>>::call_once::h8b06ddb275ff4a25
[INFO] [stdout]                                at /rustc/90b35a6239c3d8bdabc530a6a0816f7ff89a0aaf/library/core/src/panic/unwind_safe.rs:272:9
[INFO] [stdout]   34:     0x6236b69b15ce - std::panicking::try::do_call::hb26ecd7cd9a9355d
[INFO] [stdout]                                at /rustc/90b35a6239c3d8bdabc530a6a0816f7ff89a0aaf/library/std/src/panicking.rs:557:40
[INFO] [stdout]   35:     0x6236b69b15ce - std::panicking::try::h8ddeca9d705f9069
[INFO] [stdout]                                at /rustc/90b35a6239c3d8bdabc530a6a0816f7ff89a0aaf/library/std/src/panicking.rs:520:19
[INFO] [stdout]   36:     0x6236b69b15ce - std::panic::catch_unwind::h49e1c33078844c46
[INFO] [stdout]                                at /rustc/90b35a6239c3d8bdabc530a6a0816f7ff89a0aaf/library/std/src/panic.rs:358:14
[INFO] [stdout]   37:     0x6236b69b15ce - std::thread::Builder::spawn_unchecked_::{{closure}}::h6073db6ff56ad35d
[INFO] [stdout]                                at /rustc/90b35a6239c3d8bdabc530a6a0816f7ff89a0aaf/library/std/src/thread/mod.rs:537:30
[INFO] [stdout]   38:     0x6236b69b15ce - core::ops::function::FnOnce::call_once{{vtable.shim}}::h2c5a5f3779c774f1
[INFO] [stdout]                                at /rustc/90b35a6239c3d8bdabc530a6a0816f7ff89a0aaf/library/core/src/ops/function.rs:250:5
[INFO] [stdout]   39:     0x6236b6a283cb - <alloc::boxed::Box<F,A> as core::ops::function::FnOnce<Args>>::call_once::hf75717d9f28faebf
[INFO] [stdout]                                at /rustc/90b35a6239c3d8bdabc530a6a0816f7ff89a0aaf/library/alloc/src/boxed.rs:2454:9
[INFO] [stdout]   40:     0x6236b6a283cb - <alloc::boxed::Box<F,A> as core::ops::function::FnOnce<Args>>::call_once::h7bd883a5f3c5f3c1
[INFO] [stdout]                                at /rustc/90b35a6239c3d8bdabc530a6a0816f7ff89a0aaf/library/alloc/src/boxed.rs:2454:9
[INFO] [stdout]   41:     0x6236b6a283cb - std::sys::pal::unix::thread::Thread::new::thread_start::hcc78f3943333fa94
[INFO] [stdout]                                at /rustc/90b35a6239c3d8bdabc530a6a0816f7ff89a0aaf/library/std/src/sys/pal/unix/thread.rs:105:17
[INFO] [stdout]   42:     0x708525220ac3 - <unknown>
[INFO] [stdout]   43:     0x7085252b1a04 - clone
[INFO] [stdout]   44:                0x0 - <unknown>
[INFO] [stdout] 
[INFO] [stdout] 
[INFO] [stdout] failures:
[INFO] [stdout]     parser::tests::test_integrated_all
[INFO] [stdout] 
[INFO] [stdout] test result: FAILED. 10 passed; 1 failed; 0 ignored; 0 measured; 0 filtered out; finished in 0.06s
[INFO] [stdout] 
[INFO] running `Command { std: "docker" "inspect" "cff5e34337e81f37d45e626494129e5290dba6e9b2b82ae41de1ca814303a0eb", kill_on_drop: false }`
[INFO] running `Command { std: "docker" "rm" "-f" "cff5e34337e81f37d45e626494129e5290dba6e9b2b82ae41de1ca814303a0eb", kill_on_drop: false }`
[INFO] [stdout] cff5e34337e81f37d45e626494129e5290dba6e9b2b82ae41de1ca814303a0eb
