[INFO] cloning repository https://github.com/fralonra/gtk_widget_macro
[INFO] running `Command { std: "git" "-c" "credential.helper=" "-c" "credential.helper=/workspace/cargo-home/bin/git-credential-null" "clone" "--bare" "https://github.com/fralonra/gtk_widget_macro" "/workspace/cache/git-repos/https%3A%2F%2Fgithub.com%2Ffralonra%2Fgtk_widget_macro", kill_on_drop: false }`
[INFO] [stderr] Cloning into bare repository '/workspace/cache/git-repos/https%3A%2F%2Fgithub.com%2Ffralonra%2Fgtk_widget_macro'...
[INFO] running `Command { std: "git" "rev-parse" "HEAD", kill_on_drop: false }`
[INFO] [stdout] 5cf4a86446d6ed9f573f1eddc96f44af6ccf0592
[INFO] testing fralonra/gtk_widget_macro against 1.83.0 for beta-1.84.0-4-retry
[INFO] running `Command { std: "git" "clone" "/workspace/cache/git-repos/https%3A%2F%2Fgithub.com%2Ffralonra%2Fgtk_widget_macro" "/workspace/builds/worker-7-tc1/source", kill_on_drop: false }`
[INFO] [stderr] Cloning into '/workspace/builds/worker-7-tc1/source'...
[INFO] [stderr] done.
[INFO] validating manifest of git repo https://github.com/fralonra/gtk_widget_macro on toolchain 1.83.0
[INFO] running `Command { std: CARGO_HOME="/workspace/cargo-home" RUSTUP_HOME="/workspace/rustup-home" "/workspace/cargo-home/bin/cargo" "+1.83.0" "metadata" "--manifest-path" "Cargo.toml" "--no-deps", kill_on_drop: false }`
[INFO] started tweaking git repo https://github.com/fralonra/gtk_widget_macro
[INFO] finished tweaking git repo https://github.com/fralonra/gtk_widget_macro
[INFO] tweaked toml for git repo https://github.com/fralonra/gtk_widget_macro written to /workspace/builds/worker-7-tc1/source/Cargo.toml
[INFO] crate git repo https://github.com/fralonra/gtk_widget_macro already has a lockfile, it will not be regenerated
[INFO] running `Command { std: CARGO_HOME="/workspace/cargo-home" RUSTUP_HOME="/workspace/rustup-home" "/workspace/cargo-home/bin/cargo" "+1.83.0" "fetch" "--manifest-path" "Cargo.toml", kill_on_drop: false }`
[INFO] running `Command { std: "docker" "create" "-v" "/var/lib/crater-agent-workspace/builds/worker-7-tc1/target:/opt/rustwide/target:rw,Z" "-v" "/var/lib/crater-agent-workspace/builds/worker-7-tc1/source:/opt/rustwide/workdir:ro,Z" "-v" "/var/lib/crater-agent-workspace/cargo-home:/opt/rustwide/cargo-home:ro,Z" "-v" "/var/lib/crater-agent-workspace/rustup-home:/opt/rustwide/rustup-home:ro,Z" "-e" "SOURCE_DIR=/opt/rustwide/workdir" "-e" "CARGO_TARGET_DIR=/opt/rustwide/target" "-e" "CARGO_HOME=/opt/rustwide/cargo-home" "-e" "RUSTUP_HOME=/opt/rustwide/rustup-home" "-w" "/opt/rustwide/workdir" "-m" "1610612736" "--user" "0:0" "--network" "none" "ghcr.io/rust-lang/crates-build-env/linux@sha256:f3a9d4ad9d972b27faf3965f35b62e55ba32bbce8f20bc8fe909558a86702fde" "/opt/rustwide/cargo-home/bin/cargo" "+1.83.0" "metadata" "--no-deps" "--format-version=1", kill_on_drop: false }`
[INFO] [stdout] 84b0c047e344849675e057dc3ac24260154ef296e85460f5d8975c63e6d24166
[INFO] running `Command { std: "docker" "start" "-a" "84b0c047e344849675e057dc3ac24260154ef296e85460f5d8975c63e6d24166", kill_on_drop: false }`
[INFO] running `Command { std: "docker" "inspect" "84b0c047e344849675e057dc3ac24260154ef296e85460f5d8975c63e6d24166", kill_on_drop: false }`
[INFO] running `Command { std: "docker" "rm" "-f" "84b0c047e344849675e057dc3ac24260154ef296e85460f5d8975c63e6d24166", kill_on_drop: false }`
[INFO] [stdout] 84b0c047e344849675e057dc3ac24260154ef296e85460f5d8975c63e6d24166
[INFO] running `Command { std: "docker" "create" "-v" "/var/lib/crater-agent-workspace/builds/worker-7-tc1/target:/opt/rustwide/target:rw,Z" "-v" "/var/lib/crater-agent-workspace/builds/worker-7-tc1/source:/opt/rustwide/workdir:ro,Z" "-v" "/var/lib/crater-agent-workspace/cargo-home:/opt/rustwide/cargo-home:ro,Z" "-v" "/var/lib/crater-agent-workspace/rustup-home:/opt/rustwide/rustup-home:ro,Z" "-e" "SOURCE_DIR=/opt/rustwide/workdir" "-e" "CARGO_TARGET_DIR=/opt/rustwide/target" "-e" "CARGO_INCREMENTAL=0" "-e" "RUST_BACKTRACE=full" "-e" "RUSTFLAGS=--cap-lints=warn" "-e" "RUSTDOCFLAGS=--cap-lints=warn" "-e" "CARGO_HOME=/opt/rustwide/cargo-home" "-e" "RUSTUP_HOME=/opt/rustwide/rustup-home" "-w" "/opt/rustwide/workdir" "-m" "1610612736" "--user" "0:0" "--network" "none" "ghcr.io/rust-lang/crates-build-env/linux@sha256:f3a9d4ad9d972b27faf3965f35b62e55ba32bbce8f20bc8fe909558a86702fde" "/opt/rustwide/cargo-home/bin/cargo" "+1.83.0" "build" "--frozen" "--message-format=json", kill_on_drop: false }`
[INFO] [stdout] 869c599ced5a38a9ab1773b6b6c4e5a666a9609a1a4a980c1e878017a469541d
[INFO] running `Command { std: "docker" "start" "-a" "869c599ced5a38a9ab1773b6b6c4e5a666a9609a1a4a980c1e878017a469541d", kill_on_drop: false }`
[INFO] [stderr]    Compiling proc-macro2 v1.0.56
[INFO] [stderr]    Compiling unicode-ident v1.0.8
[INFO] [stderr]    Compiling quote v1.0.26
[INFO] [stderr]    Compiling syn v2.0.15
[INFO] [stderr]    Compiling gtk_widget_macro_derive v0.1.1 (/opt/rustwide/workdir/derive)
[INFO] [stderr]    Compiling gtk_widget_macro v0.1.1 (/opt/rustwide/workdir)
[INFO] [stderr]     Finished `dev` profile [unoptimized + debuginfo] target(s) in 6.63s
[INFO] running `Command { std: "docker" "inspect" "869c599ced5a38a9ab1773b6b6c4e5a666a9609a1a4a980c1e878017a469541d", kill_on_drop: false }`
[INFO] running `Command { std: "docker" "rm" "-f" "869c599ced5a38a9ab1773b6b6c4e5a666a9609a1a4a980c1e878017a469541d", kill_on_drop: false }`
[INFO] [stdout] 869c599ced5a38a9ab1773b6b6c4e5a666a9609a1a4a980c1e878017a469541d
[INFO] running `Command { std: "docker" "create" "-v" "/var/lib/crater-agent-workspace/builds/worker-7-tc1/target:/opt/rustwide/target:rw,Z" "-v" "/var/lib/crater-agent-workspace/builds/worker-7-tc1/source:/opt/rustwide/workdir:ro,Z" "-v" "/var/lib/crater-agent-workspace/cargo-home:/opt/rustwide/cargo-home:ro,Z" "-v" "/var/lib/crater-agent-workspace/rustup-home:/opt/rustwide/rustup-home:ro,Z" "-e" "SOURCE_DIR=/opt/rustwide/workdir" "-e" "CARGO_TARGET_DIR=/opt/rustwide/target" "-e" "CARGO_INCREMENTAL=0" "-e" "RUST_BACKTRACE=full" "-e" "RUSTFLAGS=--cap-lints=warn" "-e" "RUSTDOCFLAGS=--cap-lints=warn" "-e" "CARGO_HOME=/opt/rustwide/cargo-home" "-e" "RUSTUP_HOME=/opt/rustwide/rustup-home" "-w" "/opt/rustwide/workdir" "-m" "1610612736" "--user" "0:0" "--network" "none" "ghcr.io/rust-lang/crates-build-env/linux@sha256:f3a9d4ad9d972b27faf3965f35b62e55ba32bbce8f20bc8fe909558a86702fde" "/opt/rustwide/cargo-home/bin/cargo" "+1.83.0" "test" "--frozen" "--no-run" "--message-format=json", kill_on_drop: false }`
[INFO] [stdout] 6743c3e6f77996b4f46ac42c558d0e1122d6b62b5cfca637f351e7eb51622098
[INFO] running `Command { std: "docker" "start" "-a" "6743c3e6f77996b4f46ac42c558d0e1122d6b62b5cfca637f351e7eb51622098", kill_on_drop: false }`
[INFO] [stderr]    Compiling gtk_widget_macro v0.1.1 (/opt/rustwide/workdir)
[INFO] [stderr]     Finished `test` profile [unoptimized + debuginfo] target(s) in 0.57s
[INFO] running `Command { std: "docker" "inspect" "6743c3e6f77996b4f46ac42c558d0e1122d6b62b5cfca637f351e7eb51622098", kill_on_drop: false }`
[INFO] running `Command { std: "docker" "rm" "-f" "6743c3e6f77996b4f46ac42c558d0e1122d6b62b5cfca637f351e7eb51622098", kill_on_drop: false }`
[INFO] [stdout] 6743c3e6f77996b4f46ac42c558d0e1122d6b62b5cfca637f351e7eb51622098
[INFO] running `Command { std: "docker" "create" "-v" "/var/lib/crater-agent-workspace/builds/worker-7-tc1/target:/opt/rustwide/target:rw,Z" "-v" "/var/lib/crater-agent-workspace/builds/worker-7-tc1/source:/opt/rustwide/workdir:ro,Z" "-v" "/var/lib/crater-agent-workspace/cargo-home:/opt/rustwide/cargo-home:ro,Z" "-v" "/var/lib/crater-agent-workspace/rustup-home:/opt/rustwide/rustup-home:ro,Z" "-e" "SOURCE_DIR=/opt/rustwide/workdir" "-e" "CARGO_TARGET_DIR=/opt/rustwide/target" "-e" "CARGO_INCREMENTAL=0" "-e" "RUST_BACKTRACE=full" "-e" "RUSTFLAGS=--cap-lints=warn" "-e" "RUSTDOCFLAGS=--cap-lints=warn" "-e" "CARGO_HOME=/opt/rustwide/cargo-home" "-e" "RUSTUP_HOME=/opt/rustwide/rustup-home" "-w" "/opt/rustwide/workdir" "-m" "1610612736" "--user" "0:0" "--network" "none" "ghcr.io/rust-lang/crates-build-env/linux@sha256:f3a9d4ad9d972b27faf3965f35b62e55ba32bbce8f20bc8fe909558a86702fde" "/opt/rustwide/cargo-home/bin/cargo" "+1.83.0" "test" "--frozen", kill_on_drop: false }`
[INFO] [stdout] a475ead634513b2dd59aefc40adcd52412b32feb2c30261cd278cc9613cb2f99
[INFO] running `Command { std: "docker" "start" "-a" "a475ead634513b2dd59aefc40adcd52412b32feb2c30261cd278cc9613cb2f99", kill_on_drop: false }`
[INFO] [stderr]     Finished `test` profile [unoptimized + debuginfo] target(s) in 0.03s
[INFO] [stderr]      Running unittests src/lib.rs (/opt/rustwide/target/debug/deps/gtk_widget_macro-3d61697c2dec3d36)
[INFO] [stdout] 
[INFO] [stdout] running 0 tests
[INFO] [stdout] 
[INFO] [stdout] test result: ok. 0 passed; 0 failed; 0 ignored; 0 measured; 0 filtered out; finished in 0.00s
[INFO] [stdout] 
[INFO] [stderr]    Doc-tests gtk_widget_macro
[INFO] [stdout] 
[INFO] [stdout] running 1 test
[INFO] [stdout] test src/../README.md - (line 25) ... FAILED
[INFO] [stdout] 
[INFO] [stdout] failures:
[INFO] [stdout] 
[INFO] [stdout] ---- src/../README.md - (line 25) stdout ----
[INFO] [stdout] error: couldn't read `src/../main.ui`: No such file or directory (os error 2)
[INFO] [stdout]   --> src/../README.md:39:40
[INFO] [stdout]    |
[INFO] [stdout] 16 |     let builder = Builder::from_string(include_str!("main.ui"));
[INFO] [stdout]    |                                        ^^^^^^^^^^^^^^^^^^^^^^^
[INFO] [stdout]    |
[INFO] [stdout]    = note: this error originates in the macro `include_str` (in Nightly builds, run with -Z macro-backtrace for more info)
[INFO] [stdout] 
[INFO] [stdout] error[E0433]: failed to resolve: use of undeclared crate or module `gtk`
[INFO] [stdout]  --> src/../README.md:27:5
[INFO] [stdout]   |
[INFO] [stdout] 4 | use gtk::{prelude::*, Application, ApplicationWindow, Builder, Button};
[INFO] [stdout]   |     ^^^ use of undeclared crate or module `gtk`
[INFO] [stdout] 
[INFO] [stdout] error[E0432]: unresolved import `gtk`
[INFO] [stdout]  --> src/../README.md:27:5
[INFO] [stdout]   |
[INFO] [stdout] 4 | use gtk::{prelude::*, Application, ApplicationWindow, Builder, Button};
[INFO] [stdout]   |     ^^^ use of undeclared crate or module `gtk`
[INFO] [stdout] 
[INFO] [stdout] error: aborting due to 3 previous errors
[INFO] [stdout] 
[INFO] [stdout] Some errors have detailed explanations: E0432, E0433.
[INFO] [stdout] For more information about an error, try `rustc --explain E0432`.
[INFO] [stdout] Couldn't compile the test.
[INFO] [stdout] 
[INFO] [stdout] failures:
[INFO] [stdout]     src/../README.md - (line 25)
[INFO] [stdout] 
[INFO] [stdout] test result: FAILED. 0 passed; 1 failed; 0 ignored; 0 measured; 0 filtered out; finished in 0.11s
[INFO] [stdout] 
[INFO] [stderr] error: doctest failed, to rerun pass `--doc`
[INFO] running `Command { std: "docker" "inspect" "a475ead634513b2dd59aefc40adcd52412b32feb2c30261cd278cc9613cb2f99", kill_on_drop: false }`
[INFO] running `Command { std: "docker" "rm" "-f" "a475ead634513b2dd59aefc40adcd52412b32feb2c30261cd278cc9613cb2f99", kill_on_drop: false }`
[INFO] [stdout] a475ead634513b2dd59aefc40adcd52412b32feb2c30261cd278cc9613cb2f99
