[INFO] cloning repository https://github.com/fox-two/nesmu
[INFO] running `Command { std: "git" "-c" "credential.helper=" "-c" "credential.helper=/workspace/cargo-home/bin/git-credential-null" "clone" "--bare" "https://github.com/fox-two/nesmu" "/workspace/cache/git-repos/https%3A%2F%2Fgithub.com%2Ffox-two%2Fnesmu", kill_on_drop: false }`
[INFO] [stderr] Cloning into bare repository '/workspace/cache/git-repos/https%3A%2F%2Fgithub.com%2Ffox-two%2Fnesmu'...
[INFO] running `Command { std: "git" "rev-parse" "HEAD", kill_on_drop: false }`
[INFO] [stdout] 003395b9add0addb6289f0e43c736aca67a86c17
[INFO] testing fox-two/nesmu against 1.83.0 for beta-1.84.0-4-retry
[INFO] running `Command { std: "git" "clone" "/workspace/cache/git-repos/https%3A%2F%2Fgithub.com%2Ffox-two%2Fnesmu" "/workspace/builds/worker-1-tc1/source", kill_on_drop: false }`
[INFO] [stderr] Cloning into '/workspace/builds/worker-1-tc1/source'...
[INFO] [stderr] done.
[INFO] validating manifest of git repo https://github.com/fox-two/nesmu on toolchain 1.83.0
[INFO] running `Command { std: CARGO_HOME="/workspace/cargo-home" RUSTUP_HOME="/workspace/rustup-home" "/workspace/cargo-home/bin/cargo" "+1.83.0" "metadata" "--manifest-path" "Cargo.toml" "--no-deps", kill_on_drop: false }`
[INFO] started tweaking git repo https://github.com/fox-two/nesmu
[INFO] finished tweaking git repo https://github.com/fox-two/nesmu
[INFO] tweaked toml for git repo https://github.com/fox-two/nesmu written to /workspace/builds/worker-1-tc1/source/Cargo.toml
[INFO] crate git repo https://github.com/fox-two/nesmu already has a lockfile, it will not be regenerated
[INFO] running `Command { std: CARGO_HOME="/workspace/cargo-home" RUSTUP_HOME="/workspace/rustup-home" "/workspace/cargo-home/bin/cargo" "+1.83.0" "fetch" "--manifest-path" "Cargo.toml", kill_on_drop: false }`
[INFO] running `Command { std: "docker" "create" "-v" "/var/lib/crater-agent-workspace/builds/worker-1-tc1/target:/opt/rustwide/target:rw,Z" "-v" "/var/lib/crater-agent-workspace/builds/worker-1-tc1/source:/opt/rustwide/workdir:ro,Z" "-v" "/var/lib/crater-agent-workspace/cargo-home:/opt/rustwide/cargo-home:ro,Z" "-v" "/var/lib/crater-agent-workspace/rustup-home:/opt/rustwide/rustup-home:ro,Z" "-e" "SOURCE_DIR=/opt/rustwide/workdir" "-e" "CARGO_TARGET_DIR=/opt/rustwide/target" "-e" "CARGO_HOME=/opt/rustwide/cargo-home" "-e" "RUSTUP_HOME=/opt/rustwide/rustup-home" "-w" "/opt/rustwide/workdir" "-m" "1610612736" "--user" "0:0" "--network" "none" "ghcr.io/rust-lang/crates-build-env/linux@sha256:f3a9d4ad9d972b27faf3965f35b62e55ba32bbce8f20bc8fe909558a86702fde" "/opt/rustwide/cargo-home/bin/cargo" "+1.83.0" "metadata" "--no-deps" "--format-version=1", kill_on_drop: false }`
[INFO] [stdout] 43fae64a9f1a99c188e56028529e1e55f7f34e4278e32b1a4e90143cb9065738
[INFO] running `Command { std: "docker" "start" "-a" "43fae64a9f1a99c188e56028529e1e55f7f34e4278e32b1a4e90143cb9065738", kill_on_drop: false }`
[INFO] running `Command { std: "docker" "inspect" "43fae64a9f1a99c188e56028529e1e55f7f34e4278e32b1a4e90143cb9065738", kill_on_drop: false }`
[INFO] running `Command { std: "docker" "rm" "-f" "43fae64a9f1a99c188e56028529e1e55f7f34e4278e32b1a4e90143cb9065738", kill_on_drop: false }`
[INFO] [stdout] 43fae64a9f1a99c188e56028529e1e55f7f34e4278e32b1a4e90143cb9065738
[INFO] running `Command { std: "docker" "create" "-v" "/var/lib/crater-agent-workspace/builds/worker-1-tc1/target:/opt/rustwide/target:rw,Z" "-v" "/var/lib/crater-agent-workspace/builds/worker-1-tc1/source:/opt/rustwide/workdir:ro,Z" "-v" "/var/lib/crater-agent-workspace/cargo-home:/opt/rustwide/cargo-home:ro,Z" "-v" "/var/lib/crater-agent-workspace/rustup-home:/opt/rustwide/rustup-home:ro,Z" "-e" "SOURCE_DIR=/opt/rustwide/workdir" "-e" "CARGO_TARGET_DIR=/opt/rustwide/target" "-e" "CARGO_INCREMENTAL=0" "-e" "RUST_BACKTRACE=full" "-e" "RUSTFLAGS=--cap-lints=warn" "-e" "RUSTDOCFLAGS=--cap-lints=warn" "-e" "CARGO_HOME=/opt/rustwide/cargo-home" "-e" "RUSTUP_HOME=/opt/rustwide/rustup-home" "-w" "/opt/rustwide/workdir" "-m" "1610612736" "--user" "0:0" "--network" "none" "ghcr.io/rust-lang/crates-build-env/linux@sha256:f3a9d4ad9d972b27faf3965f35b62e55ba32bbce8f20bc8fe909558a86702fde" "/opt/rustwide/cargo-home/bin/cargo" "+1.83.0" "build" "--frozen" "--message-format=json", kill_on_drop: false }`
[INFO] [stdout] 14728599d35f5e93e60291514ed50d83d1980c22456da05c872099714d8c03c7
[INFO] running `Command { std: "docker" "start" "-a" "14728599d35f5e93e60291514ed50d83d1980c22456da05c872099714d8c03c7", kill_on_drop: false }`
[INFO] [stderr]    Compiling libc v0.2.138
[INFO] [stderr]    Compiling proc-macro2 v1.0.47
[INFO] [stderr]    Compiling quote v1.0.21
[INFO] [stderr]    Compiling pkg-config v0.3.26
[INFO] [stderr]    Compiling unicode-ident v1.0.5
[INFO] [stderr]    Compiling memchr v2.5.0
[INFO] [stderr]    Compiling autocfg v1.1.0
[INFO] [stderr]    Compiling bitflags v1.3.2
[INFO] [stderr]    Compiling xml-rs v0.8.4
[INFO] [stderr]    Compiling lazy_static v1.4.0
[INFO] [stderr]    Compiling once_cell v1.16.0
[INFO] [stderr]    Compiling smallvec v1.10.0
[INFO] [stderr]    Compiling io-lifetimes v1.0.3
[INFO] [stderr]    Compiling minimal-lexical v0.2.1
[INFO] [stderr]    Compiling downcast-rs v1.2.0
[INFO] [stderr]    Compiling libloading v0.7.4
[INFO] [stderr]    Compiling rustix v0.36.5
[INFO] [stderr]    Compiling scoped-tls v1.0.1
[INFO] [stderr]    Compiling linux-raw-sys v0.1.3
[INFO] [stderr]    Compiling log v0.4.17
[INFO] [stderr]    Compiling cc v1.0.77
[INFO] [stderr]    Compiling dlib v0.5.0
[INFO] [stderr]    Compiling fastrand v1.8.0
[INFO] [stderr]    Compiling cty v0.2.2
[INFO] [stderr]    Compiling regex-syntax v0.6.28
[INFO] [stderr]    Compiling remove_dir_all v0.5.3
[INFO] [stderr]    Compiling raw-window-handle v0.4.3
[INFO] [stderr]    Compiling humantime v2.1.0
[INFO] [stderr]    Compiling termcolor v1.1.3
[INFO] [stderr]    Compiling wayland-sys v0.29.5
[INFO] [stderr]    Compiling x11-dl v2.20.1
[INFO] [stderr]    Compiling memoffset v0.6.5
[INFO] [stderr]    Compiling nom v7.1.1
[INFO] [stderr]    Compiling aho-corasick v0.7.20
[INFO] [stderr]    Compiling minifb v0.23.0
[INFO] [stderr]    Compiling wayland-scanner v0.29.5
[INFO] [stderr]    Compiling nix v0.24.3
[INFO] [stderr]    Compiling tempfile v3.3.0
[INFO] [stderr]    Compiling regex v1.7.0
[INFO] [stderr]    Compiling wayland-client v0.29.5
[INFO] [stderr]    Compiling wayland-protocols v0.29.5
[INFO] [stderr]    Compiling is-terminal v0.4.1
[INFO] [stderr]    Compiling env_logger v0.10.0
[INFO] [stderr]    Compiling wayland-commons v0.29.5
[INFO] [stderr]    Compiling xcursor v0.3.4
[INFO] [stderr]    Compiling wayland-cursor v0.29.5
[INFO] [stderr]    Compiling nesmu v0.1.0 (/opt/rustwide/workdir)
[INFO] [stdout] warning: elided lifetime has a name
[INFO] [stdout]   --> src/cpu/mod.rs:90:93
[INFO] [stdout]    |
[INFO] [stdout] 90 |     pub fn context_borrowed<'a, T: CpuMemory>(&'a mut self, memory: &'a mut T) -> CpuContext<BorrowedMemory<T>>  {
[INFO] [stdout]    |                             -- lifetime `'a` declared here                                  ^ this elided lifetime gets resolved as `'a`
[INFO] [stdout]    |
[INFO] [stdout]    = note: `#[warn(elided_named_lifetimes)]` on by default
[INFO] [stdout] 
[INFO] [stdout] 
[INFO] [stdout] warning: elided lifetime has a name
[INFO] [stdout]   --> src/cpu/mod.rs:90:108
[INFO] [stdout]    |
[INFO] [stdout] 90 |     pub fn context_borrowed<'a, T: CpuMemory>(&'a mut self, memory: &'a mut T) -> CpuContext<BorrowedMemory<T>>  {
[INFO] [stdout]    |                             -- lifetime `'a` declared here                                                 ^ this elided lifetime gets resolved as `'a`
[INFO] [stdout] 
[INFO] [stdout] 
[INFO] [stdout] warning: elided lifetime has a name
[INFO] [stdout]   --> src/ppu.rs:98:75
[INFO] [stdout]    |
[INFO] [stdout] 98 |     pub fn context<'a>(&'a mut self, cart: &'a mut dyn PPUMemorySpace) -> PPUContext {
[INFO] [stdout]    |                    -- lifetime `'a` declared here                         ^^^^^^^^^^ this elided lifetime gets resolved as `'a`
[INFO] [stdout] 
[INFO] [stdout] 
[INFO] [stdout] warning: elided lifetime has a name
[INFO] [stdout]    --> src/ppu.rs:105:149
[INFO] [stdout]     |
[INFO] [stdout] 105 | ...xt<'a>(&'a mut self, cart: &'a mut dyn PPUMemorySpace, eventlist: &'a mut EventList, framebuffer: &'a mut [u8; 240*256]) -> PPUDrawingContex...
[INFO] [stdout]     |       -- lifetime `'a` declared here                                                                                           ^^^^^^^^^^^^^^^^^ this elided lifetime gets resolved as `'a`
[INFO] [stdout] 
[INFO] [stdout] 
[INFO] [stdout] warning: elided lifetime has a name
[INFO] [stdout]    --> src/main.rs:193:56
[INFO] [stdout]     |
[INFO] [stdout] 193 |     fn cpu_context<'a>(&'a mut self) -> CpuContext<'a, SystemMemoryMapper> {
[INFO] [stdout]     |                    -- lifetime `'a` declared here      ^^^^^^^^^^^^^^^^^^ this elided lifetime gets resolved as `'a`
[INFO] [stdout] 
[INFO] [stdout] 
[INFO] [stdout] warning: trait `CpuMemoryRead` is never used
[INFO] [stdout]   --> src/cpu/mod.rs:14:11
[INFO] [stdout]    |
[INFO] [stdout] 14 | pub trait CpuMemoryRead {
[INFO] [stdout]    |           ^^^^^^^^^^^^^
[INFO] [stdout]    |
[INFO] [stdout]    = note: `#[warn(dead_code)]` on by default
[INFO] [stdout] 
[INFO] [stdout] 
[INFO] [stdout] warning: trait `CpuMemoryWrite` is never used
[INFO] [stdout]   --> src/cpu/mod.rs:18:11
[INFO] [stdout]    |
[INFO] [stdout] 18 | pub trait CpuMemoryWrite {
[INFO] [stdout]    |           ^^^^^^^^^^^^^^
[INFO] [stdout] 
[INFO] [stdout] 
[INFO] [stdout] warning: trait `ReadInterface` is never used
[INFO] [stdout]    --> src/cpu/mod.rs:132:7
[INFO] [stdout]     |
[INFO] [stdout] 132 | trait ReadInterface<'a, T: CpuMemory> {
[INFO] [stdout]     |       ^^^^^^^^^^^^^
[INFO] [stdout] 
[INFO] [stdout] 
[INFO] [stdout] warning: trait `ReadInterfaceBytesRead` is never used
[INFO] [stdout]    --> src/cpu/mod.rs:137:7
[INFO] [stdout]     |
[INFO] [stdout] 137 | trait ReadInterfaceBytesRead {
[INFO] [stdout]     |       ^^^^^^^^^^^^^^^^^^^^^^
[INFO] [stdout] 
[INFO] [stdout] 
[INFO] [stdout] warning: struct `AccumulatorOperand` is never constructed
[INFO] [stdout]    --> src/cpu/mod.rs:143:8
[INFO] [stdout]     |
[INFO] [stdout] 143 | struct AccumulatorOperand;
[INFO] [stdout]     |        ^^^^^^^^^^^^^^^^^^
[INFO] [stdout] 
[INFO] [stdout] 
[INFO] [stdout] warning: field `0` is never read
[INFO] [stdout]   --> src/ines_rom_file.rs:26:13
[INFO] [stdout]    |
[INFO] [stdout] 26 |     IOError(std::io::Error),
[INFO] [stdout]    |     ------- ^^^^^^^^^^^^^^
[INFO] [stdout]    |     |
[INFO] [stdout]    |     field in this variant
[INFO] [stdout]    |
[INFO] [stdout]    = note: `OpenRomError` has a derived impl for the trait `Debug`, but this is intentionally ignored during dead code analysis
[INFO] [stdout] help: consider changing the field to be of unit type to suppress this warning while preserving the field numbering, or remove the field
[INFO] [stdout]    |
[INFO] [stdout] 26 |     IOError(()),
[INFO] [stdout]    |             ~~
[INFO] [stdout] 
[INFO] [stdout] 
[INFO] [stderr]     Finished `dev` profile [unoptimized + debuginfo] target(s) in 1m 43s
[INFO] running `Command { std: "docker" "inspect" "14728599d35f5e93e60291514ed50d83d1980c22456da05c872099714d8c03c7", kill_on_drop: false }`
[INFO] running `Command { std: "docker" "rm" "-f" "14728599d35f5e93e60291514ed50d83d1980c22456da05c872099714d8c03c7", kill_on_drop: false }`
[INFO] [stdout] 14728599d35f5e93e60291514ed50d83d1980c22456da05c872099714d8c03c7
[INFO] running `Command { std: "docker" "create" "-v" "/var/lib/crater-agent-workspace/builds/worker-1-tc1/target:/opt/rustwide/target:rw,Z" "-v" "/var/lib/crater-agent-workspace/builds/worker-1-tc1/source:/opt/rustwide/workdir:ro,Z" "-v" "/var/lib/crater-agent-workspace/cargo-home:/opt/rustwide/cargo-home:ro,Z" "-v" "/var/lib/crater-agent-workspace/rustup-home:/opt/rustwide/rustup-home:ro,Z" "-e" "SOURCE_DIR=/opt/rustwide/workdir" "-e" "CARGO_TARGET_DIR=/opt/rustwide/target" "-e" "CARGO_INCREMENTAL=0" "-e" "RUST_BACKTRACE=full" "-e" "RUSTFLAGS=--cap-lints=warn" "-e" "RUSTDOCFLAGS=--cap-lints=warn" "-e" "CARGO_HOME=/opt/rustwide/cargo-home" "-e" "RUSTUP_HOME=/opt/rustwide/rustup-home" "-w" "/opt/rustwide/workdir" "-m" "1610612736" "--user" "0:0" "--network" "none" "ghcr.io/rust-lang/crates-build-env/linux@sha256:f3a9d4ad9d972b27faf3965f35b62e55ba32bbce8f20bc8fe909558a86702fde" "/opt/rustwide/cargo-home/bin/cargo" "+1.83.0" "test" "--frozen" "--no-run" "--message-format=json", kill_on_drop: false }`
[INFO] [stdout] f6a1d0f80f122412226f4179d314aeaa641eb8900b06881acdaff2926df1ab11
[INFO] running `Command { std: "docker" "start" "-a" "f6a1d0f80f122412226f4179d314aeaa641eb8900b06881acdaff2926df1ab11", kill_on_drop: false }`
[INFO] [stderr]    Compiling nesmu v0.1.0 (/opt/rustwide/workdir)
[INFO] [stdout] warning: elided lifetime has a name
[INFO] [stdout]   --> src/cpu/mod.rs:90:93
[INFO] [stdout]    |
[INFO] [stdout] 90 |     pub fn context_borrowed<'a, T: CpuMemory>(&'a mut self, memory: &'a mut T) -> CpuContext<BorrowedMemory<T>>  {
[INFO] [stdout]    |                             -- lifetime `'a` declared here                                  ^ this elided lifetime gets resolved as `'a`
[INFO] [stdout]    |
[INFO] [stdout]    = note: `#[warn(elided_named_lifetimes)]` on by default
[INFO] [stdout] 
[INFO] [stdout] 
[INFO] [stdout] warning: elided lifetime has a name
[INFO] [stdout]   --> src/cpu/mod.rs:90:108
[INFO] [stdout]    |
[INFO] [stdout] 90 |     pub fn context_borrowed<'a, T: CpuMemory>(&'a mut self, memory: &'a mut T) -> CpuContext<BorrowedMemory<T>>  {
[INFO] [stdout]    |                             -- lifetime `'a` declared here                                                 ^ this elided lifetime gets resolved as `'a`
[INFO] [stdout] 
[INFO] [stdout] 
[INFO] [stdout] warning: elided lifetime has a name
[INFO] [stdout]   --> src/ppu.rs:98:75
[INFO] [stdout]    |
[INFO] [stdout] 98 |     pub fn context<'a>(&'a mut self, cart: &'a mut dyn PPUMemorySpace) -> PPUContext {
[INFO] [stdout]    |                    -- lifetime `'a` declared here                         ^^^^^^^^^^ this elided lifetime gets resolved as `'a`
[INFO] [stdout] 
[INFO] [stdout] 
[INFO] [stdout] warning: elided lifetime has a name
[INFO] [stdout]    --> src/ppu.rs:105:149
[INFO] [stdout]     |
[INFO] [stdout] 105 | ...xt<'a>(&'a mut self, cart: &'a mut dyn PPUMemorySpace, eventlist: &'a mut EventList, framebuffer: &'a mut [u8; 240*256]) -> PPUDrawingContex...
[INFO] [stdout]     |       -- lifetime `'a` declared here                                                                                           ^^^^^^^^^^^^^^^^^ this elided lifetime gets resolved as `'a`
[INFO] [stdout] 
[INFO] [stdout] 
[INFO] [stdout] warning: elided lifetime has a name
[INFO] [stdout]    --> src/main.rs:193:56
[INFO] [stdout]     |
[INFO] [stdout] 193 |     fn cpu_context<'a>(&'a mut self) -> CpuContext<'a, SystemMemoryMapper> {
[INFO] [stdout]     |                    -- lifetime `'a` declared here      ^^^^^^^^^^^^^^^^^^ this elided lifetime gets resolved as `'a`
[INFO] [stdout] 
[INFO] [stdout] 
[INFO] [stdout] warning: trait `CpuMemoryRead` is never used
[INFO] [stdout]   --> src/cpu/mod.rs:14:11
[INFO] [stdout]    |
[INFO] [stdout] 14 | pub trait CpuMemoryRead {
[INFO] [stdout]    |           ^^^^^^^^^^^^^
[INFO] [stdout]    |
[INFO] [stdout]    = note: `#[warn(dead_code)]` on by default
[INFO] [stdout] 
[INFO] [stdout] 
[INFO] [stdout] warning: trait `CpuMemoryWrite` is never used
[INFO] [stdout]   --> src/cpu/mod.rs:18:11
[INFO] [stdout]    |
[INFO] [stdout] 18 | pub trait CpuMemoryWrite {
[INFO] [stdout]    |           ^^^^^^^^^^^^^^
[INFO] [stdout] 
[INFO] [stdout] 
[INFO] [stdout] warning: trait `ReadInterface` is never used
[INFO] [stdout]    --> src/cpu/mod.rs:132:7
[INFO] [stdout]     |
[INFO] [stdout] 132 | trait ReadInterface<'a, T: CpuMemory> {
[INFO] [stdout]     |       ^^^^^^^^^^^^^
[INFO] [stdout] 
[INFO] [stdout] 
[INFO] [stdout] warning: trait `ReadInterfaceBytesRead` is never used
[INFO] [stdout]    --> src/cpu/mod.rs:137:7
[INFO] [stdout]     |
[INFO] [stdout] 137 | trait ReadInterfaceBytesRead {
[INFO] [stdout]     |       ^^^^^^^^^^^^^^^^^^^^^^
[INFO] [stdout] 
[INFO] [stdout] 
[INFO] [stdout] warning: struct `AccumulatorOperand` is never constructed
[INFO] [stdout]    --> src/cpu/mod.rs:143:8
[INFO] [stdout]     |
[INFO] [stdout] 143 | struct AccumulatorOperand;
[INFO] [stdout]     |        ^^^^^^^^^^^^^^^^^^
[INFO] [stdout] 
[INFO] [stdout] 
[INFO] [stdout] warning: field `0` is never read
[INFO] [stdout]   --> src/ines_rom_file.rs:26:13
[INFO] [stdout]    |
[INFO] [stdout] 26 |     IOError(std::io::Error),
[INFO] [stdout]    |     ------- ^^^^^^^^^^^^^^
[INFO] [stdout]    |     |
[INFO] [stdout]    |     field in this variant
[INFO] [stdout]    |
[INFO] [stdout]    = note: `OpenRomError` has a derived impl for the trait `Debug`, but this is intentionally ignored during dead code analysis
[INFO] [stdout] help: consider changing the field to be of unit type to suppress this warning while preserving the field numbering, or remove the field
[INFO] [stdout]    |
[INFO] [stdout] 26 |     IOError(()),
[INFO] [stdout]    |             ~~
[INFO] [stdout] 
[INFO] [stdout] 
[INFO] [stderr]     Finished `test` profile [unoptimized + debuginfo] target(s) in 4.47s
[INFO] running `Command { std: "docker" "inspect" "f6a1d0f80f122412226f4179d314aeaa641eb8900b06881acdaff2926df1ab11", kill_on_drop: false }`
[INFO] running `Command { std: "docker" "rm" "-f" "f6a1d0f80f122412226f4179d314aeaa641eb8900b06881acdaff2926df1ab11", kill_on_drop: false }`
[INFO] [stdout] f6a1d0f80f122412226f4179d314aeaa641eb8900b06881acdaff2926df1ab11
[INFO] running `Command { std: "docker" "create" "-v" "/var/lib/crater-agent-workspace/builds/worker-1-tc1/target:/opt/rustwide/target:rw,Z" "-v" "/var/lib/crater-agent-workspace/builds/worker-1-tc1/source:/opt/rustwide/workdir:ro,Z" "-v" "/var/lib/crater-agent-workspace/cargo-home:/opt/rustwide/cargo-home:ro,Z" "-v" "/var/lib/crater-agent-workspace/rustup-home:/opt/rustwide/rustup-home:ro,Z" "-e" "SOURCE_DIR=/opt/rustwide/workdir" "-e" "CARGO_TARGET_DIR=/opt/rustwide/target" "-e" "CARGO_INCREMENTAL=0" "-e" "RUST_BACKTRACE=full" "-e" "RUSTFLAGS=--cap-lints=warn" "-e" "RUSTDOCFLAGS=--cap-lints=warn" "-e" "CARGO_HOME=/opt/rustwide/cargo-home" "-e" "RUSTUP_HOME=/opt/rustwide/rustup-home" "-w" "/opt/rustwide/workdir" "-m" "1610612736" "--user" "0:0" "--network" "none" "ghcr.io/rust-lang/crates-build-env/linux@sha256:f3a9d4ad9d972b27faf3965f35b62e55ba32bbce8f20bc8fe909558a86702fde" "/opt/rustwide/cargo-home/bin/cargo" "+1.83.0" "test" "--frozen", kill_on_drop: false }`
[INFO] [stdout] c706f57a7d4b20211dd4e476afc3cae4429d52cc121123ced9fc356930a8da81
[INFO] running `Command { std: "docker" "start" "-a" "c706f57a7d4b20211dd4e476afc3cae4429d52cc121123ced9fc356930a8da81", kill_on_drop: false }`
[INFO] [stderr] warning: elided lifetime has a name
[INFO] [stderr]   --> src/cpu/mod.rs:90:93
[INFO] [stderr]    |
[INFO] [stderr] 90 |     pub fn context_borrowed<'a, T: CpuMemory>(&'a mut self, memory: &'a mut T) -> CpuContext<BorrowedMemory<T>>  {
[INFO] [stderr]    |                             -- lifetime `'a` declared here                                  ^ this elided lifetime gets resolved as `'a`
[INFO] [stderr]    |
[INFO] [stderr]    = note: `#[warn(elided_named_lifetimes)]` on by default
[INFO] [stderr] 
[INFO] [stderr] warning: elided lifetime has a name
[INFO] [stderr]   --> src/cpu/mod.rs:90:108
[INFO] [stderr]    |
[INFO] [stderr] 90 |     pub fn context_borrowed<'a, T: CpuMemory>(&'a mut self, memory: &'a mut T) -> CpuContext<BorrowedMemory<T>>  {
[INFO] [stderr]    |                             -- lifetime `'a` declared here                                                 ^ this elided lifetime gets resolved as `'a`
[INFO] [stderr] 
[INFO] [stderr] warning: elided lifetime has a name
[INFO] [stderr]   --> src/ppu.rs:98:75
[INFO] [stderr]    |
[INFO] [stderr] 98 |     pub fn context<'a>(&'a mut self, cart: &'a mut dyn PPUMemorySpace) -> PPUContext {
[INFO] [stderr]    |                    -- lifetime `'a` declared here                         ^^^^^^^^^^ this elided lifetime gets resolved as `'a`
[INFO] [stderr] 
[INFO] [stderr] warning: elided lifetime has a name
[INFO] [stderr]    --> src/ppu.rs:105:149
[INFO] [stderr]     |
[INFO] [stderr] 105 | ...xt<'a>(&'a mut self, cart: &'a mut dyn PPUMemorySpace, eventlist: &'a mut EventList, framebuffer: &'a mut [u8; 240*256]) -> PPUDrawingContex...
[INFO] [stderr]     |       -- lifetime `'a` declared here                                                                                           ^^^^^^^^^^^^^^^^^ this elided lifetime gets resolved as `'a`
[INFO] [stderr] 
[INFO] [stderr] warning: elided lifetime has a name
[INFO] [stderr]    --> src/main.rs:193:56
[INFO] [stderr]     |
[INFO] [stderr] 193 |     fn cpu_context<'a>(&'a mut self) -> CpuContext<'a, SystemMemoryMapper> {
[INFO] [stderr]     |                    -- lifetime `'a` declared here      ^^^^^^^^^^^^^^^^^^ this elided lifetime gets resolved as `'a`
[INFO] [stderr] 
[INFO] [stderr] warning: trait `CpuMemoryRead` is never used
[INFO] [stderr]   --> src/cpu/mod.rs:14:11
[INFO] [stderr]    |
[INFO] [stderr] 14 | pub trait CpuMemoryRead {
[INFO] [stderr]    |           ^^^^^^^^^^^^^
[INFO] [stderr]    |
[INFO] [stderr]    = note: `#[warn(dead_code)]` on by default
[INFO] [stderr] 
[INFO] [stderr] warning: trait `CpuMemoryWrite` is never used
[INFO] [stderr]   --> src/cpu/mod.rs:18:11
[INFO] [stderr]    |
[INFO] [stderr] 18 | pub trait CpuMemoryWrite {
[INFO] [stderr]    |           ^^^^^^^^^^^^^^
[INFO] [stderr] 
[INFO] [stderr] warning: trait `ReadInterface` is never used
[INFO] [stderr]    --> src/cpu/mod.rs:132:7
[INFO] [stderr]     |
[INFO] [stderr] 132 | trait ReadInterface<'a, T: CpuMemory> {
[INFO] [stderr]     |       ^^^^^^^^^^^^^
[INFO] [stderr] 
[INFO] [stderr] warning: trait `ReadInterfaceBytesRead` is never used
[INFO] [stderr]    --> src/cpu/mod.rs:137:7
[INFO] [stderr]     |
[INFO] [stderr] 137 | trait ReadInterfaceBytesRead {
[INFO] [stderr]     |       ^^^^^^^^^^^^^^^^^^^^^^
[INFO] [stderr] 
[INFO] [stderr] warning: struct `AccumulatorOperand` is never constructed
[INFO] [stderr]    --> src/cpu/mod.rs:143:8
[INFO] [stderr]     |
[INFO] [stderr] 143 | struct AccumulatorOperand;
[INFO] [stderr]     |        ^^^^^^^^^^^^^^^^^^
[INFO] [stderr] 
[INFO] [stderr] warning: field `0` is never read
[INFO] [stderr]   --> src/ines_rom_file.rs:26:13
[INFO] [stderr]    |
[INFO] [stderr] 26 |     IOError(std::io::Error),
[INFO] [stderr]    |     ------- ^^^^^^^^^^^^^^
[INFO] [stderr]    |     |
[INFO] [stderr]    |     field in this variant
[INFO] [stderr]    |
[INFO] [stderr]    = note: `OpenRomError` has a derived impl for the trait `Debug`, but this is intentionally ignored during dead code analysis
[INFO] [stderr] help: consider changing the field to be of unit type to suppress this warning while preserving the field numbering, or remove the field
[INFO] [stderr]    |
[INFO] [stderr] 26 |     IOError(()),
[INFO] [stderr]    |             ~~
[INFO] [stderr] 
[INFO] [stderr] warning: `nesmu` (bin "nesmu" test) generated 11 warnings
[INFO] [stderr]     Finished `test` profile [unoptimized + debuginfo] target(s) in 0.13s
[INFO] [stderr]      Running unittests src/main.rs (/opt/rustwide/target/debug/deps/nesmu-8a37c6655b0ce120)
[INFO] [stdout] 
[INFO] [stdout] running 12 tests
[INFO] [stdout] test cpu::tests::test_adc_instruction ... ok
[INFO] [stdout] test cpu::tests::test_bcc_instruction ... ok
[INFO] [stdout] test cpu::tests::test_and_instruction ... ok
[INFO] [stdout] test cpu::tests::test_bcs_instruction ... ok
[INFO] [stdout] test cpu::tests::test_beq_instruction ... ok
[INFO] [stdout] test cpu::tests::test_jsr_instruction ... ok
[INFO] [stdout] test cpu::tests::test_dec_instruction ... ok
[INFO] [stdout] test cpu::tests::test_dex_instruction ... ok[2024-12-14T14:03:00Z DEBUG nesmu::ines_rom_file] reading rom file nestest.nes
[INFO] [stdout] 
[INFO] [stdout] test cpu::tests::test_jmp_instruction ... ok
[INFO] [stdout] test cpu::tests::test_asl_instruction ... ok
[INFO] [stdout] test cpu::tests::test_cmp_instruction ... ok
[INFO] [stdout] test nestest::nestest ... FAILED
[INFO] [stdout] 
[INFO] [stdout] failures:
[INFO] [stdout] 
[INFO] [stdout] ---- nestest::nestest stdout ----
[INFO] [stdout] thread 'nestest::nestest' panicked at src/nestest.rs:23:52:
[INFO] [stdout] called `Result::unwrap()` on an `Err` value: IOError(Os { code: 2, kind: NotFound, message: "No such file or directory" })
[INFO] [stdout] stack backtrace:
[INFO] [stdout]    0:     0x5d5e4602ea1a - std::backtrace_rs::backtrace::libunwind::trace::h5a5b8284f2d0c266
[INFO] [stdout]                                at /rustc/90b35a6239c3d8bdabc530a6a0816f7ff89a0aaf/library/std/src/../../backtrace/src/backtrace/libunwind.rs:116:5
[INFO] [stdout]    1:     0x5d5e4602ea1a - std::backtrace_rs::backtrace::trace_unsynchronized::h76d4f1c9b0b875e3
[INFO] [stdout]                                at /rustc/90b35a6239c3d8bdabc530a6a0816f7ff89a0aaf/library/std/src/../../backtrace/src/backtrace/mod.rs:66:5
[INFO] [stdout]    2:     0x5d5e4602ea1a - std::sys::backtrace::_print_fmt::hc4546b8364a537c6
[INFO] [stdout]                                at /rustc/90b35a6239c3d8bdabc530a6a0816f7ff89a0aaf/library/std/src/sys/backtrace.rs:66:9
[INFO] [stdout]    3:     0x5d5e4602ea1a - <std::sys::backtrace::BacktraceLock::print::DisplayBacktrace as core::fmt::Display>::fmt::h5b6bd5631a6d1f6b
[INFO] [stdout]                                at /rustc/90b35a6239c3d8bdabc530a6a0816f7ff89a0aaf/library/std/src/sys/backtrace.rs:39:26
[INFO] [stdout]    4:     0x5d5e46053ef3 - core::fmt::rt::Argument::fmt::h270f6602a2b96f62
[INFO] [stdout]                                at /rustc/90b35a6239c3d8bdabc530a6a0816f7ff89a0aaf/library/core/src/fmt/rt.rs:177:76
[INFO] [stdout]    5:     0x5d5e46053ef3 - core::fmt::write::h7550c97b06c86515
[INFO] [stdout]                                at /rustc/90b35a6239c3d8bdabc530a6a0816f7ff89a0aaf/library/core/src/fmt/mod.rs:1186:21
[INFO] [stdout]    6:     0x5d5e4602bbe3 - std::io::Write::write_fmt::h509ff860e5956e5e
[INFO] [stdout]                                at /rustc/90b35a6239c3d8bdabc530a6a0816f7ff89a0aaf/library/std/src/io/mod.rs:1839:15
[INFO] [stdout]    7:     0x5d5e4602e862 - std::sys::backtrace::BacktraceLock::print::h2395ccd2c84ba3aa
[INFO] [stdout]                                at /rustc/90b35a6239c3d8bdabc530a6a0816f7ff89a0aaf/library/std/src/sys/backtrace.rs:42:9
[INFO] [stdout]    8:     0x5d5e4602fe7a - std::panicking::default_hook::{{closure}}::he19d4c7230e07961
[INFO] [stdout]                                at /rustc/90b35a6239c3d8bdabc530a6a0816f7ff89a0aaf/library/std/src/panicking.rs:268:22
[INFO] [stdout]    9:     0x5d5e4602fc84 - std::panicking::default_hook::hf614597d3c67bbdb
[INFO] [stdout]                                at /rustc/90b35a6239c3d8bdabc530a6a0816f7ff89a0aaf/library/std/src/panicking.rs:292:9
[INFO] [stdout]   10:     0x5d5e45e76779 - <alloc::boxed::Box<F,A> as core::ops::function::Fn<Args>>::call::h39b51ce4599c23d1
[INFO] [stdout]                                at /rustc/90b35a6239c3d8bdabc530a6a0816f7ff89a0aaf/library/alloc/src/boxed.rs:2468:9
[INFO] [stdout]   11:     0x5d5e45e76779 - test::test_main::{{closure}}::he977ae839a582784
[INFO] [stdout]                                at /rustc/90b35a6239c3d8bdabc530a6a0816f7ff89a0aaf/library/test/src/lib.rs:133:21
[INFO] [stdout]   12:     0x5d5e46030518 - <alloc::boxed::Box<F,A> as core::ops::function::Fn<Args>>::call::h9455091b6b06f9fb
[INFO] [stdout]                                at /rustc/90b35a6239c3d8bdabc530a6a0816f7ff89a0aaf/library/alloc/src/boxed.rs:2468:9
[INFO] [stdout]   13:     0x5d5e46030518 - std::panicking::rust_panic_with_hook::h8942133a8b252070
[INFO] [stdout]                                at /rustc/90b35a6239c3d8bdabc530a6a0816f7ff89a0aaf/library/std/src/panicking.rs:809:13
[INFO] [stdout]   14:     0x5d5e460302da - std::panicking::begin_panic_handler::{{closure}}::hb5f5963570096b29
[INFO] [stdout]                                at /rustc/90b35a6239c3d8bdabc530a6a0816f7ff89a0aaf/library/std/src/panicking.rs:674:13
[INFO] [stdout]   15:     0x5d5e4602eef9 - std::sys::backtrace::__rust_end_short_backtrace::h6208cedc1922feda
[INFO] [stdout]                                at /rustc/90b35a6239c3d8bdabc530a6a0816f7ff89a0aaf/library/std/src/sys/backtrace.rs:170:18
[INFO] [stdout]   16:     0x5d5e4602ff6c - rust_begin_unwind
[INFO] [stdout]                                at /rustc/90b35a6239c3d8bdabc530a6a0816f7ff89a0aaf/library/std/src/panicking.rs:665:5
[INFO] [stdout]   17:     0x5d5e45dfd0d0 - core::panicking::panic_fmt::h0c3082644d1bf418
[INFO] [stdout]                                at /rustc/90b35a6239c3d8bdabc530a6a0816f7ff89a0aaf/library/core/src/panicking.rs:74:14
[INFO] [stdout]   18:     0x5d5e45dfd556 - core::result::unwrap_failed::hd20b4aa073bda1e2
[INFO] [stdout]                                at /rustc/90b35a6239c3d8bdabc530a6a0816f7ff89a0aaf/library/core/src/result.rs:1700:5
[INFO] [stdout]   19:     0x5d5e45e3989a - core::result::Result<T,E>::unwrap::h07f05262cd175bf6
[INFO] [stdout]                                at /rustc/90b35a6239c3d8bdabc530a6a0816f7ff89a0aaf/library/core/src/result.rs:1104:23
[INFO] [stdout]   20:     0x5d5e45e3989a - nesmu::nestest::nestest::ha4e6d20aaef04065
[INFO] [stdout]                                at /opt/rustwide/workdir/src/nestest.rs:23:13
[INFO] [stdout]   21:     0x5d5e45e39737 - nesmu::nestest::nestest::{{closure}}::h91886121f50cb640
[INFO] [stdout]                                at /opt/rustwide/workdir/src/nestest.rs:17:13
[INFO] [stdout]   22:     0x5d5e45e2de36 - core::ops::function::FnOnce::call_once::h05ae537654d510e5
[INFO] [stdout]                                at /rustc/90b35a6239c3d8bdabc530a6a0816f7ff89a0aaf/library/core/src/ops/function.rs:250:5
[INFO] [stdout]   23:     0x5d5e45e7b13b - core::ops::function::FnOnce::call_once::h109cf8051a59b34e
[INFO] [stdout]                                at /rustc/90b35a6239c3d8bdabc530a6a0816f7ff89a0aaf/library/core/src/ops/function.rs:250:5
[INFO] [stdout]   24:     0x5d5e45e7b13b - test::__rust_begin_short_backtrace::hf4fff89d377446ba
[INFO] [stdout]                                at /rustc/90b35a6239c3d8bdabc530a6a0816f7ff89a0aaf/library/test/src/lib.rs:621:18
[INFO] [stdout]   25:     0x5d5e45e7a977 - test::run_test_in_process::{{closure}}::h0e39181dd7ee5a43
[INFO] [stdout]                                at /rustc/90b35a6239c3d8bdabc530a6a0816f7ff89a0aaf/library/test/src/lib.rs:644:60
[INFO] [stdout]   26:     0x5d5e45e7a977 - <core::panic::unwind_safe::AssertUnwindSafe<F> as core::ops::function::FnOnce<()>>::call_once::hc5a66a30f0bdfd1f
[INFO] [stdout]                                at /rustc/90b35a6239c3d8bdabc530a6a0816f7ff89a0aaf/library/core/src/panic/unwind_safe.rs:272:9
[INFO] [stdout]   27:     0x5d5e45e7a977 - std::panicking::try::do_call::h873b7cf639554a5e
[INFO] [stdout]                                at /rustc/90b35a6239c3d8bdabc530a6a0816f7ff89a0aaf/library/std/src/panicking.rs:557:40
[INFO] [stdout]   28:     0x5d5e45e7a977 - std::panicking::try::hdb19862fad9c8bd1
[INFO] [stdout]                                at /rustc/90b35a6239c3d8bdabc530a6a0816f7ff89a0aaf/library/std/src/panicking.rs:520:19
[INFO] [stdout]   29:     0x5d5e45e7a977 - std::panic::catch_unwind::h281fe732d236d260
[INFO] [stdout]                                at /rustc/90b35a6239c3d8bdabc530a6a0816f7ff89a0aaf/library/std/src/panic.rs:358:14
[INFO] [stdout]   30:     0x5d5e45e7a977 - test::run_test_in_process::h949b6df8457ed338
[INFO] [stdout]                                at /rustc/90b35a6239c3d8bdabc530a6a0816f7ff89a0aaf/library/test/src/lib.rs:644:27
[INFO] [stdout]   31:     0x5d5e45e7a977 - test::run_test::{{closure}}::h52c556a6d4740e10
[INFO] [stdout]                                at /rustc/90b35a6239c3d8bdabc530a6a0816f7ff89a0aaf/library/test/src/lib.rs:565:43
[INFO] [stdout]   32:     0x5d5e45e3fc54 - test::run_test::{{closure}}::h4237f6381c45ccb9
[INFO] [stdout]                                at /rustc/90b35a6239c3d8bdabc530a6a0816f7ff89a0aaf/library/test/src/lib.rs:595:41
[INFO] [stdout]   33:     0x5d5e45e3fc54 - std::sys::backtrace::__rust_begin_short_backtrace::h505c97a579eca628
[INFO] [stdout]                                at /rustc/90b35a6239c3d8bdabc530a6a0816f7ff89a0aaf/library/std/src/sys/backtrace.rs:154:18
[INFO] [stdout]   34:     0x5d5e45e4331e - std::thread::Builder::spawn_unchecked_::{{closure}}::{{closure}}::h9e86b2e2bc107ea3
[INFO] [stdout]                                at /rustc/90b35a6239c3d8bdabc530a6a0816f7ff89a0aaf/library/std/src/thread/mod.rs:538:17
[INFO] [stdout]   35:     0x5d5e45e4331e - <core::panic::unwind_safe::AssertUnwindSafe<F> as core::ops::function::FnOnce<()>>::call_once::h8b06ddb275ff4a25
[INFO] [stdout]                                at /rustc/90b35a6239c3d8bdabc530a6a0816f7ff89a0aaf/library/core/src/panic/unwind_safe.rs:272:9
[INFO] [stdout]   36:     0x5d5e45e4331e - std::panicking::try::do_call::hb26ecd7cd9a9355d
[INFO] [stdout]                                at /rustc/90b35a6239c3d8bdabc530a6a0816f7ff89a0aaf/library/std/src/panicking.rs:557:40
[INFO] [stdout]   37:     0x5d5e45e4331e - std::panicking::try::h8ddeca9d705f9069
[INFO] [stdout]                                at /rustc/90b35a6239c3d8bdabc530a6a0816f7ff89a0aaf/library/std/src/panicking.rs:520:19
[INFO] [stdout]   38:     0x5d5e45e4331e - std::panic::catch_unwind::h49e1c33078844c46
[INFO] [stdout]                                at /rustc/90b35a6239c3d8bdabc530a6a0816f7ff89a0aaf/library/std/src/panic.rs:358:14
[INFO] [stdout]   39:     0x5d5e45e4331e - std::thread::Builder::spawn_unchecked_::{{closure}}::h6073db6ff56ad35d
[INFO] [stdout]                                at /rustc/90b35a6239c3d8bdabc530a6a0816f7ff89a0aaf/library/std/src/thread/mod.rs:537:30
[INFO] [stdout]   40:     0x5d5e45e4331e - core::ops::function::FnOnce::call_once{{vtable.shim}}::h2c5a5f3779c774f1
[INFO] [stdout]                                at /rustc/90b35a6239c3d8bdabc530a6a0816f7ff89a0aaf/library/core/src/ops/function.rs:250:5
[INFO] [stdout]   41:     0x5d5e4603427b - <alloc::boxed::Box<F,A> as core::ops::function::FnOnce<Args>>::call_once::hf75717d9f28faebf
[INFO] [stdout]                                at /rustc/90b35a6239c3d8bdabc530a6a0816f7ff89a0aaf/library/alloc/src/boxed.rs:2454:9
[INFO] [stdout]   42:     0x5d5e4603427b - <alloc::boxed::Box<F,A> as core::ops::function::FnOnce<Args>>::call_once::h7bd883a5f3c5f3c1
[INFO] [stdout]                                at /rustc/90b35a6239c3d8bdabc530a6a0816f7ff89a0aaf/library/alloc/src/boxed.rs:2454:9
[INFO] [stdout]   43:     0x5d5e4603427b - std::sys::pal::unix::thread::Thread::new::thread_start::hcc78f3943333fa94
[INFO] [stdout]                                at /rustc/90b35a6239c3d8bdabc530a6a0816f7ff89a0aaf/library/std/src/sys/pal/unix/thread.rs:105:17
[INFO] [stdout]   44:     0x7e5f827b0ac3 - <unknown>
[INFO] [stdout]   45:     0x7e5f82841a04 - clone
[INFO] [stdout]   46:                0x0 - <unknown>
[INFO] [stdout] 
[INFO] [stdout] 
[INFO] [stdout] failures:
[INFO] [stdout]     nestest::nestest
[INFO] [stdout] 
[INFO] [stdout] test result: FAILED. 11 passed; 1 failed; 0 ignored; 0 measured; 0 filtered out; finished in 0.09s
[INFO] [stdout] 
[INFO] [stderr] error: test failed, to rerun pass `--bin nesmu`
[INFO] running `Command { std: "docker" "inspect" "c706f57a7d4b20211dd4e476afc3cae4429d52cc121123ced9fc356930a8da81", kill_on_drop: false }`
[INFO] running `Command { std: "docker" "rm" "-f" "c706f57a7d4b20211dd4e476afc3cae4429d52cc121123ced9fc356930a8da81", kill_on_drop: false }`
[INFO] [stdout] c706f57a7d4b20211dd4e476afc3cae4429d52cc121123ced9fc356930a8da81
