[INFO] cloning repository https://github.com/focus172/ext
[INFO] running `Command { std: "git" "-c" "credential.helper=" "-c" "credential.helper=/workspace/cargo-home/bin/git-credential-null" "clone" "--bare" "https://github.com/focus172/ext" "/workspace/cache/git-repos/https%3A%2F%2Fgithub.com%2Ffocus172%2Fext", kill_on_drop: false }`
[INFO] [stderr] Cloning into bare repository '/workspace/cache/git-repos/https%3A%2F%2Fgithub.com%2Ffocus172%2Fext'...
[INFO] running `Command { std: "git" "rev-parse" "HEAD", kill_on_drop: false }`
[INFO] [stdout] 84ac2745e14c6adc6a0d3755d7290aedd5b6e8da
[INFO] testing focus172/ext against 1.83.0 for beta-1.84.0-4-retry
[INFO] running `Command { std: "git" "clone" "/workspace/cache/git-repos/https%3A%2F%2Fgithub.com%2Ffocus172%2Fext" "/workspace/builds/worker-4-tc1/source", kill_on_drop: false }`
[INFO] [stderr] Cloning into '/workspace/builds/worker-4-tc1/source'...
[INFO] [stderr] done.
[INFO] validating manifest of git repo https://github.com/focus172/ext on toolchain 1.83.0
[INFO] running `Command { std: CARGO_HOME="/workspace/cargo-home" RUSTUP_HOME="/workspace/rustup-home" "/workspace/cargo-home/bin/cargo" "+1.83.0" "metadata" "--manifest-path" "Cargo.toml" "--no-deps", kill_on_drop: false }`
[INFO] started tweaking git repo https://github.com/focus172/ext
[INFO] finished tweaking git repo https://github.com/focus172/ext
[INFO] tweaked toml for git repo https://github.com/focus172/ext written to /workspace/builds/worker-4-tc1/source/Cargo.toml
[INFO] crate git repo https://github.com/focus172/ext already has a lockfile, it will not be regenerated
[INFO] running `Command { std: CARGO_HOME="/workspace/cargo-home" RUSTUP_HOME="/workspace/rustup-home" "/workspace/cargo-home/bin/cargo" "+1.83.0" "fetch" "--manifest-path" "Cargo.toml", kill_on_drop: false }`
[INFO] running `Command { std: "docker" "create" "-v" "/var/lib/crater-agent-workspace/builds/worker-4-tc1/target:/opt/rustwide/target:rw,Z" "-v" "/var/lib/crater-agent-workspace/builds/worker-4-tc1/source:/opt/rustwide/workdir:ro,Z" "-v" "/var/lib/crater-agent-workspace/cargo-home:/opt/rustwide/cargo-home:ro,Z" "-v" "/var/lib/crater-agent-workspace/rustup-home:/opt/rustwide/rustup-home:ro,Z" "-e" "SOURCE_DIR=/opt/rustwide/workdir" "-e" "CARGO_TARGET_DIR=/opt/rustwide/target" "-e" "CARGO_HOME=/opt/rustwide/cargo-home" "-e" "RUSTUP_HOME=/opt/rustwide/rustup-home" "-w" "/opt/rustwide/workdir" "-m" "1610612736" "--user" "0:0" "--network" "none" "ghcr.io/rust-lang/crates-build-env/linux@sha256:f3a9d4ad9d972b27faf3965f35b62e55ba32bbce8f20bc8fe909558a86702fde" "/opt/rustwide/cargo-home/bin/cargo" "+1.83.0" "metadata" "--no-deps" "--format-version=1", kill_on_drop: false }`
[INFO] [stdout] 8ef57eb4a77371e34522b9eca18f2b0396dbf42bfc6961893962c7ae3fa67644
[INFO] running `Command { std: "docker" "start" "-a" "8ef57eb4a77371e34522b9eca18f2b0396dbf42bfc6961893962c7ae3fa67644", kill_on_drop: false }`
[INFO] running `Command { std: "docker" "inspect" "8ef57eb4a77371e34522b9eca18f2b0396dbf42bfc6961893962c7ae3fa67644", kill_on_drop: false }`
[INFO] running `Command { std: "docker" "rm" "-f" "8ef57eb4a77371e34522b9eca18f2b0396dbf42bfc6961893962c7ae3fa67644", kill_on_drop: false }`
[INFO] [stdout] 8ef57eb4a77371e34522b9eca18f2b0396dbf42bfc6961893962c7ae3fa67644
[INFO] running `Command { std: "docker" "create" "-v" "/var/lib/crater-agent-workspace/builds/worker-4-tc1/target:/opt/rustwide/target:rw,Z" "-v" "/var/lib/crater-agent-workspace/builds/worker-4-tc1/source:/opt/rustwide/workdir:ro,Z" "-v" "/var/lib/crater-agent-workspace/cargo-home:/opt/rustwide/cargo-home:ro,Z" "-v" "/var/lib/crater-agent-workspace/rustup-home:/opt/rustwide/rustup-home:ro,Z" "-e" "SOURCE_DIR=/opt/rustwide/workdir" "-e" "CARGO_TARGET_DIR=/opt/rustwide/target" "-e" "CARGO_INCREMENTAL=0" "-e" "RUST_BACKTRACE=full" "-e" "RUSTFLAGS=--cap-lints=warn" "-e" "RUSTDOCFLAGS=--cap-lints=warn" "-e" "CARGO_HOME=/opt/rustwide/cargo-home" "-e" "RUSTUP_HOME=/opt/rustwide/rustup-home" "-w" "/opt/rustwide/workdir" "-m" "1610612736" "--user" "0:0" "--network" "none" "ghcr.io/rust-lang/crates-build-env/linux@sha256:f3a9d4ad9d972b27faf3965f35b62e55ba32bbce8f20bc8fe909558a86702fde" "/opt/rustwide/cargo-home/bin/cargo" "+1.83.0" "build" "--frozen" "--message-format=json", kill_on_drop: false }`
[INFO] [stdout] 804ce0ef7d8a157fda2c1a1dc552c5f6ccacd80a64fd00b258b9a5b434900161
[INFO] running `Command { std: "docker" "start" "-a" "804ce0ef7d8a157fda2c1a1dc552c5f6ccacd80a64fd00b258b9a5b434900161", kill_on_drop: false }`
[INFO] [stderr]    Compiling some-trait v0.1.0 (/opt/rustwide/workdir)
[INFO] [stderr]     Finished `dev` profile [unoptimized + debuginfo] target(s) in 0.21s
[INFO] running `Command { std: "docker" "inspect" "804ce0ef7d8a157fda2c1a1dc552c5f6ccacd80a64fd00b258b9a5b434900161", kill_on_drop: false }`
[INFO] running `Command { std: "docker" "rm" "-f" "804ce0ef7d8a157fda2c1a1dc552c5f6ccacd80a64fd00b258b9a5b434900161", kill_on_drop: false }`
[INFO] [stdout] 804ce0ef7d8a157fda2c1a1dc552c5f6ccacd80a64fd00b258b9a5b434900161
[INFO] running `Command { std: "docker" "create" "-v" "/var/lib/crater-agent-workspace/builds/worker-4-tc1/target:/opt/rustwide/target:rw,Z" "-v" "/var/lib/crater-agent-workspace/builds/worker-4-tc1/source:/opt/rustwide/workdir:ro,Z" "-v" "/var/lib/crater-agent-workspace/cargo-home:/opt/rustwide/cargo-home:ro,Z" "-v" "/var/lib/crater-agent-workspace/rustup-home:/opt/rustwide/rustup-home:ro,Z" "-e" "SOURCE_DIR=/opt/rustwide/workdir" "-e" "CARGO_TARGET_DIR=/opt/rustwide/target" "-e" "CARGO_INCREMENTAL=0" "-e" "RUST_BACKTRACE=full" "-e" "RUSTFLAGS=--cap-lints=warn" "-e" "RUSTDOCFLAGS=--cap-lints=warn" "-e" "CARGO_HOME=/opt/rustwide/cargo-home" "-e" "RUSTUP_HOME=/opt/rustwide/rustup-home" "-w" "/opt/rustwide/workdir" "-m" "1610612736" "--user" "0:0" "--network" "none" "ghcr.io/rust-lang/crates-build-env/linux@sha256:f3a9d4ad9d972b27faf3965f35b62e55ba32bbce8f20bc8fe909558a86702fde" "/opt/rustwide/cargo-home/bin/cargo" "+1.83.0" "test" "--frozen" "--no-run" "--message-format=json", kill_on_drop: false }`
[INFO] [stdout] 2f911fee6a2a0fb66012a6c4f36c23efae2d9b3248e327aa61cb656a111ea5ac
[INFO] running `Command { std: "docker" "start" "-a" "2f911fee6a2a0fb66012a6c4f36c23efae2d9b3248e327aa61cb656a111ea5ac", kill_on_drop: false }`
[INFO] [stderr]    Compiling some-trait v0.1.0 (/opt/rustwide/workdir)
[INFO] [stderr]     Finished `test` profile [unoptimized + debuginfo] target(s) in 0.60s
[INFO] running `Command { std: "docker" "inspect" "2f911fee6a2a0fb66012a6c4f36c23efae2d9b3248e327aa61cb656a111ea5ac", kill_on_drop: false }`
[INFO] running `Command { std: "docker" "rm" "-f" "2f911fee6a2a0fb66012a6c4f36c23efae2d9b3248e327aa61cb656a111ea5ac", kill_on_drop: false }`
[INFO] [stdout] 2f911fee6a2a0fb66012a6c4f36c23efae2d9b3248e327aa61cb656a111ea5ac
[INFO] running `Command { std: "docker" "create" "-v" "/var/lib/crater-agent-workspace/builds/worker-4-tc1/target:/opt/rustwide/target:rw,Z" "-v" "/var/lib/crater-agent-workspace/builds/worker-4-tc1/source:/opt/rustwide/workdir:ro,Z" "-v" "/var/lib/crater-agent-workspace/cargo-home:/opt/rustwide/cargo-home:ro,Z" "-v" "/var/lib/crater-agent-workspace/rustup-home:/opt/rustwide/rustup-home:ro,Z" "-e" "SOURCE_DIR=/opt/rustwide/workdir" "-e" "CARGO_TARGET_DIR=/opt/rustwide/target" "-e" "CARGO_INCREMENTAL=0" "-e" "RUST_BACKTRACE=full" "-e" "RUSTFLAGS=--cap-lints=warn" "-e" "RUSTDOCFLAGS=--cap-lints=warn" "-e" "CARGO_HOME=/opt/rustwide/cargo-home" "-e" "RUSTUP_HOME=/opt/rustwide/rustup-home" "-w" "/opt/rustwide/workdir" "-m" "1610612736" "--user" "0:0" "--network" "none" "ghcr.io/rust-lang/crates-build-env/linux@sha256:f3a9d4ad9d972b27faf3965f35b62e55ba32bbce8f20bc8fe909558a86702fde" "/opt/rustwide/cargo-home/bin/cargo" "+1.83.0" "test" "--frozen", kill_on_drop: false }`
[INFO] [stdout] afc7acd8c6bf73a4de753d78934a23d2520473f165f18a807169b2c6af5a24f2
[INFO] running `Command { std: "docker" "start" "-a" "afc7acd8c6bf73a4de753d78934a23d2520473f165f18a807169b2c6af5a24f2", kill_on_drop: false }`
[INFO] [stderr]     Finished `test` profile [unoptimized + debuginfo] target(s) in 0.01s
[INFO] [stderr]      Running unittests src/lib.rs (/opt/rustwide/target/debug/deps/some_trait-b8a55f739debf7ac)
[INFO] [stdout] 
[INFO] [stdout] running 1 test
[INFO] [stdout] test test::can_early_return ... ok
[INFO] [stdout] 
[INFO] [stdout] test result: ok. 1 passed; 0 failed; 0 ignored; 0 measured; 0 filtered out; finished in 0.00s
[INFO] [stdout] 
[INFO] [stderr]    Doc-tests some_trait
[INFO] [stdout] 
[INFO] [stdout] running 1 test
[INFO] [stdout] test src/lib.rs - MoveIt::move_it (line 52) ... FAILED
[INFO] [stdout] 
[INFO] [stdout] failures:
[INFO] [stdout] 
[INFO] [stdout] ---- src/lib.rs - MoveIt::move_it (line 52) stdout ----
[INFO] [stdout] error[E0433]: failed to resolve: use of undeclared crate or module `ext`
[INFO] [stdout]  --> src/lib.rs:54:5
[INFO] [stdout]   |
[INFO] [stdout] 4 | use ext::parse::moveit;
[INFO] [stdout]   |     ^^^ use of undeclared crate or module `ext`
[INFO] [stdout] 
[INFO] [stdout] error[E0425]: cannot find value `some` in this scope
[INFO] [stdout]  --> src/lib.rs:57:14
[INFO] [stdout]   |
[INFO] [stdout] 7 |     .move_it(some)
[INFO] [stdout]   |              ^^^^ help: a tuple variant with a similar name exists (notice the capitalization): `Some`
[INFO] [stdout]  --> /rustc/90b35a6239c3d8bdabc530a6a0816f7ff89a0aaf/library/core/src/option.rs:579:5
[INFO] [stdout]   |
[INFO] [stdout]   = note: similarly named tuple variant `Some` defined here
[INFO] [stdout] 
[INFO] [stdout] error[E0603]: module `range` is private
[INFO] [stdout]  --> src/lib.rs:53:16
[INFO] [stdout]   |
[INFO] [stdout] 3 | use core::ops::range;
[INFO] [stdout]   |                ^^^^^ private module
[INFO] [stdout]   |
[INFO] [stdout] note: the module `range` is defined here
[INFO] [stdout]  --> /rustc/90b35a6239c3d8bdabc530a6a0816f7ff89a0aaf/library/core/src/ops/mod.rs:151:1
[INFO] [stdout] 
[INFO] [stdout] error[E0599]: no method named `move_it` found for type `usize` in the current scope
[INFO] [stdout]   --> src/lib.rs:56:9
[INFO] [stdout]    |
[INFO] [stdout] 6  | 3_usize.move_it(|v| (v, v+4))
[INFO] [stdout]    |         ^^^^^^^ method not found in `usize`
[INFO] [stdout]    |
[INFO] [stdout]   ::: /opt/rustwide/workdir/src/lib.rs:63:8
[INFO] [stdout]    |
[INFO] [stdout] 63 |     fn move_it<F, U>(self, f: F) -> U
[INFO] [stdout]    |        ------- the method is available for `usize` here
[INFO] [stdout]    |
[INFO] [stdout]    = help: items from traits can only be used if the trait is in scope
[INFO] [stdout] help: trait `MoveIt` which provides `move_it` is implemented but not in scope; perhaps you want to import it
[INFO] [stdout]    |
[INFO] [stdout] 2  + use some_trait::MoveIt;
[INFO] [stdout]    |
[INFO] [stdout] 
[INFO] [stdout] error: aborting due to 4 previous errors
[INFO] [stdout] 
[INFO] [stdout] Some errors have detailed explanations: E0425, E0433, E0599, E0603.
[INFO] [stdout] For more information about an error, try `rustc --explain E0425`.
[INFO] [stdout] Couldn't compile the test.
[INFO] [stdout] 
[INFO] [stdout] failures:
[INFO] [stdout]     src/lib.rs - MoveIt::move_it (line 52)
[INFO] [stdout] 
[INFO] [stdout] test result: FAILED. 0 passed; 1 failed; 0 ignored; 0 measured; 0 filtered out; finished in 0.14s
[INFO] [stdout] 
[INFO] [stderr] error: doctest failed, to rerun pass `--doc`
[INFO] running `Command { std: "docker" "inspect" "afc7acd8c6bf73a4de753d78934a23d2520473f165f18a807169b2c6af5a24f2", kill_on_drop: false }`
[INFO] running `Command { std: "docker" "rm" "-f" "afc7acd8c6bf73a4de753d78934a23d2520473f165f18a807169b2c6af5a24f2", kill_on_drop: false }`
[INFO] [stdout] afc7acd8c6bf73a4de753d78934a23d2520473f165f18a807169b2c6af5a24f2
