[INFO] cloning repository https://github.com/flengure/columnizer
[INFO] running `Command { std: "git" "-c" "credential.helper=" "-c" "credential.helper=/workspace/cargo-home/bin/git-credential-null" "clone" "--bare" "https://github.com/flengure/columnizer" "/workspace/cache/git-repos/https%3A%2F%2Fgithub.com%2Fflengure%2Fcolumnizer", kill_on_drop: false }`
[INFO] [stderr] Cloning into bare repository '/workspace/cache/git-repos/https%3A%2F%2Fgithub.com%2Fflengure%2Fcolumnizer'...
[INFO] running `Command { std: "git" "rev-parse" "HEAD", kill_on_drop: false }`
[INFO] [stdout] 8876968b988cf3255a794e7cafd2abb6669253bf
[INFO] testing flengure/columnizer against beta-2024-12-08 for beta-1.84.0-4-retry
[INFO] running `Command { std: "git" "clone" "/workspace/cache/git-repos/https%3A%2F%2Fgithub.com%2Fflengure%2Fcolumnizer" "/workspace/builds/worker-2-tc2/source", kill_on_drop: false }`
[INFO] [stderr] Cloning into '/workspace/builds/worker-2-tc2/source'...
[INFO] [stderr] done.
[INFO] validating manifest of git repo https://github.com/flengure/columnizer on toolchain beta-2024-12-08
[INFO] running `Command { std: CARGO_HOME="/workspace/cargo-home" RUSTUP_HOME="/workspace/rustup-home" "/workspace/cargo-home/bin/cargo" "+beta-2024-12-08" "metadata" "--manifest-path" "Cargo.toml" "--no-deps", kill_on_drop: false }`
[INFO] started tweaking git repo https://github.com/flengure/columnizer
[INFO] finished tweaking git repo https://github.com/flengure/columnizer
[INFO] tweaked toml for git repo https://github.com/flengure/columnizer written to /workspace/builds/worker-2-tc2/source/Cargo.toml
[INFO] crate git repo https://github.com/flengure/columnizer already has a lockfile, it will not be regenerated
[INFO] running `Command { std: CARGO_HOME="/workspace/cargo-home" RUSTUP_HOME="/workspace/rustup-home" "/workspace/cargo-home/bin/cargo" "+beta-2024-12-08" "fetch" "--manifest-path" "Cargo.toml", kill_on_drop: false }`
[INFO] [stderr]     Blocking waiting for file lock on package cache
[INFO] running `Command { std: "docker" "create" "-v" "/var/lib/crater-agent-workspace/builds/worker-2-tc2/target:/opt/rustwide/target:rw,Z" "-v" "/var/lib/crater-agent-workspace/builds/worker-2-tc2/source:/opt/rustwide/workdir:ro,Z" "-v" "/var/lib/crater-agent-workspace/cargo-home:/opt/rustwide/cargo-home:ro,Z" "-v" "/var/lib/crater-agent-workspace/rustup-home:/opt/rustwide/rustup-home:ro,Z" "-e" "SOURCE_DIR=/opt/rustwide/workdir" "-e" "CARGO_TARGET_DIR=/opt/rustwide/target" "-e" "CARGO_HOME=/opt/rustwide/cargo-home" "-e" "RUSTUP_HOME=/opt/rustwide/rustup-home" "-w" "/opt/rustwide/workdir" "-m" "1610612736" "--user" "0:0" "--network" "none" "ghcr.io/rust-lang/crates-build-env/linux@sha256:f3a9d4ad9d972b27faf3965f35b62e55ba32bbce8f20bc8fe909558a86702fde" "/opt/rustwide/cargo-home/bin/cargo" "+beta-2024-12-08" "metadata" "--no-deps" "--format-version=1", kill_on_drop: false }`
[INFO] [stdout] 3f0b0b7bc40c8db55ce36176e6050d6f52ea7337227ea201cf3d06709338efba
[INFO] running `Command { std: "docker" "start" "-a" "3f0b0b7bc40c8db55ce36176e6050d6f52ea7337227ea201cf3d06709338efba", kill_on_drop: false }`
[INFO] running `Command { std: "docker" "inspect" "3f0b0b7bc40c8db55ce36176e6050d6f52ea7337227ea201cf3d06709338efba", kill_on_drop: false }`
[INFO] running `Command { std: "docker" "rm" "-f" "3f0b0b7bc40c8db55ce36176e6050d6f52ea7337227ea201cf3d06709338efba", kill_on_drop: false }`
[INFO] [stdout] 3f0b0b7bc40c8db55ce36176e6050d6f52ea7337227ea201cf3d06709338efba
[INFO] running `Command { std: "docker" "create" "-v" "/var/lib/crater-agent-workspace/builds/worker-2-tc2/target:/opt/rustwide/target:rw,Z" "-v" "/var/lib/crater-agent-workspace/builds/worker-2-tc2/source:/opt/rustwide/workdir:ro,Z" "-v" "/var/lib/crater-agent-workspace/cargo-home:/opt/rustwide/cargo-home:ro,Z" "-v" "/var/lib/crater-agent-workspace/rustup-home:/opt/rustwide/rustup-home:ro,Z" "-e" "SOURCE_DIR=/opt/rustwide/workdir" "-e" "CARGO_TARGET_DIR=/opt/rustwide/target" "-e" "CARGO_INCREMENTAL=0" "-e" "RUST_BACKTRACE=full" "-e" "RUSTFLAGS=--cap-lints=warn" "-e" "RUSTDOCFLAGS=--cap-lints=warn" "-e" "CARGO_HOME=/opt/rustwide/cargo-home" "-e" "RUSTUP_HOME=/opt/rustwide/rustup-home" "-w" "/opt/rustwide/workdir" "-m" "1610612736" "--user" "0:0" "--network" "none" "ghcr.io/rust-lang/crates-build-env/linux@sha256:f3a9d4ad9d972b27faf3965f35b62e55ba32bbce8f20bc8fe909558a86702fde" "/opt/rustwide/cargo-home/bin/cargo" "+beta-2024-12-08" "build" "--frozen" "--message-format=json", kill_on_drop: false }`
[INFO] [stdout] db1ff0410f5a3d476f0e2c96c04e0117c73dad00f84d63b9cdb90e786124d9c0
[INFO] running `Command { std: "docker" "start" "-a" "db1ff0410f5a3d476f0e2c96c04e0117c73dad00f84d63b9cdb90e786124d9c0", kill_on_drop: false }`
[INFO] [stderr]    Compiling libc v0.2.159
[INFO] [stderr]    Compiling proc-macro2 v1.0.86
[INFO] [stderr]    Compiling unicode-ident v1.0.13
[INFO] [stderr]    Compiling utf8parse v0.2.2
[INFO] [stderr]    Compiling serde v1.0.210
[INFO] [stderr]    Compiling memchr v2.7.4
[INFO] [stderr]    Compiling anstyle v1.0.8
[INFO] [stderr]    Compiling is_terminal_polyfill v1.70.1
[INFO] [stderr]    Compiling anstyle-parse v0.2.5
[INFO] [stderr]    Compiling colorchoice v1.0.2
[INFO] [stderr]    Compiling anstyle-query v1.1.1
[INFO] [stderr]    Compiling ryu v1.0.18
[INFO] [stderr]    Compiling heck v0.5.0
[INFO] [stderr]    Compiling anstream v0.6.15
[INFO] [stderr]    Compiling clap_lex v0.7.2
[INFO] [stderr]    Compiling itoa v1.0.11
[INFO] [stderr]    Compiling strsim v0.11.1
[INFO] [stderr]    Compiling unicode-width v0.1.14
[INFO] [stderr]    Compiling eyre v0.6.12
[INFO] [stderr]    Compiling clap_builder v4.5.18
[INFO] [stderr]    Compiling csv-core v0.1.11
[INFO] [stderr]    Compiling encode_unicode v1.0.0
[INFO] [stderr]    Compiling smawk v0.3.2
[INFO] [stderr]    Compiling quote v1.0.37
[INFO] [stderr]    Compiling once_cell v1.20.1
[INFO] [stderr]    Compiling dirs-sys-next v0.1.2
[INFO] [stderr]    Compiling is-terminal v0.4.13
[INFO] [stderr]    Compiling unicode-linebreak v0.1.5
[INFO] [stderr]    Compiling syn v2.0.77
[INFO] [stderr]    Compiling dirs-next v2.0.0
[INFO] [stderr]    Compiling lazy_static v1.5.0
[INFO] [stderr]    Compiling term v0.7.0
[INFO] [stderr]    Compiling indenter v0.3.3
[INFO] [stderr]    Compiling textwrap v0.16.1
[INFO] [stderr]    Compiling unicode-width v0.2.0
[INFO] [stderr]    Compiling csv v1.3.0
[INFO] [stderr]    Compiling prettytable v0.10.0
[INFO] [stderr]    Compiling clap_derive v4.5.18
[INFO] [stderr]    Compiling clap v4.5.18
[INFO] [stderr]    Compiling fmt v0.1.0 (/opt/rustwide/workdir)
[INFO] [stderr]     Finished `dev` profile [unoptimized + debuginfo] target(s) in 30.34s
[INFO] running `Command { std: "docker" "inspect" "db1ff0410f5a3d476f0e2c96c04e0117c73dad00f84d63b9cdb90e786124d9c0", kill_on_drop: false }`
[INFO] running `Command { std: "docker" "rm" "-f" "db1ff0410f5a3d476f0e2c96c04e0117c73dad00f84d63b9cdb90e786124d9c0", kill_on_drop: false }`
[INFO] [stdout] db1ff0410f5a3d476f0e2c96c04e0117c73dad00f84d63b9cdb90e786124d9c0
[INFO] running `Command { std: "docker" "create" "-v" "/var/lib/crater-agent-workspace/builds/worker-2-tc2/target:/opt/rustwide/target:rw,Z" "-v" "/var/lib/crater-agent-workspace/builds/worker-2-tc2/source:/opt/rustwide/workdir:ro,Z" "-v" "/var/lib/crater-agent-workspace/cargo-home:/opt/rustwide/cargo-home:ro,Z" "-v" "/var/lib/crater-agent-workspace/rustup-home:/opt/rustwide/rustup-home:ro,Z" "-e" "SOURCE_DIR=/opt/rustwide/workdir" "-e" "CARGO_TARGET_DIR=/opt/rustwide/target" "-e" "CARGO_INCREMENTAL=0" "-e" "RUST_BACKTRACE=full" "-e" "RUSTFLAGS=--cap-lints=warn" "-e" "RUSTDOCFLAGS=--cap-lints=warn" "-e" "CARGO_HOME=/opt/rustwide/cargo-home" "-e" "RUSTUP_HOME=/opt/rustwide/rustup-home" "-w" "/opt/rustwide/workdir" "-m" "1610612736" "--user" "0:0" "--network" "none" "ghcr.io/rust-lang/crates-build-env/linux@sha256:f3a9d4ad9d972b27faf3965f35b62e55ba32bbce8f20bc8fe909558a86702fde" "/opt/rustwide/cargo-home/bin/cargo" "+beta-2024-12-08" "test" "--frozen" "--no-run" "--message-format=json", kill_on_drop: false }`
[INFO] [stdout] 652d99e369e6e78855e5e033594a8fd8b714ae39b2c3ef39c56e5b856f530c43
[INFO] running `Command { std: "docker" "start" "-a" "652d99e369e6e78855e5e033594a8fd8b714ae39b2c3ef39c56e5b856f530c43", kill_on_drop: false }`
[INFO] [stderr]    Compiling fmt v0.1.0 (/opt/rustwide/workdir)
[INFO] [stderr]     Finished `test` profile [unoptimized + debuginfo] target(s) in 1.89s
[INFO] running `Command { std: "docker" "inspect" "652d99e369e6e78855e5e033594a8fd8b714ae39b2c3ef39c56e5b856f530c43", kill_on_drop: false }`
[INFO] running `Command { std: "docker" "rm" "-f" "652d99e369e6e78855e5e033594a8fd8b714ae39b2c3ef39c56e5b856f530c43", kill_on_drop: false }`
[INFO] [stdout] 652d99e369e6e78855e5e033594a8fd8b714ae39b2c3ef39c56e5b856f530c43
[INFO] running `Command { std: "docker" "create" "-v" "/var/lib/crater-agent-workspace/builds/worker-2-tc2/target:/opt/rustwide/target:rw,Z" "-v" "/var/lib/crater-agent-workspace/builds/worker-2-tc2/source:/opt/rustwide/workdir:ro,Z" "-v" "/var/lib/crater-agent-workspace/cargo-home:/opt/rustwide/cargo-home:ro,Z" "-v" "/var/lib/crater-agent-workspace/rustup-home:/opt/rustwide/rustup-home:ro,Z" "-e" "SOURCE_DIR=/opt/rustwide/workdir" "-e" "CARGO_TARGET_DIR=/opt/rustwide/target" "-e" "CARGO_INCREMENTAL=0" "-e" "RUST_BACKTRACE=full" "-e" "RUSTFLAGS=--cap-lints=warn" "-e" "RUSTDOCFLAGS=--cap-lints=warn" "-e" "CARGO_HOME=/opt/rustwide/cargo-home" "-e" "RUSTUP_HOME=/opt/rustwide/rustup-home" "-w" "/opt/rustwide/workdir" "-m" "1610612736" "--user" "0:0" "--network" "none" "ghcr.io/rust-lang/crates-build-env/linux@sha256:f3a9d4ad9d972b27faf3965f35b62e55ba32bbce8f20bc8fe909558a86702fde" "/opt/rustwide/cargo-home/bin/cargo" "+beta-2024-12-08" "test" "--frozen", kill_on_drop: false }`
[INFO] [stdout] 4dfb99e27bf7e3498bb653a316ab541b640aa4c6f527e2b7488343925baf09ab
[INFO] running `Command { std: "docker" "start" "-a" "4dfb99e27bf7e3498bb653a316ab541b640aa4c6f527e2b7488343925baf09ab", kill_on_drop: false }`
[INFO] [stderr]     Finished `test` profile [unoptimized + debuginfo] target(s) in 0.08s
[INFO] [stderr]      Running unittests src/lib.rs (/opt/rustwide/target/debug/deps/fmt-3f027ddaad285083)
[INFO] [stdout] 
[INFO] [stdout] running 0 tests
[INFO] [stdout] 
[INFO] [stdout] test result: ok. 0 passed; 0 failed; 0 ignored; 0 measured; 0 filtered out; finished in 0.00s
[INFO] [stdout] 
[INFO] [stderr]      Running unittests src/main.rs (/opt/rustwide/target/debug/deps/fmt-9dd12fd167558034)
[INFO] [stderr]    Doc-tests fmt
[INFO] [stdout] 
[INFO] [stdout] running 0 tests
[INFO] [stdout] 
[INFO] [stdout] test result: ok. 0 passed; 0 failed; 0 ignored; 0 measured; 0 filtered out; finished in 0.00s
[INFO] [stdout] 
[INFO] [stdout] 
[INFO] [stdout] running 9 tests
[INFO] [stdout] test src/table.rs - table::TableBuilder::clear_headers (line 467) ... FAILED
[INFO] [stdout] test src/text.rs - text::TextFormatter::wrap (line 710) ... FAILED
[INFO] [stdout] test src/table.rs - table::TableBuilder::column_widths (line 671) ... FAILED
[INFO] [stdout] test src/table.rs - table::TableBuilder::numeric_columns (line 443) ... FAILED
[INFO] [stdout] test src/text.rs - text::TextFormatter::truncate (line 756) ... FAILED
[INFO] [stdout] test src/table.rs - table::TableBuilder::data (line 569) ... FAILED
[INFO] [stdout] test src/table.rs - table::TableBuilder::headers (line 501) ... FAILED
[INFO] [stdout] test src/table.rs - table::TableBuilder::column_count (line 329) ... FAILED
[INFO] [stdout] test src/text.rs - text::clean (line 26) ... FAILED
[INFO] [stdout] 
[INFO] [stdout] failures:
[INFO] [stdout] 
[INFO] [stdout] ---- src/table.rs - table::TableBuilder::clear_headers (line 467) stdout ----
[INFO] [stdout] error: unexpected token: `...`
[INFO] [stdout]  --> src/table.rs:469:2
[INFO] [stdout]   |
[INFO] [stdout] 4 |  ...
[INFO] [stdout]   |  ^^^
[INFO] [stdout]   |
[INFO] [stdout] help: use `..` for an exclusive range
[INFO] [stdout]   |
[INFO] [stdout] 4 |  ..
[INFO] [stdout]   |
[INFO] [stdout] help: or `..=` for an inclusive range
[INFO] [stdout]   |
[INFO] [stdout] 4 |  ..=
[INFO] [stdout]   |
[INFO] [stdout] 
[INFO] [stdout] error[E0586]: inclusive range with no end
[INFO] [stdout]  --> src/table.rs:469:2
[INFO] [stdout]   |
[INFO] [stdout] 4 |  ...
[INFO] [stdout]   |  ^^^
[INFO] [stdout]   |
[INFO] [stdout]   = note: inclusive ranges must be bounded at the end (`..=b` or `a..=b`)
[INFO] [stdout] help: use `..` instead
[INFO] [stdout]   |
[INFO] [stdout] 4 -  ...
[INFO] [stdout] 4 +  ..
[INFO] [stdout]   |
[INFO] [stdout] 
[INFO] [stdout] error: expected one of `;` or `else`, found `.`
[INFO] [stdout]  --> src/table.rs:470:2
[INFO] [stdout]   |
[INFO] [stdout] 4 |  ...
[INFO] [stdout]   |     - expected one of `;` or `else`
[INFO] [stdout] 5 |  .clear_headers()
[INFO] [stdout]   |  ^ unexpected token
[INFO] [stdout] 
[INFO] [stdout] error: aborting due to 3 previous errors
[INFO] [stdout] 
[INFO] [stdout] For more information about this error, try `rustc --explain E0586`.
[INFO] [stdout] Couldn't compile the test.
[INFO] [stdout] ---- src/text.rs - text::TextFormatter::wrap (line 710) stdout ----
[INFO] [stdout] error[E0433]: failed to resolve: use of undeclared type `TextFormatter`
[INFO] [stdout]  --> src/text.rs:711:21
[INFO] [stdout]   |
[INFO] [stdout] 3 | let mut formatter = TextFormatter::new(Some("This is a long line of text that will be wrapped to fit within a specified width."));
[INFO] [stdout]   |                     ^^^^^^^^^^^^^ use of undeclared type `TextFormatter`
[INFO] [stdout]   |
[INFO] [stdout] help: consider importing this struct
[INFO] [stdout]   |
[INFO] [stdout] 2 + use fmt::text::TextFormatter;
[INFO] [stdout]   |
[INFO] [stdout] 
[INFO] [stdout] error: aborting due to 1 previous error
[INFO] [stdout] 
[INFO] [stdout] For more information about this error, try `rustc --explain E0433`.
[INFO] [stdout] Couldn't compile the test.
[INFO] [stdout] ---- src/table.rs - table::TableBuilder::column_widths (line 671) stdout ----
[INFO] [stdout] error[E0425]: cannot find value `table` in this scope
[INFO] [stdout]  --> src/table.rs:672:21
[INFO] [stdout]   |
[INFO] [stdout] 3 | let column_widths = table.column_widths();
[INFO] [stdout]   |                     ^^^^^ not found in this scope
[INFO] [stdout] 
[INFO] [stdout] error: aborting due to 1 previous error
[INFO] [stdout] 
[INFO] [stdout] For more information about this error, try `rustc --explain E0425`.
[INFO] [stdout] Couldn't compile the test.
[INFO] [stdout] ---- src/table.rs - table::TableBuilder::numeric_columns (line 443) stdout ----
[INFO] [stdout] error[E0425]: cannot find value `your_instance` in this scope
[INFO] [stdout]  --> src/table.rs:444:23
[INFO] [stdout]   |
[INFO] [stdout] 3 | let numeric_columns = your_instance.numeric_columns();
[INFO] [stdout]   |                       ^^^^^^^^^^^^^ not found in this scope
[INFO] [stdout] 
[INFO] [stdout] error: aborting due to 1 previous error
[INFO] [stdout] 
[INFO] [stdout] For more information about this error, try `rustc --explain E0425`.
[INFO] [stdout] Couldn't compile the test.
[INFO] [stdout] ---- src/text.rs - text::TextFormatter::truncate (line 756) stdout ----
[INFO] [stdout] error[E0433]: failed to resolve: use of undeclared type `Frame`
[INFO] [stdout]  --> src/text.rs:759:25
[INFO] [stdout]   |
[INFO] [stdout] 5 | text_instance.set_frame(Frame::CHOP);
[INFO] [stdout]   |                         ^^^^^ use of undeclared type `Frame`
[INFO] [stdout]   |
[INFO] [stdout] help: consider importing this enum
[INFO] [stdout]   |
[INFO] [stdout] 2 + use fmt::text::Frame;
[INFO] [stdout]   |
[INFO] [stdout] 
[INFO] [stdout] error[E0433]: failed to resolve: use of undeclared type `Text`
[INFO] [stdout]  --> src/text.rs:757:25
[INFO] [stdout]   |
[INFO] [stdout] 3 | let mut text_instance = Text::new("This is a long line of text that might need truncation.");
[INFO] [stdout]   |                         ^^^^ use of undeclared type `Text`
[INFO] [stdout]   |
[INFO] [stdout] help: there is an enum variant `fmt::cli::FmtCommands::Text` and 1 other; try using the variant's enum
[INFO] [stdout]   |
[INFO] [stdout] 3 | let mut text_instance = fmt::cli::FmtCommands::new("This is a long line of text that might need truncation.");
[INFO] [stdout]   |                         ~~~~~~~~~~~~~~~~~~~~~
[INFO] [stdout] 3 | let mut text_instance = fmt::input::Data::new("This is a long line of text that might need truncation.");
[INFO] [stdout]   |                         ~~~~~~~~~~~~~~~~
[INFO] [stdout] 
[INFO] [stdout] error: aborting due to 2 previous errors
[INFO] [stdout] 
[INFO] [stdout] For more information about this error, try `rustc --explain E0433`.
[INFO] [stdout] Couldn't compile the test.
[INFO] [stdout] ---- src/table.rs - table::TableBuilder::data (line 569) stdout ----
[INFO] [stdout] error[E0425]: cannot find value `formatter` in this scope
[INFO] [stdout]  --> src/table.rs:570:22
[INFO] [stdout]   |
[INFO] [stdout] 3 | let processed_data = formatter.data();
[INFO] [stdout]   |                      ^^^^^^^^^ not found in this scope
[INFO] [stdout] 
[INFO] [stdout] error: aborting due to 1 previous error
[INFO] [stdout] 
[INFO] [stdout] For more information about this error, try `rustc --explain E0425`.
[INFO] [stdout] Couldn't compile the test.
[INFO] [stdout] ---- src/table.rs - table::TableBuilder::headers (line 501) stdout ----
[INFO] [stdout] error[E0425]: cannot find value `formatter` in this scope
[INFO] [stdout]  --> src/table.rs:502:15
[INFO] [stdout]   |
[INFO] [stdout] 3 | let headers = formatter.headers();
[INFO] [stdout]   |               ^^^^^^^^^ not found in this scope
[INFO] [stdout] 
[INFO] [stdout] error: aborting due to 1 previous error
[INFO] [stdout] 
[INFO] [stdout] For more information about this error, try `rustc --explain E0425`.
[INFO] [stdout] Couldn't compile the test.
[INFO] [stdout] ---- src/table.rs - table::TableBuilder::column_count (line 329) stdout ----
[INFO] [stdout] error[E0425]: cannot find value `your_instance` in this scope
[INFO] [stdout]  --> src/table.rs:330:20
[INFO] [stdout]   |
[INFO] [stdout] 3 | let column_count = your_instance.column_count();
[INFO] [stdout]   |                    ^^^^^^^^^^^^^ not found in this scope
[INFO] [stdout] 
[INFO] [stdout] error: aborting due to 1 previous error
[INFO] [stdout] 
[INFO] [stdout] For more information about this error, try `rustc --explain E0425`.
[INFO] [stdout] Couldn't compile the test.
[INFO] [stdout] ---- src/text.rs - text::clean (line 26) stdout ----
[INFO] [stdout] error[E0425]: cannot find function `clean` in this scope
[INFO] [stdout]  --> src/text.rs:27:20
[INFO] [stdout]   |
[INFO] [stdout] 3 | let cleaned_text = clean(Some("  line1  \n\n  line2  \n  ")); // Returns "line1\nline2"
[INFO] [stdout]   |                    ^^^^^ not found in this scope
[INFO] [stdout]   |
[INFO] [stdout] help: consider importing this function
[INFO] [stdout]   |
[INFO] [stdout] 2 + use fmt::text::clean;
[INFO] [stdout]   |
[INFO] [stdout] 
[INFO] [stdout] error[E0425]: cannot find function `clean` in this scope
[INFO] [stdout]  --> src/text.rs:28:18
[INFO] [stdout]   |
[INFO] [stdout] 4 | let empty_text = clean(None); // Returns ""
[INFO] [stdout]   |                  ^^^^^ not found in this scope
[INFO] [stdout]   |
[INFO] [stdout] help: consider importing this function
[INFO] [stdout]   |
[INFO] [stdout] 2 + use fmt::text::clean;
[INFO] [stdout]   |
[INFO] [stdout] 
[INFO] [stdout] error: aborting due to 2 previous errors
[INFO] [stdout] 
[INFO] [stdout] For more information about this error, try `rustc --explain E0425`.
[INFO] [stdout] Couldn't compile the test.
[INFO] [stdout] 
[INFO] [stdout] failures:
[INFO] [stdout]     src/table.rs - table::TableBuilder::clear_headers (line 467)
[INFO] [stdout]     src/table.rs - table::TableBuilder::column_count (line 329)
[INFO] [stdout]     src/table.rs - table::TableBuilder::column_widths (line 671)
[INFO] [stdout]     src/table.rs - table::TableBuilder::data (line 569)
[INFO] [stdout]     src/table.rs - table::TableBuilder::headers (line 501)
[INFO] [stdout]     src/table.rs - table::TableBuilder::numeric_columns (line 443)
[INFO] [stdout]     src/text.rs - text::TextFormatter::truncate (line 756)
[INFO] [stdout]     src/text.rs - text::TextFormatter::wrap (line 710)
[INFO] [stdout]     src/text.rs - text::clean (line 26)
[INFO] [stdout] 
[INFO] [stdout] test result: FAILED. 0 passed; 9 failed; 0 ignored; 0 measured; 0 filtered out; finished in 0.44s
[INFO] [stdout] 
[INFO] [stderr] error: doctest failed, to rerun pass `--doc`
[INFO] running `Command { std: "docker" "inspect" "4dfb99e27bf7e3498bb653a316ab541b640aa4c6f527e2b7488343925baf09ab", kill_on_drop: false }`
[INFO] running `Command { std: "docker" "rm" "-f" "4dfb99e27bf7e3498bb653a316ab541b640aa4c6f527e2b7488343925baf09ab", kill_on_drop: false }`
[INFO] [stdout] 4dfb99e27bf7e3498bb653a316ab541b640aa4c6f527e2b7488343925baf09ab
