[INFO] cloning repository https://github.com/findre/binarycookies-reader
[INFO] running `Command { std: "git" "-c" "credential.helper=" "-c" "credential.helper=/workspace/cargo-home/bin/git-credential-null" "clone" "--bare" "https://github.com/findre/binarycookies-reader" "/workspace/cache/git-repos/https%3A%2F%2Fgithub.com%2Ffindre%2Fbinarycookies-reader", kill_on_drop: false }`
[INFO] [stderr] Cloning into bare repository '/workspace/cache/git-repos/https%3A%2F%2Fgithub.com%2Ffindre%2Fbinarycookies-reader'...
[INFO] running `Command { std: "git" "rev-parse" "HEAD", kill_on_drop: false }`
[INFO] [stdout] 39351041452c3da02a552737a64465b1fbe9a11a
[INFO] testing findre/binarycookies-reader against 1.83.0 for beta-1.84.0-4-retry
[INFO] running `Command { std: "git" "clone" "/workspace/cache/git-repos/https%3A%2F%2Fgithub.com%2Ffindre%2Fbinarycookies-reader" "/workspace/builds/worker-0-tc1/source", kill_on_drop: false }`
[INFO] [stderr] Cloning into '/workspace/builds/worker-0-tc1/source'...
[INFO] [stderr] done.
[INFO] validating manifest of git repo https://github.com/findre/binarycookies-reader on toolchain 1.83.0
[INFO] running `Command { std: CARGO_HOME="/workspace/cargo-home" RUSTUP_HOME="/workspace/rustup-home" "/workspace/cargo-home/bin/cargo" "+1.83.0" "metadata" "--manifest-path" "Cargo.toml" "--no-deps", kill_on_drop: false }`
[INFO] started tweaking git repo https://github.com/findre/binarycookies-reader
[INFO] finished tweaking git repo https://github.com/findre/binarycookies-reader
[INFO] tweaked toml for git repo https://github.com/findre/binarycookies-reader written to /workspace/builds/worker-0-tc1/source/Cargo.toml
[INFO] crate git repo https://github.com/findre/binarycookies-reader already has a lockfile, it will not be regenerated
[INFO] running `Command { std: CARGO_HOME="/workspace/cargo-home" RUSTUP_HOME="/workspace/rustup-home" "/workspace/cargo-home/bin/cargo" "+1.83.0" "fetch" "--manifest-path" "Cargo.toml", kill_on_drop: false }`
[INFO] running `Command { std: "docker" "create" "-v" "/var/lib/crater-agent-workspace/builds/worker-0-tc1/target:/opt/rustwide/target:rw,Z" "-v" "/var/lib/crater-agent-workspace/builds/worker-0-tc1/source:/opt/rustwide/workdir:ro,Z" "-v" "/var/lib/crater-agent-workspace/cargo-home:/opt/rustwide/cargo-home:ro,Z" "-v" "/var/lib/crater-agent-workspace/rustup-home:/opt/rustwide/rustup-home:ro,Z" "-e" "SOURCE_DIR=/opt/rustwide/workdir" "-e" "CARGO_TARGET_DIR=/opt/rustwide/target" "-e" "CARGO_HOME=/opt/rustwide/cargo-home" "-e" "RUSTUP_HOME=/opt/rustwide/rustup-home" "-w" "/opt/rustwide/workdir" "-m" "1610612736" "--user" "0:0" "--network" "none" "ghcr.io/rust-lang/crates-build-env/linux@sha256:f3a9d4ad9d972b27faf3965f35b62e55ba32bbce8f20bc8fe909558a86702fde" "/opt/rustwide/cargo-home/bin/cargo" "+1.83.0" "metadata" "--no-deps" "--format-version=1", kill_on_drop: false }`
[INFO] [stdout] 74a87a16a70459f5e419bbd20719ef4dd5200baf670b7fd988f68f7729e296b1
[INFO] running `Command { std: "docker" "start" "-a" "74a87a16a70459f5e419bbd20719ef4dd5200baf670b7fd988f68f7729e296b1", kill_on_drop: false }`
[INFO] running `Command { std: "docker" "inspect" "74a87a16a70459f5e419bbd20719ef4dd5200baf670b7fd988f68f7729e296b1", kill_on_drop: false }`
[INFO] running `Command { std: "docker" "rm" "-f" "74a87a16a70459f5e419bbd20719ef4dd5200baf670b7fd988f68f7729e296b1", kill_on_drop: false }`
[INFO] [stdout] 74a87a16a70459f5e419bbd20719ef4dd5200baf670b7fd988f68f7729e296b1
[INFO] running `Command { std: "docker" "create" "-v" "/var/lib/crater-agent-workspace/builds/worker-0-tc1/target:/opt/rustwide/target:rw,Z" "-v" "/var/lib/crater-agent-workspace/builds/worker-0-tc1/source:/opt/rustwide/workdir:ro,Z" "-v" "/var/lib/crater-agent-workspace/cargo-home:/opt/rustwide/cargo-home:ro,Z" "-v" "/var/lib/crater-agent-workspace/rustup-home:/opt/rustwide/rustup-home:ro,Z" "-e" "SOURCE_DIR=/opt/rustwide/workdir" "-e" "CARGO_TARGET_DIR=/opt/rustwide/target" "-e" "CARGO_INCREMENTAL=0" "-e" "RUST_BACKTRACE=full" "-e" "RUSTFLAGS=--cap-lints=warn" "-e" "RUSTDOCFLAGS=--cap-lints=warn" "-e" "CARGO_HOME=/opt/rustwide/cargo-home" "-e" "RUSTUP_HOME=/opt/rustwide/rustup-home" "-w" "/opt/rustwide/workdir" "-m" "1610612736" "--user" "0:0" "--network" "none" "ghcr.io/rust-lang/crates-build-env/linux@sha256:f3a9d4ad9d972b27faf3965f35b62e55ba32bbce8f20bc8fe909558a86702fde" "/opt/rustwide/cargo-home/bin/cargo" "+1.83.0" "build" "--frozen" "--message-format=json", kill_on_drop: false }`
[INFO] [stdout] 34d7c0b8fb14729191506e9fef6fa1c8a7897daab378ee0e59efbee5dde625a0
[INFO] running `Command { std: "docker" "start" "-a" "34d7c0b8fb14729191506e9fef6fa1c8a7897daab378ee0e59efbee5dde625a0", kill_on_drop: false }`
[INFO] [stderr]    Compiling binarycookies v0.1.2 (/opt/rustwide/workdir)
[INFO] [stderr]     Finished `dev` profile [unoptimized + debuginfo] target(s) in 0.32s
[INFO] running `Command { std: "docker" "inspect" "34d7c0b8fb14729191506e9fef6fa1c8a7897daab378ee0e59efbee5dde625a0", kill_on_drop: false }`
[INFO] running `Command { std: "docker" "rm" "-f" "34d7c0b8fb14729191506e9fef6fa1c8a7897daab378ee0e59efbee5dde625a0", kill_on_drop: false }`
[INFO] [stdout] 34d7c0b8fb14729191506e9fef6fa1c8a7897daab378ee0e59efbee5dde625a0
[INFO] running `Command { std: "docker" "create" "-v" "/var/lib/crater-agent-workspace/builds/worker-0-tc1/target:/opt/rustwide/target:rw,Z" "-v" "/var/lib/crater-agent-workspace/builds/worker-0-tc1/source:/opt/rustwide/workdir:ro,Z" "-v" "/var/lib/crater-agent-workspace/cargo-home:/opt/rustwide/cargo-home:ro,Z" "-v" "/var/lib/crater-agent-workspace/rustup-home:/opt/rustwide/rustup-home:ro,Z" "-e" "SOURCE_DIR=/opt/rustwide/workdir" "-e" "CARGO_TARGET_DIR=/opt/rustwide/target" "-e" "CARGO_INCREMENTAL=0" "-e" "RUST_BACKTRACE=full" "-e" "RUSTFLAGS=--cap-lints=warn" "-e" "RUSTDOCFLAGS=--cap-lints=warn" "-e" "CARGO_HOME=/opt/rustwide/cargo-home" "-e" "RUSTUP_HOME=/opt/rustwide/rustup-home" "-w" "/opt/rustwide/workdir" "-m" "1610612736" "--user" "0:0" "--network" "none" "ghcr.io/rust-lang/crates-build-env/linux@sha256:f3a9d4ad9d972b27faf3965f35b62e55ba32bbce8f20bc8fe909558a86702fde" "/opt/rustwide/cargo-home/bin/cargo" "+1.83.0" "test" "--frozen" "--no-run" "--message-format=json", kill_on_drop: false }`
[INFO] [stdout] 330ae4841b4a25c352f559ea28c5b1ae5e9423db4e1b990598f33c83925fe54b
[INFO] running `Command { std: "docker" "start" "-a" "330ae4841b4a25c352f559ea28c5b1ae5e9423db4e1b990598f33c83925fe54b", kill_on_drop: false }`
[INFO] [stderr]    Compiling binarycookies v0.1.2 (/opt/rustwide/workdir)
[INFO] [stderr]     Finished `test` profile [unoptimized + debuginfo] target(s) in 0.43s
[INFO] running `Command { std: "docker" "inspect" "330ae4841b4a25c352f559ea28c5b1ae5e9423db4e1b990598f33c83925fe54b", kill_on_drop: false }`
[INFO] running `Command { std: "docker" "rm" "-f" "330ae4841b4a25c352f559ea28c5b1ae5e9423db4e1b990598f33c83925fe54b", kill_on_drop: false }`
[INFO] [stdout] 330ae4841b4a25c352f559ea28c5b1ae5e9423db4e1b990598f33c83925fe54b
[INFO] running `Command { std: "docker" "create" "-v" "/var/lib/crater-agent-workspace/builds/worker-0-tc1/target:/opt/rustwide/target:rw,Z" "-v" "/var/lib/crater-agent-workspace/builds/worker-0-tc1/source:/opt/rustwide/workdir:ro,Z" "-v" "/var/lib/crater-agent-workspace/cargo-home:/opt/rustwide/cargo-home:ro,Z" "-v" "/var/lib/crater-agent-workspace/rustup-home:/opt/rustwide/rustup-home:ro,Z" "-e" "SOURCE_DIR=/opt/rustwide/workdir" "-e" "CARGO_TARGET_DIR=/opt/rustwide/target" "-e" "CARGO_INCREMENTAL=0" "-e" "RUST_BACKTRACE=full" "-e" "RUSTFLAGS=--cap-lints=warn" "-e" "RUSTDOCFLAGS=--cap-lints=warn" "-e" "CARGO_HOME=/opt/rustwide/cargo-home" "-e" "RUSTUP_HOME=/opt/rustwide/rustup-home" "-w" "/opt/rustwide/workdir" "-m" "1610612736" "--user" "0:0" "--network" "none" "ghcr.io/rust-lang/crates-build-env/linux@sha256:f3a9d4ad9d972b27faf3965f35b62e55ba32bbce8f20bc8fe909558a86702fde" "/opt/rustwide/cargo-home/bin/cargo" "+1.83.0" "test" "--frozen", kill_on_drop: false }`
[INFO] [stdout] 7ef5d2586dee80514f31e2959f5ec5248eb192c5fd570f358836c1c5ffb06dc2
[INFO] running `Command { std: "docker" "start" "-a" "7ef5d2586dee80514f31e2959f5ec5248eb192c5fd570f358836c1c5ffb06dc2", kill_on_drop: false }`
[INFO] [stderr]     Finished `test` profile [unoptimized + debuginfo] target(s) in 0.01s
[INFO] [stderr]      Running unittests src/libs.rs (/opt/rustwide/target/debug/deps/binary_cookies-af9c8a96138bb269)
[INFO] [stdout] 
[INFO] [stdout] running 0 tests
[INFO] [stdout] 
[INFO] [stderr]    Doc-tests binary_cookies
[INFO] [stdout] test result: ok. 0 passed; 0 failed; 0 ignored; 0 measured; 0 filtered out; finished in 0.00s
[INFO] [stdout] 
[INFO] [stdout] 
[INFO] [stdout] running 2 tests
[INFO] [stdout] test src/decoder.rs - decoder::BinaryCookiesReader::new (line 28) ... FAILED
[INFO] [stdout] test src/decoder.rs - decoder::BinaryCookiesReader::from_vec (line 65) ... FAILED
[INFO] [stdout] 
[INFO] [stdout] failures:
[INFO] [stdout] 
[INFO] [stdout] ---- src/decoder.rs - decoder::BinaryCookiesReader::new (line 28) stdout ----
[INFO] [stdout] error: expected `{`, found `:`
[INFO] [stdout]  --> src/decoder.rs:32:38
[INFO] [stdout]   |
[INFO] [stdout] 6 | for page in bc_decoder.origin_pages():
[INFO] [stdout]   |                                      ^ expected `{`
[INFO] [stdout] 
[INFO] [stdout] error[E0433]: failed to resolve: use of undeclared type `BinaryCookiesReader`
[INFO] [stdout]  --> src/decoder.rs:30:22
[INFO] [stdout]   |
[INFO] [stdout] 4 | let mut bc_decoder = BinaryCookiesReader::new(&target_file_path).unwrap();
[INFO] [stdout]   |                      ^^^^^^^^^^^^^^^^^^^ use of undeclared type `BinaryCookiesReader`
[INFO] [stdout]   |
[INFO] [stdout] help: consider importing this struct
[INFO] [stdout]   |
[INFO] [stdout] 2 + use binary_cookies::BinaryCookiesReader;
[INFO] [stdout]   |
[INFO] [stdout] 
[INFO] [stdout] error: aborting due to 2 previous errors
[INFO] [stdout] 
[INFO] [stdout] For more information about this error, try `rustc --explain E0433`.
[INFO] [stdout] Couldn't compile the test.
[INFO] [stdout] ---- src/decoder.rs - decoder::BinaryCookiesReader::from_vec (line 65) stdout ----
[INFO] [stdout] error: expected `{`, found `:`
[INFO] [stdout]   --> src/decoder.rs:74:38
[INFO] [stdout]    |
[INFO] [stdout] 11 | for page in bc_decoder.origin_pages():
[INFO] [stdout]    |                                      ^ expected `{`
[INFO] [stdout] 
[INFO] [stdout] error[E0433]: failed to resolve: use of undeclared type `BinaryCookiesReader`
[INFO] [stdout]  --> src/decoder.rs:72:22
[INFO] [stdout]   |
[INFO] [stdout] 9 | let mut bc_decoder = BinaryCookiesReader::from_vec(&buf).unwrap();
[INFO] [stdout]   |                      ^^^^^^^^^^^^^^^^^^^ use of undeclared type `BinaryCookiesReader`
[INFO] [stdout]   |
[INFO] [stdout] help: consider importing this struct
[INFO] [stdout]   |
[INFO] [stdout] 2 + use binary_cookies::BinaryCookiesReader;
[INFO] [stdout]   |
[INFO] [stdout] 
[INFO] [stdout] error[E0599]: no method named `read_to_end` found for enum `Result` in the current scope
[INFO] [stdout]  --> src/decoder.rs:71:11
[INFO] [stdout]   |
[INFO] [stdout] 8 | let _ = f.read_to_end(&mut buf);
[INFO] [stdout]   |           ^^^^^^^^^^^ method not found in `Result<File, Error>`
[INFO] [stdout] 
[INFO] [stdout] error: aborting due to 3 previous errors
[INFO] [stdout] 
[INFO] [stdout] Some errors have detailed explanations: E0433, E0599.
[INFO] [stdout] For more information about an error, try `rustc --explain E0433`.
[INFO] [stdout] Couldn't compile the test.
[INFO] [stdout] 
[INFO] [stdout] failures:
[INFO] [stdout]     src/decoder.rs - decoder::BinaryCookiesReader::from_vec (line 65)
[INFO] [stdout]     src/decoder.rs - decoder::BinaryCookiesReader::new (line 28)
[INFO] [stdout] 
[INFO] [stdout] test result: FAILED. 0 passed; 2 failed; 0 ignored; 0 measured; 0 filtered out; finished in 0.09s
[INFO] [stdout] 
[INFO] [stderr] error: doctest failed, to rerun pass `--doc`
[INFO] running `Command { std: "docker" "inspect" "7ef5d2586dee80514f31e2959f5ec5248eb192c5fd570f358836c1c5ffb06dc2", kill_on_drop: false }`
[INFO] running `Command { std: "docker" "rm" "-f" "7ef5d2586dee80514f31e2959f5ec5248eb192c5fd570f358836c1c5ffb06dc2", kill_on_drop: false }`
[INFO] [stdout] 7ef5d2586dee80514f31e2959f5ec5248eb192c5fd570f358836c1c5ffb06dc2
