[INFO] cloning repository https://github.com/fieldlee/crawler
[INFO] running `Command { std: "git" "-c" "credential.helper=" "-c" "credential.helper=/workspace/cargo-home/bin/git-credential-null" "clone" "--bare" "https://github.com/fieldlee/crawler" "/workspace/cache/git-repos/https%3A%2F%2Fgithub.com%2Ffieldlee%2Fcrawler", kill_on_drop: false }`
[INFO] [stderr] Cloning into bare repository '/workspace/cache/git-repos/https%3A%2F%2Fgithub.com%2Ffieldlee%2Fcrawler'...
[INFO] running `Command { std: "git" "rev-parse" "HEAD", kill_on_drop: false }`
[INFO] [stdout] 96422c0392d606659530b26f09b43495bf0970e3
[INFO] testing fieldlee/crawler against beta-2024-12-08 for beta-1.84.0-4-retry
[INFO] running `Command { std: "git" "clone" "/workspace/cache/git-repos/https%3A%2F%2Fgithub.com%2Ffieldlee%2Fcrawler" "/workspace/builds/worker-0-tc2/source", kill_on_drop: false }`
[INFO] [stderr] Cloning into '/workspace/builds/worker-0-tc2/source'...
[INFO] [stderr] done.
[INFO] [stderr] Updating files:  26% (7000/26103)
Updating files:  27% (7048/26103)
Updating files:  28% (7309/26103)
Updating files:  29% (7570/26103)
Updating files:  30% (7831/26103)
Updating files:  31% (8092/26103)
Updating files:  32% (8353/26103)
Updating files:  33% (8614/26103)
Updating files:  34% (8876/26103)
Updating files:  35% (9137/26103)
Updating files:  36% (9398/26103)
Updating files:  37% (9659/26103)
Updating files:  38% (9920/26103)
Updating files:  39% (10181/26103)
Updating files:  40% (10442/26103)
Updating files:  41% (10703/26103)
Updating files:  42% (10964/26103)
Updating files:  42% (11006/26103)
Updating files:  43% (11225/26103)
Updating files:  44% (11486/26103)
Updating files:  45% (11747/26103)
Updating files:  46% (12008/26103)
Updating files:  47% (12269/26103)
Updating files:  48% (12530/26103)
Updating files:  49% (12791/26103)
Updating files:  50% (13052/26103)
Updating files:  51% (13313/26103)
Updating files:  52% (13574/26103)
Updating files:  53% (13835/26103)
Updating files:  54% (14096/26103)
Updating files:  55% (14357/26103)
Updating files:  56% (14618/26103)
Updating files:  57% (14879/26103)
Updating files:  58% (15140/26103)
Updating files:  59% (15401/26103)
Updating files:  60% (15662/26103)
Updating files:  61% (15923/26103)
Updating files:  62% (16184/26103)
Updating files:  63% (16445/26103)
Updating files:  64% (16706/26103)
Updating files:  65% (16967/26103)
Updating files:  66% (17228/26103)
Updating files:  67% (17490/26103)
Updating files:  68% (17751/26103)
Updating files:  69% (18012/26103)
Updating files:  70% (18273/26103)
Updating files:  71% (18534/26103)
Updating files:  72% (18795/26103)
Updating files:  73% (19056/26103)
Updating files:  74% (19317/26103)
Updating files:  75% (19578/26103)
Updating files:  76% (19839/26103)
Updating files:  77% (20100/26103)
Updating files:  78% (20361/26103)
Updating files:  79% (20622/26103)
Updating files:  80% (20883/26103)
Updating files:  81% (21144/26103)
Updating files:  81% (21294/26103)
Updating files:  82% (21405/26103)
Updating files:  83% (21666/26103)
Updating files:  84% (21927/26103)
Updating files:  85% (22188/26103)
Updating files:  86% (22449/26103)
Updating files:  87% (22710/26103)
Updating files:  88% (22971/26103)
Updating files:  89% (23232/26103)
Updating files:  90% (23493/26103)
Updating files:  91% (23754/26103)
Updating files:  91% (23785/26103)
Updating files:  92% (24015/26103)
Updating files:  92% (24111/26103)
Updating files:  93% (24276/26103)
Updating files:  94% (24537/26103)
Updating files:  95% (24798/26103)
Updating files:  96% (25059/26103)
Updating files:  96% (25249/26103)
Updating files:  97% (25320/26103)
Updating files:  98% (25581/26103)
Updating files:  99% (25842/26103)
Updating files:  99% (25861/26103)
Updating files: 100% (26103/26103)
Updating files: 100% (26103/26103), done.
[INFO] validating manifest of git repo https://github.com/fieldlee/crawler on toolchain beta-2024-12-08
[INFO] running `Command { std: CARGO_HOME="/workspace/cargo-home" RUSTUP_HOME="/workspace/rustup-home" "/workspace/cargo-home/bin/cargo" "+beta-2024-12-08" "metadata" "--manifest-path" "Cargo.toml" "--no-deps", kill_on_drop: false }`
[INFO] removed /workspace/builds/worker-0-tc2/source/.cargo/config.toml
[INFO] removed /workspace/builds/worker-0-tc2/source/rust-toolchain.toml
[INFO] started tweaking git repo https://github.com/fieldlee/crawler
[INFO] finished tweaking git repo https://github.com/fieldlee/crawler
[INFO] tweaked toml for git repo https://github.com/fieldlee/crawler written to /workspace/builds/worker-0-tc2/source/Cargo.toml
[INFO] crate git repo https://github.com/fieldlee/crawler already has a lockfile, it will not be regenerated
[INFO] running `Command { std: CARGO_HOME="/workspace/cargo-home" RUSTUP_HOME="/workspace/rustup-home" "/workspace/cargo-home/bin/cargo" "+beta-2024-12-08" "fetch" "--manifest-path" "Cargo.toml", kill_on_drop: false }`
[INFO] running `Command { std: "docker" "create" "-v" "/var/lib/crater-agent-workspace/builds/worker-0-tc2/target:/opt/rustwide/target:rw,Z" "-v" "/var/lib/crater-agent-workspace/builds/worker-0-tc2/source:/opt/rustwide/workdir:ro,Z" "-v" "/var/lib/crater-agent-workspace/cargo-home:/opt/rustwide/cargo-home:ro,Z" "-v" "/var/lib/crater-agent-workspace/rustup-home:/opt/rustwide/rustup-home:ro,Z" "-e" "SOURCE_DIR=/opt/rustwide/workdir" "-e" "CARGO_TARGET_DIR=/opt/rustwide/target" "-e" "CARGO_HOME=/opt/rustwide/cargo-home" "-e" "RUSTUP_HOME=/opt/rustwide/rustup-home" "-w" "/opt/rustwide/workdir" "-m" "1610612736" "--user" "0:0" "--network" "none" "ghcr.io/rust-lang/crates-build-env/linux@sha256:f3a9d4ad9d972b27faf3965f35b62e55ba32bbce8f20bc8fe909558a86702fde" "/opt/rustwide/cargo-home/bin/cargo" "+beta-2024-12-08" "metadata" "--no-deps" "--format-version=1", kill_on_drop: false }`
[INFO] [stdout] e7d60d5880018124b79e695b3dbd7ff3c1e0a900023ad50691f0970a02a72f85
[INFO] running `Command { std: "docker" "start" "-a" "e7d60d5880018124b79e695b3dbd7ff3c1e0a900023ad50691f0970a02a72f85", kill_on_drop: false }`
[INFO] running `Command { std: "docker" "inspect" "e7d60d5880018124b79e695b3dbd7ff3c1e0a900023ad50691f0970a02a72f85", kill_on_drop: false }`
[INFO] running `Command { std: "docker" "rm" "-f" "e7d60d5880018124b79e695b3dbd7ff3c1e0a900023ad50691f0970a02a72f85", kill_on_drop: false }`
[INFO] [stdout] e7d60d5880018124b79e695b3dbd7ff3c1e0a900023ad50691f0970a02a72f85
[INFO] running `Command { std: "docker" "create" "-v" "/var/lib/crater-agent-workspace/builds/worker-0-tc2/target:/opt/rustwide/target:rw,Z" "-v" "/var/lib/crater-agent-workspace/builds/worker-0-tc2/source:/opt/rustwide/workdir:ro,Z" "-v" "/var/lib/crater-agent-workspace/cargo-home:/opt/rustwide/cargo-home:ro,Z" "-v" "/var/lib/crater-agent-workspace/rustup-home:/opt/rustwide/rustup-home:ro,Z" "-e" "SOURCE_DIR=/opt/rustwide/workdir" "-e" "CARGO_TARGET_DIR=/opt/rustwide/target" "-e" "CARGO_INCREMENTAL=0" "-e" "RUST_BACKTRACE=full" "-e" "RUSTFLAGS=--cap-lints=warn" "-e" "RUSTDOCFLAGS=--cap-lints=warn" "-e" "CARGO_HOME=/opt/rustwide/cargo-home" "-e" "RUSTUP_HOME=/opt/rustwide/rustup-home" "-w" "/opt/rustwide/workdir" "-m" "1610612736" "--user" "0:0" "--network" "none" "ghcr.io/rust-lang/crates-build-env/linux@sha256:f3a9d4ad9d972b27faf3965f35b62e55ba32bbce8f20bc8fe909558a86702fde" "/opt/rustwide/cargo-home/bin/cargo" "+beta-2024-12-08" "build" "--frozen" "--message-format=json", kill_on_drop: false }`
[INFO] [stdout] 40fac53eb11e785b38961053f8a2de0ba4c541ec8dff49d4747c9fdb42e71503
[INFO] running `Command { std: "docker" "start" "-a" "40fac53eb11e785b38961053f8a2de0ba4c541ec8dff49d4747c9fdb42e71503", kill_on_drop: false }`
[INFO] [stderr]    Compiling version_check v0.9.4
[INFO] [stderr]    Compiling libc v0.2.137
[INFO] [stderr]    Compiling proc-macro2 v1.0.47
[INFO] [stderr]    Compiling quote v1.0.21
[INFO] [stderr]    Compiling unicode-ident v1.0.5
[INFO] [stderr]    Compiling syn v1.0.104
[INFO] [stderr]    Compiling autocfg v1.1.0
[INFO] [stderr]    Compiling cfg-if v1.0.0
[INFO] [stderr]    Compiling once_cell v1.16.0
[INFO] [stderr]    Compiling serde_derive v1.0.148
[INFO] [stderr]    Compiling memchr v2.5.0
[INFO] [stderr]    Compiling typenum v1.15.0
[INFO] [stderr]    Compiling log v0.4.17
[INFO] [stderr]    Compiling value-bag v1.0.0-alpha.9
[INFO] [stderr]    Compiling generic-array v0.14.6
[INFO] [stderr]    Compiling futures-core v0.3.25
[INFO] [stderr]    Compiling pin-project-lite v0.2.9
[INFO] [stderr]    Compiling serde v1.0.148
[INFO] [stderr]    Compiling scopeguard v1.1.0
[INFO] [stderr]    Compiling lock_api v0.4.9
[INFO] [stderr]    Compiling itoa v1.0.4
[INFO] [stderr]    Compiling futures-io v0.3.25
[INFO] [stderr]    Compiling pkg-config v0.3.26
[INFO] [stderr]    Compiling subtle v2.4.1
[INFO] [stderr]    Compiling slab v0.4.7
[INFO] [stderr]    Compiling jobserver v0.1.25
[INFO] [stderr]    Compiling socket2 v0.4.7
[INFO] [stderr]    Compiling smallvec v1.10.0
[INFO] [stderr]    Compiling cc v1.0.77
[INFO] [stderr]    Compiling futures-sink v0.3.25
[INFO] [stderr]    Compiling crossbeam-utils v0.8.14
[INFO] [stderr]    Compiling signal-hook-registry v1.4.0
[INFO] [stderr]    Compiling getrandom v0.2.8
[INFO] [stderr]    Compiling bytes v1.3.0
[INFO] [stderr]    Compiling percent-encoding v2.2.0
[INFO] [stderr]    Compiling spin v0.5.2
[INFO] [stderr]    Compiling tinyvec_macros v0.1.0
[INFO] [stderr]    Compiling tinyvec v1.6.0
[INFO] [stderr]    Compiling indexmap v1.9.2
[INFO] [stderr]    Compiling ryu v1.0.11
[INFO] [stderr]    Compiling thiserror v1.0.37
[INFO] [stderr]    Compiling pin-utils v0.1.0
[INFO] [stderr]    Compiling parking_lot_core v0.9.4
[INFO] [stderr]    Compiling hashbrown v0.12.3
[INFO] [stderr]    Compiling base64 v0.13.1
[INFO] [stderr]    Compiling unicode-bidi v0.3.8
[INFO] [stderr]    Compiling form_urlencoded v1.1.0
[INFO] [stderr]    Compiling openssl-sys v0.9.78
[INFO] [stderr]    Compiling futures-channel v0.3.25
[INFO] [stderr]    Compiling libm v0.2.6
[INFO] [stderr]    Compiling futures-task v0.3.25
[INFO] [stderr]    Compiling parking v2.0.0
[INFO] [stderr]    Compiling waker-fn v1.1.0
[INFO] [stderr]    Compiling fastrand v1.8.0
[INFO] [stderr]    Compiling event-listener v2.5.3
[INFO] [stderr]    Compiling ring v0.16.20
[INFO] [stderr]    Compiling unicode-normalization v0.1.22
[INFO] [stderr]    Compiling futures-lite v1.12.0
[INFO] [stderr]    Compiling rand_core v0.6.4
[INFO] [stderr]    Compiling num-traits v0.2.15
[INFO] [stderr]    Compiling futures-util v0.3.25
[INFO] [stderr]    Compiling fnv v1.0.7
[INFO] [stderr]    Compiling parking_lot v0.12.1
[INFO] [stderr]    Compiling idna v0.3.0
[INFO] [stderr]    Compiling tracing-core v0.1.30
[INFO] [stderr]    Compiling ppv-lite86 v0.2.17
[INFO] [stderr]    Compiling untrusted v0.7.1
[INFO] [stderr]    Compiling cache-padded v1.2.0
[INFO] [stderr]    Compiling concurrent-queue v1.2.4
[INFO] [stderr]    Compiling async-lock v2.6.0
[INFO] [stderr]    Compiling polling v2.5.0
[INFO] [stderr]    Compiling num-integer v0.1.45
[INFO] [stderr]    Compiling serde_json v1.0.89
[INFO] [stderr]    Compiling cpufeatures v0.2.5
[INFO] [stderr]    Compiling openssl-probe v0.1.5
[INFO] [stderr]    Compiling async-channel v1.7.1
[INFO] [stderr]    Compiling concurrent-queue v2.0.0
[INFO] [stderr]    Compiling tokio v1.22.0
[INFO] [stderr]    Compiling async-io v1.12.0
[INFO] [stderr]    Compiling rand_chacha v0.3.1
[INFO] [stderr]    Compiling num_cpus v1.14.0
[INFO] [stderr]    Compiling opaque-debug v0.3.0
[INFO] [stderr]    Compiling proc-macro-hack v0.5.19
[INFO] [stderr]    Compiling signal-hook v0.3.14
[INFO] [stderr]    Compiling async-task v4.3.0
[INFO] [stderr]    Compiling rand v0.8.5
[INFO] [stderr]    Compiling http v0.2.8
[INFO] [stderr]    Compiling async-process v1.6.0
[INFO] [stderr]    Compiling atomic-waker v1.0.0
[INFO] [stderr]    Compiling base64ct v1.5.3
[INFO] [stderr]    Compiling blocking v1.3.0
[INFO] [stderr]    Compiling async-executor v1.5.0
[INFO] [stderr]    Compiling crypto-common v0.1.6
[INFO] [stderr]    Compiling block-buffer v0.10.3
[INFO] [stderr]    Compiling standback v0.2.17
[INFO] [stderr]    Compiling digest v0.10.6
[INFO] [stderr]    Compiling libz-sys v1.1.8
[INFO] [stderr]    Compiling libnghttp2-sys v0.1.7+1.45.0
[INFO] [stderr]    Compiling async-trait v0.1.58
[INFO] [stderr]    Compiling bitflags v1.3.2
[INFO] [stderr]    Compiling wasm-bindgen-shared v0.2.83
[INFO] [stderr]    Compiling const_fn v0.4.9
[INFO] [stderr]    Compiling cipher v0.2.5
[INFO] [stderr]    Compiling curl-sys v0.4.59+curl-7.86.0
[INFO] [stderr]    Compiling time v0.1.45
[INFO] [stderr]    Compiling time v0.2.27
[INFO] [stderr]    Compiling ahash v0.7.6
[INFO] [stderr]    Compiling openssl v0.10.43
[INFO] [stderr]    Compiling ucd-trie v0.1.5
[INFO] [stderr]    Compiling iana-time-zone v0.1.53
[INFO] [stderr]    Compiling foreign-types-shared v0.1.1
[INFO] [stderr]    Compiling getrandom v0.1.16
[INFO] [stderr]    Compiling foreign-types v0.3.2
[INFO] [stderr]    Compiling pem-rfc7468 v0.3.1
[INFO] [stderr]    Compiling digest v0.9.0
[INFO] [stderr]    Compiling crypto-bigint v0.3.2
[INFO] [stderr]    Compiling universal-hash v0.4.1
[INFO] [stderr]    Compiling lazy_static v1.4.0
[INFO] [stderr]    Compiling httparse v1.8.0
[INFO] [stderr]    Compiling const-oid v0.7.1
[INFO] [stderr]    Compiling native-tls v0.2.11
[INFO] [stderr]    Compiling time-core v0.1.0
[INFO] [stderr]    Compiling crossbeam-queue v0.3.8
[INFO] [stderr]    Compiling cpuid-bool v0.2.0
[INFO] [stderr]    Compiling bumpalo v3.11.1
[INFO] [stderr]    Compiling polyval v0.4.5
[INFO] [stderr]    Compiling time-macros v0.2.6
[INFO] [stderr]    Compiling aes-soft v0.6.4
[INFO] [stderr]    Compiling wasm-bindgen-backend v0.2.83
[INFO] [stderr]    Compiling webpki v0.21.4
[INFO] [stderr]    Compiling crypto-mac v0.10.1
[INFO] [stderr]    Compiling zstd-sys v2.0.3+zstd.1.5.2
[INFO] [stderr]    Compiling num-iter v0.1.43
[INFO] [stderr]    Compiling der v0.5.1
[INFO] [stderr]    Compiling memoffset v0.7.1
[INFO] [stderr]    Compiling unicase v2.6.0
[INFO] [stderr]    Compiling instant v0.1.12
[INFO] [stderr]    Compiling parking_lot_core v0.8.5
[INFO] [stderr]    Compiling byteorder v1.4.3
[INFO] [stderr]    Compiling try-lock v0.2.3
[INFO] [stderr]    Compiling zeroize v1.5.7
[INFO] [stderr]    Compiling wasm-bindgen-macro-support v0.2.83
[INFO] [stderr]    Compiling aes v0.6.0
[INFO] [stderr]    Compiling ctor v0.1.26
[INFO] [stderr]    Compiling thiserror-impl v1.0.37
[INFO] [stderr]    Compiling futures-macro v0.3.25
[INFO] [stderr]    Compiling tracing-attributes v0.1.23
[INFO] [stderr]    Compiling tokio-macros v1.8.0
[INFO] [stderr]    Compiling pin-project-internal v1.0.12
[INFO] [stderr]    Compiling time-macros-impl v0.1.2
[INFO] [stderr]    Compiling mio v0.8.5
[INFO] [stderr]    Compiling async-global-executor v2.3.1
[INFO] [stderr]    Compiling tracing v0.1.37
[INFO] [stderr]    Compiling kv-log-macro v1.0.7
[INFO] [stderr]    Compiling pin-project v1.0.12
[INFO] [stderr]    Compiling async-std v1.12.0
[INFO] [stderr]    Compiling pest v2.5.0
[INFO] [stderr]    Compiling time-macros v0.1.1
[INFO] [stderr]    Compiling openssl-macros v0.1.0
[INFO] [stderr]    Compiling want v0.3.0
[INFO] [stderr]    Compiling time v0.3.17
[INFO] [stderr]    Compiling pest_meta v2.5.0
[INFO] [stderr]    Compiling spki v0.5.4
[INFO] [stderr]    Compiling hmac v0.10.1
[INFO] [stderr]    Compiling rand_core v0.5.1
[INFO] [stderr]    Compiling pest_generator v2.5.0
[INFO] [stderr]    Compiling ghash v0.3.1
[INFO] [stderr]    Compiling ctr v0.6.0
[INFO] [stderr]    Compiling sct v0.6.1
[INFO] [stderr]    Compiling http-body v0.4.5
[INFO] [stderr]    Compiling sha2 v0.10.6
[INFO] [stderr]    Compiling block-buffer v0.9.0
[INFO] [stderr]    Compiling aead v0.3.2
[INFO] [stderr]    Compiling crossbeam-epoch v0.9.13
[INFO] [stderr]    Compiling num-bigint v0.3.3
[INFO] [stderr]    Compiling cookie v0.14.4
[INFO] [stderr]    Compiling proc-macro-error-attr v1.0.4
[INFO] [stderr]    Compiling wasm-bindgen v0.2.83
[INFO] [stderr]    Compiling minimal-lexical v0.2.1
[INFO] [stderr]    Compiling num-bigint-dig v0.8.2
[INFO] [stderr]    Compiling curl v0.4.44
[INFO] [stderr]    Compiling anyhow v1.0.66
[INFO] [stderr]    Compiling httpdate v1.0.2
[INFO] [stderr]    Compiling rustls v0.20.7
[INFO] [stderr]    Compiling tower-service v0.3.2
[INFO] [stderr]    Compiling mime v0.3.16
[INFO] [stderr]    Compiling tokio-util v0.7.4
[INFO] [stderr]    Compiling nom v7.1.1
[INFO] [stderr]    Compiling aes-gcm v0.8.0
[INFO] [stderr]    Compiling sha2 v0.9.9
[INFO] [stderr]    Compiling rustls v0.19.1
[INFO] [stderr]    Compiling h2 v0.3.15
[INFO] [stderr]    Compiling pest_derive v2.5.0
[INFO] [stderr]    Compiling rand_chacha v0.2.2
[INFO] [stderr]    Compiling futures-executor v0.3.25
[INFO] [stderr]    Compiling hkdf v0.10.0
[INFO] [stderr]    Compiling pkcs8 v0.8.0
[INFO] [stderr]    Compiling url v2.3.1
[INFO] [stderr]    Compiling chrono v0.4.23
[INFO] [stderr]    Compiling serde_urlencoded v0.7.1
[INFO] [stderr]    Compiling uuid v0.8.2
[INFO] [stderr]    Compiling either v1.8.0
[INFO] [stderr]    Compiling wasm-bindgen-macro v0.2.83
[INFO] [stderr]    Compiling webpki v0.22.0
[INFO] [stderr]    Compiling sct v0.7.0
[INFO] [stderr]    Compiling bzip2-sys v0.1.11+1.0.8
[INFO] [stderr]    Compiling spinning_top v0.2.4
[INFO] [stderr]    Compiling cookie v0.16.1
[INFO] [stderr]    Compiling proc-macro-error v1.0.4
[INFO] [stderr]    Compiling encoding_rs v0.8.31
[INFO] [stderr]    Compiling hyper v0.14.23
[INFO] [stderr]    Compiling http-types v2.12.0
[INFO] [stderr]    Compiling rust_decimal v1.27.0
[INFO] [stderr]    Compiling isahc v0.9.14
[INFO] [stderr]    Compiling crc32fast v1.3.2
[INFO] [stderr]    Compiling ident_case v1.0.1
[INFO] [stderr]    Compiling zstd-safe v5.0.2+zstd.1.5.2
[INFO] [stderr]    Compiling strsim v0.10.0
[INFO] [stderr]    Compiling hex v0.4.3
[INFO] [stderr]    Compiling darling_core v0.13.4
[INFO] [stderr]    Compiling html_parser v0.6.3
[INFO] [stderr]    Compiling flume v0.9.2
[INFO] [stderr]    Compiling parking_lot v0.11.2
[INFO] [stderr]    Compiling mime_guess v2.0.4
[INFO] [stderr]    Compiling itertools v0.10.5
[INFO] [stderr]    Compiling async-rustls v0.2.0
[INFO] [stderr]    Compiling pkcs1 v0.3.3
[INFO] [stderr]    Compiling serde_bytes v0.11.7
[INFO] [stderr]    Compiling serde_qs v0.8.5
[INFO] [stderr]    Compiling futures v0.3.25
[INFO] [stderr]    Compiling rand v0.7.3
[INFO] [stderr]    Compiling tracing-futures v0.2.5
[INFO] [stderr]    Compiling hashbrown v0.11.2
[INFO] [stderr]    Compiling sluice v0.5.5
[INFO] [stderr]    Compiling lz4-sys v1.9.4
[INFO] [stderr]    Compiling rustls-pemfile v1.0.1
[INFO] [stderr]    Compiling unicode_categories v0.1.1
[INFO] [stderr]    Compiling adler v1.0.2
[INFO] [stderr]    Compiling arrayvec v0.7.2
[INFO] [stderr]    Compiling infer v0.2.3
[INFO] [stderr]    Compiling crc-catalog v1.1.1
[INFO] [stderr]    Compiling bytes v0.5.6
[INFO] [stderr]    Compiling doc-comment v0.3.3
[INFO] [stderr]    Compiling crc v2.1.0
[INFO] [stderr]    Compiling bigdecimal v0.2.2
[INFO] [stderr]    Compiling hashlink v0.7.0
[INFO] [stderr]    Compiling sqlformat v0.1.8
[INFO] [stderr]    Compiling miniz_oxide v0.6.2
[INFO] [stderr]    Compiling rustls-native-certs v0.6.2
[INFO] [stderr]    Compiling tokio-rustls v0.23.4
[INFO] [stderr]    Compiling darling_macro v0.13.4
[INFO] [stderr]    Compiling rsa v0.6.1
[INFO] [stderr]    Compiling rbson v2.0.5
[INFO] [stderr]    Compiling sqlx-rt v0.5.13
[INFO] [stderr]    Compiling crossbeam-deque v0.8.2
[INFO] [stderr]    Compiling js-sys v0.3.60
[INFO] [stderr]    Compiling futures-intrusive v0.4.2
[INFO] [stderr]    Compiling webpki-roots v0.21.1
[INFO] [stderr]    Compiling hmac v0.12.1
[INFO] [stderr]    Compiling sha-1 v0.10.0
[INFO] [stderr]    Compiling password-hash v0.4.2
[INFO] [stderr]    Compiling atoi v0.4.0
[INFO] [stderr]    Compiling stringprep v0.1.2
[INFO] [stderr]    Compiling scheduled-thread-pool v0.2.6
[INFO] [stderr]    Compiling cipher v0.3.0
[INFO] [stderr]    Compiling crossbeam-channel v0.5.6
[INFO] [stderr]    Compiling spin v0.9.4
[INFO] [stderr]    Compiling aho-corasick v0.7.20
[INFO] [stderr]    Compiling regex-syntax v0.6.28
[INFO] [stderr]    Compiling unicode-segmentation v1.10.0
[INFO] [stderr]    Compiling bit-vec v0.6.3
[INFO] [stderr]    Compiling paste v1.0.9
[INFO] [stderr]    Compiling webdriver v0.46.0
[INFO] [stderr]    Compiling crossbeam v0.8.2
[INFO] [stderr]    Compiling web-sys v0.3.60
[INFO] [stderr]    Compiling flume v0.10.14
[INFO] [stderr]    Compiling aes v0.7.5
[INFO] [stderr]    Compiling r2d2 v0.8.10
[INFO] [stderr]    Compiling rbatis_sql_macro v3.0.17
[INFO] [stderr]    Compiling pbkdf2 v0.11.0
[INFO] [stderr]    Compiling flate2 v1.0.25
[INFO] [stderr]    Compiling sqlx-core v0.5.13
[INFO] [stderr]    Compiling darling v0.13.4
[INFO] [stderr]    Compiling hyper-rustls v0.23.1
[INFO] [stderr]    Compiling async-native-tls v0.4.0
[INFO] [stderr]    Compiling ipnetwork v0.17.0
[INFO] [stderr]    Compiling regex v1.7.0
[INFO] [stderr]    Compiling combine v4.6.6
[INFO] [stderr]    Compiling tokio-native-tls v0.3.0
[INFO] [stderr]    Compiling snafu-derive v0.6.10
[INFO] [stderr]    Compiling sha1 v0.10.5
[INFO] [stderr]    Compiling sha1_smol v1.0.0
[INFO] [stderr]    Compiling constant_time_eq v0.1.5
[INFO] [stderr]    Compiling cached_proc_macro_types v0.1.0
[INFO] [stderr]    Compiling cached_proc_macro v0.15.0
[INFO] [stderr]    Compiling stringmatch v0.4.0
[INFO] [stderr]    Compiling hyper-tls v0.5.0
[INFO] [stderr]    Compiling rbatis_sql v3.0.26
[INFO] [stderr]    Compiling fantoccini v0.19.3
[INFO] [stderr]    Compiling rbatis-core v3.1.11
[INFO] [stderr]    Compiling dark-std v0.2.3
[INFO] [stderr]    Compiling snafu v0.6.10
[INFO] [stderr]    Compiling thirtyfour-macros v0.1.1
[INFO] [stderr]    Compiling rbatis-macro-driver v3.1.3
[INFO] [stderr]    Compiling fastdate v0.1.30
[INFO] [stderr]    Compiling random-number-macro-impl v0.1.6
[INFO] [stderr]    Compiling serde_repr v0.1.9
[INFO] [stderr]    Compiling urlparse v0.7.3
[INFO] [stderr]    Compiling async_once v0.2.6
[INFO] [stderr]    Compiling unsafe-libyaml v0.2.4
[INFO] [stderr]    Compiling ipnet v2.5.1
[INFO] [stderr]    Compiling rbatis v3.1.16
[INFO] [stderr]    Compiling random-number v0.1.8
[INFO] [stderr]    Compiling getset v0.1.2
[INFO] [stderr]    Compiling redis v0.22.1
[INFO] [stderr]    Compiling thirtyfour v0.31.0
[INFO] [stderr]    Compiling serde_yaml v0.9.14
[INFO] [stderr]    Compiling reqwest v0.11.13
[INFO] [stderr]    Compiling cron v0.12.0
[INFO] [stderr]    Compiling sqlparser v0.27.0
[INFO] [stderr]    Compiling thread_local v1.1.4
[INFO] [stderr]    Compiling tinyjson v2.5.0
[INFO] [stderr]    Compiling state v0.5.3
[INFO] [stderr]    Compiling md5 v0.7.0
[INFO] [stderr]    Compiling bzip2 v0.4.3
[INFO] [stderr]    Compiling cached v0.40.0
[INFO] [stderr]    Compiling zstd v0.11.2+zstd.1.5.2
[INFO] [stderr]    Compiling zip v0.6.3
[INFO] [stderr]    Compiling lz4 v1.24.0
[INFO] [stderr]    Compiling http-client v6.5.3
[INFO] [stderr]    Compiling fast_log v1.5.46
[INFO] [stderr]    Compiling surf v2.3.2
[INFO] [stderr]    Compiling yt-api v0.3.2 (/opt/rustwide/workdir/yt-api)
[INFO] [stderr]    Compiling crawler v0.1.0 (/opt/rustwide/workdir)
[INFO] [stdout] warning: for loop over an `Option`. This is more readably written as an `if let` statement
[INFO] [stdout]   --> src/crawler/ytb_download.rs:50:21
[INFO] [stdout]    |
[INFO] [stdout] 50 |         for item in ytb_play_info.streaming_data.clone() {
[INFO] [stdout]    |                     ^^^^^^^^^^^^^^^^^^^^^^^^^^^^^^^^^^^^
[INFO] [stdout]    |
[INFO] [stdout]    = note: `#[warn(for_loops_over_fallibles)]` on by default
[INFO] [stdout] help: to check pattern in a loop use `while let`
[INFO] [stdout]    |
[INFO] [stdout] 50 |         while let Some(item) = ytb_play_info.streaming_data.clone() {
[INFO] [stdout]    |         ~~~~~~~~~~~~~~~    ~~~
[INFO] [stdout] help: consider using `if let` to clear intent
[INFO] [stdout]    |
[INFO] [stdout] 50 |         if let Some(item) = ytb_play_info.streaming_data.clone() {
[INFO] [stdout]    |         ~~~~~~~~~~~~    ~~~
[INFO] [stdout] 
[INFO] [stdout] 
[INFO] [stdout] warning: unused import: `tokio::task`
[INFO] [stdout]  --> src/main.rs:1:5
[INFO] [stdout]   |
[INFO] [stdout] 1 | use tokio::task;
[INFO] [stdout]   |     ^^^^^^^^^^^
[INFO] [stdout]   |
[INFO] [stdout]   = note: `#[warn(unused_imports)]` on by default
[INFO] [stdout] 
[INFO] [stdout] 
[INFO] [stdout] warning: unused imports: `start_crawler` and `start_download`
[INFO] [stdout]  --> src/main.rs:4:5
[INFO] [stdout]   |
[INFO] [stdout] 4 |     start_download,
[INFO] [stdout]   |     ^^^^^^^^^^^^^^
[INFO] [stdout] 5 |     start_crawler,
[INFO] [stdout]   |     ^^^^^^^^^^^^^
[INFO] [stdout] 
[INFO] [stdout] 
[INFO] [stderr]     Finished `dev` profile [unoptimized + debuginfo] target(s) in 5m 20s
[INFO] [stderr] warning: the following packages contain code that will be rejected by a future version of Rust: wasm-bindgen v0.2.83
[INFO] [stderr] note: to see what the problems were, use the option `--future-incompat-report`, or run `cargo report future-incompatibilities --id 1`
[INFO] running `Command { std: "docker" "inspect" "40fac53eb11e785b38961053f8a2de0ba4c541ec8dff49d4747c9fdb42e71503", kill_on_drop: false }`
[INFO] running `Command { std: "docker" "rm" "-f" "40fac53eb11e785b38961053f8a2de0ba4c541ec8dff49d4747c9fdb42e71503", kill_on_drop: false }`
[INFO] [stdout] 40fac53eb11e785b38961053f8a2de0ba4c541ec8dff49d4747c9fdb42e71503
[INFO] running `Command { std: "docker" "create" "-v" "/var/lib/crater-agent-workspace/builds/worker-0-tc2/target:/opt/rustwide/target:rw,Z" "-v" "/var/lib/crater-agent-workspace/builds/worker-0-tc2/source:/opt/rustwide/workdir:ro,Z" "-v" "/var/lib/crater-agent-workspace/cargo-home:/opt/rustwide/cargo-home:ro,Z" "-v" "/var/lib/crater-agent-workspace/rustup-home:/opt/rustwide/rustup-home:ro,Z" "-e" "SOURCE_DIR=/opt/rustwide/workdir" "-e" "CARGO_TARGET_DIR=/opt/rustwide/target" "-e" "CARGO_INCREMENTAL=0" "-e" "RUST_BACKTRACE=full" "-e" "RUSTFLAGS=--cap-lints=warn" "-e" "RUSTDOCFLAGS=--cap-lints=warn" "-e" "CARGO_HOME=/opt/rustwide/cargo-home" "-e" "RUSTUP_HOME=/opt/rustwide/rustup-home" "-w" "/opt/rustwide/workdir" "-m" "1610612736" "--user" "0:0" "--network" "none" "ghcr.io/rust-lang/crates-build-env/linux@sha256:f3a9d4ad9d972b27faf3965f35b62e55ba32bbce8f20bc8fe909558a86702fde" "/opt/rustwide/cargo-home/bin/cargo" "+beta-2024-12-08" "test" "--frozen" "--no-run" "--message-format=json", kill_on_drop: false }`
[INFO] [stdout] 31c3fa4e1c2a949dd8a1462a06cb01cdd33f7b3d59d8d64b8ccea57767c7d192
[INFO] running `Command { std: "docker" "start" "-a" "31c3fa4e1c2a949dd8a1462a06cb01cdd33f7b3d59d8d64b8ccea57767c7d192", kill_on_drop: false }`
[INFO] [stderr]    Compiling tokio v1.22.0
[INFO] [stderr]    Compiling async-stream-impl v0.3.3
[INFO] [stderr]    Compiling async-stream v0.3.3
[INFO] [stderr]    Compiling tokio-util v0.7.4
[INFO] [stderr]    Compiling tokio-rustls v0.23.4
[INFO] [stderr]    Compiling tokio-native-tls v0.3.0
[INFO] [stderr]    Compiling tokio-stream v0.1.11
[INFO] [stderr]    Compiling tokio-test v0.4.2
[INFO] [stderr]    Compiling h2 v0.3.15
[INFO] [stderr]    Compiling combine v4.6.6
[INFO] [stderr]    Compiling redis v0.22.1
[INFO] [stderr]    Compiling hyper v0.14.23
[INFO] [stderr]    Compiling hyper-rustls v0.23.1
[INFO] [stderr]    Compiling hyper-tls v0.5.0
[INFO] [stderr]    Compiling reqwest v0.11.13
[INFO] [stderr]    Compiling fantoccini v0.19.3
[INFO] [stderr]    Compiling cached v0.40.0
[INFO] [stderr]    Compiling thirtyfour v0.31.0
[INFO] [stderr]    Compiling crawler v0.1.0 (/opt/rustwide/workdir)
[INFO] [stdout] warning: for loop over an `Option`. This is more readably written as an `if let` statement
[INFO] [stdout]   --> src/crawler/ytb_download.rs:50:21
[INFO] [stdout]    |
[INFO] [stdout] 50 |         for item in ytb_play_info.streaming_data.clone() {
[INFO] [stdout]    |                     ^^^^^^^^^^^^^^^^^^^^^^^^^^^^^^^^^^^^
[INFO] [stdout]    |
[INFO] [stdout]    = note: `#[warn(for_loops_over_fallibles)]` on by default
[INFO] [stdout] help: to check pattern in a loop use `while let`
[INFO] [stdout]    |
[INFO] [stdout] 50 |         while let Some(item) = ytb_play_info.streaming_data.clone() {
[INFO] [stdout]    |         ~~~~~~~~~~~~~~~    ~~~
[INFO] [stdout] help: consider using `if let` to clear intent
[INFO] [stdout]    |
[INFO] [stdout] 50 |         if let Some(item) = ytb_play_info.streaming_data.clone() {
[INFO] [stdout]    |         ~~~~~~~~~~~~    ~~~
[INFO] [stdout] 
[INFO] [stdout] 
[INFO] [stdout] warning: unused import: `tokio::task`
[INFO] [stdout]  --> src/main.rs:1:5
[INFO] [stdout]   |
[INFO] [stdout] 1 | use tokio::task;
[INFO] [stdout]   |     ^^^^^^^^^^^
[INFO] [stdout]   |
[INFO] [stdout]   = note: `#[warn(unused_imports)]` on by default
[INFO] [stdout] 
[INFO] [stdout] 
[INFO] [stdout] warning: unused imports: `start_crawler` and `start_download`
[INFO] [stdout]  --> src/main.rs:4:5
[INFO] [stdout]   |
[INFO] [stdout] 4 |     start_download,
[INFO] [stdout]   |     ^^^^^^^^^^^^^^
[INFO] [stdout] 5 |     start_crawler,
[INFO] [stdout]   |     ^^^^^^^^^^^^^
[INFO] [stdout] 
[INFO] [stdout] 
[INFO] [stdout] warning: for loop over an `Option`. This is more readably written as an `if let` statement
[INFO] [stdout]   --> src/crawler/ytb_download.rs:50:21
[INFO] [stdout]    |
[INFO] [stdout] 50 |         for item in ytb_play_info.streaming_data.clone() {
[INFO] [stdout]    |                     ^^^^^^^^^^^^^^^^^^^^^^^^^^^^^^^^^^^^
[INFO] [stdout]    |
[INFO] [stdout]    = note: `#[warn(for_loops_over_fallibles)]` on by default
[INFO] [stdout] help: to check pattern in a loop use `while let`
[INFO] [stdout]    |
[INFO] [stdout] 50 |         while let Some(item) = ytb_play_info.streaming_data.clone() {
[INFO] [stdout]    |         ~~~~~~~~~~~~~~~    ~~~
[INFO] [stdout] help: consider using `if let` to clear intent
[INFO] [stdout]    |
[INFO] [stdout] 50 |         if let Some(item) = ytb_play_info.streaming_data.clone() {
[INFO] [stdout]    |         ~~~~~~~~~~~~    ~~~
[INFO] [stdout] 
[INFO] [stdout] 
[INFO] [stderr]     Finished `test` profile [unoptimized + debuginfo] target(s) in 1m 16s
[INFO] [stderr] warning: the following packages contain code that will be rejected by a future version of Rust: wasm-bindgen v0.2.83
[INFO] [stderr] note: to see what the problems were, use the option `--future-incompat-report`, or run `cargo report future-incompatibilities --id 1`
[INFO] running `Command { std: "docker" "inspect" "31c3fa4e1c2a949dd8a1462a06cb01cdd33f7b3d59d8d64b8ccea57767c7d192", kill_on_drop: false }`
[INFO] running `Command { std: "docker" "rm" "-f" "31c3fa4e1c2a949dd8a1462a06cb01cdd33f7b3d59d8d64b8ccea57767c7d192", kill_on_drop: false }`
[INFO] [stdout] 31c3fa4e1c2a949dd8a1462a06cb01cdd33f7b3d59d8d64b8ccea57767c7d192
[INFO] running `Command { std: "docker" "create" "-v" "/var/lib/crater-agent-workspace/builds/worker-0-tc2/target:/opt/rustwide/target:rw,Z" "-v" "/var/lib/crater-agent-workspace/builds/worker-0-tc2/source:/opt/rustwide/workdir:ro,Z" "-v" "/var/lib/crater-agent-workspace/cargo-home:/opt/rustwide/cargo-home:ro,Z" "-v" "/var/lib/crater-agent-workspace/rustup-home:/opt/rustwide/rustup-home:ro,Z" "-e" "SOURCE_DIR=/opt/rustwide/workdir" "-e" "CARGO_TARGET_DIR=/opt/rustwide/target" "-e" "CARGO_INCREMENTAL=0" "-e" "RUST_BACKTRACE=full" "-e" "RUSTFLAGS=--cap-lints=warn" "-e" "RUSTDOCFLAGS=--cap-lints=warn" "-e" "CARGO_HOME=/opt/rustwide/cargo-home" "-e" "RUSTUP_HOME=/opt/rustwide/rustup-home" "-w" "/opt/rustwide/workdir" "-m" "1610612736" "--user" "0:0" "--network" "none" "ghcr.io/rust-lang/crates-build-env/linux@sha256:f3a9d4ad9d972b27faf3965f35b62e55ba32bbce8f20bc8fe909558a86702fde" "/opt/rustwide/cargo-home/bin/cargo" "+beta-2024-12-08" "test" "--frozen", kill_on_drop: false }`
[INFO] [stdout] 7c1c986c6fa52c83e818053d9f457219b067755ebcf8f53ee72f87ce7abea251
[INFO] running `Command { std: "docker" "start" "-a" "7c1c986c6fa52c83e818053d9f457219b067755ebcf8f53ee72f87ce7abea251", kill_on_drop: false }`
[INFO] [stderr] warning: for loop over an `Option`. This is more readably written as an `if let` statement
[INFO] [stderr]   --> src/crawler/ytb_download.rs:50:21
[INFO] [stderr]    |
[INFO] [stderr] 50 |         for item in ytb_play_info.streaming_data.clone() {
[INFO] [stderr]    |                     ^^^^^^^^^^^^^^^^^^^^^^^^^^^^^^^^^^^^
[INFO] [stderr]    |
[INFO] [stderr]    = note: `#[warn(for_loops_over_fallibles)]` on by default
[INFO] [stderr] help: to check pattern in a loop use `while let`
[INFO] [stderr]    |
[INFO] [stderr] 50 |         while let Some(item) = ytb_play_info.streaming_data.clone() {
[INFO] [stderr]    |         ~~~~~~~~~~~~~~~    ~~~
[INFO] [stderr] help: consider using `if let` to clear intent
[INFO] [stderr]    |
[INFO] [stderr] 50 |         if let Some(item) = ytb_play_info.streaming_data.clone() {
[INFO] [stderr]    |         ~~~~~~~~~~~~    ~~~
[INFO] [stderr] 
[INFO] [stderr] warning: `crawler` (lib) generated 1 warning
[INFO] [stderr] warning: unused import: `tokio::task`
[INFO] [stderr]  --> src/main.rs:1:5
[INFO] [stderr]   |
[INFO] [stderr] 1 | use tokio::task;
[INFO] [stderr]   |     ^^^^^^^^^^^
[INFO] [stderr]   |
[INFO] [stderr]   = note: `#[warn(unused_imports)]` on by default
[INFO] [stderr] 
[INFO] [stderr] warning: unused imports: `start_crawler` and `start_download`
[INFO] [stderr]  --> src/main.rs:4:5
[INFO] [stderr]   |
[INFO] [stderr] 4 |     start_download,
[INFO] [stderr]   |     ^^^^^^^^^^^^^^
[INFO] [stderr] 5 |     start_crawler,
[INFO] [stderr]   |     ^^^^^^^^^^^^^
[INFO] [stderr] 
[INFO] [stderr] warning: `crawler` (bin "crawler" test) generated 2 warnings (run `cargo fix --bin "crawler" --tests` to apply 2 suggestions)
[INFO] [stderr] warning: `crawler` (lib test) generated 1 warning (1 duplicate)
[INFO] [stderr]     Finished `test` profile [unoptimized + debuginfo] target(s) in 0.99s
[INFO] [stderr] warning: the following packages contain code that will be rejected by a future version of Rust: wasm-bindgen v0.2.83
[INFO] [stderr] note: to see what the problems were, use the option `--future-incompat-report`, or run `cargo report future-incompatibilities --id 1`
[INFO] [stderr]      Running unittests src/lib.rs (/opt/rustwide/target/debug/deps/crawler-3d54ec47277f56df)
[INFO] [stdout] 
[INFO] [stdout] running 3 tests
[INFO] [stdout] test crawler::ytb_download::ytb_crawler_test::test_channel_renderer ... ok
[INFO] [stdout] test crawler::ytb_crawler::ytb_crawler_test::it_works ... ok
[INFO] [stdout] test crawler::ytb_download::ytb_crawler_test::it_works ... FAILED
[INFO] [stdout] 
[INFO] [stdout] failures:
[INFO] [stdout] 
[INFO] [stdout] ---- crawler::ytb_download::ytb_crawler_test::it_works stdout ----
[INFO] [stdout] thread 'crawler::ytb_download::ytb_crawler_test::it_works' panicked at /opt/rustwide/cargo-home/registry/src/index.crates.io-6f17d22bba15001f/state-0.5.3/src/container.rs:603:14:
[INFO] [stdout] container::get(): get() called before set() for given type
[INFO] [stdout] stack backtrace:
[INFO] [stdout]    0:     0x61890290ea6a - std::backtrace_rs::backtrace::libunwind::trace::h8810477743020387
[INFO] [stdout]                                at /rustc/202008a1b8de96d2e5b6bc02d379db03a877d34d/library/std/src/../../backtrace/src/backtrace/libunwind.rs:116:5
[INFO] [stdout]    1:     0x61890290ea6a - std::backtrace_rs::backtrace::trace_unsynchronized::h3aa55355dd6c54a6
[INFO] [stdout]                                at /rustc/202008a1b8de96d2e5b6bc02d379db03a877d34d/library/std/src/../../backtrace/src/backtrace/mod.rs:66:5
[INFO] [stdout]    2:     0x61890290ea6a - std::sys::backtrace::_print_fmt::h8588b0f62410823f
[INFO] [stdout]                                at /rustc/202008a1b8de96d2e5b6bc02d379db03a877d34d/library/std/src/sys/backtrace.rs:66:9
[INFO] [stdout]    3:     0x61890290ea6a - <std::sys::backtrace::BacktraceLock::print::DisplayBacktrace as core::fmt::Display>::fmt::h98c26ac25ffe89bb
[INFO] [stdout]                                at /rustc/202008a1b8de96d2e5b6bc02d379db03a877d34d/library/std/src/sys/backtrace.rs:39:26
[INFO] [stdout]    4:     0x61890293ade3 - core::fmt::rt::Argument::fmt::hf95377f4aebd453b
[INFO] [stdout]                                at /rustc/202008a1b8de96d2e5b6bc02d379db03a877d34d/library/core/src/fmt/rt.rs:177:76
[INFO] [stdout]    5:     0x61890293ade3 - core::fmt::write::h0dd5f6e2238c7982
[INFO] [stdout]                                at /rustc/202008a1b8de96d2e5b6bc02d379db03a877d34d/library/core/src/fmt/mod.rs:1189:21
[INFO] [stdout]    6:     0x61890290aed3 - std::io::Write::write_fmt::h03bb0ca26e6faf8c
[INFO] [stdout]                                at /rustc/202008a1b8de96d2e5b6bc02d379db03a877d34d/library/std/src/io/mod.rs:1884:15
[INFO] [stdout]    7:     0x61890290e8b2 - std::sys::backtrace::BacktraceLock::print::h5c19c1c038ee186d
[INFO] [stdout]                                at /rustc/202008a1b8de96d2e5b6bc02d379db03a877d34d/library/std/src/sys/backtrace.rs:42:9
[INFO] [stdout]    8:     0x61890290feed - std::panicking::default_hook::{{closure}}::h77172f079a1fcb13
[INFO] [stdout]                                at /rustc/202008a1b8de96d2e5b6bc02d379db03a877d34d/library/std/src/panicking.rs:268:22
[INFO] [stdout]    9:     0x61890290fcf7 - std::panicking::default_hook::he5f8e3b203ccddba
[INFO] [stdout]                                at /rustc/202008a1b8de96d2e5b6bc02d379db03a877d34d/library/std/src/panicking.rs:292:9
[INFO] [stdout]   10:     0x618901d45977 - <alloc::boxed::Box<F,A> as core::ops::function::Fn<Args>>::call::h7a3c7b4a1ae77f2f
[INFO] [stdout]                                at /rustc/202008a1b8de96d2e5b6bc02d379db03a877d34d/library/alloc/src/boxed.rs:1986:9
[INFO] [stdout]   11:     0x618901d45977 - test::test_main::{{closure}}::hf0d3b69ae9b353d1
[INFO] [stdout]                                at /rustc/202008a1b8de96d2e5b6bc02d379db03a877d34d/library/test/src/lib.rs:134:21
[INFO] [stdout]   12:     0x618902910598 - <alloc::boxed::Box<F,A> as core::ops::function::Fn<Args>>::call::h6332e82e7b189abd
[INFO] [stdout]                                at /rustc/202008a1b8de96d2e5b6bc02d379db03a877d34d/library/alloc/src/boxed.rs:1986:9
[INFO] [stdout]   13:     0x618902910598 - std::panicking::rust_panic_with_hook::h53863d4e9018df39
[INFO] [stdout]                                at /rustc/202008a1b8de96d2e5b6bc02d379db03a877d34d/library/std/src/panicking.rs:809:13
[INFO] [stdout]   14:     0x61890291035a - std::panicking::begin_panic_handler::{{closure}}::h67280e6fa0757873
[INFO] [stdout]                                at /rustc/202008a1b8de96d2e5b6bc02d379db03a877d34d/library/std/src/panicking.rs:674:13
[INFO] [stdout]   15:     0x61890290ef49 - std::sys::backtrace::__rust_end_short_backtrace::h1dac3f54d6fbbeb2
[INFO] [stdout]                                at /rustc/202008a1b8de96d2e5b6bc02d379db03a877d34d/library/std/src/sys/backtrace.rs:170:18
[INFO] [stdout]   16:     0x61890290ffec - rust_begin_unwind
[INFO] [stdout]                                at /rustc/202008a1b8de96d2e5b6bc02d379db03a877d34d/library/std/src/panicking.rs:665:5
[INFO] [stdout]   17:     0x618901ac34c0 - core::panicking::panic_fmt::h6792bd1b2bf01041
[INFO] [stdout]                                at /rustc/202008a1b8de96d2e5b6bc02d379db03a877d34d/library/core/src/panicking.rs:76:14
[INFO] [stdout]   18:     0x618901ac349b - core::panicking::panic_display::heec830c0b35a8bc8
[INFO] [stdout]                                at /rustc/202008a1b8de96d2e5b6bc02d379db03a877d34d/library/core/src/panicking.rs:269:5
[INFO] [stdout]   19:     0x618901ac349b - core::option::expect_failed::h036270c076a06b31
[INFO] [stdout]                                at /rustc/202008a1b8de96d2e5b6bc02d379db03a877d34d/library/core/src/option.rs:2018:5
[INFO] [stdout]   20:     0x618901be3582 - core::option::Option<T>::expect::hd7eabd3fee77cdbc
[INFO] [stdout]                                at /rustc/202008a1b8de96d2e5b6bc02d379db03a877d34d/library/core/src/option.rs:933:21
[INFO] [stdout]   21:     0x618901b00f95 - state::container::Container<K>::get::h19feedbb6f6987af
[INFO] [stdout]                                at /opt/rustwide/cargo-home/registry/src/index.crates.io-6f17d22bba15001f/state-0.5.3/src/container.rs:602:9
[INFO] [stdout]   22:     0x618901b8b795 - crawler::crawler::ytb_download::get_ytb_info::{{closure}}::ha838e482c4fd29bb
[INFO] [stdout]                                at /opt/rustwide/workdir/src/crawler/ytb_download.rs:17:26
[INFO] [stdout]   23:     0x618901c31dc5 - crawler::crawler::ytb_download::ytb_crawler_test::it_works::{{closure}}::hb8f9f297cb87ff8b
[INFO] [stdout]                                at /opt/rustwide/workdir/src/crawler/ytb_download.rs:194:28
[INFO] [stdout]   24:     0x618901cd9bdb - <core::pin::Pin<P> as core::future::future::Future>::poll::h1776fda1cdd7d475
[INFO] [stdout]                                at /rustc/202008a1b8de96d2e5b6bc02d379db03a877d34d/library/core/src/future/future.rs:124:9
[INFO] [stdout]   25:     0x618901b3367e - tokio::runtime::scheduler::current_thread::CoreGuard::block_on::{{closure}}::{{closure}}::{{closure}}::h8b52180772f55fec
[INFO] [stdout]                                at /opt/rustwide/cargo-home/registry/src/index.crates.io-6f17d22bba15001f/tokio-1.22.0/src/runtime/scheduler/current_thread.rs:531:57
[INFO] [stdout]   26:     0x618901b33305 - tokio::runtime::coop::with_budget::he0018fcf4195c9c7
[INFO] [stdout]                                at /opt/rustwide/cargo-home/registry/src/index.crates.io-6f17d22bba15001f/tokio-1.22.0/src/runtime/coop.rs:102:5
[INFO] [stdout]   27:     0x618901b33305 - tokio::runtime::coop::budget::h5f2d95cfb1f25dc9
[INFO] [stdout]                                at /opt/rustwide/cargo-home/registry/src/index.crates.io-6f17d22bba15001f/tokio-1.22.0/src/runtime/coop.rs:68:5
[INFO] [stdout]   28:     0x618901b33305 - tokio::runtime::scheduler::current_thread::CoreGuard::block_on::{{closure}}::{{closure}}::h66b275d7824f88e3
[INFO] [stdout]                                at /opt/rustwide/cargo-home/registry/src/index.crates.io-6f17d22bba15001f/tokio-1.22.0/src/runtime/scheduler/current_thread.rs:531:25
[INFO] [stdout]   29:     0x618901b2fb1d - tokio::runtime::scheduler::current_thread::Context::enter::hf744a12002b71b1b
[INFO] [stdout]                                at /opt/rustwide/cargo-home/registry/src/index.crates.io-6f17d22bba15001f/tokio-1.22.0/src/runtime/scheduler/current_thread.rs:340:19
[INFO] [stdout]   30:     0x618901b3279a - tokio::runtime::scheduler::current_thread::CoreGuard::block_on::{{closure}}::hce8924b063e77e05
[INFO] [stdout]                                at /opt/rustwide/cargo-home/registry/src/index.crates.io-6f17d22bba15001f/tokio-1.22.0/src/runtime/scheduler/current_thread.rs:530:36
[INFO] [stdout]   31:     0x618901b3106b - tokio::runtime::scheduler::current_thread::CoreGuard::enter::{{closure}}::hc946196508649d4c
[INFO] [stdout]                                at /opt/rustwide/cargo-home/registry/src/index.crates.io-6f17d22bba15001f/tokio-1.22.0/src/runtime/scheduler/current_thread.rs:601:57
[INFO] [stdout]   32:     0x618901b70aea - tokio::macros::scoped_tls::ScopedKey<T>::set::h3e624a447b9716c2
[INFO] [stdout]                                at /opt/rustwide/cargo-home/registry/src/index.crates.io-6f17d22bba15001f/tokio-1.22.0/src/macros/scoped_tls.rs:61:9
[INFO] [stdout]   33:     0x618901b30d86 - tokio::runtime::scheduler::current_thread::CoreGuard::enter::hbea88bb783f119c6
[INFO] [stdout]                                at /opt/rustwide/cargo-home/registry/src/index.crates.io-6f17d22bba15001f/tokio-1.22.0/src/runtime/scheduler/current_thread.rs:601:27
[INFO] [stdout]   34:     0x618901b310a1 - tokio::runtime::scheduler::current_thread::CoreGuard::block_on::h85f1f77ed92b4496
[INFO] [stdout]                                at /opt/rustwide/cargo-home/registry/src/index.crates.io-6f17d22bba15001f/tokio-1.22.0/src/runtime/scheduler/current_thread.rs:520:19
[INFO] [stdout]   35:     0x618901b2b280 - tokio::runtime::scheduler::current_thread::CurrentThread::block_on::hf4c92743b20dc005
[INFO] [stdout]                                at /opt/rustwide/cargo-home/registry/src/index.crates.io-6f17d22bba15001f/tokio-1.22.0/src/runtime/scheduler/current_thread.rs:154:24
[INFO] [stdout]   36:     0x618901bd79c0 - tokio::runtime::runtime::Runtime::block_on::h1c02d3e16ee20df2
[INFO] [stdout]                                at /opt/rustwide/cargo-home/registry/src/index.crates.io-6f17d22bba15001f/tokio-1.22.0/src/runtime/runtime.rs:279:47
[INFO] [stdout]   37:     0x618901b3b01d - tokio_test::block_on::h1139f6f6e438bc6f
[INFO] [stdout]                                at /opt/rustwide/cargo-home/registry/src/index.crates.io-6f17d22bba15001f/tokio-test-0.4.2/src/lib.rs:35:5
[INFO] [stdout]   38:     0x618901c31c4e - crawler::crawler::ytb_download::ytb_crawler_test::it_works::h16aa13da91215060
[INFO] [stdout]                                at /opt/rustwide/workdir/src/crawler/ytb_download.rs:188:13
[INFO] [stdout]   39:     0x618901c31c17 - crawler::crawler::ytb_download::ytb_crawler_test::it_works::{{closure}}::hce91e941af0d0d29
[INFO] [stdout]                                at /opt/rustwide/workdir/src/crawler/ytb_download.rs:193:18
[INFO] [stdout]   40:     0x618901bc3c96 - core::ops::function::FnOnce::call_once::h5be02438e508b8ab
[INFO] [stdout]                                at /rustc/202008a1b8de96d2e5b6bc02d379db03a877d34d/library/core/src/ops/function.rs:250:5
[INFO] [stdout]   41:     0x618901d4a49b - core::ops::function::FnOnce::call_once::h871bf86719ec9aa4
[INFO] [stdout]                                at /rustc/202008a1b8de96d2e5b6bc02d379db03a877d34d/library/core/src/ops/function.rs:250:5
[INFO] [stdout]   42:     0x618901d4a49b - test::__rust_begin_short_backtrace::h2167df1e2b7d76fd
[INFO] [stdout]                                at /rustc/202008a1b8de96d2e5b6bc02d379db03a877d34d/library/test/src/lib.rs:632:18
[INFO] [stdout]   43:     0x618901d49e88 - test::run_test_in_process::{{closure}}::h15d92f75a3adfb79
[INFO] [stdout]                                at /rustc/202008a1b8de96d2e5b6bc02d379db03a877d34d/library/test/src/lib.rs:655:60
[INFO] [stdout]   44:     0x618901d49e88 - <core::panic::unwind_safe::AssertUnwindSafe<F> as core::ops::function::FnOnce<()>>::call_once::hb6c8955835a8dbbb
[INFO] [stdout]                                at /rustc/202008a1b8de96d2e5b6bc02d379db03a877d34d/library/core/src/panic/unwind_safe.rs:272:9
[INFO] [stdout]   45:     0x618901d49e88 - std::panicking::try::do_call::hc79d0fc888a0bd30
[INFO] [stdout]                                at /rustc/202008a1b8de96d2e5b6bc02d379db03a877d34d/library/std/src/panicking.rs:557:40
[INFO] [stdout]   46:     0x618901d49e88 - std::panicking::try::hb8a7878e3a8589d6
[INFO] [stdout]                                at /rustc/202008a1b8de96d2e5b6bc02d379db03a877d34d/library/std/src/panicking.rs:520:19
[INFO] [stdout]   47:     0x618901d49e88 - std::panic::catch_unwind::hb8e4600ff0ff5cfa
[INFO] [stdout]                                at /rustc/202008a1b8de96d2e5b6bc02d379db03a877d34d/library/std/src/panic.rs:358:14
[INFO] [stdout]   48:     0x618901d49e88 - test::run_test_in_process::hc2900b0b18688dd6
[INFO] [stdout]                                at /rustc/202008a1b8de96d2e5b6bc02d379db03a877d34d/library/test/src/lib.rs:655:27
[INFO] [stdout]   49:     0x618901d49e88 - test::run_test::{{closure}}::hac2a9cb07be3d48d
[INFO] [stdout]                                at /rustc/202008a1b8de96d2e5b6bc02d379db03a877d34d/library/test/src/lib.rs:576:43
[INFO] [stdout]   50:     0x618901d0d92a - test::run_test::{{closure}}::h4a5b729e66a38cd8
[INFO] [stdout]                                at /rustc/202008a1b8de96d2e5b6bc02d379db03a877d34d/library/test/src/lib.rs:606:41
[INFO] [stdout]   51:     0x618901d0d92a - std::sys::backtrace::__rust_begin_short_backtrace::h0496fb742492f573
[INFO] [stdout]                                at /rustc/202008a1b8de96d2e5b6bc02d379db03a877d34d/library/std/src/sys/backtrace.rs:154:18
[INFO] [stdout]   52:     0x618901d112a4 - std::thread::Builder::spawn_unchecked_::{{closure}}::{{closure}}::hbb6d257c550a54bd
[INFO] [stdout]                                at /rustc/202008a1b8de96d2e5b6bc02d379db03a877d34d/library/std/src/thread/mod.rs:561:17
[INFO] [stdout]   53:     0x618901d112a4 - <core::panic::unwind_safe::AssertUnwindSafe<F> as core::ops::function::FnOnce<()>>::call_once::h46696fe4a6832328
[INFO] [stdout]                                at /rustc/202008a1b8de96d2e5b6bc02d379db03a877d34d/library/core/src/panic/unwind_safe.rs:272:9
[INFO] [stdout]   54:     0x618901d112a4 - std::panicking::try::do_call::h2625a51b667bfb64
[INFO] [stdout]                                at /rustc/202008a1b8de96d2e5b6bc02d379db03a877d34d/library/std/src/panicking.rs:557:40
[INFO] [stdout]   55:     0x618901d112a4 - std::panicking::try::hb956a59a1973aa4c
[INFO] [stdout]                                at /rustc/202008a1b8de96d2e5b6bc02d379db03a877d34d/library/std/src/panicking.rs:520:19
[INFO] [stdout]   56:     0x618901d112a4 - std::panic::catch_unwind::h64f3b9d1067ef6a0
[INFO] [stdout]                                at /rustc/202008a1b8de96d2e5b6bc02d379db03a877d34d/library/std/src/panic.rs:358:14
[INFO] [stdout]   57:     0x618901d112a4 - std::thread::Builder::spawn_unchecked_::{{closure}}::h42b2841295b6c0b2
[INFO] [stdout]                                at /rustc/202008a1b8de96d2e5b6bc02d379db03a877d34d/library/std/src/thread/mod.rs:559:30
[INFO] [stdout]   58:     0x618901d112a4 - core::ops::function::FnOnce::call_once{{vtable.shim}}::h6127de71b8124639
[INFO] [stdout]                                at /rustc/202008a1b8de96d2e5b6bc02d379db03a877d34d/library/core/src/ops/function.rs:250:5
[INFO] [stdout]   59:     0x618902914dab - <alloc::boxed::Box<F,A> as core::ops::function::FnOnce<Args>>::call_once::h42f0ba71002a1b2c
[INFO] [stdout]                                at /rustc/202008a1b8de96d2e5b6bc02d379db03a877d34d/library/alloc/src/boxed.rs:1972:9
[INFO] [stdout]   60:     0x618902914dab - <alloc::boxed::Box<F,A> as core::ops::function::FnOnce<Args>>::call_once::had9e47d7a3dcecb8
[INFO] [stdout]                                at /rustc/202008a1b8de96d2e5b6bc02d379db03a877d34d/library/alloc/src/boxed.rs:1972:9
[INFO] [stdout]   61:     0x618902914dab - std::sys::pal::unix::thread::Thread::new::thread_start::h48cf765408f6f5f2
[INFO] [stdout]                                at /rustc/202008a1b8de96d2e5b6bc02d379db03a877d34d/library/std/src/sys/pal/unix/thread.rs:105:17
[INFO] [stdout]   62:     0x7eb49aeb7ac3 - <unknown>
[INFO] [stdout]   63:     0x7eb49af48a04 - clone
[INFO] [stdout]   64:                0x0 - <unknown>
[INFO] [stdout] 
[INFO] [stdout] 
[INFO] [stdout] failures:
[INFO] [stdout]     crawler::ytb_download::ytb_crawler_test::it_works
[INFO] [stdout] 
[INFO] [stdout] test result: FAILED. 2 passed; 1 failed; 0 ignored; 0 measured; 0 filtered out; finished in 0.28s
[INFO] [stdout] 
[INFO] [stderr] error: test failed, to rerun pass `--lib`
[INFO] running `Command { std: "docker" "inspect" "7c1c986c6fa52c83e818053d9f457219b067755ebcf8f53ee72f87ce7abea251", kill_on_drop: false }`
[INFO] running `Command { std: "docker" "rm" "-f" "7c1c986c6fa52c83e818053d9f457219b067755ebcf8f53ee72f87ce7abea251", kill_on_drop: false }`
[INFO] [stdout] 7c1c986c6fa52c83e818053d9f457219b067755ebcf8f53ee72f87ce7abea251
