[INFO] cloning repository https://github.com/fennelq/parse_chg
[INFO] running `Command { std: "git" "-c" "credential.helper=" "-c" "credential.helper=/workspace/cargo-home/bin/git-credential-null" "clone" "--bare" "https://github.com/fennelq/parse_chg" "/workspace/cache/git-repos/https%3A%2F%2Fgithub.com%2Ffennelq%2Fparse_chg", kill_on_drop: false }`
[INFO] [stderr] Cloning into bare repository '/workspace/cache/git-repos/https%3A%2F%2Fgithub.com%2Ffennelq%2Fparse_chg'...
[INFO] running `Command { std: "git" "rev-parse" "HEAD", kill_on_drop: false }`
[INFO] [stdout] c379020da12a5ffd269c5499eec7d94c97a1bb9c
[INFO] testing fennelq/parse_chg against 1.83.0 for beta-1.84.0-4-retry
[INFO] running `Command { std: "git" "clone" "/workspace/cache/git-repos/https%3A%2F%2Fgithub.com%2Ffennelq%2Fparse_chg" "/workspace/builds/worker-5-tc1/source", kill_on_drop: false }`
[INFO] [stderr] Cloning into '/workspace/builds/worker-5-tc1/source'...
[INFO] [stderr] done.
[INFO] validating manifest of git repo https://github.com/fennelq/parse_chg on toolchain 1.83.0
[INFO] running `Command { std: CARGO_HOME="/workspace/cargo-home" RUSTUP_HOME="/workspace/rustup-home" "/workspace/cargo-home/bin/cargo" "+1.83.0" "metadata" "--manifest-path" "Cargo.toml" "--no-deps", kill_on_drop: false }`
[INFO] started tweaking git repo https://github.com/fennelq/parse_chg
[INFO] finished tweaking git repo https://github.com/fennelq/parse_chg
[INFO] tweaked toml for git repo https://github.com/fennelq/parse_chg written to /workspace/builds/worker-5-tc1/source/Cargo.toml
[INFO] crate git repo https://github.com/fennelq/parse_chg already has a lockfile, it will not be regenerated
[INFO] running `Command { std: CARGO_HOME="/workspace/cargo-home" RUSTUP_HOME="/workspace/rustup-home" "/workspace/cargo-home/bin/cargo" "+1.83.0" "fetch" "--manifest-path" "Cargo.toml", kill_on_drop: false }`
[INFO] [stderr]  Downloading crates ...
[INFO] [stderr]   Downloaded byteorder v1.3.0
[INFO] running `Command { std: "docker" "create" "-v" "/var/lib/crater-agent-workspace/builds/worker-5-tc1/target:/opt/rustwide/target:rw,Z" "-v" "/var/lib/crater-agent-workspace/builds/worker-5-tc1/source:/opt/rustwide/workdir:ro,Z" "-v" "/var/lib/crater-agent-workspace/cargo-home:/opt/rustwide/cargo-home:ro,Z" "-v" "/var/lib/crater-agent-workspace/rustup-home:/opt/rustwide/rustup-home:ro,Z" "-e" "SOURCE_DIR=/opt/rustwide/workdir" "-e" "CARGO_TARGET_DIR=/opt/rustwide/target" "-e" "CARGO_HOME=/opt/rustwide/cargo-home" "-e" "RUSTUP_HOME=/opt/rustwide/rustup-home" "-w" "/opt/rustwide/workdir" "-m" "1610612736" "--user" "0:0" "--network" "none" "ghcr.io/rust-lang/crates-build-env/linux@sha256:f3a9d4ad9d972b27faf3965f35b62e55ba32bbce8f20bc8fe909558a86702fde" "/opt/rustwide/cargo-home/bin/cargo" "+1.83.0" "metadata" "--no-deps" "--format-version=1", kill_on_drop: false }`
[INFO] [stdout] e366cfb82050f58a0aa79cfc885b64ad47207e9dacbfde1dc62ab805a19bbada
[INFO] running `Command { std: "docker" "start" "-a" "e366cfb82050f58a0aa79cfc885b64ad47207e9dacbfde1dc62ab805a19bbada", kill_on_drop: false }`
[INFO] running `Command { std: "docker" "inspect" "e366cfb82050f58a0aa79cfc885b64ad47207e9dacbfde1dc62ab805a19bbada", kill_on_drop: false }`
[INFO] running `Command { std: "docker" "rm" "-f" "e366cfb82050f58a0aa79cfc885b64ad47207e9dacbfde1dc62ab805a19bbada", kill_on_drop: false }`
[INFO] [stdout] e366cfb82050f58a0aa79cfc885b64ad47207e9dacbfde1dc62ab805a19bbada
[INFO] running `Command { std: "docker" "create" "-v" "/var/lib/crater-agent-workspace/builds/worker-5-tc1/target:/opt/rustwide/target:rw,Z" "-v" "/var/lib/crater-agent-workspace/builds/worker-5-tc1/source:/opt/rustwide/workdir:ro,Z" "-v" "/var/lib/crater-agent-workspace/cargo-home:/opt/rustwide/cargo-home:ro,Z" "-v" "/var/lib/crater-agent-workspace/rustup-home:/opt/rustwide/rustup-home:ro,Z" "-e" "SOURCE_DIR=/opt/rustwide/workdir" "-e" "CARGO_TARGET_DIR=/opt/rustwide/target" "-e" "CARGO_INCREMENTAL=0" "-e" "RUST_BACKTRACE=full" "-e" "RUSTFLAGS=--cap-lints=warn" "-e" "RUSTDOCFLAGS=--cap-lints=warn" "-e" "CARGO_HOME=/opt/rustwide/cargo-home" "-e" "RUSTUP_HOME=/opt/rustwide/rustup-home" "-w" "/opt/rustwide/workdir" "-m" "1610612736" "--user" "0:0" "--network" "none" "ghcr.io/rust-lang/crates-build-env/linux@sha256:f3a9d4ad9d972b27faf3965f35b62e55ba32bbce8f20bc8fe909558a86702fde" "/opt/rustwide/cargo-home/bin/cargo" "+1.83.0" "build" "--frozen" "--message-format=json", kill_on_drop: false }`
[INFO] [stdout] c0a47402a895280a753e6d2d401487f3277721cc125c17ba805c1db82bd53fae
[INFO] running `Command { std: "docker" "start" "-a" "c0a47402a895280a753e6d2d401487f3277721cc125c17ba805c1db82bd53fae", kill_on_drop: false }`
[INFO] [stderr]    Compiling proc-macro2 v1.0.39
[INFO] [stderr]    Compiling unicode-ident v1.0.0
[INFO] [stderr]    Compiling syn v1.0.95
[INFO] [stderr]    Compiling serde_derive v1.0.137
[INFO] [stderr]    Compiling memchr v2.5.0
[INFO] [stderr]    Compiling version_check v0.9.4
[INFO] [stderr]    Compiling serde v1.0.137
[INFO] [stderr]    Compiling lexical-core v0.7.6
[INFO] [stderr]    Compiling cfg-if v1.0.0
[INFO] [stderr]    Compiling ryu v1.0.9
[INFO] [stderr]    Compiling static_assertions v1.1.0
[INFO] [stderr]    Compiling byteorder v1.3.0
[INFO] [stderr]    Compiling arrayvec v0.5.2
[INFO] [stderr]    Compiling bitflags v1.3.2
[INFO] [stderr]    Compiling same-file v1.0.6
[INFO] [stderr]    Compiling arrayref v0.3.5
[INFO] [stderr]    Compiling walkdir v2.3.2
[INFO] [stderr]    Compiling nom v5.1.2
[INFO] [stderr]    Compiling quote v1.0.18
[INFO] [stderr]    Compiling quick-xml v0.22.0
[INFO] [stderr]    Compiling parse_chg v0.1.0 (/opt/rustwide/workdir)
[INFO] [stdout] warning: unused import: `crate::sig::rab_e::sec::BoxSec`
[INFO] [stdout]  --> src/sig/rab_e/slab.rs:2:5
[INFO] [stdout]   |
[INFO] [stdout] 2 | use crate::sig::rab_e::sec::BoxSec;
[INFO] [stdout]   |     ^^^^^^^^^^^^^^^^^^^^^^^^^^^^^^
[INFO] [stdout]   |
[INFO] [stdout]   = note: `#[warn(unused_imports)]` on by default
[INFO] [stdout] 
[INFO] [stdout] 
[INFO] [stdout] warning: unused import: `std::borrow::Borrow`
[INFO] [stdout]  --> src/sig/rab_e/slab.rs:9:5
[INFO] [stdout]   |
[INFO] [stdout] 9 | use std::borrow::Borrow;
[INFO] [stdout]   |     ^^^^^^^^^^^^^^^^^^^
[INFO] [stdout] 
[INFO] [stdout] 
[INFO] [stdout] warning: unused import: `crate::sig::rab_e::*`
[INFO] [stdout]  --> src/sig/rab_e/unification_found.rs:2:5
[INFO] [stdout]   |
[INFO] [stdout] 2 | use crate::sig::rab_e::*;
[INFO] [stdout]   |     ^^^^^^^^^^^^^^^^^^^^
[INFO] [stdout] 
[INFO] [stdout] 
[INFO] [stdout] warning: unused import: `crate::sig::rab_e::*`
[INFO] [stdout]  --> src/sig/rab_e/unification_slab.rs:2:5
[INFO] [stdout]   |
[INFO] [stdout] 2 | use crate::sig::rab_e::*;
[INFO] [stdout]   |     ^^^^^^^^^^^^^^^^^^^^
[INFO] [stdout] 
[INFO] [stdout] 
[INFO] [stdout] warning: unused import: `crate::sig::rab_e::unification_found::read_unification_found`
[INFO] [stdout]  --> src/sig/rab_e/unification_wall_slit.rs:2:5
[INFO] [stdout]   |
[INFO] [stdout] 2 | use crate::sig::rab_e::unification_found::read_unification_found;
[INFO] [stdout]   |     ^^^^^^^^^^^^^^^^^^^^^^^^^^^^^^^^^^^^^^^^^^^^^^^^^^^^^^^^^^^^
[INFO] [stdout] 
[INFO] [stdout] 
[INFO] [stdout] warning: unused import: `crate::sig::rab_e::*`
[INFO] [stdout]  --> src/sig/rab_e/unification_wall_slit.rs:3:5
[INFO] [stdout]   |
[INFO] [stdout] 3 | use crate::sig::rab_e::*;
[INFO] [stdout]   |     ^^^^^^^^^^^^^^^^^^^^
[INFO] [stdout] 
[INFO] [stdout] 
[INFO] [stdout] warning: methods `get_start_point` and `get_end_point` are never used
[INFO] [stdout]   --> src/sig/rab_e/beam.rs:72:12
[INFO] [stdout]    |
[INFO] [stdout] 71 | impl Beam {
[INFO] [stdout]    | --------- methods in this implementation
[INFO] [stdout] 72 |     pub fn get_start_point(&self) -> &Point {
[INFO] [stdout]    |            ^^^^^^^^^^^^^^^
[INFO] [stdout] ...
[INFO] [stdout] 75 |     pub fn get_end_point(&self) -> &Point {
[INFO] [stdout]    |            ^^^^^^^^^^^^^
[INFO] [stdout]    |
[INFO] [stdout]    = note: `#[warn(dead_code)]` on by default
[INFO] [stdout] 
[INFO] [stdout] 
[INFO] [stdout] warning: methods `get_start_point` and `get_end_point` are never used
[INFO] [stdout]    --> src/sig/rab_e/wall.rs:130:12
[INFO] [stdout]     |
[INFO] [stdout] 129 | impl Wall {
[INFO] [stdout]     | --------- methods in this implementation
[INFO] [stdout] 130 |     pub fn get_start_point(&self) -> &Point {
[INFO] [stdout]     |            ^^^^^^^^^^^^^^^
[INFO] [stdout] ...
[INFO] [stdout] 133 |     pub fn get_end_point(&self) -> &Point {
[INFO] [stdout]     |            ^^^^^^^^^^^^^
[INFO] [stdout] 
[INFO] [stdout] 
[INFO] [stdout] warning: function `to_vector` is never used
[INFO] [stdout]    --> src/sig/slits_slt.rs:136:4
[INFO] [stdout]     |
[INFO] [stdout] 136 | fn to_vector(p1: &Point, p2: &Point) -> Point {
[INFO] [stdout]     |    ^^^^^^^^^
[INFO] [stdout] 
[INFO] [stdout] 
[INFO] [stdout] warning: function `scalar_product` is never used
[INFO] [stdout]    --> src/sig/slits_slt.rs:142:4
[INFO] [stdout]     |
[INFO] [stdout] 142 | fn scalar_product(v: Point, w: Point) -> f32 {
[INFO] [stdout]     |    ^^^^^^^^^^^^^^
[INFO] [stdout] 
[INFO] [stdout] 
[INFO] [stdout] warning: function `pseudoscalar_product` is never used
[INFO] [stdout]    --> src/sig/slits_slt.rs:145:4
[INFO] [stdout]     |
[INFO] [stdout] 145 | fn pseudoscalar_product(v: Point, w: Point) -> f32 {
[INFO] [stdout]     |    ^^^^^^^^^^^^^^^^^^^^
[INFO] [stdout] 
[INFO] [stdout] 
[INFO] [stdout] warning: methods `get_name`, `inside`, and `angle` are never used
[INFO] [stdout]    --> src/sig/slits_slt.rs:149:12
[INFO] [stdout]     |
[INFO] [stdout] 148 | impl Slit {
[INFO] [stdout]     | --------- methods in this implementation
[INFO] [stdout] 149 |     pub fn get_name(&self) -> Option<String> {
[INFO] [stdout]     |            ^^^^^^^^
[INFO] [stdout] ...
[INFO] [stdout] 158 |     pub fn inside(&self, p1: &Point, p2: &Point) -> bool {
[INFO] [stdout]     |            ^^^^^^
[INFO] [stdout] ...
[INFO] [stdout] 187 |     pub fn angle(&self) -> f32 {
[INFO] [stdout]     |            ^^^^^
[INFO] [stdout] 
[INFO] [stdout] 
[INFO] [stdout] warning: struct `ShortNameBlock` is never constructed
[INFO] [stdout]  --> src/slits_for_lira.rs:7:8
[INFO] [stdout]   |
[INFO] [stdout] 7 | struct ShortNameBlock {
[INFO] [stdout]   |        ^^^^^^^^^^^^^^
[INFO] [stdout] 
[INFO] [stdout] 
[INFO] [stdout] warning: enum `TypeBlock` is never used
[INFO] [stdout]   --> src/slits_for_lira.rs:13:6
[INFO] [stdout]    |
[INFO] [stdout] 13 | enum TypeBlock {
[INFO] [stdout]    |      ^^^^^^^^^
[INFO] [stdout] 
[INFO] [stdout] 
[INFO] [stdout] warning: associated items `get_name` and `new` are never used
[INFO] [stdout]   --> src/slits_for_lira.rs:20:8
[INFO] [stdout]    |
[INFO] [stdout] 19 | impl ShortNameBlock {
[INFO] [stdout]    | ------------------- associated items in this implementation
[INFO] [stdout] 20 |     fn get_name(&self) -> String {
[INFO] [stdout]    |        ^^^^^^^^
[INFO] [stdout] ...
[INFO] [stdout] 33 |     fn new(element_type: TypeBlock, element_num: usize, storey: usize) -> ShortNameBlock {
[INFO] [stdout]    |        ^^^
[INFO] [stdout] 
[INFO] [stdout] 
[INFO] [stdout] warning: function `range_to_string` is never used
[INFO] [stdout]   --> src/slits_for_lira.rs:84:4
[INFO] [stdout]    |
[INFO] [stdout] 84 | fn range_to_string(range_start: u64, range_end: u64) -> String {
[INFO] [stdout]    |    ^^^^^^^^^^^^^^^
[INFO] [stdout] 
[INFO] [stdout] 
[INFO] [stdout] warning: function `write_elements` is never used
[INFO] [stdout]   --> src/slits_for_lira.rs:91:4
[INFO] [stdout]    |
[INFO] [stdout] 91 | fn write_elements(elements: &[u64]) -> String {
[INFO] [stdout]    |    ^^^^^^^^^^^^^^
[INFO] [stdout] 
[INFO] [stdout] 
[INFO] [stdout] warning: associated items `read_paths`, `get_ald_path`, and `get_chg_path` are never used
[INFO] [stdout]    --> src/slits_for_lira.rs:119:8
[INFO] [stdout]     |
[INFO] [stdout] 118 | impl InputPath {
[INFO] [stdout]     | -------------- associated items in this implementation
[INFO] [stdout] 119 |     fn read_paths() -> InputPath {
[INFO] [stdout]     |        ^^^^^^^^^^
[INFO] [stdout] ...
[INFO] [stdout] 134 |     fn get_ald_path(&self) -> PathBuf {
[INFO] [stdout]     |        ^^^^^^^^^^^^
[INFO] [stdout] ...
[INFO] [stdout] 146 |     fn get_chg_path(&self) -> PathBuf {
[INFO] [stdout]     |        ^^^^^^^^^^^^
[INFO] [stdout] 
[INFO] [stdout] 
[INFO] [stdout] warning: associated items `read_filter` and `check` are never used
[INFO] [stdout]    --> src/slits_for_lira.rs:168:8
[INFO] [stdout]     |
[INFO] [stdout] 167 | impl Filter {
[INFO] [stdout]     | ----------- associated items in this implementation
[INFO] [stdout] 168 |     fn read_filter() -> Filter {
[INFO] [stdout]     |        ^^^^^^^^^^^
[INFO] [stdout] ...
[INFO] [stdout] 184 |     fn check(&self, block: &ShortNameBlock) -> bool {
[INFO] [stdout]     |        ^^^^^
[INFO] [stdout] 
[INFO] [stdout] 
[INFO] [stdout] warning: function `read_ald` is never used
[INFO] [stdout]    --> src/slits_for_lira.rs:200:4
[INFO] [stdout]     |
[INFO] [stdout] 200 | fn read_ald(path: &Path) -> Vec<ElBlock> {
[INFO] [stdout]     |    ^^^^^^^^
[INFO] [stdout] 
[INFO] [stdout] 
[INFO] [stdout] warning: function `read_name` is never used
[INFO] [stdout]    --> src/slits_for_lira.rs:219:4
[INFO] [stdout]     |
[INFO] [stdout] 219 | fn read_name() -> String {
[INFO] [stdout]     |    ^^^^^^^^^
[INFO] [stdout] 
[INFO] [stdout] 
[INFO] [stdout] warning: function `get_selection` is never used
[INFO] [stdout]    --> src/slits_for_lira.rs:235:4
[INFO] [stdout]     |
[INFO] [stdout] 235 | fn get_selection(path_ald: &Path, build: &building::Building, filter: Filter) -> Vec<String> {
[INFO] [stdout]     |    ^^^^^^^^^^^^^
[INFO] [stdout] 
[INFO] [stdout] 
[INFO] [stdout] warning: function `element_in_slits` is never used
[INFO] [stdout]    --> src/slits_for_lira.rs:256:4
[INFO] [stdout]     |
[INFO] [stdout] 256 | fn element_in_slits(build: &building::Building) -> Vec<Vec<ShortNameBlock>> {
[INFO] [stdout]     |    ^^^^^^^^^^^^^^^^
[INFO] [stdout] 
[INFO] [stdout] 
[INFO] [stdout] warning: function `write_slits` is never used
[INFO] [stdout]    --> src/slits_for_lira.rs:288:4
[INFO] [stdout]     |
[INFO] [stdout] 288 | fn write_slits(slits: Vec<String>) {
[INFO] [stdout]     |    ^^^^^^^^^^^
[INFO] [stdout] 
[INFO] [stdout] 
[INFO] [stdout] warning: function `write_slits_angle` is never used
[INFO] [stdout]    --> src/slits_for_lira.rs:299:4
[INFO] [stdout]     |
[INFO] [stdout] 299 | fn write_slits_angle(build: &building::Building) {
[INFO] [stdout]     |    ^^^^^^^^^^^^^^^^^
[INFO] [stdout] 
[INFO] [stdout] 
[INFO] [stdout] warning: function `write_slits_name` is never used
[INFO] [stdout]    --> src/slits_for_lira.rs:312:4
[INFO] [stdout]     |
[INFO] [stdout] 312 | fn write_slits_name(build: &building::Building) {
[INFO] [stdout]     |    ^^^^^^^^^^^^^^^^
[INFO] [stdout] 
[INFO] [stdout] 
[INFO] [stdout] warning: function `write_slits_for_lira` is never used
[INFO] [stdout]    --> src/slits_for_lira.rs:325:8
[INFO] [stdout]     |
[INFO] [stdout] 325 | pub fn write_slits_for_lira() {
[INFO] [stdout]     |        ^^^^^^^^^^^^^^^^^^^^
[INFO] [stdout] 
[INFO] [stdout] 
[INFO] [stderr]     Finished `dev` profile [unoptimized + debuginfo] target(s) in 18.01s
[INFO] [stderr] warning: the following packages contain code that will be rejected by a future version of Rust: nom v5.1.2, quick-xml v0.22.0
[INFO] [stderr] note: to see what the problems were, use the option `--future-incompat-report`, or run `cargo report future-incompatibilities --id 1`
[INFO] running `Command { std: "docker" "inspect" "c0a47402a895280a753e6d2d401487f3277721cc125c17ba805c1db82bd53fae", kill_on_drop: false }`
[INFO] running `Command { std: "docker" "rm" "-f" "c0a47402a895280a753e6d2d401487f3277721cc125c17ba805c1db82bd53fae", kill_on_drop: false }`
[INFO] [stdout] c0a47402a895280a753e6d2d401487f3277721cc125c17ba805c1db82bd53fae
[INFO] running `Command { std: "docker" "create" "-v" "/var/lib/crater-agent-workspace/builds/worker-5-tc1/target:/opt/rustwide/target:rw,Z" "-v" "/var/lib/crater-agent-workspace/builds/worker-5-tc1/source:/opt/rustwide/workdir:ro,Z" "-v" "/var/lib/crater-agent-workspace/cargo-home:/opt/rustwide/cargo-home:ro,Z" "-v" "/var/lib/crater-agent-workspace/rustup-home:/opt/rustwide/rustup-home:ro,Z" "-e" "SOURCE_DIR=/opt/rustwide/workdir" "-e" "CARGO_TARGET_DIR=/opt/rustwide/target" "-e" "CARGO_INCREMENTAL=0" "-e" "RUST_BACKTRACE=full" "-e" "RUSTFLAGS=--cap-lints=warn" "-e" "RUSTDOCFLAGS=--cap-lints=warn" "-e" "CARGO_HOME=/opt/rustwide/cargo-home" "-e" "RUSTUP_HOME=/opt/rustwide/rustup-home" "-w" "/opt/rustwide/workdir" "-m" "1610612736" "--user" "0:0" "--network" "none" "ghcr.io/rust-lang/crates-build-env/linux@sha256:f3a9d4ad9d972b27faf3965f35b62e55ba32bbce8f20bc8fe909558a86702fde" "/opt/rustwide/cargo-home/bin/cargo" "+1.83.0" "test" "--frozen" "--no-run" "--message-format=json", kill_on_drop: false }`
[INFO] [stdout] 040b8846adbc249b3be3b1beebd0de96422fefcf2e352a00d7cb0a74f8d976d8
[INFO] running `Command { std: "docker" "start" "-a" "040b8846adbc249b3be3b1beebd0de96422fefcf2e352a00d7cb0a74f8d976d8", kill_on_drop: false }`
[INFO] [stderr]    Compiling parse_chg v0.1.0 (/opt/rustwide/workdir)
[INFO] [stdout] warning: unused import: `crate::sig::rab_e::sec::BoxSec`
[INFO] [stdout]  --> src/sig/rab_e/slab.rs:2:5
[INFO] [stdout]   |
[INFO] [stdout] 2 | use crate::sig::rab_e::sec::BoxSec;
[INFO] [stdout]   |     ^^^^^^^^^^^^^^^^^^^^^^^^^^^^^^
[INFO] [stdout]   |
[INFO] [stdout]   = note: `#[warn(unused_imports)]` on by default
[INFO] [stdout] 
[INFO] [stdout] 
[INFO] [stdout] warning: unused import: `std::borrow::Borrow`
[INFO] [stdout]  --> src/sig/rab_e/slab.rs:9:5
[INFO] [stdout]   |
[INFO] [stdout] 9 | use std::borrow::Borrow;
[INFO] [stdout]   |     ^^^^^^^^^^^^^^^^^^^
[INFO] [stdout] 
[INFO] [stdout] 
[INFO] [stdout] warning: unused import: `crate::sig::rab_e::*`
[INFO] [stdout]  --> src/sig/rab_e/unification_found.rs:2:5
[INFO] [stdout]   |
[INFO] [stdout] 2 | use crate::sig::rab_e::*;
[INFO] [stdout]   |     ^^^^^^^^^^^^^^^^^^^^
[INFO] [stdout] 
[INFO] [stdout] 
[INFO] [stdout] warning: unused import: `crate::sig::rab_e::*`
[INFO] [stdout]  --> src/sig/rab_e/unification_slab.rs:2:5
[INFO] [stdout]   |
[INFO] [stdout] 2 | use crate::sig::rab_e::*;
[INFO] [stdout]   |     ^^^^^^^^^^^^^^^^^^^^
[INFO] [stdout] 
[INFO] [stdout] 
[INFO] [stdout] warning: unused import: `crate::sig::rab_e::unification_found::read_unification_found`
[INFO] [stdout]  --> src/sig/rab_e/unification_wall_slit.rs:2:5
[INFO] [stdout]   |
[INFO] [stdout] 2 | use crate::sig::rab_e::unification_found::read_unification_found;
[INFO] [stdout]   |     ^^^^^^^^^^^^^^^^^^^^^^^^^^^^^^^^^^^^^^^^^^^^^^^^^^^^^^^^^^^^
[INFO] [stdout] 
[INFO] [stdout] 
[INFO] [stdout] warning: unused import: `crate::sig::rab_e::*`
[INFO] [stdout]  --> src/sig/rab_e/unification_wall_slit.rs:3:5
[INFO] [stdout]   |
[INFO] [stdout] 3 | use crate::sig::rab_e::*;
[INFO] [stdout]   |     ^^^^^^^^^^^^^^^^^^^^
[INFO] [stdout] 
[INFO] [stdout] 
[INFO] [stdout] warning: methods `get_start_point` and `get_end_point` are never used
[INFO] [stdout]   --> src/sig/rab_e/beam.rs:72:12
[INFO] [stdout]    |
[INFO] [stdout] 71 | impl Beam {
[INFO] [stdout]    | --------- methods in this implementation
[INFO] [stdout] 72 |     pub fn get_start_point(&self) -> &Point {
[INFO] [stdout]    |            ^^^^^^^^^^^^^^^
[INFO] [stdout] ...
[INFO] [stdout] 75 |     pub fn get_end_point(&self) -> &Point {
[INFO] [stdout]    |            ^^^^^^^^^^^^^
[INFO] [stdout]    |
[INFO] [stdout]    = note: `#[warn(dead_code)]` on by default
[INFO] [stdout] 
[INFO] [stdout] 
[INFO] [stdout] warning: methods `get_start_point` and `get_end_point` are never used
[INFO] [stdout]    --> src/sig/rab_e/wall.rs:130:12
[INFO] [stdout]     |
[INFO] [stdout] 129 | impl Wall {
[INFO] [stdout]     | --------- methods in this implementation
[INFO] [stdout] 130 |     pub fn get_start_point(&self) -> &Point {
[INFO] [stdout]     |            ^^^^^^^^^^^^^^^
[INFO] [stdout] ...
[INFO] [stdout] 133 |     pub fn get_end_point(&self) -> &Point {
[INFO] [stdout]     |            ^^^^^^^^^^^^^
[INFO] [stdout] 
[INFO] [stdout] 
[INFO] [stdout] warning: function `to_vector` is never used
[INFO] [stdout]    --> src/sig/slits_slt.rs:136:4
[INFO] [stdout]     |
[INFO] [stdout] 136 | fn to_vector(p1: &Point, p2: &Point) -> Point {
[INFO] [stdout]     |    ^^^^^^^^^
[INFO] [stdout] 
[INFO] [stdout] 
[INFO] [stdout] warning: function `scalar_product` is never used
[INFO] [stdout]    --> src/sig/slits_slt.rs:142:4
[INFO] [stdout]     |
[INFO] [stdout] 142 | fn scalar_product(v: Point, w: Point) -> f32 {
[INFO] [stdout]     |    ^^^^^^^^^^^^^^
[INFO] [stdout] 
[INFO] [stdout] 
[INFO] [stdout] warning: function `pseudoscalar_product` is never used
[INFO] [stdout]    --> src/sig/slits_slt.rs:145:4
[INFO] [stdout]     |
[INFO] [stdout] 145 | fn pseudoscalar_product(v: Point, w: Point) -> f32 {
[INFO] [stdout]     |    ^^^^^^^^^^^^^^^^^^^^
[INFO] [stdout] 
[INFO] [stdout] 
[INFO] [stdout] warning: methods `get_name`, `inside`, and `angle` are never used
[INFO] [stdout]    --> src/sig/slits_slt.rs:149:12
[INFO] [stdout]     |
[INFO] [stdout] 148 | impl Slit {
[INFO] [stdout]     | --------- methods in this implementation
[INFO] [stdout] 149 |     pub fn get_name(&self) -> Option<String> {
[INFO] [stdout]     |            ^^^^^^^^
[INFO] [stdout] ...
[INFO] [stdout] 158 |     pub fn inside(&self, p1: &Point, p2: &Point) -> bool {
[INFO] [stdout]     |            ^^^^^^
[INFO] [stdout] ...
[INFO] [stdout] 187 |     pub fn angle(&self) -> f32 {
[INFO] [stdout]     |            ^^^^^
[INFO] [stdout] 
[INFO] [stdout] 
[INFO] [stdout] warning: struct `ShortNameBlock` is never constructed
[INFO] [stdout]  --> src/slits_for_lira.rs:7:8
[INFO] [stdout]   |
[INFO] [stdout] 7 | struct ShortNameBlock {
[INFO] [stdout]   |        ^^^^^^^^^^^^^^
[INFO] [stdout] 
[INFO] [stdout] 
[INFO] [stdout] warning: enum `TypeBlock` is never used
[INFO] [stdout]   --> src/slits_for_lira.rs:13:6
[INFO] [stdout]    |
[INFO] [stdout] 13 | enum TypeBlock {
[INFO] [stdout]    |      ^^^^^^^^^
[INFO] [stdout] 
[INFO] [stdout] 
[INFO] [stdout] warning: associated items `get_name` and `new` are never used
[INFO] [stdout]   --> src/slits_for_lira.rs:20:8
[INFO] [stdout]    |
[INFO] [stdout] 19 | impl ShortNameBlock {
[INFO] [stdout]    | ------------------- associated items in this implementation
[INFO] [stdout] 20 |     fn get_name(&self) -> String {
[INFO] [stdout]    |        ^^^^^^^^
[INFO] [stdout] ...
[INFO] [stdout] 33 |     fn new(element_type: TypeBlock, element_num: usize, storey: usize) -> ShortNameBlock {
[INFO] [stdout]    |        ^^^
[INFO] [stdout] 
[INFO] [stdout] 
[INFO] [stdout] warning: function `range_to_string` is never used
[INFO] [stdout]   --> src/slits_for_lira.rs:84:4
[INFO] [stdout]    |
[INFO] [stdout] 84 | fn range_to_string(range_start: u64, range_end: u64) -> String {
[INFO] [stdout]    |    ^^^^^^^^^^^^^^^
[INFO] [stdout] 
[INFO] [stdout] 
[INFO] [stdout] warning: function `write_elements` is never used
[INFO] [stdout]   --> src/slits_for_lira.rs:91:4
[INFO] [stdout]    |
[INFO] [stdout] 91 | fn write_elements(elements: &[u64]) -> String {
[INFO] [stdout]    |    ^^^^^^^^^^^^^^
[INFO] [stdout] 
[INFO] [stdout] 
[INFO] [stdout] warning: associated items `read_paths`, `get_ald_path`, and `get_chg_path` are never used
[INFO] [stdout]    --> src/slits_for_lira.rs:119:8
[INFO] [stdout]     |
[INFO] [stdout] 118 | impl InputPath {
[INFO] [stdout]     | -------------- associated items in this implementation
[INFO] [stdout] 119 |     fn read_paths() -> InputPath {
[INFO] [stdout]     |        ^^^^^^^^^^
[INFO] [stdout] ...
[INFO] [stdout] 134 |     fn get_ald_path(&self) -> PathBuf {
[INFO] [stdout]     |        ^^^^^^^^^^^^
[INFO] [stdout] ...
[INFO] [stdout] 146 |     fn get_chg_path(&self) -> PathBuf {
[INFO] [stdout]     |        ^^^^^^^^^^^^
[INFO] [stdout] 
[INFO] [stdout] 
[INFO] [stdout] warning: associated items `read_filter` and `check` are never used
[INFO] [stdout]    --> src/slits_for_lira.rs:168:8
[INFO] [stdout]     |
[INFO] [stdout] 167 | impl Filter {
[INFO] [stdout]     | ----------- associated items in this implementation
[INFO] [stdout] 168 |     fn read_filter() -> Filter {
[INFO] [stdout]     |        ^^^^^^^^^^^
[INFO] [stdout] ...
[INFO] [stdout] 184 |     fn check(&self, block: &ShortNameBlock) -> bool {
[INFO] [stdout]     |        ^^^^^
[INFO] [stdout] 
[INFO] [stdout] 
[INFO] [stdout] warning: function `read_ald` is never used
[INFO] [stdout]    --> src/slits_for_lira.rs:200:4
[INFO] [stdout]     |
[INFO] [stdout] 200 | fn read_ald(path: &Path) -> Vec<ElBlock> {
[INFO] [stdout]     |    ^^^^^^^^
[INFO] [stdout] 
[INFO] [stdout] 
[INFO] [stdout] warning: function `read_name` is never used
[INFO] [stdout]    --> src/slits_for_lira.rs:219:4
[INFO] [stdout]     |
[INFO] [stdout] 219 | fn read_name() -> String {
[INFO] [stdout]     |    ^^^^^^^^^
[INFO] [stdout] 
[INFO] [stdout] 
[INFO] [stdout] warning: function `get_selection` is never used
[INFO] [stdout]    --> src/slits_for_lira.rs:235:4
[INFO] [stdout]     |
[INFO] [stdout] 235 | fn get_selection(path_ald: &Path, build: &building::Building, filter: Filter) -> Vec<String> {
[INFO] [stdout]     |    ^^^^^^^^^^^^^
[INFO] [stdout] 
[INFO] [stdout] 
[INFO] [stdout] warning: function `element_in_slits` is never used
[INFO] [stdout]    --> src/slits_for_lira.rs:256:4
[INFO] [stdout]     |
[INFO] [stdout] 256 | fn element_in_slits(build: &building::Building) -> Vec<Vec<ShortNameBlock>> {
[INFO] [stdout]     |    ^^^^^^^^^^^^^^^^
[INFO] [stdout] 
[INFO] [stdout] 
[INFO] [stdout] warning: function `write_slits` is never used
[INFO] [stdout]    --> src/slits_for_lira.rs:288:4
[INFO] [stdout]     |
[INFO] [stdout] 288 | fn write_slits(slits: Vec<String>) {
[INFO] [stdout]     |    ^^^^^^^^^^^
[INFO] [stdout] 
[INFO] [stdout] 
[INFO] [stdout] warning: function `write_slits_angle` is never used
[INFO] [stdout]    --> src/slits_for_lira.rs:299:4
[INFO] [stdout]     |
[INFO] [stdout] 299 | fn write_slits_angle(build: &building::Building) {
[INFO] [stdout]     |    ^^^^^^^^^^^^^^^^^
[INFO] [stdout] 
[INFO] [stdout] 
[INFO] [stdout] warning: function `write_slits_name` is never used
[INFO] [stdout]    --> src/slits_for_lira.rs:312:4
[INFO] [stdout]     |
[INFO] [stdout] 312 | fn write_slits_name(build: &building::Building) {
[INFO] [stdout]     |    ^^^^^^^^^^^^^^^^
[INFO] [stdout] 
[INFO] [stdout] 
[INFO] [stdout] warning: function `write_slits_for_lira` is never used
[INFO] [stdout]    --> src/slits_for_lira.rs:325:8
[INFO] [stdout]     |
[INFO] [stdout] 325 | pub fn write_slits_for_lira() {
[INFO] [stdout]     |        ^^^^^^^^^^^^^^^^^^^^
[INFO] [stdout] 
[INFO] [stdout] 
[INFO] [stderr]     Finished `test` profile [unoptimized + debuginfo] target(s) in 3.33s
[INFO] [stderr] warning: the following packages contain code that will be rejected by a future version of Rust: nom v5.1.2, quick-xml v0.22.0
[INFO] [stderr] note: to see what the problems were, use the option `--future-incompat-report`, or run `cargo report future-incompatibilities --id 1`
[INFO] running `Command { std: "docker" "inspect" "040b8846adbc249b3be3b1beebd0de96422fefcf2e352a00d7cb0a74f8d976d8", kill_on_drop: false }`
[INFO] running `Command { std: "docker" "rm" "-f" "040b8846adbc249b3be3b1beebd0de96422fefcf2e352a00d7cb0a74f8d976d8", kill_on_drop: false }`
[INFO] [stdout] 040b8846adbc249b3be3b1beebd0de96422fefcf2e352a00d7cb0a74f8d976d8
[INFO] running `Command { std: "docker" "create" "-v" "/var/lib/crater-agent-workspace/builds/worker-5-tc1/target:/opt/rustwide/target:rw,Z" "-v" "/var/lib/crater-agent-workspace/builds/worker-5-tc1/source:/opt/rustwide/workdir:ro,Z" "-v" "/var/lib/crater-agent-workspace/cargo-home:/opt/rustwide/cargo-home:ro,Z" "-v" "/var/lib/crater-agent-workspace/rustup-home:/opt/rustwide/rustup-home:ro,Z" "-e" "SOURCE_DIR=/opt/rustwide/workdir" "-e" "CARGO_TARGET_DIR=/opt/rustwide/target" "-e" "CARGO_INCREMENTAL=0" "-e" "RUST_BACKTRACE=full" "-e" "RUSTFLAGS=--cap-lints=warn" "-e" "RUSTDOCFLAGS=--cap-lints=warn" "-e" "CARGO_HOME=/opt/rustwide/cargo-home" "-e" "RUSTUP_HOME=/opt/rustwide/rustup-home" "-w" "/opt/rustwide/workdir" "-m" "1610612736" "--user" "0:0" "--network" "none" "ghcr.io/rust-lang/crates-build-env/linux@sha256:f3a9d4ad9d972b27faf3965f35b62e55ba32bbce8f20bc8fe909558a86702fde" "/opt/rustwide/cargo-home/bin/cargo" "+1.83.0" "test" "--frozen", kill_on_drop: false }`
[INFO] [stdout] 61bc184a0c65008c8c7c1113e9be35dcda77f375c868407c93d6835e11e6e102
[INFO] running `Command { std: "docker" "start" "-a" "61bc184a0c65008c8c7c1113e9be35dcda77f375c868407c93d6835e11e6e102", kill_on_drop: false }`
[INFO] [stderr] warning: unused import: `crate::sig::rab_e::sec::BoxSec`
[INFO] [stderr]  --> src/sig/rab_e/slab.rs:2:5
[INFO] [stderr]   |
[INFO] [stderr] 2 | use crate::sig::rab_e::sec::BoxSec;
[INFO] [stderr]   |     ^^^^^^^^^^^^^^^^^^^^^^^^^^^^^^
[INFO] [stderr]   |
[INFO] [stderr]   = note: `#[warn(unused_imports)]` on by default
[INFO] [stderr] 
[INFO] [stderr] warning: unused import: `std::borrow::Borrow`
[INFO] [stderr]  --> src/sig/rab_e/slab.rs:9:5
[INFO] [stderr]   |
[INFO] [stderr] 9 | use std::borrow::Borrow;
[INFO] [stderr]   |     ^^^^^^^^^^^^^^^^^^^
[INFO] [stderr] 
[INFO] [stderr] warning: unused import: `crate::sig::rab_e::*`
[INFO] [stderr]  --> src/sig/rab_e/unification_found.rs:2:5
[INFO] [stderr]   |
[INFO] [stderr] 2 | use crate::sig::rab_e::*;
[INFO] [stderr]   |     ^^^^^^^^^^^^^^^^^^^^
[INFO] [stderr] 
[INFO] [stderr] warning: unused import: `crate::sig::rab_e::*`
[INFO] [stderr]  --> src/sig/rab_e/unification_slab.rs:2:5
[INFO] [stderr]   |
[INFO] [stderr] 2 | use crate::sig::rab_e::*;
[INFO] [stderr]   |     ^^^^^^^^^^^^^^^^^^^^
[INFO] [stderr] 
[INFO] [stderr] warning: unused import: `crate::sig::rab_e::unification_found::read_unification_found`
[INFO] [stderr]  --> src/sig/rab_e/unification_wall_slit.rs:2:5
[INFO] [stderr]   |
[INFO] [stderr] 2 | use crate::sig::rab_e::unification_found::read_unification_found;
[INFO] [stderr]   |     ^^^^^^^^^^^^^^^^^^^^^^^^^^^^^^^^^^^^^^^^^^^^^^^^^^^^^^^^^^^^
[INFO] [stderr] 
[INFO] [stderr] warning: unused import: `crate::sig::rab_e::*`
[INFO] [stderr]  --> src/sig/rab_e/unification_wall_slit.rs:3:5
[INFO] [stderr]   |
[INFO] [stderr] 3 | use crate::sig::rab_e::*;
[INFO] [stderr]   |     ^^^^^^^^^^^^^^^^^^^^
[INFO] [stderr] 
[INFO] [stderr] warning: methods `get_start_point` and `get_end_point` are never used
[INFO] [stderr]   --> src/sig/rab_e/beam.rs:72:12
[INFO] [stderr]    |
[INFO] [stderr] 71 | impl Beam {
[INFO] [stderr]    | --------- methods in this implementation
[INFO] [stderr] 72 |     pub fn get_start_point(&self) -> &Point {
[INFO] [stderr]    |            ^^^^^^^^^^^^^^^
[INFO] [stderr] ...
[INFO] [stderr] 75 |     pub fn get_end_point(&self) -> &Point {
[INFO] [stderr]    |            ^^^^^^^^^^^^^
[INFO] [stderr]    |
[INFO] [stderr]    = note: `#[warn(dead_code)]` on by default
[INFO] [stderr] 
[INFO] [stderr] warning: methods `get_start_point` and `get_end_point` are never used
[INFO] [stderr]    --> src/sig/rab_e/wall.rs:130:12
[INFO] [stderr]     |
[INFO] [stderr] 129 | impl Wall {
[INFO] [stderr]     | --------- methods in this implementation
[INFO] [stderr] 130 |     pub fn get_start_point(&self) -> &Point {
[INFO] [stderr]     |            ^^^^^^^^^^^^^^^
[INFO] [stderr] ...
[INFO] [stderr] 133 |     pub fn get_end_point(&self) -> &Point {
[INFO] [stderr]     |            ^^^^^^^^^^^^^
[INFO] [stderr] 
[INFO] [stderr] warning: function `to_vector` is never used
[INFO] [stderr]    --> src/sig/slits_slt.rs:136:4
[INFO] [stderr]     |
[INFO] [stderr] 136 | fn to_vector(p1: &Point, p2: &Point) -> Point {
[INFO] [stderr]     |    ^^^^^^^^^
[INFO] [stderr] 
[INFO] [stderr] warning: function `scalar_product` is never used
[INFO] [stderr]    --> src/sig/slits_slt.rs:142:4
[INFO] [stderr]     |
[INFO] [stderr] 142 | fn scalar_product(v: Point, w: Point) -> f32 {
[INFO] [stderr]     |    ^^^^^^^^^^^^^^
[INFO] [stderr] 
[INFO] [stderr] warning: function `pseudoscalar_product` is never used
[INFO] [stderr]    --> src/sig/slits_slt.rs:145:4
[INFO] [stderr]     |
[INFO] [stderr] 145 | fn pseudoscalar_product(v: Point, w: Point) -> f32 {
[INFO] [stderr]     |    ^^^^^^^^^^^^^^^^^^^^
[INFO] [stderr] 
[INFO] [stderr] warning: methods `get_name`, `inside`, and `angle` are never used
[INFO] [stderr]    --> src/sig/slits_slt.rs:149:12
[INFO] [stderr]     |
[INFO] [stderr] 148 | impl Slit {
[INFO] [stderr]     | --------- methods in this implementation
[INFO] [stderr] 149 |     pub fn get_name(&self) -> Option<String> {
[INFO] [stderr]     |            ^^^^^^^^
[INFO] [stderr] ...
[INFO] [stderr] 158 |     pub fn inside(&self, p1: &Point, p2: &Point) -> bool {
[INFO] [stderr]     |            ^^^^^^
[INFO] [stderr] ...
[INFO] [stderr] 187 |     pub fn angle(&self) -> f32 {
[INFO] [stderr]     |            ^^^^^
[INFO] [stderr] 
[INFO] [stderr] warning: struct `ShortNameBlock` is never constructed
[INFO] [stderr]  --> src/slits_for_lira.rs:7:8
[INFO] [stderr]   |
[INFO] [stderr] 7 | struct ShortNameBlock {
[INFO] [stderr]   |        ^^^^^^^^^^^^^^
[INFO] [stderr] 
[INFO] [stderr] warning: enum `TypeBlock` is never used
[INFO] [stderr]   --> src/slits_for_lira.rs:13:6
[INFO] [stderr]    |
[INFO] [stderr] 13 | enum TypeBlock {
[INFO] [stderr]    |      ^^^^^^^^^
[INFO] [stderr] 
[INFO] [stderr] warning: associated items `get_name` and `new` are never used
[INFO] [stderr]   --> src/slits_for_lira.rs:20:8
[INFO] [stderr]    |
[INFO] [stderr] 19 | impl ShortNameBlock {
[INFO] [stderr]    | ------------------- associated items in this implementation
[INFO] [stderr] 20 |     fn get_name(&self) -> String {
[INFO] [stderr]    |        ^^^^^^^^
[INFO] [stderr] ...
[INFO] [stderr] 33 |     fn new(element_type: TypeBlock, element_num: usize, storey: usize) -> ShortNameBlock {
[INFO] [stderr]    |        ^^^
[INFO] [stderr] 
[INFO] [stderr] warning: function `range_to_string` is never used
[INFO] [stderr]   --> src/slits_for_lira.rs:84:4
[INFO] [stderr]    |
[INFO] [stderr] 84 | fn range_to_string(range_start: u64, range_end: u64) -> String {
[INFO] [stderr]    |    ^^^^^^^^^^^^^^^
[INFO] [stderr] 
[INFO] [stderr] warning: function `write_elements` is never used
[INFO] [stderr]   --> src/slits_for_lira.rs:91:4
[INFO] [stderr]    |
[INFO] [stderr] 91 | fn write_elements(elements: &[u64]) -> String {
[INFO] [stderr]    |    ^^^^^^^^^^^^^^
[INFO] [stderr] 
[INFO] [stderr] warning: associated items `read_paths`, `get_ald_path`, and `get_chg_path` are never used
[INFO] [stderr]    --> src/slits_for_lira.rs:119:8
[INFO] [stderr]     |
[INFO] [stderr] 118 | impl InputPath {
[INFO] [stderr]     | -------------- associated items in this implementation
[INFO] [stderr] 119 |     fn read_paths() -> InputPath {
[INFO] [stderr]     |        ^^^^^^^^^^
[INFO] [stderr] ...
[INFO] [stderr] 134 |     fn get_ald_path(&self) -> PathBuf {
[INFO] [stderr]     |        ^^^^^^^^^^^^
[INFO] [stderr] ...
[INFO] [stderr] 146 |     fn get_chg_path(&self) -> PathBuf {
[INFO] [stderr]     |        ^^^^^^^^^^^^
[INFO] [stderr] 
[INFO] [stderr] warning: associated items `read_filter` and `check` are never used
[INFO] [stderr]    --> src/slits_for_lira.rs:168:8
[INFO] [stderr]     |
[INFO] [stderr] 167 | impl Filter {
[INFO] [stderr]     | ----------- associated items in this implementation
[INFO] [stderr] 168 |     fn read_filter() -> Filter {
[INFO] [stderr]     |        ^^^^^^^^^^^
[INFO] [stderr] ...
[INFO] [stderr] 184 |     fn check(&self, block: &ShortNameBlock) -> bool {
[INFO] [stderr]     |        ^^^^^
[INFO] [stderr] 
[INFO] [stderr] warning: function `read_ald` is never used
[INFO] [stderr]    --> src/slits_for_lira.rs:200:4
[INFO] [stderr]     |
[INFO] [stderr] 200 | fn read_ald(path: &Path) -> Vec<ElBlock> {
[INFO] [stderr]     |    ^^^^^^^^
[INFO] [stderr] 
[INFO] [stderr] warning: function `read_name` is never used
[INFO] [stderr]    --> src/slits_for_lira.rs:219:4
[INFO] [stderr]     |
[INFO] [stderr] 219 | fn read_name() -> String {
[INFO] [stderr]     |    ^^^^^^^^^
[INFO] [stderr] 
[INFO] [stderr] warning: function `get_selection` is never used
[INFO] [stderr]    --> src/slits_for_lira.rs:235:4
[INFO] [stderr]     |
[INFO] [stderr] 235 | fn get_selection(path_ald: &Path, build: &building::Building, filter: Filter) -> Vec<String> {
[INFO] [stderr]     |    ^^^^^^^^^^^^^
[INFO] [stderr] 
[INFO] [stderr] warning: function `element_in_slits` is never used
[INFO] [stderr]    --> src/slits_for_lira.rs:256:4
[INFO] [stderr]     |
[INFO] [stderr] 256 | fn element_in_slits(build: &building::Building) -> Vec<Vec<ShortNameBlock>> {
[INFO] [stderr]     |    ^^^^^^^^^^^^^^^^
[INFO] [stderr] 
[INFO] [stderr] warning: function `write_slits` is never used
[INFO] [stderr]    --> src/slits_for_lira.rs:288:4
[INFO] [stderr]     |
[INFO] [stderr] 288 | fn write_slits(slits: Vec<String>) {
[INFO] [stderr]     |    ^^^^^^^^^^^
[INFO] [stderr] 
[INFO] [stderr] warning: function `write_slits_angle` is never used
[INFO] [stderr]    --> src/slits_for_lira.rs:299:4
[INFO] [stderr]     |
[INFO] [stderr] 299 | fn write_slits_angle(build: &building::Building) {
[INFO] [stderr]     |    ^^^^^^^^^^^^^^^^^
[INFO] [stderr] 
[INFO] [stderr] warning: function `write_slits_name` is never used
[INFO] [stderr]    --> src/slits_for_lira.rs:312:4
[INFO] [stderr]     |
[INFO] [stderr] 312 | fn write_slits_name(build: &building::Building) {
[INFO] [stderr]     |    ^^^^^^^^^^^^^^^^
[INFO] [stderr] 
[INFO] [stderr] warning: function `write_slits_for_lira` is never used
[INFO] [stderr]    --> src/slits_for_lira.rs:325:8
[INFO] [stderr]     |
[INFO] [stderr] 325 | pub fn write_slits_for_lira() {
[INFO] [stderr]     |        ^^^^^^^^^^^^^^^^^^^^
[INFO] [stderr] 
[INFO] [stderr] warning: `parse_chg` (bin "parse_chg" test) generated 27 warnings (run `cargo fix --bin "parse_chg" --tests` to apply 6 suggestions)
[INFO] [stderr]     Finished `test` profile [unoptimized + debuginfo] target(s) in 0.08s
[INFO] [stderr] warning: the following packages contain code that will be rejected by a future version of Rust: nom v5.1.2, quick-xml v0.22.0
[INFO] [stderr] note: to see what the problems were, use the option `--future-incompat-report`, or run `cargo report future-incompatibilities --id 1`
[INFO] [stderr]      Running unittests src/main.rs (/opt/rustwide/target/debug/deps/parse_chg-8603f4d0530f04a0)
[INFO] [stdout] 
[INFO] [stdout] running 196 tests
[INFO] [stdout] test sig::rab_e::beam::beam_isec_test ... ok
[INFO] [stdout] test sig::rab_e::beam::beam_box_test ... ok
[INFO] [stdout] test sig::rab_e::beam::beam_r_hinge12_test ... ok
[INFO] [stdout] test sig::rab_e::beam::beam_r_hinge1_test ... ok
[INFO] [stdout] test sig::rab_e::beam::beam_r_nbf_test ... ok
[INFO] [stdout] test sig::rab_e::beam::beam_r_nbhf_test ... ok
[INFO] [stdout] test sig::rab_e::beam::beam_r_nhf_test ... ok
[INFO] [stdout] test sig::rab_e::beam::beam_r_slab_hinge2_test ... ok
[INFO] [stdout] test sig::rab_e::beam::beam_mat_test ... ok
[INFO] [stdout] test sig::rab_e::beam::beam_r_slab_test ... ok
[INFO] [stdout] test sig::rab_e::beam::beam_shelves_up_test ... ok
[INFO] [stdout] test sig::rab_e::beam::s_beam_full_value_test ... ok
[INFO] [stdout] test sig::rab_e::beam::s_beam_rectangle ... ok
[INFO] [stdout] test sig::rab_e::column::column_r_agt_test ... ok
[INFO] [stdout] test sig::rab_e::column::column_r_bhnf_test ... ok
[INFO] [stdout] test sig::rab_e::column::column_circle_test ... ok
[INFO] [stdout] test sig::rab_e::column::column_r_found_f_test ... ok
[INFO] [stdout] test sig::rab_e::column::column_r_down_test ... ok
[INFO] [stdout] test sig::rab_e::beam::beam_r_border_test ... ok
[INFO] [stdout] test sig::rab_e::beam::beam_r_hinge2_test ... ok
[INFO] [stdout] test sig::rab_e::beam::beam_r_defslab_test ... ok
[INFO] [stdout] test sig::rab_e::column::column_r_found_f_slab_test ... ok
[INFO] [stdout] test sig::rab_e::beam::beam_rectangle_test ... ok
[INFO] [stdout] test sig::rab_e::beam::beam_shelves_down_test ... ok
[INFO] [stdout] test sig::rab_e::column::column_r_found_slab_test ... ok
[INFO] [stdout] test sig::rab_e::column::column_r_found_test ... ok
[INFO] [stdout] test sig::rab_e::column::column_box_test ... ok
[INFO] [stdout] test sig::rab_e::column::column_circle_nf_test ... ok
[INFO] [stdout] test sig::rab_e::column::column_r_bnf_test ... ok
[INFO] [stdout] test sig::rab_e::column::column_r_slab_test ... ok
[INFO] [stdout] test sig::rab_e::column::column_r_hnf_test ... ok
[INFO] [stdout] test sig::rab_e::column::p_column_circle_test ... ok
[INFO] [stdout] test sig::rab_e::column::p_column_cross_test ... ok
[INFO] [stdout] test sig::rab_e::column::p_column_r_found_slab_test ... ok
[INFO] [stdout] test sig::rab_e::column::column_r_up_test ... ok
[INFO] [stdout] test sig::rab_e::column::column_cross_test ... ok
[INFO] [stdout] test sig::rab_e::diagram::diagram_test ... ok
[INFO] [stdout] test sig::rab_e::column::p_column_ring_test ... ok
[INFO] [stdout] test sig::rab_e::column::s_column_full_value_test ... ok
[INFO] [stdout] test sig::rab_e::column::s_column_rectangle_test ... ok
[INFO] [stdout] test sig::rab_e::column::p_column_shelves_test ... ok
[INFO] [stdout] test sig::rab_e::column::column_rectangle_test ... ok
[INFO] [stdout] test sig::rab_e::column::p_column_box_test ... ok
[INFO] [stdout] test sig::rab_e::column::p_column_rectangle_test ... ok
[INFO] [stdout] test sig::rab_e::column::p_column_circle_nf_test ... ok
[INFO] [stdout] test sig::rab_e::column::column_r_up_down_test ... ok
[INFO] [stdout] test sig::rab_e::diagram::diagram_wind2_test ... ok
[INFO] [stdout] test sig::rab_e::diagram::diagram_wind_test ... ok
[INFO] [stdout] test sig::rab_e::column::column_shelves_test ... ok
[INFO] [stdout] test sig::rab_e::f_beam::fbeam_mat_test ... ok
[INFO] [stdout] test sig::rab_e::f_beam::fbeam_rec_bf_hf_test ... ok
[INFO] [stdout] test sig::rab_e::f_beam::fbeam_rec_bf_nbf_test ... ok
[INFO] [stdout] test sig::rab_e::f_beam::fbeam_rec_nbf_hf_test ... ok
[INFO] [stdout] test sig::rab_e::f_beam::fbeam_rec_nbf_nhf_test ... ok
[INFO] [stdout] test sig::rab_e::f_beam::fbeam_shelves_down_test ... ok
[INFO] [stdout] test sig::rab_e::f_beam::fbeam_shelves_up_test ... ok
[INFO] [stdout] test sig::rab_e::f_beam::s_fbeam_full_value_test ... ok
[INFO] [stdout] test sig::rab_e::f_beam::s_fbeam_test ... ok
[INFO] [stdout] test sig::rab_e::f_slab::fslab_dabble_1_test ... ok
[INFO] [stdout] test sig::rab_e::f_slab::fslab_dabble_2_test ... ok
[INFO] [stdout] test sig::rab_e::f_slab::fslab_etazh4_test ... ok
[INFO] [stdout] test sig::rab_e::f_slab::fslab_etazh_self_test ... ok
[INFO] [stdout] test sig::rab_e::f_slab::fslab_nc_test ... ok
[INFO] [stdout] test sig::rab_e::f_slab::fslab_nf_test ... ok
[INFO] [stdout] test sig::rab_e::f_slab::fslab_opening_pile_test ... ok
[INFO] [stdout] test sig::rab_e::f_slab::fslab_pan_test ... ok
[INFO] [stdout] test sig::rab_e::found::found_wall_test ... ok
[INFO] [stdout] test sig::rab_e::f_slab::s_f_slab_test ... ok
[INFO] [stdout] test sig::rab_e::found::p_found_wall_test ... ok
[INFO] [stdout] test sig::rab_e::found::r_found_wall_test ... ok
[INFO] [stdout] test sig::rab_e::found::s_node_full_value_test ... ok
[INFO] [stdout] test sig::rab_e::lean_on_slab::s_unification_slab_full_value_test ... ok
[INFO] [stdout] test sig::rab_e::f_slab::fslab_pf_test ... ok
[INFO] [stdout] test sig::rab_e::diagram::s_diagram_full_value_test ... ok
[INFO] [stdout] test sig::rab_e::f_slab::s_fslab_full_value_test ... ok
[INFO] [stdout] test sig::rab_e::found::s_found_wall_test ... ok
[INFO] [stdout] test sig::rab_e::lean_on_slab::lean_on_slab2_test ... ok
[INFO] [stdout] test sig::rab_e::load::load_line_dabble2_test ... ok
[INFO] [stdout] test sig::rab_e::lean_on_slab::lean_on_slab_test ... ok
[INFO] [stdout] test sig::rab_e::f_slab::fslab_mat_test ... ok
[INFO] [stdout] test sig::rab_e::f_slab::fslab_np_test ... ok
[INFO] [stdout] test sig::rab_e::load::load_area_dabble2_test ... ok
[INFO] [stdout] test sig::rab_e::load::load_line_dabble1_test ... ok
[INFO] [stdout] test sig::rab_e::load::load_area_cons_etazh4_fslab_test ... ok
[INFO] [stdout] test sig::rab_e::load::load_area_dabble1_test ... ok
[INFO] [stdout] test sig::rab_e::load::load_line_short_slab_h_test ... ok
[INFO] [stdout] test sig::rab_e::load::load_point_all_cons_fslab_v_test ... ok
[INFO] [stdout] test sig::rab_e::load::load_point_all_cons_slab_v_test ... ok
[INFO] [stdout] test sig::rab_e::load::load_point_all_short_slab_v_test ... ok
[INFO] [stdout] test sig::rab_e::load::load_point_all_long_slab_v_test ... ok
[INFO] [stdout] test sig::rab_e::load::load_point_etazh4_test ... ok
[INFO] [stdout] test sig::rab_e::load::load_point_triple1_test ... ok
[INFO] [stdout] test sig::rab_e::load::load_point_hor_test ... ok
[INFO] [stdout] test sig::rab_e::load::load_point_triple2_test ... ok
[INFO] [stdout] test sig::rab_e::load::s_load_point_hor_test ... ok
[INFO] [stdout] test sig::rab_e::load::load_point_triple3_test ... ok
[INFO] [stdout] test sig::rab_e::node::node_slab_dabble_1_test ... ok
[INFO] [stdout] test sig::rab_e::node::node_slab_dabble_2_test ... ok
[INFO] [stdout] test sig::rab_e::load::s_node_full_value_test ... ok
[INFO] [stdout] test sig::rab_e::node::node_slab_dabble_6_test ... ok
[INFO] [stdout] test sig::rab_e::node::node_slab_dabble_7_test ... ok
[INFO] [stdout] test sig::rab_e::node::s_node_full_value_test ... ok
[INFO] [stdout] test sig::rab_e::node::node_slab_dabble_8_test ... ok
[INFO] [stdout] test sig::rab_e::node::node_slab_dabble_4_test ... ok
[INFO] [stdout] test sig::rab_e::load::load_point_self_etazh_test ... ok
[INFO] [stdout] test sig::rab_e::node::node_slab_dabble_5_test ... ok
[INFO] [stdout] test sig::rab_e::part::part_etazh4_test ... ok
[INFO] [stdout] test sig::rab_e::part::part_mat_test ... ok
[INFO] [stdout] test sig::rab_e::node::node_slab_dabble_3_test ... ok
[INFO] [stdout] test sig::rab_e::part::part_opening_1_test ... ok
[INFO] [stdout] test sig::rab_e::part::part_opening_2_test ... ok
[INFO] [stdout] test sig::rab_e::node::s_node_slab_test ... ok
[INFO] [stdout] test sig::rab_e::part::part_opening_3_test ... ok
[INFO] [stdout] test sig::rab_e::part::part_s_test ... ok
[INFO] [stdout] test sig::rab_e::part::part_self_etazh_test ... ok
[INFO] [stdout] test sig::rab_e::part::s_part_full_value_test ... ok
[INFO] [stdout] test sig::rab_e::pile::pile_circ_test ... ok
[INFO] [stdout] test sig::rab_e::pile::pile_ef_test ... ok
[INFO] [stdout] test sig::rab_e::part::part_test ... ok
[INFO] [stdout] test sig::rab_e::pile::pile_fl_test ... ok
[INFO] [stdout] test sig::rab_e::f_slab::fslab_opening_test ... ok
[INFO] [stdout] test sig::rab_e::pile::pile_circ_up_test ... ok
[INFO] [stdout] test sig::rab_e::pile::pile_rec_test ... ok
[INFO] [stdout] test sig::rab_e::poly::poly_slab_1_test ... ok
[INFO] [stdout] test sig::rab_e::poly::poly_slab_3angle_test ... ok
[INFO] [stdout] test sig::rab_e::pile::pile_rec_up_test ... ok
[INFO] [stdout] test sig::rab_e::pile::s_piles_full_value_test ... ok
[INFO] [stdout] test sig::rab_e::poly::poly_slab_opening4_1_test ... ok
[INFO] [stdout] test sig::rab_e::poly::poly_slab_opening4_2_test ... ok
[INFO] [stdout] test sig::rab_e::poly::poly_slab_opening4_3_test ... ok
[INFO] [stdout] test sig::rab_e::pile::s_pile_test ... ok
[INFO] [stdout] test sig::rab_e::poly::poly_slab_opening_1_test ... ok
[INFO] [stdout] test sig::rab_e::poly::poly_slab_dabble_1_test ... ok
[INFO] [stdout] test sig::rab_e::poly::poly_slab_opening_2_test ... ok
[INFO] [stdout] test sig::rab_e::poly::s_poly_full_value_test ... ok
[INFO] [stdout] test sig::rab_e::poly::s_poly_slab_test ... ok
[INFO] [stdout] test sig::rab_e::poly::poly_slab_opening4_4_test ... ok
[INFO] [stdout] test sig::rab_e::slab::slab_1_etazh4_test ... ok
[INFO] [stdout] test sig::rab_e::slab::slab_1_f_all_test ... ok
[INFO] [stdout] test sig::rab_e::slab::slab_1_mat_test ... ok
[INFO] [stdout] test sig::rab_e::slab::part_test ... ok
[INFO] [stdout] test sig::rab_e::poly::poly_slab_opening4_5_test ... ok
[INFO] [stdout] test sig::rab_e::slab::slab_1_triple_opening_2_test ... ok
[INFO] [stdout] test sig::rab_e::slab::slab_1_triple_opening_3_test ... ok
[INFO] [stdout] test sig::rab_e::slab::s_slab_full_value_test ... ok
[INFO] [stdout] test sig::rab_e::slab::slab_1_self_etazh_test ... ok
[INFO] [stdout] test sig::rab_e::slab::slab_1_triple_opening_1_test ... ok
[INFO] [stdout] test sig::rab_e::slab::slab_dabble_1_test ... ok
[INFO] [stdout] test sig::rab_e::slab::slab_1_nf_test ... ok
[INFO] [stdout] test sig::rab_e::slab::slab_3angle_test ... ok
[INFO] [stdout] test sig::rab_e::unification_slab::unification_11el_test ... ok
[INFO] [stdout] test sig::rab_e::unification_found::s_unification_found_full_value_test ... ok
[INFO] [stdout] test sig::rab_e::unification_wall_slit::unification_3el_test ... ok
[INFO] [stdout] test sig::rab_e::slab::slab_1_opening_test ... ok
[INFO] [stdout] test sig::rab_e::unification_wall_slit::unification_test ... ok
[INFO] [stdout] test sig::rab_e::wall::p_wall_opening_1_test ... ok
[INFO] [stdout] test sig::rab_e::unification_wall_slit::s_unification_slab_full_value_test ... ok
[INFO] [stdout] test sig::rab_e::wall::p_wall_nf_test ... ok
[INFO] [stdout] test sig::rab_e::unification_found::unification_16el_test ... ok
[INFO] [stdout] test sig::rab_e::unification_found::unification_test ... ok
[INFO] [stdout] test sig::rab_e::wall::p_wall_test ... ok
[INFO] [stdout] test sig::rab_e::wall::r_wall_found_f_test ... ok
[INFO] [stdout] test sig::rab_e::slab::slab_dabble_2_test ... ok
[INFO] [stdout] test sig::rab_e::unification_slab::s_unification_slab_full_value_test ... ok
[INFO] [stdout] test sig::rab_e::unification_slab::unification_test ... ok
[INFO] [stdout] test sig::rab_e::wall::wall_dz_test ... ok
[INFO] [stdout] test sig::rab_e::wall::wall_found_f_slab_test ... ok
[INFO] [stdout] test sig::rab_e::wall::wall_agt_test ... ok
[INFO] [stdout] test sig::rab_e::wall::wall_down_test ... ok
[INFO] [stdout] test sig::rab_e::wall::wall_found_slab_test ... ok
[INFO] [stdout] test sig::rab_e::wall::wall_k_test ... ok
[INFO] [stdout] test sig::rab_e::wall::wall_found_f_test ... ok
[INFO] [stdout] test sig::rab_e::wall::wall_nf_found_f_slab_test ... ok
[INFO] [stdout] test sig::rab_e::wall::s_wall_full_value_test ... ok
[INFO] [stdout] test sig::rab_e::wall::wall_found_test ... ok
[INFO] [stdout] test sig::rab_e::poly::poly_slab_dabble_2_test ... ok
[INFO] [stdout] test sig::rab_e::wall::s_wall_test ... ok
[INFO] [stdout] test sig::rab_e::wall::wall_2mat_test ... ok
[INFO] [stdout] test sig::rab_e::wall::wall_nf_test ... ok
[INFO] [stdout] test sig::rab_e::wall::wall_slab_test ... ok
[INFO] [stdout] test sig::rab_e::wall::wall_nf_found_f_test ... ok
[INFO] [stdout] test sig::rab_e::wall::wall_nf_slab_test ... ok
[INFO] [stdout] test sig::rab_e::wall::wall_opening_1_test ... ok
[INFO] [stdout] test sig::slits_slt::slits2_test ... ok
[INFO] [stdout] test sig::rab_e::wall::wall_opening_2_test ... ok
[INFO] [stdout] test sig::rab_e::wall::wall_opening_3_test ... ok
[INFO] [stdout] test sig::rab_e::wall::wall_opening_4_test ... ok
[INFO] [stdout] test sig::rab_e::wall::wall_test ... ok
[INFO] [stdout] test sig::rab_e::wall::wall_up_down_test ... ok
[INFO] [stdout] test sig::rab_e::wall::wall_up_test ... ok
[INFO] [stdout] test sig::slits_slt::big_slits_r_test ... ok
[INFO] [stdout] test sig::slits_slt::slits1_full_value_test ... ok
[INFO] [stdout] test sig::slits_slt::slits1_test ... ok
[INFO] [stdout] test sig::slits_slt::slits2_p_test ... ok
[INFO] [stdout] test tests::complex_tests::complex_read_write ... FAILED
[INFO] [stdout] test tests::complex_tests::complex_read_write_raw ... FAILED
[INFO] [stdout] 
[INFO] [stderr] error: test failed, to rerun pass `--bin parse_chg`
[INFO] [stdout] failures:
[INFO] [stdout] 
[INFO] [stdout] ---- tests::complex_tests::complex_read_write stdout ----
[INFO] [stdout] thread 'tests::complex_tests::complex_read_write' panicked at src/tests.rs:43:14:
[INFO] [stdout] read_dir call failed: Os { code: 2, kind: NotFound, message: "No such file or directory" }
[INFO] [stdout] stack backtrace:
[INFO] [stdout]    0:     0x635269e1c64a - std::backtrace_rs::backtrace::libunwind::trace::h5a5b8284f2d0c266
[INFO] [stdout]                                at /rustc/90b35a6239c3d8bdabc530a6a0816f7ff89a0aaf/library/std/src/../../backtrace/src/backtrace/libunwind.rs:116:5
[INFO] [stdout]    1:     0x635269e1c64a - std::backtrace_rs::backtrace::trace_unsynchronized::h76d4f1c9b0b875e3
[INFO] [stdout]                                at /rustc/90b35a6239c3d8bdabc530a6a0816f7ff89a0aaf/library/std/src/../../backtrace/src/backtrace/mod.rs:66:5
[INFO] [stdout]    2:     0x635269e1c64a - std::sys::backtrace::_print_fmt::hc4546b8364a537c6
[INFO] [stdout]                                at /rustc/90b35a6239c3d8bdabc530a6a0816f7ff89a0aaf/library/std/src/sys/backtrace.rs:66:9
[INFO] [stdout]    3:     0x635269e1c64a - <std::sys::backtrace::BacktraceLock::print::DisplayBacktrace as core::fmt::Display>::fmt::h5b6bd5631a6d1f6b
[INFO] [stdout]                                at /rustc/90b35a6239c3d8bdabc530a6a0816f7ff89a0aaf/library/std/src/sys/backtrace.rs:39:26
[INFO] [stdout]    4:     0x635269e41f33 - core::fmt::rt::Argument::fmt::h270f6602a2b96f62
[INFO] [stdout]                                at /rustc/90b35a6239c3d8bdabc530a6a0816f7ff89a0aaf/library/core/src/fmt/rt.rs:177:76
[INFO] [stdout]    5:     0x635269e41f33 - core::fmt::write::h7550c97b06c86515
[INFO] [stdout]                                at /rustc/90b35a6239c3d8bdabc530a6a0816f7ff89a0aaf/library/core/src/fmt/mod.rs:1186:21
[INFO] [stdout]    6:     0x635269e19653 - std::io::Write::write_fmt::h509ff860e5956e5e
[INFO] [stdout]                                at /rustc/90b35a6239c3d8bdabc530a6a0816f7ff89a0aaf/library/std/src/io/mod.rs:1839:15
[INFO] [stdout]    7:     0x635269e1c492 - std::sys::backtrace::BacktraceLock::print::h2395ccd2c84ba3aa
[INFO] [stdout]                                at /rustc/90b35a6239c3d8bdabc530a6a0816f7ff89a0aaf/library/std/src/sys/backtrace.rs:42:9
[INFO] [stdout]    8:     0x635269e1daaa - std::panicking::default_hook::{{closure}}::he19d4c7230e07961
[INFO] [stdout]                                at /rustc/90b35a6239c3d8bdabc530a6a0816f7ff89a0aaf/library/std/src/panicking.rs:268:22
[INFO] [stdout]    9:     0x635269e1d8b4 - std::panicking::default_hook::hf614597d3c67bbdb
[INFO] [stdout]                                at /rustc/90b35a6239c3d8bdabc530a6a0816f7ff89a0aaf/library/std/src/panicking.rs:292:9
[INFO] [stdout]   10:     0x635269de24c9 - <alloc::boxed::Box<F,A> as core::ops::function::Fn<Args>>::call::h39b51ce4599c23d1
[INFO] [stdout]                                at /rustc/90b35a6239c3d8bdabc530a6a0816f7ff89a0aaf/library/alloc/src/boxed.rs:2468:9
[INFO] [stdout]   11:     0x635269de24c9 - test::test_main::{{closure}}::he977ae839a582784
[INFO] [stdout]                                at /rustc/90b35a6239c3d8bdabc530a6a0816f7ff89a0aaf/library/test/src/lib.rs:133:21
[INFO] [stdout]   12:     0x635269e1e148 - <alloc::boxed::Box<F,A> as core::ops::function::Fn<Args>>::call::h9455091b6b06f9fb
[INFO] [stdout]                                at /rustc/90b35a6239c3d8bdabc530a6a0816f7ff89a0aaf/library/alloc/src/boxed.rs:2468:9
[INFO] [stdout]   13:     0x635269e1e148 - std::panicking::rust_panic_with_hook::h8942133a8b252070
[INFO] [stdout]                                at /rustc/90b35a6239c3d8bdabc530a6a0816f7ff89a0aaf/library/std/src/panicking.rs:809:13
[INFO] [stdout]   14:     0x635269e1df0a - std::panicking::begin_panic_handler::{{closure}}::hb5f5963570096b29
[INFO] [stdout]                                at /rustc/90b35a6239c3d8bdabc530a6a0816f7ff89a0aaf/library/std/src/panicking.rs:674:13
[INFO] [stdout]   15:     0x635269e1cb29 - std::sys::backtrace::__rust_end_short_backtrace::h6208cedc1922feda
[INFO] [stdout]                                at /rustc/90b35a6239c3d8bdabc530a6a0816f7ff89a0aaf/library/std/src/sys/backtrace.rs:170:18
[INFO] [stdout]   16:     0x635269e1db9c - rust_begin_unwind
[INFO] [stdout]                                at /rustc/90b35a6239c3d8bdabc530a6a0816f7ff89a0aaf/library/std/src/panicking.rs:665:5
[INFO] [stdout]   17:     0x635269d34af0 - core::panicking::panic_fmt::h0c3082644d1bf418
[INFO] [stdout]                                at /rustc/90b35a6239c3d8bdabc530a6a0816f7ff89a0aaf/library/core/src/panicking.rs:74:14
[INFO] [stdout]   18:     0x635269d34f36 - core::result::unwrap_failed::hd20b4aa073bda1e2
[INFO] [stdout]                                at /rustc/90b35a6239c3d8bdabc530a6a0816f7ff89a0aaf/library/core/src/result.rs:1700:5
[INFO] [stdout]   19:     0x635269d41303 - core::result::Result<T,E>::expect::h26f30bccaa4ee9e0
[INFO] [stdout]                                at /rustc/90b35a6239c3d8bdabc530a6a0816f7ff89a0aaf/library/core/src/result.rs:1061:23
[INFO] [stdout]   20:     0x635269d64628 - parse_chg::tests::complex_tests::complex_read_write::hc5e1ce7f7815bdf4
[INFO] [stdout]                                at /opt/rustwide/workdir/src/tests.rs:41:22
[INFO] [stdout]   21:     0x635269d645b7 - parse_chg::tests::complex_tests::complex_read_write::{{closure}}::h40d42db23eff3c69
[INFO] [stdout]                                at /opt/rustwide/workdir/src/tests.rs:39:28
[INFO] [stdout]   22:     0x635269d992f6 - core::ops::function::FnOnce::call_once::h454fb6638d4d3fc3
[INFO] [stdout]                                at /rustc/90b35a6239c3d8bdabc530a6a0816f7ff89a0aaf/library/core/src/ops/function.rs:250:5
[INFO] [stdout]   23:     0x635269de6e8b - core::ops::function::FnOnce::call_once::h109cf8051a59b34e
[INFO] [stdout]                                at /rustc/90b35a6239c3d8bdabc530a6a0816f7ff89a0aaf/library/core/src/ops/function.rs:250:5
[INFO] [stdout]   24:     0x635269de6e8b - test::__rust_begin_short_backtrace::hf4fff89d377446ba
[INFO] [stdout]                                at /rustc/90b35a6239c3d8bdabc530a6a0816f7ff89a0aaf/library/test/src/lib.rs:621:18
[INFO] [stdout]   25:     0x635269de66c7 - test::run_test_in_process::{{closure}}::h0e39181dd7ee5a43
[INFO] [stdout]                                at /rustc/90b35a6239c3d8bdabc530a6a0816f7ff89a0aaf/library/test/src/lib.rs:644:60
[INFO] [stdout]   26:     0x635269de66c7 - <core::panic::unwind_safe::AssertUnwindSafe<F> as core::ops::function::FnOnce<()>>::call_once::hc5a66a30f0bdfd1f
[INFO] [stdout]                                at /rustc/90b35a6239c3d8bdabc530a6a0816f7ff89a0aaf/library/core/src/panic/unwind_safe.rs:272:9
[INFO] [stdout]   27:     0x635269de66c7 - std::panicking::try::do_call::h873b7cf639554a5e
[INFO] [stdout]                                at /rustc/90b35a6239c3d8bdabc530a6a0816f7ff89a0aaf/library/std/src/panicking.rs:557:40
[INFO] [stdout]   28:     0x635269de66c7 - std::panicking::try::hdb19862fad9c8bd1
[INFO] [stdout]                                at /rustc/90b35a6239c3d8bdabc530a6a0816f7ff89a0aaf/library/std/src/panicking.rs:520:19
[INFO] [stdout]   29:     0x635269de66c7 - std::panic::catch_unwind::h281fe732d236d260
[INFO] [stdout]                                at /rustc/90b35a6239c3d8bdabc530a6a0816f7ff89a0aaf/library/std/src/panic.rs:358:14
[INFO] [stdout]   30:     0x635269de66c7 - test::run_test_in_process::h949b6df8457ed338
[INFO] [stdout]                                at /rustc/90b35a6239c3d8bdabc530a6a0816f7ff89a0aaf/library/test/src/lib.rs:644:27
[INFO] [stdout]   31:     0x635269de66c7 - test::run_test::{{closure}}::h52c556a6d4740e10
[INFO] [stdout]                                at /rustc/90b35a6239c3d8bdabc530a6a0816f7ff89a0aaf/library/test/src/lib.rs:565:43
[INFO] [stdout]   32:     0x635269dab9a4 - test::run_test::{{closure}}::h4237f6381c45ccb9
[INFO] [stdout]                                at /rustc/90b35a6239c3d8bdabc530a6a0816f7ff89a0aaf/library/test/src/lib.rs:595:41
[INFO] [stdout]   33:     0x635269dab9a4 - std::sys::backtrace::__rust_begin_short_backtrace::h505c97a579eca628
[INFO] [stdout]                                at /rustc/90b35a6239c3d8bdabc530a6a0816f7ff89a0aaf/library/std/src/sys/backtrace.rs:154:18
[INFO] [stdout]   34:     0x635269daf06e - std::thread::Builder::spawn_unchecked_::{{closure}}::{{closure}}::h9e86b2e2bc107ea3
[INFO] [stdout]                                at /rustc/90b35a6239c3d8bdabc530a6a0816f7ff89a0aaf/library/std/src/thread/mod.rs:538:17
[INFO] [stdout]   35:     0x635269daf06e - <core::panic::unwind_safe::AssertUnwindSafe<F> as core::ops::function::FnOnce<()>>::call_once::h8b06ddb275ff4a25
[INFO] [stdout]                                at /rustc/90b35a6239c3d8bdabc530a6a0816f7ff89a0aaf/library/core/src/panic/unwind_safe.rs:272:9
[INFO] [stdout]   36:     0x635269daf06e - std::panicking::try::do_call::hb26ecd7cd9a9355d
[INFO] [stdout]                                at /rustc/90b35a6239c3d8bdabc530a6a0816f7ff89a0aaf/library/std/src/panicking.rs:557:40
[INFO] [stdout]   37:     0x635269daf06e - std::panicking::try::h8ddeca9d705f9069
[INFO] [stdout]                                at /rustc/90b35a6239c3d8bdabc530a6a0816f7ff89a0aaf/library/std/src/panicking.rs:520:19
[INFO] [stdout]   38:     0x635269daf06e - std::panic::catch_unwind::h49e1c33078844c46
[INFO] [stdout]                                at /rustc/90b35a6239c3d8bdabc530a6a0816f7ff89a0aaf/library/std/src/panic.rs:358:14
[INFO] [stdout]   39:     0x635269daf06e - std::thread::Builder::spawn_unchecked_::{{closure}}::h6073db6ff56ad35d
[INFO] [stdout]                                at /rustc/90b35a6239c3d8bdabc530a6a0816f7ff89a0aaf/library/std/src/thread/mod.rs:537:30
[INFO] [stdout]   40:     0x635269daf06e - core::ops::function::FnOnce::call_once{{vtable.shim}}::h2c5a5f3779c774f1
[INFO] [stdout]                                at /rustc/90b35a6239c3d8bdabc530a6a0816f7ff89a0aaf/library/core/src/ops/function.rs:250:5
[INFO] [stdout]   41:     0x635269e222eb - <alloc::boxed::Box<F,A> as core::ops::function::FnOnce<Args>>::call_once::hf75717d9f28faebf
[INFO] [stdout]                                at /rustc/90b35a6239c3d8bdabc530a6a0816f7ff89a0aaf/library/alloc/src/boxed.rs:2454:9
[INFO] [stdout]   42:     0x635269e222eb - <alloc::boxed::Box<F,A> as core::ops::function::FnOnce<Args>>::call_once::h7bd883a5f3c5f3c1
[INFO] [stdout]                                at /rustc/90b35a6239c3d8bdabc530a6a0816f7ff89a0aaf/library/alloc/src/boxed.rs:2454:9
[INFO] [stdout]   43:     0x635269e222eb - std::sys::pal::unix::thread::Thread::new::thread_start::hcc78f3943333fa94
[INFO] [stdout]                                at /rustc/90b35a6239c3d8bdabc530a6a0816f7ff89a0aaf/library/std/src/sys/pal/unix/thread.rs:105:17
[INFO] [stdout]   44:     0x718e9c4dbac3 - <unknown>
[INFO] [stdout]   45:     0x718e9c56ca04 - clone
[INFO] [stdout]   46:                0x0 - <unknown>
[INFO] [stdout] 
[INFO] [stdout] ---- tests::complex_tests::complex_read_write_raw stdout ----
[INFO] [stdout] thread 'tests::complex_tests::complex_read_write_raw' panicked at src/tests.rs:21:14:
[INFO] [stdout] read_dir call failed: Os { code: 2, kind: NotFound, message: "No such file or directory" }
[INFO] [stdout] stack backtrace:
[INFO] [stdout]    0:     0x635269e1c64a - std::backtrace_rs::backtrace::libunwind::trace::h5a5b8284f2d0c266
[INFO] [stdout]                                at /rustc/90b35a6239c3d8bdabc530a6a0816f7ff89a0aaf/library/std/src/../../backtrace/src/backtrace/libunwind.rs:116:5
[INFO] [stdout]    1:     0x635269e1c64a - std::backtrace_rs::backtrace::trace_unsynchronized::h76d4f1c9b0b875e3
[INFO] [stdout]                                at /rustc/90b35a6239c3d8bdabc530a6a0816f7ff89a0aaf/library/std/src/../../backtrace/src/backtrace/mod.rs:66:5
[INFO] [stdout]    2:     0x635269e1c64a - std::sys::backtrace::_print_fmt::hc4546b8364a537c6
[INFO] [stdout]                                at /rustc/90b35a6239c3d8bdabc530a6a0816f7ff89a0aaf/library/std/src/sys/backtrace.rs:66:9
[INFO] [stdout]    3:     0x635269e1c64a - <std::sys::backtrace::BacktraceLock::print::DisplayBacktrace as core::fmt::Display>::fmt::h5b6bd5631a6d1f6b
[INFO] [stdout]                                at /rustc/90b35a6239c3d8bdabc530a6a0816f7ff89a0aaf/library/std/src/sys/backtrace.rs:39:26
[INFO] [stdout]    4:     0x635269e41f33 - core::fmt::rt::Argument::fmt::h270f6602a2b96f62
[INFO] [stdout]                                at /rustc/90b35a6239c3d8bdabc530a6a0816f7ff89a0aaf/library/core/src/fmt/rt.rs:177:76
[INFO] [stdout]    5:     0x635269e41f33 - core::fmt::write::h7550c97b06c86515
[INFO] [stdout]                                at /rustc/90b35a6239c3d8bdabc530a6a0816f7ff89a0aaf/library/core/src/fmt/mod.rs:1186:21
[INFO] [stdout]    6:     0x635269e19653 - std::io::Write::write_fmt::h509ff860e5956e5e
[INFO] [stdout]                                at /rustc/90b35a6239c3d8bdabc530a6a0816f7ff89a0aaf/library/std/src/io/mod.rs:1839:15
[INFO] [stdout]    7:     0x635269e1c492 - std::sys::backtrace::BacktraceLock::print::h2395ccd2c84ba3aa
[INFO] [stdout]                                at /rustc/90b35a6239c3d8bdabc530a6a0816f7ff89a0aaf/library/std/src/sys/backtrace.rs:42:9
[INFO] [stdout]    8:     0x635269e1daaa - std::panicking::default_hook::{{closure}}::he19d4c7230e07961
[INFO] [stdout]                                at /rustc/90b35a6239c3d8bdabc530a6a0816f7ff89a0aaf/library/std/src/panicking.rs:268:22
[INFO] [stdout]    9:     0x635269e1d8b4 - std::panicking::default_hook::hf614597d3c67bbdb
[INFO] [stdout]                                at /rustc/90b35a6239c3d8bdabc530a6a0816f7ff89a0aaf/library/std/src/panicking.rs:292:9
[INFO] [stdout]   10:     0x635269de24c9 - <alloc::boxed::Box<F,A> as core::ops::function::Fn<Args>>::call::h39b51ce4599c23d1
[INFO] [stdout]                                at /rustc/90b35a6239c3d8bdabc530a6a0816f7ff89a0aaf/library/alloc/src/boxed.rs:2468:9
[INFO] [stdout]   11:     0x635269de24c9 - test::test_main::{{closure}}::he977ae839a582784
[INFO] [stdout]                                at /rustc/90b35a6239c3d8bdabc530a6a0816f7ff89a0aaf/library/test/src/lib.rs:133:21
[INFO] [stdout]   12:     0x635269e1e148 - <alloc::boxed::Box<F,A> as core::ops::function::Fn<Args>>::call::h9455091b6b06f9fb
[INFO] [stdout]                                at /rustc/90b35a6239c3d8bdabc530a6a0816f7ff89a0aaf/library/alloc/src/boxed.rs:2468:9
[INFO] [stdout]   13:     0x635269e1e148 - std::panicking::rust_panic_with_hook::h8942133a8b252070
[INFO] [stdout]                                at /rustc/90b35a6239c3d8bdabc530a6a0816f7ff89a0aaf/library/std/src/panicking.rs:809:13
[INFO] [stdout]   14:     0x635269e1df0a - std::panicking::begin_panic_handler::{{closure}}::hb5f5963570096b29
[INFO] [stdout]                                at /rustc/90b35a6239c3d8bdabc530a6a0816f7ff89a0aaf/library/std/src/panicking.rs:674:13
[INFO] [stdout]   15:     0x635269e1cb29 - std::sys::backtrace::__rust_end_short_backtrace::h6208cedc1922feda
[INFO] [stdout]                                at /rustc/90b35a6239c3d8bdabc530a6a0816f7ff89a0aaf/library/std/src/sys/backtrace.rs:170:18
[INFO] [stdout]   16:     0x635269e1db9c - rust_begin_unwind
[INFO] [stdout]                                at /rustc/90b35a6239c3d8bdabc530a6a0816f7ff89a0aaf/library/std/src/panicking.rs:665:5
[INFO] [stdout]   17:     0x635269d34af0 - core::panicking::panic_fmt::h0c3082644d1bf418
[INFO] [stdout]                                at /rustc/90b35a6239c3d8bdabc530a6a0816f7ff89a0aaf/library/core/src/panicking.rs:74:14
[INFO] [stdout]   18:     0x635269d34f36 - core::result::unwrap_failed::hd20b4aa073bda1e2
[INFO] [stdout]                                at /rustc/90b35a6239c3d8bdabc530a6a0816f7ff89a0aaf/library/core/src/result.rs:1700:5
[INFO] [stdout]   19:     0x635269d41303 - core::result::Result<T,E>::expect::h26f30bccaa4ee9e0
[INFO] [stdout]                                at /rustc/90b35a6239c3d8bdabc530a6a0816f7ff89a0aaf/library/core/src/result.rs:1061:23
[INFO] [stdout]   20:     0x635269d63e68 - parse_chg::tests::complex_tests::complex_read_write_raw::h12e3df6d3ca00860
[INFO] [stdout]                                at /opt/rustwide/workdir/src/tests.rs:19:22
[INFO] [stdout]   21:     0x635269d63df7 - parse_chg::tests::complex_tests::complex_read_write_raw::{{closure}}::hd4af0a23f560d0cb
[INFO] [stdout]                                at /opt/rustwide/workdir/src/tests.rs:17:32
[INFO] [stdout]   22:     0x635269d99836 - core::ops::function::FnOnce::call_once::h5c6664a21c755da8
[INFO] [stdout]                                at /rustc/90b35a6239c3d8bdabc530a6a0816f7ff89a0aaf/library/core/src/ops/function.rs:250:5
[INFO] [stdout]   23:     0x635269de6e8b - core::ops::function::FnOnce::call_once::h109cf8051a59b34e
[INFO] [stdout]                                at /rustc/90b35a6239c3d8bdabc530a6a0816f7ff89a0aaf/library/core/src/ops/function.rs:250:5
[INFO] [stdout]   24:     0x635269de6e8b - test::__rust_begin_short_backtrace::hf4fff89d377446ba
[INFO] [stdout]                                at /rustc/90b35a6239c3d8bdabc530a6a0816f7ff89a0aaf/library/test/src/lib.rs:621:18
[INFO] [stdout]   25:     0x635269de66c7 - test::run_test_in_process::{{closure}}::h0e39181dd7ee5a43
[INFO] [stdout]                                at /rustc/90b35a6239c3d8bdabc530a6a0816f7ff89a0aaf/library/test/src/lib.rs:644:60
[INFO] [stdout]   26:     0x635269de66c7 - <core::panic::unwind_safe::AssertUnwindSafe<F> as core::ops::function::FnOnce<()>>::call_once::hc5a66a30f0bdfd1f
[INFO] [stdout]                                at /rustc/90b35a6239c3d8bdabc530a6a0816f7ff89a0aaf/library/core/src/panic/unwind_safe.rs:272:9
[INFO] [stdout]   27:     0x635269de66c7 - std::panicking::try::do_call::h873b7cf639554a5e
[INFO] [stdout]                                at /rustc/90b35a6239c3d8bdabc530a6a0816f7ff89a0aaf/library/std/src/panicking.rs:557:40
[INFO] [stdout]   28:     0x635269de66c7 - std::panicking::try::hdb19862fad9c8bd1
[INFO] [stdout]                                at /rustc/90b35a6239c3d8bdabc530a6a0816f7ff89a0aaf/library/std/src/panicking.rs:520:19
[INFO] [stdout]   29:     0x635269de66c7 - std::panic::catch_unwind::h281fe732d236d260
[INFO] [stdout]                                at /rustc/90b35a6239c3d8bdabc530a6a0816f7ff89a0aaf/library/std/src/panic.rs:358:14
[INFO] [stdout]   30:     0x635269de66c7 - test::run_test_in_process::h949b6df8457ed338
[INFO] [stdout]                                at /rustc/90b35a6239c3d8bdabc530a6a0816f7ff89a0aaf/library/test/src/lib.rs:644:27
[INFO] [stdout]   31:     0x635269de66c7 - test::run_test::{{closure}}::h52c556a6d4740e10
[INFO] [stdout]                                at /rustc/90b35a6239c3d8bdabc530a6a0816f7ff89a0aaf/library/test/src/lib.rs:565:43
[INFO] [stdout]   32:     0x635269dab9a4 - test::run_test::{{closure}}::h4237f6381c45ccb9
[INFO] [stdout]                                at /rustc/90b35a6239c3d8bdabc530a6a0816f7ff89a0aaf/library/test/src/lib.rs:595:41
[INFO] [stdout]   33:     0x635269dab9a4 - std::sys::backtrace::__rust_begin_short_backtrace::h505c97a579eca628
[INFO] [stdout]                                at /rustc/90b35a6239c3d8bdabc530a6a0816f7ff89a0aaf/library/std/src/sys/backtrace.rs:154:18
[INFO] [stdout]   34:     0x635269daf06e - std::thread::Builder::spawn_unchecked_::{{closure}}::{{closure}}::h9e86b2e2bc107ea3
[INFO] [stdout]                                at /rustc/90b35a6239c3d8bdabc530a6a0816f7ff89a0aaf/library/std/src/thread/mod.rs:538:17
[INFO] [stdout]   35:     0x635269daf06e - <core::panic::unwind_safe::AssertUnwindSafe<F> as core::ops::function::FnOnce<()>>::call_once::h8b06ddb275ff4a25
[INFO] [stdout]                                at /rustc/90b35a6239c3d8bdabc530a6a0816f7ff89a0aaf/library/core/src/panic/unwind_safe.rs:272:9
[INFO] [stdout]   36:     0x635269daf06e - std::panicking::try::do_call::hb26ecd7cd9a9355d
[INFO] [stdout]                                at /rustc/90b35a6239c3d8bdabc530a6a0816f7ff89a0aaf/library/std/src/panicking.rs:557:40
[INFO] [stdout]   37:     0x635269daf06e - std::panicking::try::h8ddeca9d705f9069
[INFO] [stdout]                                at /rustc/90b35a6239c3d8bdabc530a6a0816f7ff89a0aaf/library/std/src/panicking.rs:520:19
[INFO] [stdout]   38:     0x635269daf06e - std::panic::catch_unwind::h49e1c33078844c46
[INFO] [stdout]                                at /rustc/90b35a6239c3d8bdabc530a6a0816f7ff89a0aaf/library/std/src/panic.rs:358:14
[INFO] [stdout]   39:     0x635269daf06e - std::thread::Builder::spawn_unchecked_::{{closure}}::h6073db6ff56ad35d
[INFO] [stdout]                                at /rustc/90b35a6239c3d8bdabc530a6a0816f7ff89a0aaf/library/std/src/thread/mod.rs:537:30
[INFO] [stdout]   40:     0x635269daf06e - core::ops::function::FnOnce::call_once{{vtable.shim}}::h2c5a5f3779c774f1
[INFO] [stdout]                                at /rustc/90b35a6239c3d8bdabc530a6a0816f7ff89a0aaf/library/core/src/ops/function.rs:250:5
[INFO] [stdout]   41:     0x635269e222eb - <alloc::boxed::Box<F,A> as core::ops::function::FnOnce<Args>>::call_once::hf75717d9f28faebf
[INFO] [stdout]                                at /rustc/90b35a6239c3d8bdabc530a6a0816f7ff89a0aaf/library/alloc/src/boxed.rs:2454:9
[INFO] [stdout]   42:     0x635269e222eb - <alloc::boxed::Box<F,A> as core::ops::function::FnOnce<Args>>::call_once::h7bd883a5f3c5f3c1
[INFO] [stdout]                                at /rustc/90b35a6239c3d8bdabc530a6a0816f7ff89a0aaf/library/alloc/src/boxed.rs:2454:9
[INFO] [stdout]   43:     0x635269e222eb - std::sys::pal::unix::thread::Thread::new::thread_start::hcc78f3943333fa94
[INFO] [stdout]                                at /rustc/90b35a6239c3d8bdabc530a6a0816f7ff89a0aaf/library/std/src/sys/pal/unix/thread.rs:105:17
[INFO] [stdout]   44:     0x718e9c4dbac3 - <unknown>
[INFO] [stdout]   45:     0x718e9c56ca04 - clone
[INFO] [stdout]   46:                0x0 - <unknown>
[INFO] [stdout] 
[INFO] [stdout] 
[INFO] [stdout] failures:
[INFO] [stdout]     tests::complex_tests::complex_read_write
[INFO] [stdout]     tests::complex_tests::complex_read_write_raw
[INFO] [stdout] 
[INFO] [stdout] test result: FAILED. 194 passed; 2 failed; 0 ignored; 0 measured; 0 filtered out; finished in 0.12s
[INFO] [stdout] 
[INFO] running `Command { std: "docker" "inspect" "61bc184a0c65008c8c7c1113e9be35dcda77f375c868407c93d6835e11e6e102", kill_on_drop: false }`
[INFO] running `Command { std: "docker" "rm" "-f" "61bc184a0c65008c8c7c1113e9be35dcda77f375c868407c93d6835e11e6e102", kill_on_drop: false }`
[INFO] [stdout] 61bc184a0c65008c8c7c1113e9be35dcda77f375c868407c93d6835e11e6e102
