[INFO] cloning repository https://github.com/fearful-symmetry/rsldx
[INFO] running `Command { std: "git" "-c" "credential.helper=" "-c" "credential.helper=/workspace/cargo-home/bin/git-credential-null" "clone" "--bare" "https://github.com/fearful-symmetry/rsldx" "/workspace/cache/git-repos/https%3A%2F%2Fgithub.com%2Ffearful-symmetry%2Frsldx", kill_on_drop: false }`
[INFO] [stderr] Cloning into bare repository '/workspace/cache/git-repos/https%3A%2F%2Fgithub.com%2Ffearful-symmetry%2Frsldx'...
[INFO] running `Command { std: "git" "rev-parse" "HEAD", kill_on_drop: false }`
[INFO] [stdout] 2a5316fec4ac2ad04f5d790158c57dd51f9c1501
[INFO] testing fearful-symmetry/rsldx against beta-2024-12-08 for beta-1.84.0-4-retry
[INFO] running `Command { std: "git" "clone" "/workspace/cache/git-repos/https%3A%2F%2Fgithub.com%2Ffearful-symmetry%2Frsldx" "/workspace/builds/worker-4-tc2/source", kill_on_drop: false }`
[INFO] [stderr] Cloning into '/workspace/builds/worker-4-tc2/source'...
[INFO] [stderr] done.
[INFO] validating manifest of git repo https://github.com/fearful-symmetry/rsldx on toolchain beta-2024-12-08
[INFO] running `Command { std: CARGO_HOME="/workspace/cargo-home" RUSTUP_HOME="/workspace/rustup-home" "/workspace/cargo-home/bin/cargo" "+beta-2024-12-08" "metadata" "--manifest-path" "Cargo.toml" "--no-deps", kill_on_drop: false }`
[INFO] started tweaking git repo https://github.com/fearful-symmetry/rsldx
[INFO] finished tweaking git repo https://github.com/fearful-symmetry/rsldx
[INFO] tweaked toml for git repo https://github.com/fearful-symmetry/rsldx written to /workspace/builds/worker-4-tc2/source/Cargo.toml
[INFO] crate git repo https://github.com/fearful-symmetry/rsldx already has a lockfile, it will not be regenerated
[INFO] running `Command { std: CARGO_HOME="/workspace/cargo-home" RUSTUP_HOME="/workspace/rustup-home" "/workspace/cargo-home/bin/cargo" "+beta-2024-12-08" "fetch" "--manifest-path" "Cargo.toml", kill_on_drop: false }`
[INFO] running `Command { std: "docker" "create" "-v" "/var/lib/crater-agent-workspace/builds/worker-4-tc2/target:/opt/rustwide/target:rw,Z" "-v" "/var/lib/crater-agent-workspace/builds/worker-4-tc2/source:/opt/rustwide/workdir:ro,Z" "-v" "/var/lib/crater-agent-workspace/cargo-home:/opt/rustwide/cargo-home:ro,Z" "-v" "/var/lib/crater-agent-workspace/rustup-home:/opt/rustwide/rustup-home:ro,Z" "-e" "SOURCE_DIR=/opt/rustwide/workdir" "-e" "CARGO_TARGET_DIR=/opt/rustwide/target" "-e" "CARGO_HOME=/opt/rustwide/cargo-home" "-e" "RUSTUP_HOME=/opt/rustwide/rustup-home" "-w" "/opt/rustwide/workdir" "-m" "1610612736" "--user" "0:0" "--network" "none" "ghcr.io/rust-lang/crates-build-env/linux@sha256:f3a9d4ad9d972b27faf3965f35b62e55ba32bbce8f20bc8fe909558a86702fde" "/opt/rustwide/cargo-home/bin/cargo" "+beta-2024-12-08" "metadata" "--no-deps" "--format-version=1", kill_on_drop: false }`
[INFO] [stdout] c935b7f5fd5cde57c07d9b135b64bb2eda22ffb6279b2ca29df696212105e3c8
[INFO] running `Command { std: "docker" "start" "-a" "c935b7f5fd5cde57c07d9b135b64bb2eda22ffb6279b2ca29df696212105e3c8", kill_on_drop: false }`
[INFO] running `Command { std: "docker" "inspect" "c935b7f5fd5cde57c07d9b135b64bb2eda22ffb6279b2ca29df696212105e3c8", kill_on_drop: false }`
[INFO] running `Command { std: "docker" "rm" "-f" "c935b7f5fd5cde57c07d9b135b64bb2eda22ffb6279b2ca29df696212105e3c8", kill_on_drop: false }`
[INFO] [stdout] c935b7f5fd5cde57c07d9b135b64bb2eda22ffb6279b2ca29df696212105e3c8
[INFO] running `Command { std: "docker" "create" "-v" "/var/lib/crater-agent-workspace/builds/worker-4-tc2/target:/opt/rustwide/target:rw,Z" "-v" "/var/lib/crater-agent-workspace/builds/worker-4-tc2/source:/opt/rustwide/workdir:ro,Z" "-v" "/var/lib/crater-agent-workspace/cargo-home:/opt/rustwide/cargo-home:ro,Z" "-v" "/var/lib/crater-agent-workspace/rustup-home:/opt/rustwide/rustup-home:ro,Z" "-e" "SOURCE_DIR=/opt/rustwide/workdir" "-e" "CARGO_TARGET_DIR=/opt/rustwide/target" "-e" "CARGO_INCREMENTAL=0" "-e" "RUST_BACKTRACE=full" "-e" "RUSTFLAGS=--cap-lints=warn" "-e" "RUSTDOCFLAGS=--cap-lints=warn" "-e" "CARGO_HOME=/opt/rustwide/cargo-home" "-e" "RUSTUP_HOME=/opt/rustwide/rustup-home" "-w" "/opt/rustwide/workdir" "-m" "1610612736" "--user" "0:0" "--network" "none" "ghcr.io/rust-lang/crates-build-env/linux@sha256:f3a9d4ad9d972b27faf3965f35b62e55ba32bbce8f20bc8fe909558a86702fde" "/opt/rustwide/cargo-home/bin/cargo" "+beta-2024-12-08" "build" "--frozen" "--message-format=json", kill_on_drop: false }`
[INFO] [stdout] 35ff5eaa6d03cfdee6cfc338aca98abae5dcff91b869a59316299fd39fe23bb9
[INFO] running `Command { std: "docker" "start" "-a" "35ff5eaa6d03cfdee6cfc338aca98abae5dcff91b869a59316299fd39fe23bb9", kill_on_drop: false }`
[INFO] [stderr]    Compiling proc-macro2 v1.0.70
[INFO] [stderr]    Compiling unicode-ident v1.0.12
[INFO] [stderr]    Compiling libc v0.2.151
[INFO] [stderr]    Compiling siphasher v0.3.11
[INFO] [stderr]    Compiling rand_core v0.6.4
[INFO] [stderr]    Compiling pkg-config v0.3.27
[INFO] [stderr]    Compiling memchr v2.6.4
[INFO] [stderr]    Compiling heck v0.4.1
[INFO] [stderr]    Compiling rand v0.8.5
[INFO] [stderr]    Compiling phf_shared v0.11.2
[INFO] [stderr]    Compiling syn v1.0.109
[INFO] [stderr]    Compiling utf8parse v0.2.1
[INFO] [stderr]    Compiling minimal-lexical v0.2.1
[INFO] [stderr]    Compiling anstyle-parse v0.2.3
[INFO] [stderr]    Compiling nom v7.1.3
[INFO] [stderr]    Compiling anstyle v1.0.4
[INFO] [stderr]    Compiling doc-comment v0.3.3
[INFO] [stderr]    Compiling colorchoice v1.0.0
[INFO] [stderr]    Compiling anstyle-query v1.0.2
[INFO] [stderr]    Compiling phf_generator v0.11.2
[INFO] [stderr]    Compiling anstream v0.6.5
[INFO] [stderr]    Compiling phf_codegen v0.11.2
[INFO] [stderr]    Compiling strsim v0.10.0
[INFO] [stderr]    Compiling quote v1.0.33
[INFO] [stderr]    Compiling anyhow v1.0.75
[INFO] [stderr]    Compiling cc v1.0.83
[INFO] [stderr]    Compiling syn v2.0.41
[INFO] [stderr]    Compiling rusb v0.9.3
[INFO] [stderr]    Compiling thiserror v1.0.50
[INFO] [stderr]    Compiling clap_lex v0.6.0
[INFO] [stderr]    Compiling phf v0.11.2
[INFO] [stderr]    Compiling clap_builder v4.4.11
[INFO] [stderr]    Compiling log v0.4.20
[INFO] [stderr]    Compiling usb-ids v1.2023.7
[INFO] [stderr]    Compiling libusb1-sys v0.6.4
[INFO] [stderr]    Compiling thiserror-impl v1.0.50
[INFO] [stderr]    Compiling clap_derive v4.4.7
[INFO] [stderr]    Compiling snafu-derive v0.7.5
[INFO] [stderr]    Compiling clap v4.4.11
[INFO] [stderr]    Compiling snafu v0.7.5
[INFO] [stderr]    Compiling poletermrs v0.1.0 (/opt/rustwide/workdir/poletermrs)
[INFO] [stderr]    Compiling ptprint v0.1.0 (/opt/rustwide/workdir/ptprint)
[INFO] [stderr]     Finished `dev` profile [unoptimized + debuginfo] target(s) in 40.46s
[INFO] running `Command { std: "docker" "inspect" "35ff5eaa6d03cfdee6cfc338aca98abae5dcff91b869a59316299fd39fe23bb9", kill_on_drop: false }`
[INFO] running `Command { std: "docker" "rm" "-f" "35ff5eaa6d03cfdee6cfc338aca98abae5dcff91b869a59316299fd39fe23bb9", kill_on_drop: false }`
[INFO] [stdout] 35ff5eaa6d03cfdee6cfc338aca98abae5dcff91b869a59316299fd39fe23bb9
[INFO] running `Command { std: "docker" "create" "-v" "/var/lib/crater-agent-workspace/builds/worker-4-tc2/target:/opt/rustwide/target:rw,Z" "-v" "/var/lib/crater-agent-workspace/builds/worker-4-tc2/source:/opt/rustwide/workdir:ro,Z" "-v" "/var/lib/crater-agent-workspace/cargo-home:/opt/rustwide/cargo-home:ro,Z" "-v" "/var/lib/crater-agent-workspace/rustup-home:/opt/rustwide/rustup-home:ro,Z" "-e" "SOURCE_DIR=/opt/rustwide/workdir" "-e" "CARGO_TARGET_DIR=/opt/rustwide/target" "-e" "CARGO_INCREMENTAL=0" "-e" "RUST_BACKTRACE=full" "-e" "RUSTFLAGS=--cap-lints=warn" "-e" "RUSTDOCFLAGS=--cap-lints=warn" "-e" "CARGO_HOME=/opt/rustwide/cargo-home" "-e" "RUSTUP_HOME=/opt/rustwide/rustup-home" "-w" "/opt/rustwide/workdir" "-m" "1610612736" "--user" "0:0" "--network" "none" "ghcr.io/rust-lang/crates-build-env/linux@sha256:f3a9d4ad9d972b27faf3965f35b62e55ba32bbce8f20bc8fe909558a86702fde" "/opt/rustwide/cargo-home/bin/cargo" "+beta-2024-12-08" "test" "--frozen" "--no-run" "--message-format=json", kill_on_drop: false }`
[INFO] [stdout] 54b8baf2060963785d07b6b53af8ad14b4a11eb3119f53336869bc1292e5ac47
[INFO] running `Command { std: "docker" "start" "-a" "54b8baf2060963785d07b6b53af8ad14b4a11eb3119f53336869bc1292e5ac47", kill_on_drop: false }`
[INFO] [stderr]    Compiling poletermrs v0.1.0 (/opt/rustwide/workdir/poletermrs)
[INFO] [stderr]    Compiling ptprint v0.1.0 (/opt/rustwide/workdir/ptprint)
[INFO] [stderr]     Finished `test` profile [unoptimized + debuginfo] target(s) in 1.43s
[INFO] running `Command { std: "docker" "inspect" "54b8baf2060963785d07b6b53af8ad14b4a11eb3119f53336869bc1292e5ac47", kill_on_drop: false }`
[INFO] running `Command { std: "docker" "rm" "-f" "54b8baf2060963785d07b6b53af8ad14b4a11eb3119f53336869bc1292e5ac47", kill_on_drop: false }`
[INFO] [stdout] 54b8baf2060963785d07b6b53af8ad14b4a11eb3119f53336869bc1292e5ac47
[INFO] running `Command { std: "docker" "create" "-v" "/var/lib/crater-agent-workspace/builds/worker-4-tc2/target:/opt/rustwide/target:rw,Z" "-v" "/var/lib/crater-agent-workspace/builds/worker-4-tc2/source:/opt/rustwide/workdir:ro,Z" "-v" "/var/lib/crater-agent-workspace/cargo-home:/opt/rustwide/cargo-home:ro,Z" "-v" "/var/lib/crater-agent-workspace/rustup-home:/opt/rustwide/rustup-home:ro,Z" "-e" "SOURCE_DIR=/opt/rustwide/workdir" "-e" "CARGO_TARGET_DIR=/opt/rustwide/target" "-e" "CARGO_INCREMENTAL=0" "-e" "RUST_BACKTRACE=full" "-e" "RUSTFLAGS=--cap-lints=warn" "-e" "RUSTDOCFLAGS=--cap-lints=warn" "-e" "CARGO_HOME=/opt/rustwide/cargo-home" "-e" "RUSTUP_HOME=/opt/rustwide/rustup-home" "-w" "/opt/rustwide/workdir" "-m" "1610612736" "--user" "0:0" "--network" "none" "ghcr.io/rust-lang/crates-build-env/linux@sha256:f3a9d4ad9d972b27faf3965f35b62e55ba32bbce8f20bc8fe909558a86702fde" "/opt/rustwide/cargo-home/bin/cargo" "+beta-2024-12-08" "test" "--frozen", kill_on_drop: false }`
[INFO] [stdout] b77a95021b26b8d2473f5050065624b813a09a4c50f6f1fda0fe1742bacbdff5
[INFO] running `Command { std: "docker" "start" "-a" "b77a95021b26b8d2473f5050065624b813a09a4c50f6f1fda0fe1742bacbdff5", kill_on_drop: false }`
[INFO] [stderr]     Finished `test` profile [unoptimized + debuginfo] target(s) in 0.05s
[INFO] [stderr]      Running unittests src/lib.rs (/opt/rustwide/target/debug/deps/poletermrs-d8596cd1f55ebf73)
[INFO] [stdout] 
[INFO] [stdout] running 5 tests
[INFO] [stdout] test display::test::test_cursor ... FAILED
[INFO] [stdout] test display::test::test_scroll ... FAILED
[INFO] [stdout] test display::test::reset_display ... FAILED
[INFO] [stdout] test display::test::smart_scroll ... FAILED
[INFO] [stdout] test display::test::write_basic_string ... FAILED
[INFO] [stdout] 
[INFO] [stdout] failures:
[INFO] [stdout] 
[INFO] [stdout] ---- display::test::test_cursor stdout ----
[INFO] [stdout] Error: No Matching USB display devices found
[INFO] [stdout] 
[INFO] [stdout] ---- display::test::test_scroll stdout ----
[INFO] [stdout] Error: No Matching USB display devices found
[INFO] [stdout] 
[INFO] [stdout] ---- display::test::reset_display stdout ----
[INFO] [stdout] Error: No Matching USB display devices found
[INFO] [stdout] 
[INFO] [stdout] ---- display::test::smart_scroll stdout ----
[INFO] [stdout] Error: No Matching USB display devices found
[INFO] [stdout] 
[INFO] [stdout] ---- display::test::write_basic_string stdout ----
[INFO] [stdout] Error: No Matching USB display devices found
[INFO] [stdout] 
[INFO] [stdout] 
[INFO] [stdout] failures:
[INFO] [stdout]     display::test::reset_display
[INFO] [stdout]     display::test::smart_scroll
[INFO] [stdout]     display::test::test_cursor
[INFO] [stdout]     display::test::test_scroll
[INFO] [stdout]     display::test::write_basic_string
[INFO] [stdout] 
[INFO] [stdout] test result: FAILED. 0 passed; 5 failed; 0 ignored; 0 measured; 0 filtered out; finished in 0.00s
[INFO] [stdout] 
[INFO] [stderr] error: test failed, to rerun pass `-p poletermrs --lib`
[INFO] running `Command { std: "docker" "inspect" "b77a95021b26b8d2473f5050065624b813a09a4c50f6f1fda0fe1742bacbdff5", kill_on_drop: false }`
[INFO] running `Command { std: "docker" "rm" "-f" "b77a95021b26b8d2473f5050065624b813a09a4c50f6f1fda0fe1742bacbdff5", kill_on_drop: false }`
[INFO] [stdout] b77a95021b26b8d2473f5050065624b813a09a4c50f6f1fda0fe1742bacbdff5
