[INFO] cloning repository https://github.com/fdionisi/jina-sdk
[INFO] running `Command { std: "git" "-c" "credential.helper=" "-c" "credential.helper=/workspace/cargo-home/bin/git-credential-null" "clone" "--bare" "https://github.com/fdionisi/jina-sdk" "/workspace/cache/git-repos/https%3A%2F%2Fgithub.com%2Ffdionisi%2Fjina-sdk", kill_on_drop: false }`
[INFO] [stderr] Cloning into bare repository '/workspace/cache/git-repos/https%3A%2F%2Fgithub.com%2Ffdionisi%2Fjina-sdk'...
[INFO] running `Command { std: "git" "rev-parse" "HEAD", kill_on_drop: false }`
[INFO] [stdout] bb3845c85787017339603fe5b4a3b03447786cdd
[INFO] testing fdionisi/jina-sdk against beta-2024-12-08 for beta-1.84.0-4-retry
[INFO] running `Command { std: "git" "clone" "/workspace/cache/git-repos/https%3A%2F%2Fgithub.com%2Ffdionisi%2Fjina-sdk" "/workspace/builds/worker-3-tc2/source", kill_on_drop: false }`
[INFO] [stderr] Cloning into '/workspace/builds/worker-3-tc2/source'...
[INFO] [stderr] done.
[INFO] validating manifest of git repo https://github.com/fdionisi/jina-sdk on toolchain beta-2024-12-08
[INFO] running `Command { std: CARGO_HOME="/workspace/cargo-home" RUSTUP_HOME="/workspace/rustup-home" "/workspace/cargo-home/bin/cargo" "+beta-2024-12-08" "metadata" "--manifest-path" "Cargo.toml" "--no-deps", kill_on_drop: false }`
[INFO] started tweaking git repo https://github.com/fdionisi/jina-sdk
[INFO] finished tweaking git repo https://github.com/fdionisi/jina-sdk
[INFO] tweaked toml for git repo https://github.com/fdionisi/jina-sdk written to /workspace/builds/worker-3-tc2/source/Cargo.toml
[INFO] crate git repo https://github.com/fdionisi/jina-sdk already has a lockfile, it will not be regenerated
[INFO] running `Command { std: CARGO_HOME="/workspace/cargo-home" RUSTUP_HOME="/workspace/rustup-home" "/workspace/cargo-home/bin/cargo" "+beta-2024-12-08" "fetch" "--manifest-path" "Cargo.toml", kill_on_drop: false }`
[INFO] running `Command { std: "docker" "create" "-v" "/var/lib/crater-agent-workspace/builds/worker-3-tc2/target:/opt/rustwide/target:rw,Z" "-v" "/var/lib/crater-agent-workspace/builds/worker-3-tc2/source:/opt/rustwide/workdir:ro,Z" "-v" "/var/lib/crater-agent-workspace/cargo-home:/opt/rustwide/cargo-home:ro,Z" "-v" "/var/lib/crater-agent-workspace/rustup-home:/opt/rustwide/rustup-home:ro,Z" "-e" "SOURCE_DIR=/opt/rustwide/workdir" "-e" "CARGO_TARGET_DIR=/opt/rustwide/target" "-e" "CARGO_HOME=/opt/rustwide/cargo-home" "-e" "RUSTUP_HOME=/opt/rustwide/rustup-home" "-w" "/opt/rustwide/workdir" "-m" "1610612736" "--user" "0:0" "--network" "none" "ghcr.io/rust-lang/crates-build-env/linux@sha256:f3a9d4ad9d972b27faf3965f35b62e55ba32bbce8f20bc8fe909558a86702fde" "/opt/rustwide/cargo-home/bin/cargo" "+beta-2024-12-08" "metadata" "--no-deps" "--format-version=1", kill_on_drop: false }`
[INFO] [stdout] 28053adcc2410713463fe6ff11c83fbe04b78ad61d1f84871a3ada2cfd0822b8
[INFO] running `Command { std: "docker" "start" "-a" "28053adcc2410713463fe6ff11c83fbe04b78ad61d1f84871a3ada2cfd0822b8", kill_on_drop: false }`
[INFO] running `Command { std: "docker" "inspect" "28053adcc2410713463fe6ff11c83fbe04b78ad61d1f84871a3ada2cfd0822b8", kill_on_drop: false }`
[INFO] running `Command { std: "docker" "rm" "-f" "28053adcc2410713463fe6ff11c83fbe04b78ad61d1f84871a3ada2cfd0822b8", kill_on_drop: false }`
[INFO] [stdout] 28053adcc2410713463fe6ff11c83fbe04b78ad61d1f84871a3ada2cfd0822b8
[INFO] running `Command { std: "docker" "create" "-v" "/var/lib/crater-agent-workspace/builds/worker-3-tc2/target:/opt/rustwide/target:rw,Z" "-v" "/var/lib/crater-agent-workspace/builds/worker-3-tc2/source:/opt/rustwide/workdir:ro,Z" "-v" "/var/lib/crater-agent-workspace/cargo-home:/opt/rustwide/cargo-home:ro,Z" "-v" "/var/lib/crater-agent-workspace/rustup-home:/opt/rustwide/rustup-home:ro,Z" "-e" "SOURCE_DIR=/opt/rustwide/workdir" "-e" "CARGO_TARGET_DIR=/opt/rustwide/target" "-e" "CARGO_INCREMENTAL=0" "-e" "RUST_BACKTRACE=full" "-e" "RUSTFLAGS=--cap-lints=warn" "-e" "RUSTDOCFLAGS=--cap-lints=warn" "-e" "CARGO_HOME=/opt/rustwide/cargo-home" "-e" "RUSTUP_HOME=/opt/rustwide/rustup-home" "-w" "/opt/rustwide/workdir" "-m" "1610612736" "--user" "0:0" "--network" "none" "ghcr.io/rust-lang/crates-build-env/linux@sha256:f3a9d4ad9d972b27faf3965f35b62e55ba32bbce8f20bc8fe909558a86702fde" "/opt/rustwide/cargo-home/bin/cargo" "+beta-2024-12-08" "build" "--frozen" "--message-format=json", kill_on_drop: false }`
[INFO] [stdout] 8e57241b2f27033e08293d7c8c8072f7c9e34a77b8af936288af616c559fc37e
[INFO] running `Command { std: "docker" "start" "-a" "8e57241b2f27033e08293d7c8c8072f7c9e34a77b8af936288af616c559fc37e", kill_on_drop: false }`
[INFO] [stderr]    Compiling proc-macro2 v1.0.86
[INFO] [stderr]    Compiling unicode-ident v1.0.12
[INFO] [stderr]    Compiling autocfg v1.3.0
[INFO] [stderr]    Compiling futures-core v0.3.31
[INFO] [stderr]    Compiling futures-sink v0.3.31
[INFO] [stderr]    Compiling memchr v2.7.4
[INFO] [stderr]    Compiling pin-project-lite v0.2.14
[INFO] [stderr]    Compiling futures-task v0.3.31
[INFO] [stderr]    Compiling serde v1.0.210
[INFO] [stderr]    Compiling futures-io v0.3.31
[INFO] [stderr]    Compiling anyhow v1.0.89
[INFO] [stderr]    Compiling itoa v1.0.11
[INFO] [stderr]    Compiling serde_json v1.0.128
[INFO] [stderr]    Compiling ryu v1.0.18
[INFO] [stderr]    Compiling thiserror v1.0.63
[INFO] [stderr]    Compiling bytes v1.7.1
[INFO] [stderr]    Compiling futures-channel v0.3.31
[INFO] [stderr]    Compiling zeroize v1.8.1
[INFO] [stderr]    Compiling secrecy v0.8.0
[INFO] [stderr]    Compiling http v1.1.0
[INFO] [stderr]    Compiling slab v0.4.9
[INFO] [stderr]    Compiling quote v1.0.37
[INFO] [stderr]    Compiling syn v2.0.76
[INFO] [stderr]    Compiling futures-macro v0.3.31
[INFO] [stderr]    Compiling serde_derive v1.0.210
[INFO] [stderr]    Compiling thiserror-impl v1.0.63
[INFO] [stderr]    Compiling futures-util v0.3.31
[INFO] [stderr]    Compiling futures-executor v0.3.31
[INFO] [stderr]    Compiling futures v0.3.31
[INFO] [stderr]    Compiling http-client v0.1.0 (https://github.com/fdionisi/http-client?rev=033ac96ab12ac3d13b78f9725b237380917c7094#033ac96a)
[INFO] [stderr]    Compiling jina-sdk v0.1.0 (/opt/rustwide/workdir)
[INFO] [stderr]     Finished `dev` profile [unoptimized + debuginfo] target(s) in 18.10s
[INFO] running `Command { std: "docker" "inspect" "8e57241b2f27033e08293d7c8c8072f7c9e34a77b8af936288af616c559fc37e", kill_on_drop: false }`
[INFO] running `Command { std: "docker" "rm" "-f" "8e57241b2f27033e08293d7c8c8072f7c9e34a77b8af936288af616c559fc37e", kill_on_drop: false }`
[INFO] [stdout] 8e57241b2f27033e08293d7c8c8072f7c9e34a77b8af936288af616c559fc37e
[INFO] running `Command { std: "docker" "create" "-v" "/var/lib/crater-agent-workspace/builds/worker-3-tc2/target:/opt/rustwide/target:rw,Z" "-v" "/var/lib/crater-agent-workspace/builds/worker-3-tc2/source:/opt/rustwide/workdir:ro,Z" "-v" "/var/lib/crater-agent-workspace/cargo-home:/opt/rustwide/cargo-home:ro,Z" "-v" "/var/lib/crater-agent-workspace/rustup-home:/opt/rustwide/rustup-home:ro,Z" "-e" "SOURCE_DIR=/opt/rustwide/workdir" "-e" "CARGO_TARGET_DIR=/opt/rustwide/target" "-e" "CARGO_INCREMENTAL=0" "-e" "RUST_BACKTRACE=full" "-e" "RUSTFLAGS=--cap-lints=warn" "-e" "RUSTDOCFLAGS=--cap-lints=warn" "-e" "CARGO_HOME=/opt/rustwide/cargo-home" "-e" "RUSTUP_HOME=/opt/rustwide/rustup-home" "-w" "/opt/rustwide/workdir" "-m" "1610612736" "--user" "0:0" "--network" "none" "ghcr.io/rust-lang/crates-build-env/linux@sha256:f3a9d4ad9d972b27faf3965f35b62e55ba32bbce8f20bc8fe909558a86702fde" "/opt/rustwide/cargo-home/bin/cargo" "+beta-2024-12-08" "test" "--frozen" "--no-run" "--message-format=json", kill_on_drop: false }`
[INFO] [stdout] ee3815e9f6789cf04669e7885a692b33e80357366550677f7a3eb2ffcdbc1d11
[INFO] running `Command { std: "docker" "start" "-a" "ee3815e9f6789cf04669e7885a692b33e80357366550677f7a3eb2ffcdbc1d11", kill_on_drop: false }`
[INFO] [stderr]    Compiling libc v0.2.158
[INFO] [stderr]    Compiling futures-core v0.3.31
[INFO] [stderr]    Compiling futures-sink v0.3.31
[INFO] [stderr]    Compiling parking_lot_core v0.9.10
[INFO] [stderr]    Compiling scopeguard v1.2.0
[INFO] [stderr]    Compiling smallvec v1.13.2
[INFO] [stderr]    Compiling lock_api v0.4.12
[INFO] [stderr]    Compiling once_cell v1.19.0
[INFO] [stderr]    Compiling shlex v1.3.0
[INFO] [stderr]    Compiling pkg-config v0.3.30
[INFO] [stderr]    Compiling vcpkg v0.2.15
[INFO] [stderr]    Compiling httparse v1.9.4
[INFO] [stderr]    Compiling syn v2.0.76
[INFO] [stderr]    Compiling hashbrown v0.14.5
[INFO] [stderr]    Compiling equivalent v1.0.1
[INFO] [stderr]    Compiling http-body v1.0.1
[INFO] [stderr]    Compiling atomic-waker v1.1.2
[INFO] [stderr]    Compiling openssl v0.10.66
[INFO] [stderr]    Compiling try-lock v0.2.5
[INFO] [stderr]    Compiling futures-channel v0.3.31
[INFO] [stderr]    Compiling cc v1.1.15
[INFO] [stderr]    Compiling tracing-core v0.1.32
[INFO] [stderr]    Compiling want v0.3.1
[INFO] [stderr]    Compiling tower-service v0.3.3
[INFO] [stderr]    Compiling native-tls v0.2.12
[INFO] [stderr]    Compiling httpdate v1.0.3
[INFO] [stderr]    Compiling log v0.4.22
[INFO] [stderr]    Compiling percent-encoding v2.3.1
[INFO] [stderr]    Compiling bitflags v2.6.0
[INFO] [stderr]    Compiling tower-layer v0.3.3
[INFO] [stderr]    Compiling tinyvec v1.8.0
[INFO] [stderr]    Compiling form_urlencoded v1.2.1
[INFO] [stderr]    Compiling byteorder v1.5.0
[INFO] [stderr]    Compiling tracing v0.1.40
[INFO] [stderr]    Compiling unicode-bidi v0.3.15
[INFO] [stderr]    Compiling aho-corasick v1.1.3
[INFO] [stderr]    Compiling rustls-pki-types v1.8.0
[INFO] [stderr]    Compiling base64 v0.22.1
[INFO] [stderr]    Compiling regex-syntax v0.8.4
[INFO] [stderr]    Compiling sync_wrapper v1.0.1
[INFO] [stderr]    Compiling encoding_rs v0.8.34
[INFO] [stderr]    Compiling lazy_static v1.5.0
[INFO] [stderr]    Compiling mime v0.3.17
[INFO] [stderr]    Compiling ipnet v2.9.0
[INFO] [stderr]    Compiling colored v2.1.0
[INFO] [stderr]    Compiling similar v2.6.0
[INFO] [stderr]    Compiling indexmap v2.4.0
[INFO] [stderr]    Compiling rustls-pemfile v2.1.3
[INFO] [stderr]    Compiling unicode-normalization v0.1.23
[INFO] [stderr]    Compiling signal-hook-registry v1.4.2
[INFO] [stderr]    Compiling socket2 v0.5.7
[INFO] [stderr]    Compiling mio v1.0.2
[INFO] [stderr]    Compiling getrandom v0.2.15
[INFO] [stderr]    Compiling parking_lot v0.12.3
[INFO] [stderr]    Compiling openssl-sys v0.9.103
[INFO] [stderr]    Compiling rand_core v0.6.4
[INFO] [stderr]    Compiling idna v0.5.0
[INFO] [stderr]    Compiling url v2.5.2
[INFO] [stderr]    Compiling regex-automata v0.4.7
[INFO] [stderr]    Compiling futures-macro v0.3.31
[INFO] [stderr]    Compiling tokio-macros v2.4.0
[INFO] [stderr]    Compiling serde_derive v1.0.210
[INFO] [stderr]    Compiling pin-project-internal v1.1.5
[INFO] [stderr]    Compiling openssl-macros v0.1.1
[INFO] [stderr]    Compiling zerocopy-derive v0.7.35
[INFO] [stderr]    Compiling thiserror-impl v1.0.63
[INFO] [stderr]    Compiling regex v1.10.6
[INFO] [stderr]    Compiling zerocopy v0.7.35
[INFO] [stderr]    Compiling tokio v1.39.3
[INFO] [stderr]    Compiling futures-util v0.3.31
[INFO] [stderr]    Compiling pin-project v1.1.5
[INFO] [stderr]    Compiling thiserror v1.0.63
[INFO] [stderr]    Compiling ppv-lite86 v0.2.20
[INFO] [stderr]    Compiling rand_chacha v0.3.1
[INFO] [stderr]    Compiling rand v0.8.5
[INFO] [stderr]    Compiling serde v1.0.210
[INFO] [stderr]    Compiling http-body-util v0.1.2
[INFO] [stderr]    Compiling futures-executor v0.3.31
[INFO] [stderr]    Compiling futures v0.3.31
[INFO] [stderr]    Compiling tokio-util v0.7.11
[INFO] [stderr]    Compiling tower v0.4.13
[INFO] [stderr]    Compiling tokio-native-tls v0.3.1
[INFO] [stderr]    Compiling h2 v0.4.6
[INFO] [stderr]    Compiling serde_json v1.0.128
[INFO] [stderr]    Compiling serde_urlencoded v0.7.1
[INFO] [stderr]    Compiling http-client v0.1.0 (https://github.com/fdionisi/http-client?rev=033ac96ab12ac3d13b78f9725b237380917c7094#033ac96a)
[INFO] [stderr]    Compiling assert-json-diff v2.0.2
[INFO] [stderr]    Compiling jina-sdk v0.1.0 (/opt/rustwide/workdir)
[INFO] [stderr]    Compiling hyper v1.4.1
[INFO] [stderr]    Compiling hyper-util v0.1.7
[INFO] [stderr]    Compiling hyper-tls v0.6.0
[INFO] [stderr]    Compiling mockito v1.5.0
[INFO] [stderr]    Compiling reqwest v0.12.8
[INFO] [stderr]    Compiling http-client-reqwest v0.1.0 (https://github.com/fdionisi/http-client?rev=033ac96ab12ac3d13b78f9725b237380917c7094#033ac96a)
[INFO] [stderr]     Finished `test` profile [unoptimized + debuginfo] target(s) in 51.67s
[INFO] running `Command { std: "docker" "inspect" "ee3815e9f6789cf04669e7885a692b33e80357366550677f7a3eb2ffcdbc1d11", kill_on_drop: false }`
[INFO] running `Command { std: "docker" "rm" "-f" "ee3815e9f6789cf04669e7885a692b33e80357366550677f7a3eb2ffcdbc1d11", kill_on_drop: false }`
[INFO] [stdout] ee3815e9f6789cf04669e7885a692b33e80357366550677f7a3eb2ffcdbc1d11
[INFO] running `Command { std: "docker" "create" "-v" "/var/lib/crater-agent-workspace/builds/worker-3-tc2/target:/opt/rustwide/target:rw,Z" "-v" "/var/lib/crater-agent-workspace/builds/worker-3-tc2/source:/opt/rustwide/workdir:ro,Z" "-v" "/var/lib/crater-agent-workspace/cargo-home:/opt/rustwide/cargo-home:ro,Z" "-v" "/var/lib/crater-agent-workspace/rustup-home:/opt/rustwide/rustup-home:ro,Z" "-e" "SOURCE_DIR=/opt/rustwide/workdir" "-e" "CARGO_TARGET_DIR=/opt/rustwide/target" "-e" "CARGO_INCREMENTAL=0" "-e" "RUST_BACKTRACE=full" "-e" "RUSTFLAGS=--cap-lints=warn" "-e" "RUSTDOCFLAGS=--cap-lints=warn" "-e" "CARGO_HOME=/opt/rustwide/cargo-home" "-e" "RUSTUP_HOME=/opt/rustwide/rustup-home" "-w" "/opt/rustwide/workdir" "-m" "1610612736" "--user" "0:0" "--network" "none" "ghcr.io/rust-lang/crates-build-env/linux@sha256:f3a9d4ad9d972b27faf3965f35b62e55ba32bbce8f20bc8fe909558a86702fde" "/opt/rustwide/cargo-home/bin/cargo" "+beta-2024-12-08" "test" "--frozen", kill_on_drop: false }`
[INFO] [stdout] bd2cf791c5a96629de9ff42dc4f8ba9b37c4dbe1b2f38560eb52a8b215a2758a
[INFO] running `Command { std: "docker" "start" "-a" "bd2cf791c5a96629de9ff42dc4f8ba9b37c4dbe1b2f38560eb52a8b215a2758a", kill_on_drop: false }`
[INFO] [stderr]     Finished `test` profile [unoptimized + debuginfo] target(s) in 0.27s
[INFO] [stderr]      Running unittests src/lib.rs (/opt/rustwide/target/debug/deps/jina_sdk-06dabf0362bdadb0)
[INFO] [stdout] 
[INFO] [stdout] running 2 tests
[INFO] [stdout] test rerank::tests::test_rerank ... FAILED
[INFO] [stdout] test embeddings::tests::test_embeddings ... FAILED
[INFO] [stdout] 
[INFO] [stdout] failures:
[INFO] [stdout] 
[INFO] [stdout] ---- rerank::tests::test_rerank stdout ----
[INFO] [stdout] thread 'rerank::tests::test_rerank' panicked at src/rerank.rs:95:26:
[INFO] [stdout] Cannot start a runtime from within a runtime. This happens because a function (like `block_on`) attempted to block the current thread while the thread is being used to drive asynchronous tasks.
[INFO] [stdout] stack backtrace:
[INFO] [stdout]    0:     0x5a8242a46ffa - std::backtrace_rs::backtrace::libunwind::trace::h8810477743020387
[INFO] [stdout]                                at /rustc/202008a1b8de96d2e5b6bc02d379db03a877d34d/library/std/src/../../backtrace/src/backtrace/libunwind.rs:116:5
[INFO] [stdout]    1:     0x5a8242a46ffa - std::backtrace_rs::backtrace::trace_unsynchronized::h3aa55355dd6c54a6
[INFO] [stdout]                                at /rustc/202008a1b8de96d2e5b6bc02d379db03a877d34d/library/std/src/../../backtrace/src/backtrace/mod.rs:66:5
[INFO] [stdout]    2:     0x5a8242a46ffa - std::sys::backtrace::_print_fmt::h8588b0f62410823f
[INFO] [stdout]                                at /rustc/202008a1b8de96d2e5b6bc02d379db03a877d34d/library/std/src/sys/backtrace.rs:66:9
[INFO] [stdout]    3:     0x5a8242a46ffa - <std::sys::backtrace::BacktraceLock::print::DisplayBacktrace as core::fmt::Display>::fmt::h98c26ac25ffe89bb
[INFO] [stdout]                                at /rustc/202008a1b8de96d2e5b6bc02d379db03a877d34d/library/std/src/sys/backtrace.rs:39:26
[INFO] [stdout]    4:     0x5a8242a70fb3 - core::fmt::rt::Argument::fmt::hf95377f4aebd453b
[INFO] [stdout]                                at /rustc/202008a1b8de96d2e5b6bc02d379db03a877d34d/library/core/src/fmt/rt.rs:177:76
[INFO] [stdout]    5:     0x5a8242a70fb3 - core::fmt::write::h0dd5f6e2238c7982
[INFO] [stdout]                                at /rustc/202008a1b8de96d2e5b6bc02d379db03a877d34d/library/core/src/fmt/mod.rs:1189:21
[INFO] [stdout]    6:     0x5a8242a43393 - std::io::Write::write_fmt::h03bb0ca26e6faf8c
[INFO] [stdout]                                at /rustc/202008a1b8de96d2e5b6bc02d379db03a877d34d/library/std/src/io/mod.rs:1884:15
[INFO] [stdout]    7:     0x5a8242a46e42 - std::sys::backtrace::BacktraceLock::print::h5c19c1c038ee186d
[INFO] [stdout]                                at /rustc/202008a1b8de96d2e5b6bc02d379db03a877d34d/library/std/src/sys/backtrace.rs:42:9
[INFO] [stdout]    8:     0x5a8242a4847d - std::panicking::default_hook::{{closure}}::h77172f079a1fcb13
[INFO] [stdout]                                at /rustc/202008a1b8de96d2e5b6bc02d379db03a877d34d/library/std/src/panicking.rs:268:22
[INFO] [stdout]    9:     0x5a8242a48287 - std::panicking::default_hook::he5f8e3b203ccddba
[INFO] [stdout]                                at /rustc/202008a1b8de96d2e5b6bc02d379db03a877d34d/library/std/src/panicking.rs:292:9
[INFO] [stdout]   10:     0x5a824260ceb7 - <alloc::boxed::Box<F,A> as core::ops::function::Fn<Args>>::call::h7a3c7b4a1ae77f2f
[INFO] [stdout]                                at /rustc/202008a1b8de96d2e5b6bc02d379db03a877d34d/library/alloc/src/boxed.rs:1986:9
[INFO] [stdout]   11:     0x5a824260ceb7 - test::test_main::{{closure}}::hf0d3b69ae9b353d1
[INFO] [stdout]                                at /rustc/202008a1b8de96d2e5b6bc02d379db03a877d34d/library/test/src/lib.rs:134:21
[INFO] [stdout]   12:     0x5a8242a48b28 - <alloc::boxed::Box<F,A> as core::ops::function::Fn<Args>>::call::h6332e82e7b189abd
[INFO] [stdout]                                at /rustc/202008a1b8de96d2e5b6bc02d379db03a877d34d/library/alloc/src/boxed.rs:1986:9
[INFO] [stdout]   13:     0x5a8242a48b28 - std::panicking::rust_panic_with_hook::h53863d4e9018df39
[INFO] [stdout]                                at /rustc/202008a1b8de96d2e5b6bc02d379db03a877d34d/library/std/src/panicking.rs:809:13
[INFO] [stdout]   14:     0x5a8242a488b6 - std::panicking::begin_panic_handler::{{closure}}::h67280e6fa0757873
[INFO] [stdout]                                at /rustc/202008a1b8de96d2e5b6bc02d379db03a877d34d/library/std/src/panicking.rs:667:13
[INFO] [stdout]   15:     0x5a8242a474d9 - std::sys::backtrace::__rust_end_short_backtrace::h1dac3f54d6fbbeb2
[INFO] [stdout]                                at /rustc/202008a1b8de96d2e5b6bc02d379db03a877d34d/library/std/src/sys/backtrace.rs:170:18
[INFO] [stdout]   16:     0x5a8242a4857c - rust_begin_unwind
[INFO] [stdout]                                at /rustc/202008a1b8de96d2e5b6bc02d379db03a877d34d/library/std/src/panicking.rs:665:5
[INFO] [stdout]   17:     0x5a824219d360 - core::panicking::panic_fmt::h6792bd1b2bf01041
[INFO] [stdout]                                at /rustc/202008a1b8de96d2e5b6bc02d379db03a877d34d/library/core/src/panicking.rs:76:14
[INFO] [stdout]   18:     0x5a824229a6ba - tokio::runtime::context::runtime::enter_runtime::h90463bb47411548f
[INFO] [stdout]                                at /opt/rustwide/cargo-home/registry/src/index.crates.io-6f17d22bba15001f/tokio-1.39.3/src/runtime/context/runtime.rs:68:5
[INFO] [stdout]   19:     0x5a824220f8e0 - tokio::runtime::scheduler::current_thread::CurrentThread::block_on::hede44c98f38b2628
[INFO] [stdout]                                at /opt/rustwide/cargo-home/registry/src/index.crates.io-6f17d22bba15001f/tokio-1.39.3/src/runtime/scheduler/current_thread/mod.rs:168:9
[INFO] [stdout]   20:     0x5a82421dc775 - tokio::runtime::runtime::Runtime::block_on_inner::h557228ad7a89163b
[INFO] [stdout]                                at /opt/rustwide/cargo-home/registry/src/index.crates.io-6f17d22bba15001f/tokio-1.39.3/src/runtime/runtime.rs:361:47
[INFO] [stdout]   21:     0x5a82421dcd59 - tokio::runtime::runtime::Runtime::block_on::h34f70e644b4a666b
[INFO] [stdout]                                at /opt/rustwide/cargo-home/registry/src/index.crates.io-6f17d22bba15001f/tokio-1.39.3/src/runtime/runtime.rs:335:13
[INFO] [stdout]   22:     0x5a82422b27e6 - mockito::server::Server::try_new::hc1ed1bae853f6790
[INFO] [stdout]                                at /opt/rustwide/cargo-home/registry/src/index.crates.io-6f17d22bba15001f/mockito-1.5.0/src/server.rs:219:9
[INFO] [stdout]   23:     0x5a82422b2660 - mockito::server::Server::new::hb1e59aa1ed05ac81
[INFO] [stdout]                                at /opt/rustwide/cargo-home/registry/src/index.crates.io-6f17d22bba15001f/mockito-1.5.0/src/server.rs:204:9
[INFO] [stdout]   24:     0x5a82421d60ab - jina_sdk::rerank::tests::test_rerank::{{closure}}::h286b23abaf6b4b46
[INFO] [stdout]                                at /opt/rustwide/workdir/src/rerank.rs:95:26
[INFO] [stdout]   25:     0x5a82421b7502 - <core::pin::Pin<P> as core::future::future::Future>::poll::hc7246f22a0543056
[INFO] [stdout]                                at /rustc/202008a1b8de96d2e5b6bc02d379db03a877d34d/library/core/src/future/future.rs:124:9
[INFO] [stdout]   26:     0x5a82421b741d - <core::pin::Pin<P> as core::future::future::Future>::poll::h76a4381aab80bb76
[INFO] [stdout]                                at /rustc/202008a1b8de96d2e5b6bc02d379db03a877d34d/library/core/src/future/future.rs:124:9
[INFO] [stdout]   27:     0x5a82421b71ef - tokio::runtime::scheduler::current_thread::CoreGuard::block_on::{{closure}}::{{closure}}::{{closure}}::h33f087500f0172bf
[INFO] [stdout]                                at /opt/rustwide/cargo-home/registry/src/index.crates.io-6f17d22bba15001f/tokio-1.39.3/src/runtime/scheduler/current_thread/mod.rs:673:57
[INFO] [stdout]   28:     0x5a82421b6f95 - tokio::runtime::coop::with_budget::h70444ed3c1472830
[INFO] [stdout]                                at /opt/rustwide/cargo-home/registry/src/index.crates.io-6f17d22bba15001f/tokio-1.39.3/src/runtime/coop.rs:107:5
[INFO] [stdout]   29:     0x5a82421b6f95 - tokio::runtime::coop::budget::h48086c050bde445b
[INFO] [stdout]                                at /opt/rustwide/cargo-home/registry/src/index.crates.io-6f17d22bba15001f/tokio-1.39.3/src/runtime/coop.rs:73:5
[INFO] [stdout]   30:     0x5a82421b6f95 - tokio::runtime::scheduler::current_thread::CoreGuard::block_on::{{closure}}::{{closure}}::hb937ca5ed8f1439c
[INFO] [stdout]                                at /opt/rustwide/cargo-home/registry/src/index.crates.io-6f17d22bba15001f/tokio-1.39.3/src/runtime/scheduler/current_thread/mod.rs:673:25
[INFO] [stdout]   31:     0x5a82421b4750 - tokio::runtime::scheduler::current_thread::Context::enter::h75e00a13ea947b9b
[INFO] [stdout]                                at /opt/rustwide/cargo-home/registry/src/index.crates.io-6f17d22bba15001f/tokio-1.39.3/src/runtime/scheduler/current_thread/mod.rs:412:19
[INFO] [stdout]   32:     0x5a82421b5f3e - tokio::runtime::scheduler::current_thread::CoreGuard::block_on::{{closure}}::h8860d4c4ac4d239b
[INFO] [stdout]                                at /opt/rustwide/cargo-home/registry/src/index.crates.io-6f17d22bba15001f/tokio-1.39.3/src/runtime/scheduler/current_thread/mod.rs:672:36
[INFO] [stdout]   33:     0x5a82421b5c54 - tokio::runtime::scheduler::current_thread::CoreGuard::enter::{{closure}}::ha1803e00d6287cec
[INFO] [stdout]                                at /opt/rustwide/cargo-home/registry/src/index.crates.io-6f17d22bba15001f/tokio-1.39.3/src/runtime/scheduler/current_thread/mod.rs:751:68
[INFO] [stdout]   34:     0x5a82421ca3eb - tokio::runtime::context::scoped::Scoped<T>::set::h148cf599ffe1f2d9
[INFO] [stdout]                                at /opt/rustwide/cargo-home/registry/src/index.crates.io-6f17d22bba15001f/tokio-1.39.3/src/runtime/context/scoped.rs:40:9
[INFO] [stdout]   35:     0x5a82421c2e99 - tokio::runtime::context::set_scheduler::{{closure}}::h4959dacedf177a64
[INFO] [stdout]                                at /opt/rustwide/cargo-home/registry/src/index.crates.io-6f17d22bba15001f/tokio-1.39.3/src/runtime/context.rs:180:26
[INFO] [stdout]   36:     0x5a82421d348d - std::thread::local::LocalKey<T>::try_with::h4daf2fbb7ea0d279
[INFO] [stdout]                                at /rustc/202008a1b8de96d2e5b6bc02d379db03a877d34d/library/std/src/thread/local.rs:283:12
[INFO] [stdout]   37:     0x5a82421d2dea - std::thread::local::LocalKey<T>::with::h3e0dff4c1dfedc50
[INFO] [stdout]                                at /rustc/202008a1b8de96d2e5b6bc02d379db03a877d34d/library/std/src/thread/local.rs:260:9
[INFO] [stdout]   38:     0x5a82421c2e0d - tokio::runtime::context::set_scheduler::h03d457ccac5e718e
[INFO] [stdout]                                at /opt/rustwide/cargo-home/registry/src/index.crates.io-6f17d22bba15001f/tokio-1.39.3/src/runtime/context.rs:180:9
[INFO] [stdout]   39:     0x5a82421b59e0 - tokio::runtime::scheduler::current_thread::CoreGuard::enter::hfe74cc4ef3497f8e
[INFO] [stdout]                                at /opt/rustwide/cargo-home/registry/src/index.crates.io-6f17d22bba15001f/tokio-1.39.3/src/runtime/scheduler/current_thread/mod.rs:751:27
[INFO] [stdout]   40:     0x5a82421b5cd3 - tokio::runtime::scheduler::current_thread::CoreGuard::block_on::heaf10a82fa5cd1d4
[INFO] [stdout]                                at /opt/rustwide/cargo-home/registry/src/index.crates.io-6f17d22bba15001f/tokio-1.39.3/src/runtime/scheduler/current_thread/mod.rs:660:19
[INFO] [stdout]   41:     0x5a82421b3edf - tokio::runtime::scheduler::current_thread::CurrentThread::block_on::{{closure}}::h98e047a80afd9eb2
[INFO] [stdout]                                at /opt/rustwide/cargo-home/registry/src/index.crates.io-6f17d22bba15001f/tokio-1.39.3/src/runtime/scheduler/current_thread/mod.rs:180:28
[INFO] [stdout]   42:     0x5a82421d0176 - tokio::runtime::context::runtime::enter_runtime::hc70e73692103336d
[INFO] [stdout]                                at /opt/rustwide/cargo-home/registry/src/index.crates.io-6f17d22bba15001f/tokio-1.39.3/src/runtime/context/runtime.rs:65:16
[INFO] [stdout]   43:     0x5a82421b3721 - tokio::runtime::scheduler::current_thread::CurrentThread::block_on::h6323395a985bde05
[INFO] [stdout]                                at /opt/rustwide/cargo-home/registry/src/index.crates.io-6f17d22bba15001f/tokio-1.39.3/src/runtime/scheduler/current_thread/mod.rs:168:9
[INFO] [stdout]   44:     0x5a82421b34ad - tokio::runtime::runtime::Runtime::block_on_inner::h5484ea58d2d8249d
[INFO] [stdout]                                at /opt/rustwide/cargo-home/registry/src/index.crates.io-6f17d22bba15001f/tokio-1.39.3/src/runtime/runtime.rs:361:47
[INFO] [stdout]   45:     0x5a82421b35c5 - tokio::runtime::runtime::Runtime::block_on::h297b29a3dabb8827
[INFO] [stdout]                                at /opt/rustwide/cargo-home/registry/src/index.crates.io-6f17d22bba15001f/tokio-1.39.3/src/runtime/runtime.rs:335:13
[INFO] [stdout]   46:     0x5a82421d5ec5 - jina_sdk::rerank::tests::test_rerank::hb823c6565aa1f83b
[INFO] [stdout]                                at /opt/rustwide/workdir/src/rerank.rs:146:9
[INFO] [stdout]   47:     0x5a82421d5d67 - jina_sdk::rerank::tests::test_rerank::{{closure}}::h2e19fb7f8f64cdab
[INFO] [stdout]                                at /opt/rustwide/workdir/src/rerank.rs:93:27
[INFO] [stdout]   48:     0x5a82421baf36 - core::ops::function::FnOnce::call_once::hba69066237bb09b5
[INFO] [stdout]                                at /rustc/202008a1b8de96d2e5b6bc02d379db03a877d34d/library/core/src/ops/function.rs:250:5
[INFO] [stdout]   49:     0x5a82426119db - core::ops::function::FnOnce::call_once::h871bf86719ec9aa4
[INFO] [stdout]                                at /rustc/202008a1b8de96d2e5b6bc02d379db03a877d34d/library/core/src/ops/function.rs:250:5
[INFO] [stdout]   50:     0x5a82426119db - test::__rust_begin_short_backtrace::h2167df1e2b7d76fd
[INFO] [stdout]                                at /rustc/202008a1b8de96d2e5b6bc02d379db03a877d34d/library/test/src/lib.rs:632:18
[INFO] [stdout]   51:     0x5a82426113c8 - test::run_test_in_process::{{closure}}::h15d92f75a3adfb79
[INFO] [stdout]                                at /rustc/202008a1b8de96d2e5b6bc02d379db03a877d34d/library/test/src/lib.rs:655:60
[INFO] [stdout]   52:     0x5a82426113c8 - <core::panic::unwind_safe::AssertUnwindSafe<F> as core::ops::function::FnOnce<()>>::call_once::hb6c8955835a8dbbb
[INFO] [stdout]                                at /rustc/202008a1b8de96d2e5b6bc02d379db03a877d34d/library/core/src/panic/unwind_safe.rs:272:9
[INFO] [stdout]   53:     0x5a82426113c8 - std::panicking::try::do_call::hc79d0fc888a0bd30
[INFO] [stdout]                                at /rustc/202008a1b8de96d2e5b6bc02d379db03a877d34d/library/std/src/panicking.rs:557:40
[INFO] [stdout]   54:     0x5a82426113c8 - std::panicking::try::hb8a7878e3a8589d6
[INFO] [stdout]                                at /rustc/202008a1b8de96d2e5b6bc02d379db03a877d34d/library/std/src/panicking.rs:520:19
[INFO] [stdout]   55:     0x5a82426113c8 - std::panic::catch_unwind::hb8e4600ff0ff5cfa
[INFO] [stdout]                                at /rustc/202008a1b8de96d2e5b6bc02d379db03a877d34d/library/std/src/panic.rs:358:14
[INFO] [stdout]   56:     0x5a82426113c8 - test::run_test_in_process::hc2900b0b18688dd6
[INFO] [stdout]                                at /rustc/202008a1b8de96d2e5b6bc02d379db03a877d34d/library/test/src/lib.rs:655:27
[INFO] [stdout]   57:     0x5a82426113c8 - test::run_test::{{closure}}::hac2a9cb07be3d48d
[INFO] [stdout]                                at /rustc/202008a1b8de96d2e5b6bc02d379db03a877d34d/library/test/src/lib.rs:576:43
[INFO] [stdout]   58:     0x5a82425d4e6a - test::run_test::{{closure}}::h4a5b729e66a38cd8
[INFO] [stdout]                                at /rustc/202008a1b8de96d2e5b6bc02d379db03a877d34d/library/test/src/lib.rs:606:41
[INFO] [stdout]   59:     0x5a82425d4e6a - std::sys::backtrace::__rust_begin_short_backtrace::h0496fb742492f573
[INFO] [stdout]                                at /rustc/202008a1b8de96d2e5b6bc02d379db03a877d34d/library/std/src/sys/backtrace.rs:154:18
[INFO] [stdout]   60:     0x5a82425d87e4 - std::thread::Builder::spawn_unchecked_::{{closure}}::{{closure}}::hbb6d257c550a54bd
[INFO] [stdout]                                at /rustc/202008a1b8de96d2e5b6bc02d379db03a877d34d/library/std/src/thread/mod.rs:561:17
[INFO] [stdout]   61:     0x5a82425d87e4 - <core::panic::unwind_safe::AssertUnwindSafe<F> as core::ops::function::FnOnce<()>>::call_once::h46696fe4a6832328
[INFO] [stdout]                                at /rustc/202008a1b8de96d2e5b6bc02d379db03a877d34d/library/core/src/panic/unwind_safe.rs:272:9
[INFO] [stdout]   62:     0x5a82425d87e4 - std::panicking::try::do_call::h2625a51b667bfb64
[INFO] [stdout]                                at /rustc/202008a1b8de96d2e5b6bc02d379db03a877d34d/library/std/src/panicking.rs:557:40
[INFO] [stdout]   63:     0x5a82425d87e4 - std::panicking::try::hb956a59a1973aa4c
[INFO] [stdout]                                at /rustc/202008a1b8de96d2e5b6bc02d379db03a877d34d/library/std/src/panicking.rs:520:19
[INFO] [stdout]   64:     0x5a82425d87e4 - std::panic::catch_unwind::h64f3b9d1067ef6a0
[INFO] [stdout]                                at /rustc/202008a1b8de96d2e5b6bc02d379db03a877d34d/library/std/src/panic.rs:358:14
[INFO] [stdout]   65:     0x5a82425d87e4 - std::thread::Builder::spawn_unchecked_::{{closure}}::h42b2841295b6c0b2
[INFO] [stdout]                                at /rustc/202008a1b8de96d2e5b6bc02d379db03a877d34d/library/std/src/thread/mod.rs:559:30
[INFO] [stdout]   66:     0x5a82425d87e4 - core::ops::function::FnOnce::call_once{{vtable.shim}}::h6127de71b8124639
[INFO] [stdout]                                at /rustc/202008a1b8de96d2e5b6bc02d379db03a877d34d/library/core/src/ops/function.rs:250:5
[INFO] [stdout]   67:     0x5a8242a4cfdb - <alloc::boxed::Box<F,A> as core::ops::function::FnOnce<Args>>::call_once::h42f0ba71002a1b2c
[INFO] [stdout]                                at /rustc/202008a1b8de96d2e5b6bc02d379db03a877d34d/library/alloc/src/boxed.rs:1972:9
[INFO] [stdout]   68:     0x5a8242a4cfdb - <alloc::boxed::Box<F,A> as core::ops::function::FnOnce<Args>>::call_once::had9e47d7a3dcecb8
[INFO] [stdout]                                at /rustc/202008a1b8de96d2e5b6bc02d379db03a877d34d/library/alloc/src/boxed.rs:1972:9
[INFO] [stdout]   69:     0x5a8242a4cfdb - std::sys::pal::unix::thread::Thread::new::thread_start::h48cf765408f6f5f2
[INFO] [stdout]                                at /rustc/202008a1b8de96d2e5b6bc02d379db03a877d34d/library/std/src/sys/pal/unix/thread.rs:105:17
[INFO] [stdout]   70:     0x76ccce891ac3 - <unknown>
[INFO] [stdout]   71:     0x76ccce922a04 - clone
[INFO] [stdout]   72:                0x0 - <unknown>
[INFO] [stdout] 
[INFO] [stdout] ---- embeddings::tests::test_embeddings stdout ----
[INFO] [stdout] thread 'embeddings::tests::test_embeddings' panicked at src/embeddings.rs:127:26:
[INFO] [stdout] Cannot start a runtime from within a runtime. This happens because a function (like `block_on`) attempted to block the current thread while the thread is being used to drive asynchronous tasks.
[INFO] [stdout] stack backtrace:
[INFO] [stdout]    0:     0x5a8242a46ffa - std::backtrace_rs::backtrace::libunwind::trace::h8810477743020387
[INFO] [stdout]                                at /rustc/202008a1b8de96d2e5b6bc02d379db03a877d34d/library/std/src/../../backtrace/src/backtrace/libunwind.rs:116:5
[INFO] [stdout]    1:     0x5a8242a46ffa - std::backtrace_rs::backtrace::trace_unsynchronized::h3aa55355dd6c54a6
[INFO] [stdout]                                at /rustc/202008a1b8de96d2e5b6bc02d379db03a877d34d/library/std/src/../../backtrace/src/backtrace/mod.rs:66:5
[INFO] [stdout]    2:     0x5a8242a46ffa - std::sys::backtrace::_print_fmt::h8588b0f62410823f
[INFO] [stdout]                                at /rustc/202008a1b8de96d2e5b6bc02d379db03a877d34d/library/std/src/sys/backtrace.rs:66:9
[INFO] [stdout]    3:     0x5a8242a46ffa - <std::sys::backtrace::BacktraceLock::print::DisplayBacktrace as core::fmt::Display>::fmt::h98c26ac25ffe89bb
[INFO] [stdout]                                at /rustc/202008a1b8de96d2e5b6bc02d379db03a877d34d/library/std/src/sys/backtrace.rs:39:26
[INFO] [stdout]    4:     0x5a8242a70fb3 - core::fmt::rt::Argument::fmt::hf95377f4aebd453b
[INFO] [stdout]                                at /rustc/202008a1b8de96d2e5b6bc02d379db03a877d34d/library/core/src/fmt/rt.rs:177:76
[INFO] [stdout]    5:     0x5a8242a70fb3 - core::fmt::write::h0dd5f6e2238c7982
[INFO] [stdout]                                at /rustc/202008a1b8de96d2e5b6bc02d379db03a877d34d/library/core/src/fmt/mod.rs:1189:21
[INFO] [stdout]    6:     0x5a8242a43393 - std::io::Write::write_fmt::h03bb0ca26e6faf8c
[INFO] [stdout]                                at /rustc/202008a1b8de96d2e5b6bc02d379db03a877d34d/library/std/src/io/mod.rs:1884:15
[INFO] [stdout]    7:     0x5a8242a46e42 - std::sys::backtrace::BacktraceLock::print::h5c19c1c038ee186d
[INFO] [stdout]                                at /rustc/202008a1b8de96d2e5b6bc02d379db03a877d34d/library/std/src/sys/backtrace.rs:42:9
[INFO] [stdout]    8:     0x5a8242a4847d - std::panicking::default_hook::{{closure}}::h77172f079a1fcb13
[INFO] [stdout]                                at /rustc/202008a1b8de96d2e5b6bc02d379db03a877d34d/library/std/src/panicking.rs:268:22
[INFO] [stdout]    9:     0x5a8242a48287 - std::panicking::default_hook::he5f8e3b203ccddba
[INFO] [stdout]                                at /rustc/202008a1b8de96d2e5b6bc02d379db03a877d34d/library/std/src/panicking.rs:292:9
[INFO] [stdout]   10:     0x5a824260ceb7 - <alloc::boxed::Box<F,A> as core::ops::function::Fn<Args>>::call::h7a3c7b4a1ae77f2f
[INFO] [stdout]                                at /rustc/202008a1b8de96d2e5b6bc02d379db03a877d34d/library/alloc/src/boxed.rs:1986:9
[INFO] [stdout]   11:     0x5a824260ceb7 - test::test_main::{{closure}}::hf0d3b69ae9b353d1
[INFO] [stdout]                                at /rustc/202008a1b8de96d2e5b6bc02d379db03a877d34d/library/test/src/lib.rs:134:21
[INFO] [stdout]   12:     0x5a8242a48b28 - <alloc::boxed::Box<F,A> as core::ops::function::Fn<Args>>::call::h6332e82e7b189abd
[INFO] [stdout]                                at /rustc/202008a1b8de96d2e5b6bc02d379db03a877d34d/library/alloc/src/boxed.rs:1986:9
[INFO] [stdout]   13:     0x5a8242a48b28 - std::panicking::rust_panic_with_hook::h53863d4e9018df39
[INFO] [stdout]                                at /rustc/202008a1b8de96d2e5b6bc02d379db03a877d34d/library/std/src/panicking.rs:809:13
[INFO] [stdout]   14:     0x5a8242a488b6 - std::panicking::begin_panic_handler::{{closure}}::h67280e6fa0757873
[INFO] [stdout]                                at /rustc/202008a1b8de96d2e5b6bc02d379db03a877d34d/library/std/src/panicking.rs:667:13
[INFO] [stdout]   15:     0x5a8242a474d9 - std::sys::backtrace::__rust_end_short_backtrace::h1dac3f54d6fbbeb2
[INFO] [stdout]                                at /rustc/202008a1b8de96d2e5b6bc02d379db03a877d34d/library/std/src/sys/backtrace.rs:170:18
[INFO] [stdout]   16:     0x5a8242a4857c - rust_begin_unwind
[INFO] [stdout]                                at /rustc/202008a1b8de96d2e5b6bc02d379db03a877d34d/library/std/src/panicking.rs:665:5
[INFO] [stdout]   17:     0x5a824219d360 - core::panicking::panic_fmt::h6792bd1b2bf01041
[INFO] [stdout]                                at /rustc/202008a1b8de96d2e5b6bc02d379db03a877d34d/library/core/src/panicking.rs:76:14
[INFO] [stdout]   18:     0x5a824229a6ba - tokio::runtime::context::runtime::enter_runtime::h90463bb47411548f
[INFO] [stdout]                                at /opt/rustwide/cargo-home/registry/src/index.crates.io-6f17d22bba15001f/tokio-1.39.3/src/runtime/context/runtime.rs:68:5
[INFO] [stdout]   19:     0x5a824220f8e0 - tokio::runtime::scheduler::current_thread::CurrentThread::block_on::hede44c98f38b2628
[INFO] [stdout]                                at /opt/rustwide/cargo-home/registry/src/index.crates.io-6f17d22bba15001f/tokio-1.39.3/src/runtime/scheduler/current_thread/mod.rs:168:9
[INFO] [stdout]   20:     0x5a82421dc775 - tokio::runtime::runtime::Runtime::block_on_inner::h557228ad7a89163b
[INFO] [stdout]                                at /opt/rustwide/cargo-home/registry/src/index.crates.io-6f17d22bba15001f/tokio-1.39.3/src/runtime/runtime.rs:361:47
[INFO] [stdout]   21:     0x5a82421dcd59 - tokio::runtime::runtime::Runtime::block_on::h34f70e644b4a666b
[INFO] [stdout]                                at /opt/rustwide/cargo-home/registry/src/index.crates.io-6f17d22bba15001f/tokio-1.39.3/src/runtime/runtime.rs:335:13
[INFO] [stdout]   22:     0x5a82422b27e6 - mockito::server::Server::try_new::hc1ed1bae853f6790
[INFO] [stdout]                                at /opt/rustwide/cargo-home/registry/src/index.crates.io-6f17d22bba15001f/mockito-1.5.0/src/server.rs:219:9
[INFO] [stdout]   23:     0x5a82422b2660 - mockito::server::Server::new::hb1e59aa1ed05ac81
[INFO] [stdout]                                at /opt/rustwide/cargo-home/registry/src/index.crates.io-6f17d22bba15001f/mockito-1.5.0/src/server.rs:204:9
[INFO] [stdout]   24:     0x5a82421cd51b - jina_sdk::embeddings::tests::test_embeddings::{{closure}}::he5639b90c442b1f2
[INFO] [stdout]                                at /opt/rustwide/workdir/src/embeddings.rs:127:26
[INFO] [stdout]   25:     0x5a82421b7502 - <core::pin::Pin<P> as core::future::future::Future>::poll::hc7246f22a0543056
[INFO] [stdout]                                at /rustc/202008a1b8de96d2e5b6bc02d379db03a877d34d/library/core/src/future/future.rs:124:9
[INFO] [stdout]   26:     0x5a82421b741d - <core::pin::Pin<P> as core::future::future::Future>::poll::h76a4381aab80bb76
[INFO] [stdout]                                at /rustc/202008a1b8de96d2e5b6bc02d379db03a877d34d/library/core/src/future/future.rs:124:9
[INFO] [stdout]   27:     0x5a82421b71ef - tokio::runtime::scheduler::current_thread::CoreGuard::block_on::{{closure}}::{{closure}}::{{closure}}::h33f087500f0172bf
[INFO] [stdout]                                at /opt/rustwide/cargo-home/registry/src/index.crates.io-6f17d22bba15001f/tokio-1.39.3/src/runtime/scheduler/current_thread/mod.rs:673:57
[INFO] [stdout]   28:     0x5a82421b6f95 - tokio::runtime::coop::with_budget::h70444ed3c1472830
[INFO] [stdout]                                at /opt/rustwide/cargo-home/registry/src/index.crates.io-6f17d22bba15001f/tokio-1.39.3/src/runtime/coop.rs:107:5
[INFO] [stdout]   29:     0x5a82421b6f95 - tokio::runtime::coop::budget::h48086c050bde445b
[INFO] [stdout]                                at /opt/rustwide/cargo-home/registry/src/index.crates.io-6f17d22bba15001f/tokio-1.39.3/src/runtime/coop.rs:73:5
[INFO] [stdout]   30:     0x5a82421b6f95 - tokio::runtime::scheduler::current_thread::CoreGuard::block_on::{{closure}}::{{closure}}::hb937ca5ed8f1439c
[INFO] [stdout]                                at /opt/rustwide/cargo-home/registry/src/index.crates.io-6f17d22bba15001f/tokio-1.39.3/src/runtime/scheduler/current_thread/mod.rs:673:25
[INFO] [stdout]   31:     0x5a82421b4750 - tokio::runtime::scheduler::current_thread::Context::enter::h75e00a13ea947b9b
[INFO] [stdout]                                at /opt/rustwide/cargo-home/registry/src/index.crates.io-6f17d22bba15001f/tokio-1.39.3/src/runtime/scheduler/current_thread/mod.rs:412:19
[INFO] [stdout]   32:     0x5a82421b5f3e - tokio::runtime::scheduler::current_thread::CoreGuard::block_on::{{closure}}::h8860d4c4ac4d239b
[INFO] [stdout]                                at /opt/rustwide/cargo-home/registry/src/index.crates.io-6f17d22bba15001f/tokio-1.39.3/src/runtime/scheduler/current_thread/mod.rs:672:36
[INFO] [stdout]   33:     0x5a82421b5c54 - tokio::runtime::scheduler::current_thread::CoreGuard::enter::{{closure}}::ha1803e00d6287cec
[INFO] [stdout]                                at /opt/rustwide/cargo-home/registry/src/index.crates.io-6f17d22bba15001f/tokio-1.39.3/src/runtime/scheduler/current_thread/mod.rs:751:68
[INFO] [stdout]   34:     0x5a82421ca3eb - tokio::runtime::context::scoped::Scoped<T>::set::h148cf599ffe1f2d9
[INFO] [stdout]                                at /opt/rustwide/cargo-home/registry/src/index.crates.io-6f17d22bba15001f/tokio-1.39.3/src/runtime/context/scoped.rs:40:9
[INFO] [stdout]   35:     0x5a82421c2e99 - tokio::runtime::context::set_scheduler::{{closure}}::h4959dacedf177a64
[INFO] [stdout]                                at /opt/rustwide/cargo-home/registry/src/index.crates.io-6f17d22bba15001f/tokio-1.39.3/src/runtime/context.rs:180:26
[INFO] [stdout]   36:     0x5a82421d348d - std::thread::local::LocalKey<T>::try_with::h4daf2fbb7ea0d279
[INFO] [stdout]                                at /rustc/202008a1b8de96d2e5b6bc02d379db03a877d34d/library/std/src/thread/local.rs:283:12
[INFO] [stdout]   37:     0x5a82421d2dea - std::thread::local::LocalKey<T>::with::h3e0dff4c1dfedc50
[INFO] [stdout]                                at /rustc/202008a1b8de96d2e5b6bc02d379db03a877d34d/library/std/src/thread/local.rs:260:9
[INFO] [stdout]   38:     0x5a82421c2e0d - tokio::runtime::context::set_scheduler::h03d457ccac5e718e
[INFO] [stdout]                                at /opt/rustwide/cargo-home/registry/src/index.crates.io-6f17d22bba15001f/tokio-1.39.3/src/runtime/context.rs:180:9
[INFO] [stdout]   39:     0x5a82421b59e0 - tokio::runtime::scheduler::current_thread::CoreGuard::enter::hfe74cc4ef3497f8e
[INFO] [stdout]                                at /opt/rustwide/cargo-home/registry/src/index.crates.io-6f17d22bba15001f/tokio-1.39.3/src/runtime/scheduler/current_thread/mod.rs:751:27
[INFO] [stdout]   40:     0x5a82421b5cd3 - tokio::runtime::scheduler::current_thread::CoreGuard::block_on::heaf10a82fa5cd1d4
[INFO] [stdout]                                at /opt/rustwide/cargo-home/registry/src/index.crates.io-6f17d22bba15001f/tokio-1.39.3/src/runtime/scheduler/current_thread/mod.rs:660:19
[INFO] [stdout]   41:     0x5a82421b3edf - tokio::runtime::scheduler::current_thread::CurrentThread::block_on::{{closure}}::h98e047a80afd9eb2
[INFO] [stdout]                                at /opt/rustwide/cargo-home/registry/src/index.crates.io-6f17d22bba15001f/tokio-1.39.3/src/runtime/scheduler/current_thread/mod.rs:180:28
[INFO] [stdout]   42:     0x5a82421d0176 - tokio::runtime::context::runtime::enter_runtime::hc70e73692103336d
[INFO] [stdout]                                at /opt/rustwide/cargo-home/registry/src/index.crates.io-6f17d22bba15001f/tokio-1.39.3/src/runtime/context/runtime.rs:65:16
[INFO] [stdout]   43:     0x5a82421b3721 - tokio::runtime::scheduler::current_thread::CurrentThread::block_on::h6323395a985bde05
[INFO] [stdout]                                at /opt/rustwide/cargo-home/registry/src/index.crates.io-6f17d22bba15001f/tokio-1.39.3/src/runtime/scheduler/current_thread/mod.rs:168:9
[INFO] [stdout]   44:     0x5a82421b34ad - tokio::runtime::runtime::Runtime::block_on_inner::h5484ea58d2d8249d
[INFO] [stdout]                                at /opt/rustwide/cargo-home/registry/src/index.crates.io-6f17d22bba15001f/tokio-1.39.3/src/runtime/runtime.rs:361:47
[INFO] [stdout]   45:     0x5a82421b35c5 - tokio::runtime::runtime::Runtime::block_on::h297b29a3dabb8827
[INFO] [stdout]                                at /opt/rustwide/cargo-home/registry/src/index.crates.io-6f17d22bba15001f/tokio-1.39.3/src/runtime/runtime.rs:335:13
[INFO] [stdout]   46:     0x5a82421cd335 - jina_sdk::embeddings::tests::test_embeddings::h3e737ab9300687f2
[INFO] [stdout]                                at /opt/rustwide/workdir/src/embeddings.rs:174:9
[INFO] [stdout]   47:     0x5a82421cd1d7 - jina_sdk::embeddings::tests::test_embeddings::{{closure}}::h0c6959bfc440ef09
[INFO] [stdout]                                at /opt/rustwide/workdir/src/embeddings.rs:125:31
[INFO] [stdout]   48:     0x5a82421baed6 - core::ops::function::FnOnce::call_once::h9592e42aa8d5487a
[INFO] [stdout]                                at /rustc/202008a1b8de96d2e5b6bc02d379db03a877d34d/library/core/src/ops/function.rs:250:5
[INFO] [stdout]   49:     0x5a82426119db - core::ops::function::FnOnce::call_once::h871bf86719ec9aa4
[INFO] [stdout]                                at /rustc/202008a1b8de96d2e5b6bc02d379db03a877d34d/library/core/src/ops/function.rs:250:5
[INFO] [stdout]   50:     0x5a82426119db - test::__rust_begin_short_backtrace::h2167df1e2b7d76fd
[INFO] [stdout]                                at /rustc/202008a1b8de96d2e5b6bc02d379db03a877d34d/library/test/src/lib.rs:632:18
[INFO] [stdout]   51:     0x5a82426113c8 - test::run_test_in_process::{{closure}}::h15d92f75a3adfb79
[INFO] [stdout]                                at /rustc/202008a1b8de96d2e5b6bc02d379db03a877d34d/library/test/src/lib.rs:655:60
[INFO] [stdout]   52:     0x5a82426113c8 - <core::panic::unwind_safe::AssertUnwindSafe<F> as core::ops::function::FnOnce<()>>::call_once::hb6c8955835a8dbbb
[INFO] [stdout]                                at /rustc/202008a1b8de96d2e5b6bc02d379db03a877d34d/library/core/src/panic/unwind_safe.rs:272:9
[INFO] [stdout]   53:     0x5a82426113c8 - std::panicking::try::do_call::hc79d0fc888a0bd30
[INFO] [stdout]                                at /rustc/202008a1b8de96d2e5b6bc02d379db03a877d34d/library/std/src/panicking.rs:557:40
[INFO] [stdout]   54:     0x5a82426113c8 - std::panicking::try::hb8a7878e3a8589d6
[INFO] [stdout]                                at /rustc/202008a1b8de96d2e5b6bc02d379db03a877d34d/library/std/src/panicking.rs:520:19
[INFO] [stdout]   55:     0x5a82426113c8 - std::panic::catch_unwind::hb8e4600ff0ff5cfa
[INFO] [stdout]                                at /rustc/202008a1b8de96d2e5b6bc02d379db03a877d34d/library/std/src/panic.rs:358:14
[INFO] [stdout]   56:     0x5a82426113c8 - test::run_test_in_process::hc2900b0b18688dd6
[INFO] [stdout]                                at /rustc/202008a1b8de96d2e5b6bc02d379db03a877d34d/library/test/src/lib.rs:655:27
[INFO] [stdout]   57:     0x5a82426113c8 - test::run_test::{{closure}}::hac2a9cb07be3d48d
[INFO] [stdout]                                at /rustc/202008a1b8de96d2e5b6bc02d379db03a877d34d/library/test/src/lib.rs:576:43
[INFO] [stdout]   58:     0x5a82425d4e6a - test::run_test::{{closure}}::h4a5b729e66a38cd8
[INFO] [stdout]                                at /rustc/202008a1b8de96d2e5b6bc02d379db03a877d34d/library/test/src/lib.rs:606:41
[INFO] [stdout]   59:     0x5a82425d4e6a - std::sys::backtrace::__rust_begin_short_backtrace::h0496fb742492f573
[INFO] [stdout]                                at /rustc/202008a1b8de96d2e5b6bc02d379db03a877d34d/library/std/src/sys/backtrace.rs:154:18
[INFO] [stdout]   60:     0x5a82425d87e4 - std::thread::Builder::spawn_unchecked_::{{closure}}::{{closure}}::hbb6d257c550a54bd
[INFO] [stdout]                                at /rustc/202008a1b8de96d2e5b6bc02d379db03a877d34d/library/std/src/thread/mod.rs:561:17
[INFO] [stdout]   61:     0x5a82425d87e4 - <core::panic::unwind_safe::AssertUnwindSafe<F> as core::ops::function::FnOnce<()>>::call_once::h46696fe4a6832328
[INFO] [stdout]                                at /rustc/202008a1b8de96d2e5b6bc02d379db03a877d34d/library/core/src/panic/unwind_safe.rs:272:9
[INFO] [stdout]   62:     0x5a82425d87e4 - std::panicking::try::do_call::h2625a51b667bfb64
[INFO] [stdout]                                at /rustc/202008a1b8de96d2e5b6bc02d379db03a877d34d/library/std/src/panicking.rs:557:40
[INFO] [stdout]   63:     0x5a82425d87e4 - std::panicking::try::hb956a59a1973aa4c
[INFO] [stdout]                                at /rustc/202008a1b8de96d2e5b6bc02d379db03a877d34d/library/std/src/panicking.rs:520:19
[INFO] [stdout]   64:     0x5a82425d87e4 - std::panic::catch_unwind::h64f3b9d1067ef6a0
[INFO] [stdout]                                at /rustc/202008a1b8de96d2e5b6bc02d379db03a877d34d/library/std/src/panic.rs:358:14
[INFO] [stdout]   65:     0x5a82425d87e4 - std::thread::Builder::spawn_unchecked_::{{closure}}::h42b2841295b6c0b2
[INFO] [stdout]                                at /rustc/202008a1b8de96d2e5b6bc02d379db03a877d34d/library/std/src/thread/mod.rs:559:30
[INFO] [stdout]   66:     0x5a82425d87e4 - core::ops::function::FnOnce::call_once{{vtable.shim}}::h6127de71b8124639
[INFO] [stdout]                                at /rustc/202008a1b8de96d2e5b6bc02d379db03a877d34d/library/core/src/ops/function.rs:250:5
[INFO] [stdout]   67:     0x5a8242a4cfdb - <alloc::boxed::Box<F,A> as core::ops::function::FnOnce<Args>>::call_once::h42f0ba71002a1b2c
[INFO] [stdout]                                at /rustc/202008a1b8de96d2e5b6bc02d379db03a877d34d/library/alloc/src/boxed.rs:1972:9
[INFO] [stdout]   68:     0x5a8242a4cfdb - <alloc::boxed::Box<F,A> as core::ops::function::FnOnce<Args>>::call_once::had9e47d7a3dcecb8
[INFO] [stdout]                                at /rustc/202008a1b8de96d2e5b6bc02d379db03a877d34d/library/alloc/src/boxed.rs:1972:9
[INFO] [stdout]   69:     0x5a8242a4cfdb - std::sys::pal::unix::thread::Thread::new::thread_start::h48cf765408f6f5f2
[INFO] [stdout]                                at /rustc/202008a1b8de96d2e5b6bc02d379db03a877d34d/library/std/src/sys/pal/unix/thread.rs:105:17
[INFO] [stdout]   70:     0x76ccce891ac3 - <unknown>
[INFO] [stdout]   71:     0x76ccce922a04 - clone
[INFO] [stdout]   72:                0x0 - <unknown>
[INFO] [stdout] 
[INFO] [stdout] 
[INFO] [stdout] failures:
[INFO] [stdout]     embeddings::tests::test_embeddings
[INFO] [stdout]     rerank::tests::test_rerank
[INFO] [stdout] 
[INFO] [stdout] test result: FAILED. 0 passed; 2 failed; 0 ignored; 0 measured; 0 filtered out; finished in 0.13s
[INFO] [stdout] 
[INFO] [stderr] error: test failed, to rerun pass `--lib`
[INFO] running `Command { std: "docker" "inspect" "bd2cf791c5a96629de9ff42dc4f8ba9b37c4dbe1b2f38560eb52a8b215a2758a", kill_on_drop: false }`
[INFO] running `Command { std: "docker" "rm" "-f" "bd2cf791c5a96629de9ff42dc4f8ba9b37c4dbe1b2f38560eb52a8b215a2758a", kill_on_drop: false }`
[INFO] [stdout] bd2cf791c5a96629de9ff42dc4f8ba9b37c4dbe1b2f38560eb52a8b215a2758a
