[INFO] cloning repository https://github.com/falOn-Dev/rusty_units
[INFO] running `Command { std: "git" "-c" "credential.helper=" "-c" "credential.helper=/workspace/cargo-home/bin/git-credential-null" "clone" "--bare" "https://github.com/falOn-Dev/rusty_units" "/workspace/cache/git-repos/https%3A%2F%2Fgithub.com%2FfalOn-Dev%2Frusty_units", kill_on_drop: false }`
[INFO] [stderr] Cloning into bare repository '/workspace/cache/git-repos/https%3A%2F%2Fgithub.com%2FfalOn-Dev%2Frusty_units'...
[INFO] running `Command { std: "git" "rev-parse" "HEAD", kill_on_drop: false }`
[INFO] [stdout] fffbfbcffd76f6374863cb77b3dbb8f512dec4c1
[INFO] testing falOn-Dev/rusty_units against 1.83.0 for beta-1.84.0-4-retry
[INFO] running `Command { std: "git" "clone" "/workspace/cache/git-repos/https%3A%2F%2Fgithub.com%2FfalOn-Dev%2Frusty_units" "/workspace/builds/worker-0-tc1/source", kill_on_drop: false }`
[INFO] [stderr] Cloning into '/workspace/builds/worker-0-tc1/source'...
[INFO] [stderr] done.
[INFO] validating manifest of git repo https://github.com/falOn-Dev/rusty_units on toolchain 1.83.0
[INFO] running `Command { std: CARGO_HOME="/workspace/cargo-home" RUSTUP_HOME="/workspace/rustup-home" "/workspace/cargo-home/bin/cargo" "+1.83.0" "metadata" "--manifest-path" "Cargo.toml" "--no-deps", kill_on_drop: false }`
[INFO] started tweaking git repo https://github.com/falOn-Dev/rusty_units
[INFO] finished tweaking git repo https://github.com/falOn-Dev/rusty_units
[INFO] tweaked toml for git repo https://github.com/falOn-Dev/rusty_units written to /workspace/builds/worker-0-tc1/source/Cargo.toml
[INFO] crate git repo https://github.com/falOn-Dev/rusty_units already has a lockfile, it will not be regenerated
[INFO] running `Command { std: CARGO_HOME="/workspace/cargo-home" RUSTUP_HOME="/workspace/rustup-home" "/workspace/cargo-home/bin/cargo" "+1.83.0" "fetch" "--manifest-path" "Cargo.toml", kill_on_drop: false }`
[INFO] running `Command { std: "docker" "create" "-v" "/var/lib/crater-agent-workspace/builds/worker-0-tc1/target:/opt/rustwide/target:rw,Z" "-v" "/var/lib/crater-agent-workspace/builds/worker-0-tc1/source:/opt/rustwide/workdir:ro,Z" "-v" "/var/lib/crater-agent-workspace/cargo-home:/opt/rustwide/cargo-home:ro,Z" "-v" "/var/lib/crater-agent-workspace/rustup-home:/opt/rustwide/rustup-home:ro,Z" "-e" "SOURCE_DIR=/opt/rustwide/workdir" "-e" "CARGO_TARGET_DIR=/opt/rustwide/target" "-e" "CARGO_HOME=/opt/rustwide/cargo-home" "-e" "RUSTUP_HOME=/opt/rustwide/rustup-home" "-w" "/opt/rustwide/workdir" "-m" "1610612736" "--user" "0:0" "--network" "none" "ghcr.io/rust-lang/crates-build-env/linux@sha256:f3a9d4ad9d972b27faf3965f35b62e55ba32bbce8f20bc8fe909558a86702fde" "/opt/rustwide/cargo-home/bin/cargo" "+1.83.0" "metadata" "--no-deps" "--format-version=1", kill_on_drop: false }`
[INFO] [stdout] 3346d441cafdb6b41d44bdff09c8bf2ccb448a912e7500b9d0f085a034bc4298
[INFO] running `Command { std: "docker" "start" "-a" "3346d441cafdb6b41d44bdff09c8bf2ccb448a912e7500b9d0f085a034bc4298", kill_on_drop: false }`
[INFO] running `Command { std: "docker" "inspect" "3346d441cafdb6b41d44bdff09c8bf2ccb448a912e7500b9d0f085a034bc4298", kill_on_drop: false }`
[INFO] running `Command { std: "docker" "rm" "-f" "3346d441cafdb6b41d44bdff09c8bf2ccb448a912e7500b9d0f085a034bc4298", kill_on_drop: false }`
[INFO] [stdout] 3346d441cafdb6b41d44bdff09c8bf2ccb448a912e7500b9d0f085a034bc4298
[INFO] running `Command { std: "docker" "create" "-v" "/var/lib/crater-agent-workspace/builds/worker-0-tc1/target:/opt/rustwide/target:rw,Z" "-v" "/var/lib/crater-agent-workspace/builds/worker-0-tc1/source:/opt/rustwide/workdir:ro,Z" "-v" "/var/lib/crater-agent-workspace/cargo-home:/opt/rustwide/cargo-home:ro,Z" "-v" "/var/lib/crater-agent-workspace/rustup-home:/opt/rustwide/rustup-home:ro,Z" "-e" "SOURCE_DIR=/opt/rustwide/workdir" "-e" "CARGO_TARGET_DIR=/opt/rustwide/target" "-e" "CARGO_INCREMENTAL=0" "-e" "RUST_BACKTRACE=full" "-e" "RUSTFLAGS=--cap-lints=warn" "-e" "RUSTDOCFLAGS=--cap-lints=warn" "-e" "CARGO_HOME=/opt/rustwide/cargo-home" "-e" "RUSTUP_HOME=/opt/rustwide/rustup-home" "-w" "/opt/rustwide/workdir" "-m" "1610612736" "--user" "0:0" "--network" "none" "ghcr.io/rust-lang/crates-build-env/linux@sha256:f3a9d4ad9d972b27faf3965f35b62e55ba32bbce8f20bc8fe909558a86702fde" "/opt/rustwide/cargo-home/bin/cargo" "+1.83.0" "build" "--frozen" "--message-format=json", kill_on_drop: false }`
[INFO] [stdout] 55b54e61eaa5a64f04b939d06f9f7056b68fe0413d0322df1169377e5fbb397f
[INFO] running `Command { std: "docker" "start" "-a" "55b54e61eaa5a64f04b939d06f9f7056b68fe0413d0322df1169377e5fbb397f", kill_on_drop: false }`
[INFO] [stderr]    Compiling paste v1.0.15
[INFO] [stderr]    Compiling rusty_units v0.1.0 (/opt/rustwide/workdir)
[INFO] [stderr]     Finished `dev` profile [unoptimized + debuginfo] target(s) in 1.39s
[INFO] running `Command { std: "docker" "inspect" "55b54e61eaa5a64f04b939d06f9f7056b68fe0413d0322df1169377e5fbb397f", kill_on_drop: false }`
[INFO] running `Command { std: "docker" "rm" "-f" "55b54e61eaa5a64f04b939d06f9f7056b68fe0413d0322df1169377e5fbb397f", kill_on_drop: false }`
[INFO] [stdout] 55b54e61eaa5a64f04b939d06f9f7056b68fe0413d0322df1169377e5fbb397f
[INFO] running `Command { std: "docker" "create" "-v" "/var/lib/crater-agent-workspace/builds/worker-0-tc1/target:/opt/rustwide/target:rw,Z" "-v" "/var/lib/crater-agent-workspace/builds/worker-0-tc1/source:/opt/rustwide/workdir:ro,Z" "-v" "/var/lib/crater-agent-workspace/cargo-home:/opt/rustwide/cargo-home:ro,Z" "-v" "/var/lib/crater-agent-workspace/rustup-home:/opt/rustwide/rustup-home:ro,Z" "-e" "SOURCE_DIR=/opt/rustwide/workdir" "-e" "CARGO_TARGET_DIR=/opt/rustwide/target" "-e" "CARGO_INCREMENTAL=0" "-e" "RUST_BACKTRACE=full" "-e" "RUSTFLAGS=--cap-lints=warn" "-e" "RUSTDOCFLAGS=--cap-lints=warn" "-e" "CARGO_HOME=/opt/rustwide/cargo-home" "-e" "RUSTUP_HOME=/opt/rustwide/rustup-home" "-w" "/opt/rustwide/workdir" "-m" "1610612736" "--user" "0:0" "--network" "none" "ghcr.io/rust-lang/crates-build-env/linux@sha256:f3a9d4ad9d972b27faf3965f35b62e55ba32bbce8f20bc8fe909558a86702fde" "/opt/rustwide/cargo-home/bin/cargo" "+1.83.0" "test" "--frozen" "--no-run" "--message-format=json", kill_on_drop: false }`
[INFO] [stdout] 331b04fcc28d386842f70ce19e02e5254a6249672a4bbc22d8d43938f695b0ad
[INFO] running `Command { std: "docker" "start" "-a" "331b04fcc28d386842f70ce19e02e5254a6249672a4bbc22d8d43938f695b0ad", kill_on_drop: false }`
[INFO] [stderr]    Compiling rusty_units v0.1.0 (/opt/rustwide/workdir)
[INFO] [stderr]     Finished `test` profile [unoptimized + debuginfo] target(s) in 0.51s
[INFO] running `Command { std: "docker" "inspect" "331b04fcc28d386842f70ce19e02e5254a6249672a4bbc22d8d43938f695b0ad", kill_on_drop: false }`
[INFO] running `Command { std: "docker" "rm" "-f" "331b04fcc28d386842f70ce19e02e5254a6249672a4bbc22d8d43938f695b0ad", kill_on_drop: false }`
[INFO] [stdout] 331b04fcc28d386842f70ce19e02e5254a6249672a4bbc22d8d43938f695b0ad
[INFO] running `Command { std: "docker" "create" "-v" "/var/lib/crater-agent-workspace/builds/worker-0-tc1/target:/opt/rustwide/target:rw,Z" "-v" "/var/lib/crater-agent-workspace/builds/worker-0-tc1/source:/opt/rustwide/workdir:ro,Z" "-v" "/var/lib/crater-agent-workspace/cargo-home:/opt/rustwide/cargo-home:ro,Z" "-v" "/var/lib/crater-agent-workspace/rustup-home:/opt/rustwide/rustup-home:ro,Z" "-e" "SOURCE_DIR=/opt/rustwide/workdir" "-e" "CARGO_TARGET_DIR=/opt/rustwide/target" "-e" "CARGO_INCREMENTAL=0" "-e" "RUST_BACKTRACE=full" "-e" "RUSTFLAGS=--cap-lints=warn" "-e" "RUSTDOCFLAGS=--cap-lints=warn" "-e" "CARGO_HOME=/opt/rustwide/cargo-home" "-e" "RUSTUP_HOME=/opt/rustwide/rustup-home" "-w" "/opt/rustwide/workdir" "-m" "1610612736" "--user" "0:0" "--network" "none" "ghcr.io/rust-lang/crates-build-env/linux@sha256:f3a9d4ad9d972b27faf3965f35b62e55ba32bbce8f20bc8fe909558a86702fde" "/opt/rustwide/cargo-home/bin/cargo" "+1.83.0" "test" "--frozen", kill_on_drop: false }`
[INFO] [stdout] 6c8a595eddf2cfef16f054a68e820fb0212fd44ccdfe5bf9dd4401122e07ce97
[INFO] running `Command { std: "docker" "start" "-a" "6c8a595eddf2cfef16f054a68e820fb0212fd44ccdfe5bf9dd4401122e07ce97", kill_on_drop: false }`
[INFO] [stderr]     Finished `test` profile [unoptimized + debuginfo] target(s) in 0.01s
[INFO] [stderr]      Running unittests src/lib.rs (/opt/rustwide/target/debug/deps/rusty_units-8719a631e92388df)
[INFO] [stdout] 
[INFO] [stdout] running 21 tests
[INFO] [stdout] test units::tests::test_angular_velocity_conversion ... ok
[INFO] [stdout] test units::tests::test_angular_velocity_from_angle_and_time ... ok
[INFO] [stdout] test units::tests::test_current_conversion ... ok
[INFO] [stdout] test units::tests::test_angle_conversion ... ok
[INFO] [stdout] test units::tests::test_current_from_power_and_electric_potential ... ok
[INFO] [stdout] test units::tests::test_electric_potential_from_power_and_current ... ok
[INFO] [stdout] test units::tests::test_electric_potential_conversion ... ok
[INFO] [stdout] test units::tests::test_energy_conversion ... ok
[INFO] [stdout] test units::tests::test_force_conversion ... ok
[INFO] [stdout] test units::tests::test_distance_conversion ... ok
[INFO] [stdout] test units::tests::test_linear_velocity_conversion ... ok
[INFO] [stdout] test units::tests::test_linear_velocity_from_distance_and_time ... ok
[INFO] [stdout] test units::tests::test_mass_conversion ... ok
[INFO] [stdout] test units::tests::test_power_from_energy_and_time ... ok
[INFO] [stdout] test units::tests::test_pressure_conversion ... ok
[INFO] [stdout] test units::tests::test_temperature_conversion ... ok
[INFO] [stdout] test units::tests::test_time_conversion ... ok
[INFO] [stdout] test units::tests::test_torque_conversion ... ok
[INFO] [stdout] test units::tests::test_torque_from_force_and_distance ... ok
[INFO] [stdout] test units::tests::test_power_from_electric_potential_and_current ... ok
[INFO] [stdout] test units::tests::test_power_conversion ... ok
[INFO] [stdout] 
[INFO] [stdout] test result: ok. 21 passed; 0 failed; 0 ignored; 0 measured; 0 filtered out; finished in 0.01s
[INFO] [stdout] 
[INFO] [stderr]    Doc-tests rusty_units
[INFO] [stdout] 
[INFO] [stdout] running 9 tests
[INFO] [stdout] test src/utilities.rs - utilities (line 11) ... FAILED
[INFO] [stdout] test src/utilities.rs - utilities (line 47) ... FAILED
[INFO] [stdout] test src/utilities.rs - utilities::create_operations (line 98) ... FAILED
[INFO] [stdout] test src/utilities.rs - utilities::create_unit (line 235) ... FAILED
[INFO] [stdout] test src/utilities.rs - utilities (line 23) ... FAILED
[INFO] [stdout] test src/utilities.rs - utilities (line 60) ... FAILED
[INFO] [stdout] test src/utilities.rs - utilities::create_unit_operations (line 184) ... FAILED
[INFO] [stdout] test src/utilities.rs - utilities (line 35) ... FAILED
[INFO] [stdout] test src/dimension.rs - dimension::Dimension (line 8) ... ok
[INFO] [stdout] 
[INFO] [stdout] failures:
[INFO] [stdout] 
[INFO] [stdout] ---- src/utilities.rs - utilities (line 11) stdout ----
[INFO] [stdout] error: cannot find macro `create_converters` in this scope
[INFO] [stdout]  --> src/utilities.rs:12:1
[INFO] [stdout]   |
[INFO] [stdout] 3 | create_converters!(Length, meter => 1.0, kilometer => 1000.0);
[INFO] [stdout]   | ^^^^^^^^^^^^^^^^^
[INFO] [stdout]   |
[INFO] [stdout] help: consider importing this macro
[INFO] [stdout]   |
[INFO] [stdout] 2 + use rusty_units::create_converters;
[INFO] [stdout]   |
[INFO] [stdout] 
[INFO] [stdout] error: aborting due to 1 previous error
[INFO] [stdout] 
[INFO] [stdout] Couldn't compile the test.
[INFO] [stdout] ---- src/utilities.rs - utilities (line 47) stdout ----
[INFO] [stdout] error: cannot find macro `create_unit_operations` in this scope
[INFO] [stdout]  --> src/utilities.rs:49:1
[INFO] [stdout]   |
[INFO] [stdout] 4 | create_unit_operations!(Length / Time => Speed);
[INFO] [stdout]   | ^^^^^^^^^^^^^^^^^^^^^^
[INFO] [stdout]   |
[INFO] [stdout] help: consider importing this macro
[INFO] [stdout]   |
[INFO] [stdout] 2 + use rusty_units::create_unit_operations;
[INFO] [stdout]   |
[INFO] [stdout] 
[INFO] [stdout] error: cannot find macro `create_unit_operations` in this scope
[INFO] [stdout]  --> src/utilities.rs:48:1
[INFO] [stdout]   |
[INFO] [stdout] 3 | create_unit_operations!(Length * Time => Speed);
[INFO] [stdout]   | ^^^^^^^^^^^^^^^^^^^^^^
[INFO] [stdout]   |
[INFO] [stdout] help: consider importing this macro
[INFO] [stdout]   |
[INFO] [stdout] 2 + use rusty_units::create_unit_operations;
[INFO] [stdout]   |
[INFO] [stdout] 
[INFO] [stdout] error: aborting due to 2 previous errors
[INFO] [stdout] 
[INFO] [stdout] Couldn't compile the test.
[INFO] [stdout] ---- src/utilities.rs - utilities::create_operations (line 98) stdout ----
[INFO] [stdout] error: cannot find macro `create_operations` in this scope
[INFO] [stdout]  --> src/utilities.rs:101:1
[INFO] [stdout]   |
[INFO] [stdout] 5 | create_operations!(MyStruct);
[INFO] [stdout]   | ^^^^^^^^^^^^^^^^^
[INFO] [stdout]   |
[INFO] [stdout] help: consider importing this macro
[INFO] [stdout]   |
[INFO] [stdout] 2 + use rusty_units::create_operations;
[INFO] [stdout]   |
[INFO] [stdout] 
[INFO] [stdout] error[E0369]: cannot add `MyStruct` to `MyStruct`
[INFO] [stdout]  --> src/utilities.rs:105:11
[INFO] [stdout]   |
[INFO] [stdout] 9 | let c = a + b; // MyStruct(3.0)
[INFO] [stdout]   |         - ^ - MyStruct
[INFO] [stdout]   |         |
[INFO] [stdout]   |         MyStruct
[INFO] [stdout]   |
[INFO] [stdout] note: an implementation of `Add` might be missing for `MyStruct`
[INFO] [stdout]  --> src/utilities.rs:99:1
[INFO] [stdout]   |
[INFO] [stdout] 3 | struct MyStruct(f64);
[INFO] [stdout]   | ^^^^^^^^^^^^^^^ must implement `Add`
[INFO] [stdout] note: the trait `Add` must be implemented
[INFO] [stdout]  --> /rustc/90b35a6239c3d8bdabc530a6a0816f7ff89a0aaf/library/core/src/ops/arith.rs:76:1
[INFO] [stdout] 
[INFO] [stdout] error: aborting due to 2 previous errors
[INFO] [stdout] 
[INFO] [stdout] For more information about this error, try `rustc --explain E0369`.
[INFO] [stdout] Couldn't compile the test.
[INFO] [stdout] ---- src/utilities.rs - utilities::create_unit (line 235) stdout ----
[INFO] [stdout] error: cannot find macro `create_unit` in this scope
[INFO] [stdout]  --> src/utilities.rs:236:1
[INFO] [stdout]   |
[INFO] [stdout] 3 | create_unit!(Length, meter => 1.0, kilometer => 1000.0);
[INFO] [stdout]   | ^^^^^^^^^^^
[INFO] [stdout]   |
[INFO] [stdout] help: consider importing this macro
[INFO] [stdout]   |
[INFO] [stdout] 2 + use rusty_units::create_unit;
[INFO] [stdout]   |
[INFO] [stdout] 
[INFO] [stdout] error: aborting due to 1 previous error
[INFO] [stdout] 
[INFO] [stdout] Couldn't compile the test.
[INFO] [stdout] ---- src/utilities.rs - utilities (line 23) stdout ----
[INFO] [stdout] error: cannot find macro `create_operations` in this scope
[INFO] [stdout]  --> src/utilities.rs:24:1
[INFO] [stdout]   |
[INFO] [stdout] 3 | create_operations!(Length);
[INFO] [stdout]   | ^^^^^^^^^^^^^^^^^
[INFO] [stdout]   |
[INFO] [stdout] help: consider importing this macro
[INFO] [stdout]   |
[INFO] [stdout] 2 + use rusty_units::create_operations;
[INFO] [stdout]   |
[INFO] [stdout] 
[INFO] [stdout] error: aborting due to 1 previous error
[INFO] [stdout] 
[INFO] [stdout] Couldn't compile the test.
[INFO] [stdout] ---- src/utilities.rs - utilities (line 60) stdout ----
[INFO] [stdout] error: cannot find macro `create_unit` in this scope
[INFO] [stdout]  --> src/utilities.rs:61:1
[INFO] [stdout]   |
[INFO] [stdout] 3 | create_unit!(Length, meter => 1.0, kilometer => 1000.0);
[INFO] [stdout]   | ^^^^^^^^^^^
[INFO] [stdout]   |
[INFO] [stdout] help: consider importing this macro
[INFO] [stdout]   |
[INFO] [stdout] 2 + use rusty_units::create_unit;
[INFO] [stdout]   |
[INFO] [stdout] 
[INFO] [stdout] error: aborting due to 1 previous error
[INFO] [stdout] 
[INFO] [stdout] Couldn't compile the test.
[INFO] [stdout] ---- src/utilities.rs - utilities::create_unit_operations (line 184) stdout ----
[INFO] [stdout] error: cannot find macro `create_unit_operations` in this scope
[INFO] [stdout]  --> src/utilities.rs:189:1
[INFO] [stdout]   |
[INFO] [stdout] 7 | create_unit_operations!(Length / Time => Speed);
[INFO] [stdout]   | ^^^^^^^^^^^^^^^^^^^^^^
[INFO] [stdout]   |
[INFO] [stdout] help: consider importing this macro
[INFO] [stdout]   |
[INFO] [stdout] 2 + use rusty_units::create_unit_operations;
[INFO] [stdout]   |
[INFO] [stdout] 
[INFO] [stdout] error[E0369]: cannot divide `Length` by `Time`
[INFO] [stdout]   --> src/utilities.rs:193:20
[INFO] [stdout]    |
[INFO] [stdout] 11 | let speed = length / time; // Speed(10.0)
[INFO] [stdout]    |             ------ ^ ---- Time
[INFO] [stdout]    |             |
[INFO] [stdout]    |             Length
[INFO] [stdout]    |
[INFO] [stdout] note: an implementation of `Div<Time>` might be missing for `Length`
[INFO] [stdout]   --> src/utilities.rs:185:1
[INFO] [stdout]    |
[INFO] [stdout] 3  | struct Length(f64);
[INFO] [stdout]    | ^^^^^^^^^^^^^ must implement `Div<Time>`
[INFO] [stdout] note: the trait `Div` must be implemented
[INFO] [stdout]   --> /rustc/90b35a6239c3d8bdabc530a6a0816f7ff89a0aaf/library/core/src/ops/arith.rs:449:1
[INFO] [stdout] 
[INFO] [stdout] error: aborting due to 2 previous errors
[INFO] [stdout] 
[INFO] [stdout] For more information about this error, try `rustc --explain E0369`.
[INFO] [stdout] Couldn't compile the test.
[INFO] [stdout] ---- src/utilities.rs - utilities (line 35) stdout ----
[INFO] [stdout] error: cannot find macro `create_dimension` in this scope
[INFO] [stdout]  --> src/utilities.rs:36:1
[INFO] [stdout]   |
[INFO] [stdout] 3 | create_dimension!(Length);
[INFO] [stdout]   | ^^^^^^^^^^^^^^^^
[INFO] [stdout]   |
[INFO] [stdout] help: consider importing this macro
[INFO] [stdout]   |
[INFO] [stdout] 2 + use rusty_units::create_dimension;
[INFO] [stdout]   |
[INFO] [stdout] 
[INFO] [stdout] error: aborting due to 1 previous error
[INFO] [stdout] 
[INFO] [stdout] Couldn't compile the test.
[INFO] [stdout] 
[INFO] [stdout] failures:
[INFO] [stdout]     src/utilities.rs - utilities (line 11)
[INFO] [stdout]     src/utilities.rs - utilities (line 23)
[INFO] [stdout]     src/utilities.rs - utilities (line 35)
[INFO] [stdout]     src/utilities.rs - utilities (line 47)
[INFO] [stdout]     src/utilities.rs - utilities (line 60)
[INFO] [stdout]     src/utilities.rs - utilities::create_operations (line 98)
[INFO] [stdout]     src/utilities.rs - utilities::create_unit (line 235)
[INFO] [stdout]     src/utilities.rs - utilities::create_unit_operations (line 184)
[INFO] [stdout] 
[INFO] [stdout] test result: FAILED. 1 passed; 8 failed; 0 ignored; 0 measured; 0 filtered out; finished in 0.43s
[INFO] [stdout] 
[INFO] [stderr] error: doctest failed, to rerun pass `--doc`
[INFO] running `Command { std: "docker" "inspect" "6c8a595eddf2cfef16f054a68e820fb0212fd44ccdfe5bf9dd4401122e07ce97", kill_on_drop: false }`
[INFO] running `Command { std: "docker" "rm" "-f" "6c8a595eddf2cfef16f054a68e820fb0212fd44ccdfe5bf9dd4401122e07ce97", kill_on_drop: false }`
[INFO] [stdout] 6c8a595eddf2cfef16f054a68e820fb0212fd44ccdfe5bf9dd4401122e07ce97
