[INFO] cloning repository https://github.com/fabrlyn/b2x
[INFO] running `Command { std: "git" "-c" "credential.helper=" "-c" "credential.helper=/workspace/cargo-home/bin/git-credential-null" "clone" "--bare" "https://github.com/fabrlyn/b2x" "/workspace/cache/git-repos/https%3A%2F%2Fgithub.com%2Ffabrlyn%2Fb2x", kill_on_drop: false }`
[INFO] [stderr] Cloning into bare repository '/workspace/cache/git-repos/https%3A%2F%2Fgithub.com%2Ffabrlyn%2Fb2x'...
[INFO] running `Command { std: "git" "rev-parse" "HEAD", kill_on_drop: false }`
[INFO] [stdout] bae02c986faaa8c3ec762c4c9dcef3ce7a3f55b1
[INFO] testing fabrlyn/b2x against 1.83.0 for beta-1.84.0-4-retry
[INFO] running `Command { std: "git" "clone" "/workspace/cache/git-repos/https%3A%2F%2Fgithub.com%2Ffabrlyn%2Fb2x" "/workspace/builds/worker-4-tc1/source", kill_on_drop: false }`
[INFO] [stderr] Cloning into '/workspace/builds/worker-4-tc1/source'...
[INFO] [stderr] done.
[INFO] validating manifest of git repo https://github.com/fabrlyn/b2x on toolchain 1.83.0
[INFO] running `Command { std: CARGO_HOME="/workspace/cargo-home" RUSTUP_HOME="/workspace/rustup-home" "/workspace/cargo-home/bin/cargo" "+1.83.0" "metadata" "--manifest-path" "Cargo.toml" "--no-deps", kill_on_drop: false }`
[INFO] started tweaking git repo https://github.com/fabrlyn/b2x
[INFO] finished tweaking git repo https://github.com/fabrlyn/b2x
[INFO] tweaked toml for git repo https://github.com/fabrlyn/b2x written to /workspace/builds/worker-4-tc1/source/Cargo.toml
[INFO] crate git repo https://github.com/fabrlyn/b2x already has a lockfile, it will not be regenerated
[INFO] running `Command { std: CARGO_HOME="/workspace/cargo-home" RUSTUP_HOME="/workspace/rustup-home" "/workspace/cargo-home/bin/cargo" "+1.83.0" "fetch" "--manifest-path" "Cargo.toml", kill_on_drop: false }`
[INFO] [stderr]     Updating crates.io index
[INFO] [stderr]  Downloading crates ...
[INFO] [stderr]   Downloaded dirs v1.0.5
[INFO] [stderr]   Downloaded crossbeam-utils v0.8.5
[INFO] [stderr]   Downloaded prettytable-rs v0.8.0
[INFO] [stderr]   Downloaded os_str_bytes v3.1.0
[INFO] [stderr]   Downloaded proc-macro2 v1.0.28
[INFO] [stderr]   Downloaded clap_derive v3.0.0-beta.4
[INFO] [stderr]   Downloaded serde v1.0.127
[INFO] [stderr]   Downloaded memchr v2.4.0
[INFO] [stderr]   Downloaded term v0.5.2
[INFO] [stderr]   Downloaded clap v3.0.0-beta.4
[INFO] [stderr]   Downloaded csv-core v0.1.10
[INFO] [stderr]   Downloaded syn v1.0.74
[INFO] [stderr]   Downloaded bstr v0.2.16
[INFO] [stderr]   Downloaded libc v0.2.99
[INFO] [stderr]   Downloaded csv v1.1.6
[INFO] running `Command { std: "docker" "create" "-v" "/var/lib/crater-agent-workspace/builds/worker-4-tc1/target:/opt/rustwide/target:rw,Z" "-v" "/var/lib/crater-agent-workspace/builds/worker-4-tc1/source:/opt/rustwide/workdir:ro,Z" "-v" "/var/lib/crater-agent-workspace/cargo-home:/opt/rustwide/cargo-home:ro,Z" "-v" "/var/lib/crater-agent-workspace/rustup-home:/opt/rustwide/rustup-home:ro,Z" "-e" "SOURCE_DIR=/opt/rustwide/workdir" "-e" "CARGO_TARGET_DIR=/opt/rustwide/target" "-e" "CARGO_HOME=/opt/rustwide/cargo-home" "-e" "RUSTUP_HOME=/opt/rustwide/rustup-home" "-w" "/opt/rustwide/workdir" "-m" "1610612736" "--user" "0:0" "--network" "none" "ghcr.io/rust-lang/crates-build-env/linux@sha256:f3a9d4ad9d972b27faf3965f35b62e55ba32bbce8f20bc8fe909558a86702fde" "/opt/rustwide/cargo-home/bin/cargo" "+1.83.0" "metadata" "--no-deps" "--format-version=1", kill_on_drop: false }`
[INFO] [stdout] 16092f279b320b2bb13367d0162dcbc203ae823a65e24691fd7aa4916061a1d8
[INFO] running `Command { std: "docker" "start" "-a" "16092f279b320b2bb13367d0162dcbc203ae823a65e24691fd7aa4916061a1d8", kill_on_drop: false }`
[INFO] running `Command { std: "docker" "inspect" "16092f279b320b2bb13367d0162dcbc203ae823a65e24691fd7aa4916061a1d8", kill_on_drop: false }`
[INFO] running `Command { std: "docker" "rm" "-f" "16092f279b320b2bb13367d0162dcbc203ae823a65e24691fd7aa4916061a1d8", kill_on_drop: false }`
[INFO] [stdout] 16092f279b320b2bb13367d0162dcbc203ae823a65e24691fd7aa4916061a1d8
[INFO] running `Command { std: "docker" "create" "-v" "/var/lib/crater-agent-workspace/builds/worker-4-tc1/target:/opt/rustwide/target:rw,Z" "-v" "/var/lib/crater-agent-workspace/builds/worker-4-tc1/source:/opt/rustwide/workdir:ro,Z" "-v" "/var/lib/crater-agent-workspace/cargo-home:/opt/rustwide/cargo-home:ro,Z" "-v" "/var/lib/crater-agent-workspace/rustup-home:/opt/rustwide/rustup-home:ro,Z" "-e" "SOURCE_DIR=/opt/rustwide/workdir" "-e" "CARGO_TARGET_DIR=/opt/rustwide/target" "-e" "CARGO_INCREMENTAL=0" "-e" "RUST_BACKTRACE=full" "-e" "RUSTFLAGS=--cap-lints=warn" "-e" "RUSTDOCFLAGS=--cap-lints=warn" "-e" "CARGO_HOME=/opt/rustwide/cargo-home" "-e" "RUSTUP_HOME=/opt/rustwide/rustup-home" "-w" "/opt/rustwide/workdir" "-m" "1610612736" "--user" "0:0" "--network" "none" "ghcr.io/rust-lang/crates-build-env/linux@sha256:f3a9d4ad9d972b27faf3965f35b62e55ba32bbce8f20bc8fe909558a86702fde" "/opt/rustwide/cargo-home/bin/cargo" "+1.83.0" "build" "--frozen" "--message-format=json", kill_on_drop: false }`
[INFO] [stdout] 71a3b3050f2b882352a86bcffc86eeeb02b69c9c751dbd0db3d56ad7df291d14
[INFO] running `Command { std: "docker" "start" "-a" "71a3b3050f2b882352a86bcffc86eeeb02b69c9c751dbd0db3d56ad7df291d14", kill_on_drop: false }`
[INFO] [stderr]    Compiling proc-macro2 v1.0.28
[INFO] [stderr]    Compiling version_check v0.9.3
[INFO] [stderr]    Compiling libc v0.2.99
[INFO] [stderr]    Compiling unicode-xid v0.2.2
[INFO] [stderr]    Compiling memchr v2.4.0
[INFO] [stderr]    Compiling serde v1.0.127
[INFO] [stderr]    Compiling syn v1.0.74
[INFO] [stderr]    Compiling lazy_static v1.4.0
[INFO] [stderr]    Compiling autocfg v1.0.1
[INFO] [stderr]    Compiling ryu v1.0.5
[INFO] [stderr]    Compiling regex-automata v0.1.10
[INFO] [stderr]    Compiling unicode-width v0.1.8
[INFO] [stderr]    Compiling unicode-segmentation v1.8.0
[INFO] [stderr]    Compiling byteorder v1.4.3
[INFO] [stderr]    Compiling itoa v0.4.7
[INFO] [stderr]    Compiling hashbrown v0.11.2
[INFO] [stderr]    Compiling textwrap v0.14.2
[INFO] [stderr]    Compiling strsim v0.10.0
[INFO] [stderr]    Compiling termcolor v1.1.2
[INFO] [stderr]    Compiling bitflags v1.3.2
[INFO] [stderr]    Compiling vec_map v0.8.2
[INFO] [stderr]    Compiling proc-macro-error-attr v1.0.4
[INFO] [stderr]    Compiling proc-macro-error v1.0.4
[INFO] [stderr]    Compiling encode_unicode v0.3.6
[INFO] [stderr]    Compiling os_str_bytes v3.1.0
[INFO] [stderr]    Compiling indexmap v1.7.0
[INFO] [stderr]    Compiling heck v0.3.3
[INFO] [stderr]    Compiling csv-core v0.1.10
[INFO] [stderr]    Compiling quote v1.0.9
[INFO] [stderr]    Compiling atty v0.2.14
[INFO] [stderr]    Compiling dirs v1.0.5
[INFO] [stderr]    Compiling term v0.5.2
[INFO] [stderr]    Compiling bstr v0.2.16
[INFO] [stderr]    Compiling csv v1.1.6
[INFO] [stderr]    Compiling clap_derive v3.0.0-beta.4
[INFO] [stderr]    Compiling prettytable-rs v0.8.0
[INFO] [stderr]    Compiling clap v3.0.0-beta.4
[INFO] [stderr]    Compiling b2x v0.1.0 (/opt/rustwide/workdir)
[INFO] [stdout] warning: method `big_endian` is never used
[INFO] [stdout]   --> src/bit_group/mod.rs:11:12
[INFO] [stdout]    |
[INFO] [stdout] 10 | impl<'a, O> DecimalConverter<'a, O, LittleEndian> {
[INFO] [stdout]    | ------------------------------------------------- method in this implementation
[INFO] [stdout] 11 |     pub fn big_endian(self) -> DecimalConverter<'a, O, BigEndian> {
[INFO] [stdout]    |            ^^^^^^^^^^
[INFO] [stdout]    |
[INFO] [stdout]    = note: `#[warn(dead_code)]` on by default
[INFO] [stdout] 
[INFO] [stdout] 
[INFO] [stdout] warning: method `little_endian` is never used
[INFO] [stdout]   --> src/bit_group/mod.rs:21:12
[INFO] [stdout]    |
[INFO] [stdout] 20 | impl<'a, O> DecimalConverter<'a, O, BigEndian> {
[INFO] [stdout]    | ---------------------------------------------- method in this implementation
[INFO] [stdout] 21 |     pub fn little_endian(self) -> DecimalConverter<'a, O, LittleEndian> {
[INFO] [stdout]    |            ^^^^^^^^^^^^^
[INFO] [stdout] 
[INFO] [stdout] 
[INFO] [stdout] warning: method `decimal` is never used
[INFO] [stdout]   --> src/bit_group/common.rs:15:8
[INFO] [stdout]    |
[INFO] [stdout] 11 | pub trait DecimalConverterExt {
[INFO] [stdout]    |           ------------------- method in this trait
[INFO] [stdout] ...
[INFO] [stdout] 15 |     fn decimal(&self) -> DecimalConverter<Self::Output, Self::Endian>;
[INFO] [stdout]    |        ^^^^^^^
[INFO] [stdout] 
[INFO] [stdout] 
[INFO] [stdout] warning: method `from_binary` is never used
[INFO] [stdout]   --> src/bit_group/common.rs:21:8
[INFO] [stdout]    |
[INFO] [stdout] 18 | pub trait FromBinary {
[INFO] [stdout]    |           ---------- method in this trait
[INFO] [stdout] ...
[INFO] [stdout] 21 |     fn from_binary(&self) -> Self::Output;
[INFO] [stdout]    |        ^^^^^^^^^^^
[INFO] [stdout] 
[INFO] [stdout] 
[INFO] [stdout] warning: variant `GroupSizeOutOfBounds` is never constructed
[INFO] [stdout]   --> src/bit_group/common.rs:41:5
[INFO] [stdout]    |
[INFO] [stdout] 40 | pub enum DecimalConverterError {
[INFO] [stdout]    |          --------------------- variant in this enum
[INFO] [stdout] 41 |     GroupSizeOutOfBounds,
[INFO] [stdout]    |     ^^^^^^^^^^^^^^^^^^^^
[INFO] [stdout]    |
[INFO] [stdout]    = note: `DecimalConverterError` has a derived impl for the trait `Debug`, but this is intentionally ignored during dead code analysis
[INFO] [stdout] 
[INFO] [stdout] 
[INFO] [stdout] warning: multiple methods are never used
[INFO] [stdout]   --> src/bit_group/exact.rs:16:8
[INFO] [stdout]    |
[INFO] [stdout] 15 | impl<'a, E> DecimalConverter<'a, DefaultBitGroup, E> {
[INFO] [stdout]    | ---------------------------------------------------- methods in this implementation
[INFO] [stdout] 16 |     fn into_exact<N>(self) -> DecimalConverter<'a, ExactBitGroup<N>, E> {
[INFO] [stdout]    |        ^^^^^^^^^^
[INFO] [stdout] ...
[INFO] [stdout] 24 |     pub fn u8(self) -> DecimalConverter<'a, ExactBitGroup<u8>, E> {
[INFO] [stdout]    |            ^^
[INFO] [stdout] ...
[INFO] [stdout] 28 |     pub fn i8(self) -> DecimalConverter<'a, ExactBitGroup<i8>, E> {
[INFO] [stdout]    |            ^^
[INFO] [stdout] ...
[INFO] [stdout] 32 |     pub fn u16(self) -> DecimalConverter<'a, ExactBitGroup<u16>, E> {
[INFO] [stdout]    |            ^^^
[INFO] [stdout] ...
[INFO] [stdout] 35 |     pub fn i16(self) -> DecimalConverter<'a, ExactBitGroup<i16>, E> {
[INFO] [stdout]    |            ^^^
[INFO] [stdout] ...
[INFO] [stdout] 38 |     pub fn u32(self) -> DecimalConverter<'a, ExactBitGroup<u32>, E> {
[INFO] [stdout]    |            ^^^
[INFO] [stdout] ...
[INFO] [stdout] 42 |     pub fn i32(self) -> DecimalConverter<'a, ExactBitGroup<i32>, E> {
[INFO] [stdout]    |            ^^^
[INFO] [stdout] ...
[INFO] [stdout] 46 |     pub fn u64(self) -> DecimalConverter<'a, ExactBitGroup<u64>, E> {
[INFO] [stdout]    |            ^^^
[INFO] [stdout] ...
[INFO] [stdout] 50 |     pub fn i64(self) -> DecimalConverter<'a, ExactBitGroup<i64>, E> {
[INFO] [stdout]    |            ^^^
[INFO] [stdout] ...
[INFO] [stdout] 54 |     pub fn u128(self) -> DecimalConverter<'a, ExactBitGroup<u128>, E> {
[INFO] [stdout]    |            ^^^^
[INFO] [stdout] ...
[INFO] [stdout] 58 |     pub fn i128(self) -> DecimalConverter<'a, ExactBitGroup<i128>, E> {
[INFO] [stdout]    |            ^^^^
[INFO] [stdout] 
[INFO] [stdout] 
[INFO] [stdout] warning: multiple methods are never used
[INFO] [stdout]   --> src/bit_group/spaced.rs:16:8
[INFO] [stdout]    |
[INFO] [stdout] 15 | impl<'a, E> DecimalConverter<'a, DefaultBitGroup, E> {
[INFO] [stdout]    | ---------------------------------------------------- methods in this implementation
[INFO] [stdout] 16 |     fn into_spaced<N>(self) -> DecimalConverter<'a, SpacedBitGroup<N>, E> {
[INFO] [stdout]    |        ^^^^^^^^^^^
[INFO] [stdout] ...
[INFO] [stdout] 24 |     pub fn spaced_u8(self) -> DecimalConverter<'a, SpacedBitGroup<u8>, E> {
[INFO] [stdout]    |            ^^^^^^^^^
[INFO] [stdout] ...
[INFO] [stdout] 28 |     pub fn spaced_i8(self) -> DecimalConverter<'a, SpacedBitGroup<i8>, E> {
[INFO] [stdout]    |            ^^^^^^^^^
[INFO] [stdout] ...
[INFO] [stdout] 32 |     pub fn spaced_u16(self) -> DecimalConverter<'a, SpacedBitGroup<u16>, E> {
[INFO] [stdout]    |            ^^^^^^^^^^
[INFO] [stdout] ...
[INFO] [stdout] 36 |     pub fn spaced_i16(self) -> DecimalConverter<'a, SpacedBitGroup<i16>, E> {
[INFO] [stdout]    |            ^^^^^^^^^^
[INFO] [stdout] ...
[INFO] [stdout] 40 |     pub fn spaced_u32(self) -> DecimalConverter<'a, SpacedBitGroup<u32>, E> {
[INFO] [stdout]    |            ^^^^^^^^^^
[INFO] [stdout] ...
[INFO] [stdout] 44 |     pub fn spaced_i32(self) -> DecimalConverter<'a, SpacedBitGroup<i32>, E> {
[INFO] [stdout]    |            ^^^^^^^^^^
[INFO] [stdout] ...
[INFO] [stdout] 48 |     pub fn spaced_u64(self) -> DecimalConverter<'a, SpacedBitGroup<u64>, E> {
[INFO] [stdout]    |            ^^^^^^^^^^
[INFO] [stdout] ...
[INFO] [stdout] 52 |     pub fn spaced_i64(self) -> DecimalConverter<'a, SpacedBitGroup<i64>, E> {
[INFO] [stdout]    |            ^^^^^^^^^^
[INFO] [stdout] ...
[INFO] [stdout] 56 |     pub fn spaced_u128(self) -> DecimalConverter<'a, SpacedBitGroup<u128>, E> {
[INFO] [stdout]    |            ^^^^^^^^^^^
[INFO] [stdout] ...
[INFO] [stdout] 60 |     pub fn spaced_i128(self) -> DecimalConverter<'a, SpacedBitGroup<i128>, E> {
[INFO] [stdout]    |            ^^^^^^^^^^^
[INFO] [stdout] 
[INFO] [stdout] 
[INFO] [stdout] warning: struct `VariableBitGroup` is never constructed
[INFO] [stdout]  --> src/bit_group/variable.rs:5:12
[INFO] [stdout]   |
[INFO] [stdout] 5 | pub struct VariableBitGroup(u8);
[INFO] [stdout]   |            ^^^^^^^^^^^^^^^^
[INFO] [stdout] 
[INFO] [stdout] 
[INFO] [stdout] warning: method `bit_group_size` is never used
[INFO] [stdout]  --> src/bit_group/variable.rs:8:12
[INFO] [stdout]   |
[INFO] [stdout] 7 | impl<'a, O, E> DecimalConverter<'a, O, E> {
[INFO] [stdout]   | ----------------------------------------- method in this implementation
[INFO] [stdout] 8 |     pub fn bit_group_size(
[INFO] [stdout]   |            ^^^^^^^^^^^^^^
[INFO] [stdout] 
[INFO] [stdout] 
[INFO] [stdout] warning: function `big_endian_to_decimal` is never used
[INFO] [stdout]   --> src/binary.rs:24:8
[INFO] [stdout]    |
[INFO] [stdout] 24 | pub fn big_endian_to_decimal<T: BitSize + FromBinaryString>(
[INFO] [stdout]    |        ^^^^^^^^^^^^^^^^^^^^^
[INFO] [stdout] 
[INFO] [stdout] 
[INFO] [stdout] warning: unused variable: `args`
[INFO] [stdout]   --> src/cli/mod.rs:86:9
[INFO] [stdout]    |
[INFO] [stdout] 86 |     let args = Args {
[INFO] [stdout]    |         ^^^^ help: if this is intentional, prefix it with an underscore: `_args`
[INFO] [stdout]    |
[INFO] [stdout]    = note: `#[warn(unused_variables)]` on by default
[INFO] [stdout] 
[INFO] [stdout] 
[INFO] [stdout] warning: unused variable: `input`
[INFO] [stdout]   --> src/cli/mod.rs:92:9
[INFO] [stdout]    |
[INFO] [stdout] 92 |     let input = matches.value_of("input").unwrap();
[INFO] [stdout]    |         ^^^^^ help: if this is intentional, prefix it with an underscore: `_input`
[INFO] [stdout] 
[INFO] [stdout] 
[INFO] [stdout] warning: fields `bit_group`, `signed`, and `output` are never read
[INFO] [stdout]   --> src/cli/mod.rs:72:5
[INFO] [stdout]    |
[INFO] [stdout] 71 | struct Args {
[INFO] [stdout]    |        ---- fields in this struct
[INFO] [stdout] 72 |     bit_group: u8,
[INFO] [stdout]    |     ^^^^^^^^^
[INFO] [stdout] 73 |     signed: bool,
[INFO] [stdout]    |     ^^^^^^
[INFO] [stdout] 74 |     output: Output,
[INFO] [stdout]    |     ^^^^^^
[INFO] [stdout]    |
[INFO] [stdout]    = note: `#[warn(dead_code)]` on by default
[INFO] [stdout] 
[INFO] [stdout] 
[INFO] [stderr]     Finished `dev` profile [unoptimized + debuginfo] target(s) in 18.01s
[INFO] running `Command { std: "docker" "inspect" "71a3b3050f2b882352a86bcffc86eeeb02b69c9c751dbd0db3d56ad7df291d14", kill_on_drop: false }`
[INFO] running `Command { std: "docker" "rm" "-f" "71a3b3050f2b882352a86bcffc86eeeb02b69c9c751dbd0db3d56ad7df291d14", kill_on_drop: false }`
[INFO] [stdout] 71a3b3050f2b882352a86bcffc86eeeb02b69c9c751dbd0db3d56ad7df291d14
[INFO] running `Command { std: "docker" "create" "-v" "/var/lib/crater-agent-workspace/builds/worker-4-tc1/target:/opt/rustwide/target:rw,Z" "-v" "/var/lib/crater-agent-workspace/builds/worker-4-tc1/source:/opt/rustwide/workdir:ro,Z" "-v" "/var/lib/crater-agent-workspace/cargo-home:/opt/rustwide/cargo-home:ro,Z" "-v" "/var/lib/crater-agent-workspace/rustup-home:/opt/rustwide/rustup-home:ro,Z" "-e" "SOURCE_DIR=/opt/rustwide/workdir" "-e" "CARGO_TARGET_DIR=/opt/rustwide/target" "-e" "CARGO_INCREMENTAL=0" "-e" "RUST_BACKTRACE=full" "-e" "RUSTFLAGS=--cap-lints=warn" "-e" "RUSTDOCFLAGS=--cap-lints=warn" "-e" "CARGO_HOME=/opt/rustwide/cargo-home" "-e" "RUSTUP_HOME=/opt/rustwide/rustup-home" "-w" "/opt/rustwide/workdir" "-m" "1610612736" "--user" "0:0" "--network" "none" "ghcr.io/rust-lang/crates-build-env/linux@sha256:f3a9d4ad9d972b27faf3965f35b62e55ba32bbce8f20bc8fe909558a86702fde" "/opt/rustwide/cargo-home/bin/cargo" "+1.83.0" "test" "--frozen" "--no-run" "--message-format=json", kill_on_drop: false }`
[INFO] [stdout] 6b5d4fe8d6bf27ca8ae994689468c2aa60c34eb97b103b29c5f915ace5ae9f36
[INFO] running `Command { std: "docker" "start" "-a" "6b5d4fe8d6bf27ca8ae994689468c2aa60c34eb97b103b29c5f915ace5ae9f36", kill_on_drop: false }`
[INFO] [stdout] warning: method `big_endian` is never used
[INFO] [stdout]   --> src/bit_group/mod.rs:11:12
[INFO] [stdout]    |
[INFO] [stdout] 10 | impl<'a, O> DecimalConverter<'a, O, LittleEndian> {
[INFO] [stdout]    | ------------------------------------------------- method in this implementation
[INFO] [stdout] 11 |     pub fn big_endian(self) -> DecimalConverter<'a, O, BigEndian> {
[INFO] [stdout]    |            ^^^^^^^^^^
[INFO] [stdout]    |
[INFO] [stdout]    = note: `#[warn(dead_code)]` on by default
[INFO] [stdout] 
[INFO] [stdout] 
[INFO] [stdout] warning: method `little_endian` is never used
[INFO] [stdout]   --> src/bit_group/mod.rs:21:12
[INFO] [stdout]    |
[INFO] [stdout] 20 | impl<'a, O> DecimalConverter<'a, O, BigEndian> {
[INFO] [stdout]    | ---------------------------------------------- method in this implementation
[INFO] [stdout] 21 |     pub fn little_endian(self) -> DecimalConverter<'a, O, LittleEndian> {
[INFO] [stdout]    |            ^^^^^^^^^^^^^
[INFO] [stdout] 
[INFO] [stdout] 
[INFO] [stdout] warning: method `decimal` is never used
[INFO] [stdout]   --> src/bit_group/common.rs:15:8
[INFO] [stdout]    |
[INFO] [stdout] 11 | pub trait DecimalConverterExt {
[INFO] [stdout]    |           ------------------- method in this trait
[INFO] [stdout] ...
[INFO] [stdout] 15 |     fn decimal(&self) -> DecimalConverter<Self::Output, Self::Endian>;
[INFO] [stdout]    |        ^^^^^^^
[INFO] [stdout] 
[INFO] [stdout] 
[INFO] [stdout] warning: method `from_binary` is never used
[INFO] [stdout]   --> src/bit_group/common.rs:21:8
[INFO] [stdout]    |
[INFO] [stdout] 18 | pub trait FromBinary {
[INFO] [stdout]    |           ---------- method in this trait
[INFO] [stdout] ...
[INFO] [stdout] 21 |     fn from_binary(&self) -> Self::Output;
[INFO] [stdout]    |        ^^^^^^^^^^^
[INFO] [stdout] 
[INFO] [stdout] 
[INFO] [stderr]    Compiling b2x v0.1.0 (/opt/rustwide/workdir)
[INFO] [stdout] warning: variant `GroupSizeOutOfBounds` is never constructed
[INFO] [stdout]   --> src/bit_group/common.rs:41:5
[INFO] [stdout]    |
[INFO] [stdout] 40 | pub enum DecimalConverterError {
[INFO] [stdout]    |          --------------------- variant in this enum
[INFO] [stdout] 41 |     GroupSizeOutOfBounds,
[INFO] [stdout]    |     ^^^^^^^^^^^^^^^^^^^^
[INFO] [stdout]    |
[INFO] [stdout]    = note: `DecimalConverterError` has a derived impl for the trait `Debug`, but this is intentionally ignored during dead code analysis
[INFO] [stdout] 
[INFO] [stdout] 
[INFO] [stdout] warning: multiple methods are never used
[INFO] [stdout]   --> src/bit_group/exact.rs:16:8
[INFO] [stdout]    |
[INFO] [stdout] 15 | impl<'a, E> DecimalConverter<'a, DefaultBitGroup, E> {
[INFO] [stdout]    | ---------------------------------------------------- methods in this implementation
[INFO] [stdout] 16 |     fn into_exact<N>(self) -> DecimalConverter<'a, ExactBitGroup<N>, E> {
[INFO] [stdout]    |        ^^^^^^^^^^
[INFO] [stdout] ...
[INFO] [stdout] 24 |     pub fn u8(self) -> DecimalConverter<'a, ExactBitGroup<u8>, E> {
[INFO] [stdout]    |            ^^
[INFO] [stdout] ...
[INFO] [stdout] 28 |     pub fn i8(self) -> DecimalConverter<'a, ExactBitGroup<i8>, E> {
[INFO] [stdout]    |            ^^
[INFO] [stdout] ...
[INFO] [stdout] 32 |     pub fn u16(self) -> DecimalConverter<'a, ExactBitGroup<u16>, E> {
[INFO] [stdout]    |            ^^^
[INFO] [stdout] ...
[INFO] [stdout] 35 |     pub fn i16(self) -> DecimalConverter<'a, ExactBitGroup<i16>, E> {
[INFO] [stdout]    |            ^^^
[INFO] [stdout] ...
[INFO] [stdout] 38 |     pub fn u32(self) -> DecimalConverter<'a, ExactBitGroup<u32>, E> {
[INFO] [stdout]    |            ^^^
[INFO] [stdout] ...
[INFO] [stdout] 42 |     pub fn i32(self) -> DecimalConverter<'a, ExactBitGroup<i32>, E> {
[INFO] [stdout]    |            ^^^
[INFO] [stdout] ...
[INFO] [stdout] 46 |     pub fn u64(self) -> DecimalConverter<'a, ExactBitGroup<u64>, E> {
[INFO] [stdout]    |            ^^^
[INFO] [stdout] ...
[INFO] [stdout] 50 |     pub fn i64(self) -> DecimalConverter<'a, ExactBitGroup<i64>, E> {
[INFO] [stdout]    |            ^^^
[INFO] [stdout] ...
[INFO] [stdout] 54 |     pub fn u128(self) -> DecimalConverter<'a, ExactBitGroup<u128>, E> {
[INFO] [stdout]    |            ^^^^
[INFO] [stdout] ...
[INFO] [stdout] 58 |     pub fn i128(self) -> DecimalConverter<'a, ExactBitGroup<i128>, E> {
[INFO] [stdout]    |            ^^^^
[INFO] [stdout] 
[INFO] [stdout] 
[INFO] [stdout] warning: multiple methods are never used
[INFO] [stdout]   --> src/bit_group/spaced.rs:16:8
[INFO] [stdout]    |
[INFO] [stdout] 15 | impl<'a, E> DecimalConverter<'a, DefaultBitGroup, E> {
[INFO] [stdout]    | ---------------------------------------------------- methods in this implementation
[INFO] [stdout] 16 |     fn into_spaced<N>(self) -> DecimalConverter<'a, SpacedBitGroup<N>, E> {
[INFO] [stdout]    |        ^^^^^^^^^^^
[INFO] [stdout] ...
[INFO] [stdout] 24 |     pub fn spaced_u8(self) -> DecimalConverter<'a, SpacedBitGroup<u8>, E> {
[INFO] [stdout]    |            ^^^^^^^^^
[INFO] [stdout] ...
[INFO] [stdout] 28 |     pub fn spaced_i8(self) -> DecimalConverter<'a, SpacedBitGroup<i8>, E> {
[INFO] [stdout]    |            ^^^^^^^^^
[INFO] [stdout] ...
[INFO] [stdout] 32 |     pub fn spaced_u16(self) -> DecimalConverter<'a, SpacedBitGroup<u16>, E> {
[INFO] [stdout]    |            ^^^^^^^^^^
[INFO] [stdout] ...
[INFO] [stdout] 36 |     pub fn spaced_i16(self) -> DecimalConverter<'a, SpacedBitGroup<i16>, E> {
[INFO] [stdout]    |            ^^^^^^^^^^
[INFO] [stdout] ...
[INFO] [stdout] 40 |     pub fn spaced_u32(self) -> DecimalConverter<'a, SpacedBitGroup<u32>, E> {
[INFO] [stdout]    |            ^^^^^^^^^^
[INFO] [stdout] ...
[INFO] [stdout] 44 |     pub fn spaced_i32(self) -> DecimalConverter<'a, SpacedBitGroup<i32>, E> {
[INFO] [stdout]    |            ^^^^^^^^^^
[INFO] [stdout] ...
[INFO] [stdout] 48 |     pub fn spaced_u64(self) -> DecimalConverter<'a, SpacedBitGroup<u64>, E> {
[INFO] [stdout]    |            ^^^^^^^^^^
[INFO] [stdout] ...
[INFO] [stdout] 52 |     pub fn spaced_i64(self) -> DecimalConverter<'a, SpacedBitGroup<i64>, E> {
[INFO] [stdout]    |            ^^^^^^^^^^
[INFO] [stdout] ...
[INFO] [stdout] 56 |     pub fn spaced_u128(self) -> DecimalConverter<'a, SpacedBitGroup<u128>, E> {
[INFO] [stdout]    |            ^^^^^^^^^^^
[INFO] [stdout] ...
[INFO] [stdout] 60 |     pub fn spaced_i128(self) -> DecimalConverter<'a, SpacedBitGroup<i128>, E> {
[INFO] [stdout]    |            ^^^^^^^^^^^
[INFO] [stdout] 
[INFO] [stdout] 
[INFO] [stdout] warning: struct `VariableBitGroup` is never constructed
[INFO] [stdout]  --> src/bit_group/variable.rs:5:12
[INFO] [stdout]   |
[INFO] [stdout] 5 | pub struct VariableBitGroup(u8);
[INFO] [stdout]   |            ^^^^^^^^^^^^^^^^
[INFO] [stdout] 
[INFO] [stdout] 
[INFO] [stdout] warning: method `bit_group_size` is never used
[INFO] [stdout]  --> src/bit_group/variable.rs:8:12
[INFO] [stdout]   |
[INFO] [stdout] 7 | impl<'a, O, E> DecimalConverter<'a, O, E> {
[INFO] [stdout]   | ----------------------------------------- method in this implementation
[INFO] [stdout] 8 |     pub fn bit_group_size(
[INFO] [stdout]   |            ^^^^^^^^^^^^^^
[INFO] [stdout] 
[INFO] [stdout] 
[INFO] [stdout] warning: function `big_endian_to_decimal` is never used
[INFO] [stdout]   --> src/binary.rs:24:8
[INFO] [stdout]    |
[INFO] [stdout] 24 | pub fn big_endian_to_decimal<T: BitSize + FromBinaryString>(
[INFO] [stdout]    |        ^^^^^^^^^^^^^^^^^^^^^
[INFO] [stdout] 
[INFO] [stdout] 
[INFO] [stdout] warning: unused variable: `args`
[INFO] [stdout]   --> src/cli/mod.rs:86:9
[INFO] [stdout]    |
[INFO] [stdout] 86 |     let args = Args {
[INFO] [stdout]    |         ^^^^ help: if this is intentional, prefix it with an underscore: `_args`
[INFO] [stdout]    |
[INFO] [stdout]    = note: `#[warn(unused_variables)]` on by default
[INFO] [stdout] 
[INFO] [stdout] 
[INFO] [stdout] warning: unused variable: `input`
[INFO] [stdout]   --> src/cli/mod.rs:92:9
[INFO] [stdout]    |
[INFO] [stdout] 92 |     let input = matches.value_of("input").unwrap();
[INFO] [stdout]    |         ^^^^^ help: if this is intentional, prefix it with an underscore: `_input`
[INFO] [stdout] 
[INFO] [stdout] 
[INFO] [stdout] warning: fields `bit_group`, `signed`, and `output` are never read
[INFO] [stdout]   --> src/cli/mod.rs:72:5
[INFO] [stdout]    |
[INFO] [stdout] 71 | struct Args {
[INFO] [stdout]    |        ---- fields in this struct
[INFO] [stdout] 72 |     bit_group: u8,
[INFO] [stdout]    |     ^^^^^^^^^
[INFO] [stdout] 73 |     signed: bool,
[INFO] [stdout]    |     ^^^^^^
[INFO] [stdout] 74 |     output: Output,
[INFO] [stdout]    |     ^^^^^^
[INFO] [stdout]    |
[INFO] [stdout]    = note: `#[warn(dead_code)]` on by default
[INFO] [stdout] 
[INFO] [stdout] 
[INFO] [stdout] warning: method `big_endian` is never used
[INFO] [stdout]   --> src/bit_group/mod.rs:11:12
[INFO] [stdout]    |
[INFO] [stdout] 10 | impl<'a, O> DecimalConverter<'a, O, LittleEndian> {
[INFO] [stdout]    | ------------------------------------------------- method in this implementation
[INFO] [stdout] 11 |     pub fn big_endian(self) -> DecimalConverter<'a, O, BigEndian> {
[INFO] [stdout]    |            ^^^^^^^^^^
[INFO] [stdout]    |
[INFO] [stdout]    = note: `#[warn(dead_code)]` on by default
[INFO] [stdout] 
[INFO] [stdout] 
[INFO] [stdout] warning: method `little_endian` is never used
[INFO] [stdout]   --> src/bit_group/mod.rs:21:12
[INFO] [stdout]    |
[INFO] [stdout] 20 | impl<'a, O> DecimalConverter<'a, O, BigEndian> {
[INFO] [stdout]    | ---------------------------------------------- method in this implementation
[INFO] [stdout] 21 |     pub fn little_endian(self) -> DecimalConverter<'a, O, LittleEndian> {
[INFO] [stdout]    |            ^^^^^^^^^^^^^
[INFO] [stdout] 
[INFO] [stdout] 
[INFO] [stdout] warning: variant `GroupSizeOutOfBounds` is never constructed
[INFO] [stdout]   --> src/bit_group/common.rs:41:5
[INFO] [stdout]    |
[INFO] [stdout] 40 | pub enum DecimalConverterError {
[INFO] [stdout]    |          --------------------- variant in this enum
[INFO] [stdout] 41 |     GroupSizeOutOfBounds,
[INFO] [stdout]    |     ^^^^^^^^^^^^^^^^^^^^
[INFO] [stdout]    |
[INFO] [stdout]    = note: `DecimalConverterError` has a derived impl for the trait `Debug`, but this is intentionally ignored during dead code analysis
[INFO] [stdout] 
[INFO] [stdout] 
[INFO] [stdout] warning: multiple methods are never used
[INFO] [stdout]   --> src/bit_group/spaced.rs:28:12
[INFO] [stdout]    |
[INFO] [stdout] 15 | impl<'a, E> DecimalConverter<'a, DefaultBitGroup, E> {
[INFO] [stdout]    | ---------------------------------------------------- methods in this implementation
[INFO] [stdout] ...
[INFO] [stdout] 28 |     pub fn spaced_i8(self) -> DecimalConverter<'a, SpacedBitGroup<i8>, E> {
[INFO] [stdout]    |            ^^^^^^^^^
[INFO] [stdout] ...
[INFO] [stdout] 32 |     pub fn spaced_u16(self) -> DecimalConverter<'a, SpacedBitGroup<u16>, E> {
[INFO] [stdout]    |            ^^^^^^^^^^
[INFO] [stdout] ...
[INFO] [stdout] 36 |     pub fn spaced_i16(self) -> DecimalConverter<'a, SpacedBitGroup<i16>, E> {
[INFO] [stdout]    |            ^^^^^^^^^^
[INFO] [stdout] ...
[INFO] [stdout] 40 |     pub fn spaced_u32(self) -> DecimalConverter<'a, SpacedBitGroup<u32>, E> {
[INFO] [stdout]    |            ^^^^^^^^^^
[INFO] [stdout] ...
[INFO] [stdout] 44 |     pub fn spaced_i32(self) -> DecimalConverter<'a, SpacedBitGroup<i32>, E> {
[INFO] [stdout]    |            ^^^^^^^^^^
[INFO] [stdout] ...
[INFO] [stdout] 48 |     pub fn spaced_u64(self) -> DecimalConverter<'a, SpacedBitGroup<u64>, E> {
[INFO] [stdout]    |            ^^^^^^^^^^
[INFO] [stdout] ...
[INFO] [stdout] 52 |     pub fn spaced_i64(self) -> DecimalConverter<'a, SpacedBitGroup<i64>, E> {
[INFO] [stdout]    |            ^^^^^^^^^^
[INFO] [stdout] ...
[INFO] [stdout] 56 |     pub fn spaced_u128(self) -> DecimalConverter<'a, SpacedBitGroup<u128>, E> {
[INFO] [stdout]    |            ^^^^^^^^^^^
[INFO] [stdout] ...
[INFO] [stdout] 60 |     pub fn spaced_i128(self) -> DecimalConverter<'a, SpacedBitGroup<i128>, E> {
[INFO] [stdout]    |            ^^^^^^^^^^^
[INFO] [stdout] 
[INFO] [stdout] 
[INFO] [stdout] warning: struct `VariableBitGroup` is never constructed
[INFO] [stdout]  --> src/bit_group/variable.rs:5:12
[INFO] [stdout]   |
[INFO] [stdout] 5 | pub struct VariableBitGroup(u8);
[INFO] [stdout]   |            ^^^^^^^^^^^^^^^^
[INFO] [stdout] 
[INFO] [stdout] 
[INFO] [stdout] warning: method `bit_group_size` is never used
[INFO] [stdout]  --> src/bit_group/variable.rs:8:12
[INFO] [stdout]   |
[INFO] [stdout] 7 | impl<'a, O, E> DecimalConverter<'a, O, E> {
[INFO] [stdout]   | ----------------------------------------- method in this implementation
[INFO] [stdout] 8 |     pub fn bit_group_size(
[INFO] [stdout]   |            ^^^^^^^^^^^^^^
[INFO] [stdout] 
[INFO] [stdout] 
[INFO] [stdout] warning: function `big_endian_to_decimal` is never used
[INFO] [stdout]   --> src/binary.rs:24:8
[INFO] [stdout]    |
[INFO] [stdout] 24 | pub fn big_endian_to_decimal<T: BitSize + FromBinaryString>(
[INFO] [stdout]    |        ^^^^^^^^^^^^^^^^^^^^^
[INFO] [stdout] 
[INFO] [stdout] 
[INFO] [stderr]     Finished `test` profile [unoptimized + debuginfo] target(s) in 1.04s
[INFO] running `Command { std: "docker" "inspect" "6b5d4fe8d6bf27ca8ae994689468c2aa60c34eb97b103b29c5f915ace5ae9f36", kill_on_drop: false }`
[INFO] running `Command { std: "docker" "rm" "-f" "6b5d4fe8d6bf27ca8ae994689468c2aa60c34eb97b103b29c5f915ace5ae9f36", kill_on_drop: false }`
[INFO] [stdout] 6b5d4fe8d6bf27ca8ae994689468c2aa60c34eb97b103b29c5f915ace5ae9f36
[INFO] running `Command { std: "docker" "create" "-v" "/var/lib/crater-agent-workspace/builds/worker-4-tc1/target:/opt/rustwide/target:rw,Z" "-v" "/var/lib/crater-agent-workspace/builds/worker-4-tc1/source:/opt/rustwide/workdir:ro,Z" "-v" "/var/lib/crater-agent-workspace/cargo-home:/opt/rustwide/cargo-home:ro,Z" "-v" "/var/lib/crater-agent-workspace/rustup-home:/opt/rustwide/rustup-home:ro,Z" "-e" "SOURCE_DIR=/opt/rustwide/workdir" "-e" "CARGO_TARGET_DIR=/opt/rustwide/target" "-e" "CARGO_INCREMENTAL=0" "-e" "RUST_BACKTRACE=full" "-e" "RUSTFLAGS=--cap-lints=warn" "-e" "RUSTDOCFLAGS=--cap-lints=warn" "-e" "CARGO_HOME=/opt/rustwide/cargo-home" "-e" "RUSTUP_HOME=/opt/rustwide/rustup-home" "-w" "/opt/rustwide/workdir" "-m" "1610612736" "--user" "0:0" "--network" "none" "ghcr.io/rust-lang/crates-build-env/linux@sha256:f3a9d4ad9d972b27faf3965f35b62e55ba32bbce8f20bc8fe909558a86702fde" "/opt/rustwide/cargo-home/bin/cargo" "+1.83.0" "test" "--frozen", kill_on_drop: false }`
[INFO] [stdout] c834b2c56891fed94eced2c24b7fe94cd0d3f1f8018155509db78f8dd06d0f30
[INFO] running `Command { std: "docker" "start" "-a" "c834b2c56891fed94eced2c24b7fe94cd0d3f1f8018155509db78f8dd06d0f30", kill_on_drop: false }`
[INFO] [stderr] warning: method `big_endian` is never used
[INFO] [stderr]   --> src/bit_group/mod.rs:11:12
[INFO] [stderr]    |
[INFO] [stderr] 10 | impl<'a, O> DecimalConverter<'a, O, LittleEndian> {
[INFO] [stderr]    | ------------------------------------------------- method in this implementation
[INFO] [stderr] 11 |     pub fn big_endian(self) -> DecimalConverter<'a, O, BigEndian> {
[INFO] [stderr]    |            ^^^^^^^^^^
[INFO] [stderr]    |
[INFO] [stderr]    = note: `#[warn(dead_code)]` on by default
[INFO] [stderr] 
[INFO] [stderr] warning: method `little_endian` is never used
[INFO] [stderr]   --> src/bit_group/mod.rs:21:12
[INFO] [stderr]    |
[INFO] [stderr] 20 | impl<'a, O> DecimalConverter<'a, O, BigEndian> {
[INFO] [stderr]    | ---------------------------------------------- method in this implementation
[INFO] [stderr] 21 |     pub fn little_endian(self) -> DecimalConverter<'a, O, LittleEndian> {
[INFO] [stderr]    |            ^^^^^^^^^^^^^
[INFO] [stderr] 
[INFO] [stderr] warning: method `decimal` is never used
[INFO] [stderr]   --> src/bit_group/common.rs:15:8
[INFO] [stderr]    |
[INFO] [stderr] 11 | pub trait DecimalConverterExt {
[INFO] [stderr]    |           ------------------- method in this trait
[INFO] [stderr] ...
[INFO] [stderr] 15 |     fn decimal(&self) -> DecimalConverter<Self::Output, Self::Endian>;
[INFO] [stderr]    |        ^^^^^^^
[INFO] [stderr] 
[INFO] [stderr] warning: method `from_binary` is never used
[INFO] [stderr]   --> src/bit_group/common.rs:21:8
[INFO] [stderr]    |
[INFO] [stderr] 18 | pub trait FromBinary {
[INFO] [stderr]    |           ---------- method in this trait
[INFO] [stderr] ...
[INFO] [stderr] 21 |     fn from_binary(&self) -> Self::Output;
[INFO] [stderr]    |        ^^^^^^^^^^^
[INFO] [stderr] 
[INFO] [stderr] warning: variant `GroupSizeOutOfBounds` is never constructed
[INFO] [stderr]   --> src/bit_group/common.rs:41:5
[INFO] [stderr]    |
[INFO] [stderr] 40 | pub enum DecimalConverterError {
[INFO] [stderr]    |          --------------------- variant in this enum
[INFO] [stderr] 41 |     GroupSizeOutOfBounds,
[INFO] [stderr]    |     ^^^^^^^^^^^^^^^^^^^^
[INFO] [stderr]    |
[INFO] [stderr]    = note: `DecimalConverterError` has a derived impl for the trait `Debug`, but this is intentionally ignored during dead code analysis
[INFO] [stderr] 
[INFO] [stderr] warning: multiple methods are never used
[INFO] [stderr]   --> src/bit_group/exact.rs:16:8
[INFO] [stderr]    |
[INFO] [stderr] 15 | impl<'a, E> DecimalConverter<'a, DefaultBitGroup, E> {
[INFO] [stderr]    | ---------------------------------------------------- methods in this implementation
[INFO] [stderr] 16 |     fn into_exact<N>(self) -> DecimalConverter<'a, ExactBitGroup<N>, E> {
[INFO] [stderr]    |        ^^^^^^^^^^
[INFO] [stderr] ...
[INFO] [stderr] 24 |     pub fn u8(self) -> DecimalConverter<'a, ExactBitGroup<u8>, E> {
[INFO] [stderr]    |            ^^
[INFO] [stderr] ...
[INFO] [stderr] 28 |     pub fn i8(self) -> DecimalConverter<'a, ExactBitGroup<i8>, E> {
[INFO] [stderr]    |            ^^
[INFO] [stderr] ...
[INFO] [stderr] 32 |     pub fn u16(self) -> DecimalConverter<'a, ExactBitGroup<u16>, E> {
[INFO] [stderr]    |            ^^^
[INFO] [stderr] ...
[INFO] [stderr] 35 |     pub fn i16(self) -> DecimalConverter<'a, ExactBitGroup<i16>, E> {
[INFO] [stderr]    |            ^^^
[INFO] [stderr] ...
[INFO] [stderr] 38 |     pub fn u32(self) -> DecimalConverter<'a, ExactBitGroup<u32>, E> {
[INFO] [stderr]    |            ^^^
[INFO] [stderr] ...
[INFO] [stderr] 42 |     pub fn i32(self) -> DecimalConverter<'a, ExactBitGroup<i32>, E> {
[INFO] [stderr]    |            ^^^
[INFO] [stderr] ...
[INFO] [stderr] 46 |     pub fn u64(self) -> DecimalConverter<'a, ExactBitGroup<u64>, E> {
[INFO] [stderr]    |            ^^^
[INFO] [stderr] ...
[INFO] [stderr] 50 |     pub fn i64(self) -> DecimalConverter<'a, ExactBitGroup<i64>, E> {
[INFO] [stderr]    |            ^^^
[INFO] [stderr] ...
[INFO] [stderr] 54 |     pub fn u128(self) -> DecimalConverter<'a, ExactBitGroup<u128>, E> {
[INFO] [stderr]    |            ^^^^
[INFO] [stderr] ...
[INFO] [stderr] 58 |     pub fn i128(self) -> DecimalConverter<'a, ExactBitGroup<i128>, E> {
[INFO] [stderr]    |            ^^^^
[INFO] [stderr] 
[INFO] [stderr] warning: multiple methods are never used
[INFO] [stderr]   --> src/bit_group/spaced.rs:16:8
[INFO] [stderr]    |
[INFO] [stderr] 15 | impl<'a, E> DecimalConverter<'a, DefaultBitGroup, E> {
[INFO] [stderr]    | ---------------------------------------------------- methods in this implementation
[INFO] [stderr] 16 |     fn into_spaced<N>(self) -> DecimalConverter<'a, SpacedBitGroup<N>, E> {
[INFO] [stderr]    |        ^^^^^^^^^^^
[INFO] [stderr] ...
[INFO] [stderr] 24 |     pub fn spaced_u8(self) -> DecimalConverter<'a, SpacedBitGroup<u8>, E> {
[INFO] [stderr]    |            ^^^^^^^^^
[INFO] [stderr] ...
[INFO] [stderr] 28 |     pub fn spaced_i8(self) -> DecimalConverter<'a, SpacedBitGroup<i8>, E> {
[INFO] [stderr]    |            ^^^^^^^^^
[INFO] [stderr] ...
[INFO] [stderr] 32 |     pub fn spaced_u16(self) -> DecimalConverter<'a, SpacedBitGroup<u16>, E> {
[INFO] [stderr]    |            ^^^^^^^^^^
[INFO] [stderr] ...
[INFO] [stderr] 36 |     pub fn spaced_i16(self) -> DecimalConverter<'a, SpacedBitGroup<i16>, E> {
[INFO] [stderr]    |            ^^^^^^^^^^
[INFO] [stderr] ...
[INFO] [stderr] 40 |     pub fn spaced_u32(self) -> DecimalConverter<'a, SpacedBitGroup<u32>, E> {
[INFO] [stderr]    |            ^^^^^^^^^^
[INFO] [stderr] ...
[INFO] [stderr] 44 |     pub fn spaced_i32(self) -> DecimalConverter<'a, SpacedBitGroup<i32>, E> {
[INFO] [stderr]    |            ^^^^^^^^^^
[INFO] [stderr] ...
[INFO] [stderr] 48 |     pub fn spaced_u64(self) -> DecimalConverter<'a, SpacedBitGroup<u64>, E> {
[INFO] [stderr]    |            ^^^^^^^^^^
[INFO] [stderr] ...
[INFO] [stderr] 52 |     pub fn spaced_i64(self) -> DecimalConverter<'a, SpacedBitGroup<i64>, E> {
[INFO] [stderr]    |            ^^^^^^^^^^
[INFO] [stderr] ...
[INFO] [stderr] 56 |     pub fn spaced_u128(self) -> DecimalConverter<'a, SpacedBitGroup<u128>, E> {
[INFO] [stderr]    |            ^^^^^^^^^^^
[INFO] [stderr] ...
[INFO] [stderr] 60 |     pub fn spaced_i128(self) -> DecimalConverter<'a, SpacedBitGroup<i128>, E> {
[INFO] [stderr]    |            ^^^^^^^^^^^
[INFO] [stderr] 
[INFO] [stderr] warning: struct `VariableBitGroup` is never constructed
[INFO] [stderr]  --> src/bit_group/variable.rs:5:12
[INFO] [stderr]   |
[INFO] [stderr] 5 | pub struct VariableBitGroup(u8);
[INFO] [stderr]   |            ^^^^^^^^^^^^^^^^
[INFO] [stderr] 
[INFO] [stderr] warning: method `bit_group_size` is never used
[INFO] [stderr]  --> src/bit_group/variable.rs:8:12
[INFO] [stderr]   |
[INFO] [stderr] 7 | impl<'a, O, E> DecimalConverter<'a, O, E> {
[INFO] [stderr]   | ----------------------------------------- method in this implementation
[INFO] [stderr] 8 |     pub fn bit_group_size(
[INFO] [stderr]   |            ^^^^^^^^^^^^^^
[INFO] [stderr] 
[INFO] [stderr] warning: function `big_endian_to_decimal` is never used
[INFO] [stderr]   --> src/binary.rs:24:8
[INFO] [stderr]    |
[INFO] [stderr] 24 | pub fn big_endian_to_decimal<T: BitSize + FromBinaryString>(
[INFO] [stderr]    |        ^^^^^^^^^^^^^^^^^^^^^
[INFO] [stderr] 
[INFO] [stderr] warning: multiple methods are never used
[INFO] [stderr]   --> src/bit_group/spaced.rs:28:12
[INFO] [stderr]    |
[INFO] [stderr] 15 | impl<'a, E> DecimalConverter<'a, DefaultBitGroup, E> {
[INFO] [stderr]    | ---------------------------------------------------- methods in this implementation
[INFO] [stderr] ...
[INFO] [stderr] 28 |     pub fn spaced_i8(self) -> DecimalConverter<'a, SpacedBitGroup<i8>, E> {
[INFO] [stderr]    |            ^^^^^^^^^
[INFO] [stderr] ...
[INFO] [stderr] 32 |     pub fn spaced_u16(self) -> DecimalConverter<'a, SpacedBitGroup<u16>, E> {
[INFO] [stderr]    |            ^^^^^^^^^^
[INFO] [stderr] ...
[INFO] [stderr] 36 |     pub fn spaced_i16(self) -> DecimalConverter<'a, SpacedBitGroup<i16>, E> {
[INFO] [stderr]    |            ^^^^^^^^^^
[INFO] [stderr] ...
[INFO] [stderr] 40 |     pub fn spaced_u32(self) -> DecimalConverter<'a, SpacedBitGroup<u32>, E> {
[INFO] [stderr]    |            ^^^^^^^^^^
[INFO] [stderr] ...
[INFO] [stderr] 44 |     pub fn spaced_i32(self) -> DecimalConverter<'a, SpacedBitGroup<i32>, E> {
[INFO] [stderr]    |            ^^^^^^^^^^
[INFO] [stderr] ...
[INFO] [stderr] 48 |     pub fn spaced_u64(self) -> DecimalConverter<'a, SpacedBitGroup<u64>, E> {
[INFO] [stderr]    |            ^^^^^^^^^^
[INFO] [stderr] ...
[INFO] [stderr] 52 |     pub fn spaced_i64(self) -> DecimalConverter<'a, SpacedBitGroup<i64>, E> {
[INFO] [stderr]    |            ^^^^^^^^^^
[INFO] [stderr] ...
[INFO] [stderr] 56 |     pub fn spaced_u128(self) -> DecimalConverter<'a, SpacedBitGroup<u128>, E> {
[INFO] [stderr]    |            ^^^^^^^^^^^
[INFO] [stderr] ...
[INFO] [stderr] 60 |     pub fn spaced_i128(self) -> DecimalConverter<'a, SpacedBitGroup<i128>, E> {
[INFO] [stderr]    |            ^^^^^^^^^^^
[INFO] [stderr] 
[INFO] [stderr] warning: `b2x` (lib) generated 10 warnings
[INFO] [stderr] warning: `b2x` (lib test) generated 7 warnings (6 duplicates)
[INFO] [stderr] warning: unused variable: `args`
[INFO] [stderr]   --> src/cli/mod.rs:86:9
[INFO] [stderr]    |
[INFO] [stderr] 86 |     let args = Args {
[INFO] [stderr]    |         ^^^^ help: if this is intentional, prefix it with an underscore: `_args`
[INFO] [stderr]    |
[INFO] [stderr]    = note: `#[warn(unused_variables)]` on by default
[INFO] [stderr] 
[INFO] [stderr] warning: unused variable: `input`
[INFO] [stderr]   --> src/cli/mod.rs:92:9
[INFO] [stderr]    |
[INFO] [stderr] 92 |     let input = matches.value_of("input").unwrap();
[INFO] [stderr]    |         ^^^^^ help: if this is intentional, prefix it with an underscore: `_input`
[INFO] [stderr] 
[INFO] [stderr] warning: fields `bit_group`, `signed`, and `output` are never read
[INFO] [stderr]   --> src/cli/mod.rs:72:5
[INFO] [stderr]    |
[INFO] [stderr] 71 | struct Args {
[INFO] [stderr]    |        ---- fields in this struct
[INFO] [stderr] 72 |     bit_group: u8,
[INFO] [stderr]    |     ^^^^^^^^^
[INFO] [stderr] 73 |     signed: bool,
[INFO] [stderr]    |     ^^^^^^
[INFO] [stderr] 74 |     output: Output,
[INFO] [stderr]    |     ^^^^^^
[INFO] [stderr]    |
[INFO] [stderr]    = note: `#[warn(dead_code)]` on by default
[INFO] [stderr] 
[INFO] [stderr] warning: `b2x` (bin "b2x" test) generated 3 warnings
[INFO] [stderr]     Finished `test` profile [unoptimized + debuginfo] target(s) in 0.05s
[INFO] [stderr]      Running unittests src/lib.rs (/opt/rustwide/target/debug/deps/b2x-237b72aeaff87aaf)
[INFO] [stdout] 
[INFO] [stdout] running 11 tests
[INFO] [stdout] test bit_group::exact::tests::from_i16_binary_to_decimal ... ok
[INFO] [stdout] test bit_group::exact::tests::from_i64_binary_to_decimal ... ok
[INFO] [stdout] test bit_group::exact::tests::from_i8_binary_to_decimal ... ok
[INFO] [stdout] test bit_group::exact::tests::from_u128_binary_to_decimal ... ok
[INFO] [stdout] test bit_group::exact::tests::from_u32_binary_to_decimal ... ok
[INFO] [stdout] test bit_group::exact::tests::from_u16_binary_to_decimal ... ok
[INFO] [stdout] test bit_group::exact::tests::from_u64_binary_to_decimal ... ok
[INFO] [stdout] test bit_group::exact::tests::from_u8_binary_to_decimal ... ok
[INFO] [stdout] test bit_group::exact::tests::from_i128_binary_to_decimal ... ok
[INFO] [stdout] test bit_group::exact::tests::from_i32_binary_to_decimal ... ok
[INFO] [stdout] test bit_group::spaced::tests::from_u8_binary_to_decimal ... FAILED
[INFO] [stdout] 
[INFO] [stdout] failures:
[INFO] [stdout] 
[INFO] [stdout] ---- bit_group::spaced::tests::from_u8_binary_to_decimal stdout ----
[INFO] [stdout] thread 'bit_group::spaced::tests::from_u8_binary_to_decimal' panicked at src/bit_group/spaced.rs:107:9:
[INFO] [stdout] assertion `left == right` failed
[INFO] [stdout]   left: Ok([10, 2, 11])
[INFO] [stdout]  right: Err(ParseError("1010 10 "))
[INFO] [stdout] stack backtrace:
[INFO] [stdout]    0:     0x5e28d8096aaa - std::backtrace_rs::backtrace::libunwind::trace::h5a5b8284f2d0c266
[INFO] [stdout]                                at /rustc/90b35a6239c3d8bdabc530a6a0816f7ff89a0aaf/library/std/src/../../backtrace/src/backtrace/libunwind.rs:116:5
[INFO] [stdout]    1:     0x5e28d8096aaa - std::backtrace_rs::backtrace::trace_unsynchronized::h76d4f1c9b0b875e3
[INFO] [stdout]                                at /rustc/90b35a6239c3d8bdabc530a6a0816f7ff89a0aaf/library/std/src/../../backtrace/src/backtrace/mod.rs:66:5
[INFO] [stdout]    2:     0x5e28d8096aaa - std::sys::backtrace::_print_fmt::hc4546b8364a537c6
[INFO] [stdout]                                at /rustc/90b35a6239c3d8bdabc530a6a0816f7ff89a0aaf/library/std/src/sys/backtrace.rs:66:9
[INFO] [stdout]    3:     0x5e28d8096aaa - <std::sys::backtrace::BacktraceLock::print::DisplayBacktrace as core::fmt::Display>::fmt::h5b6bd5631a6d1f6b
[INFO] [stdout]                                at /rustc/90b35a6239c3d8bdabc530a6a0816f7ff89a0aaf/library/std/src/sys/backtrace.rs:39:26
[INFO] [stdout]    4:     0x5e28d80bc343 - core::fmt::rt::Argument::fmt::h270f6602a2b96f62
[INFO] [stdout]                                at /rustc/90b35a6239c3d8bdabc530a6a0816f7ff89a0aaf/library/core/src/fmt/rt.rs:177:76
[INFO] [stdout]    5:     0x5e28d80bc343 - core::fmt::write::h7550c97b06c86515
[INFO] [stdout]                                at /rustc/90b35a6239c3d8bdabc530a6a0816f7ff89a0aaf/library/core/src/fmt/mod.rs:1186:21
[INFO] [stdout]    6:     0x5e28d8093c73 - std::io::Write::write_fmt::h509ff860e5956e5e
[INFO] [stdout]                                at /rustc/90b35a6239c3d8bdabc530a6a0816f7ff89a0aaf/library/std/src/io/mod.rs:1839:15
[INFO] [stdout]    7:     0x5e28d80968f2 - std::sys::backtrace::BacktraceLock::print::h2395ccd2c84ba3aa
[INFO] [stdout]                                at /rustc/90b35a6239c3d8bdabc530a6a0816f7ff89a0aaf/library/std/src/sys/backtrace.rs:42:9
[INFO] [stdout]    8:     0x5e28d8097f0a - std::panicking::default_hook::{{closure}}::he19d4c7230e07961
[INFO] [stdout]                                at /rustc/90b35a6239c3d8bdabc530a6a0816f7ff89a0aaf/library/std/src/panicking.rs:268:22
[INFO] [stdout]    9:     0x5e28d8097d14 - std::panicking::default_hook::hf614597d3c67bbdb
[INFO] [stdout]                                at /rustc/90b35a6239c3d8bdabc530a6a0816f7ff89a0aaf/library/std/src/panicking.rs:292:9
[INFO] [stdout]   10:     0x5e28d80635f9 - <alloc::boxed::Box<F,A> as core::ops::function::Fn<Args>>::call::h39b51ce4599c23d1
[INFO] [stdout]                                at /rustc/90b35a6239c3d8bdabc530a6a0816f7ff89a0aaf/library/alloc/src/boxed.rs:2468:9
[INFO] [stdout]   11:     0x5e28d80635f9 - test::test_main::{{closure}}::he977ae839a582784
[INFO] [stdout]                                at /rustc/90b35a6239c3d8bdabc530a6a0816f7ff89a0aaf/library/test/src/lib.rs:133:21
[INFO] [stdout]   12:     0x5e28d80985a8 - <alloc::boxed::Box<F,A> as core::ops::function::Fn<Args>>::call::h9455091b6b06f9fb
[INFO] [stdout]                                at /rustc/90b35a6239c3d8bdabc530a6a0816f7ff89a0aaf/library/alloc/src/boxed.rs:2468:9
[INFO] [stdout]   13:     0x5e28d80985a8 - std::panicking::rust_panic_with_hook::h8942133a8b252070
[INFO] [stdout]                                at /rustc/90b35a6239c3d8bdabc530a6a0816f7ff89a0aaf/library/std/src/panicking.rs:809:13
[INFO] [stdout]   14:     0x5e28d809836a - std::panicking::begin_panic_handler::{{closure}}::hb5f5963570096b29
[INFO] [stdout]                                at /rustc/90b35a6239c3d8bdabc530a6a0816f7ff89a0aaf/library/std/src/panicking.rs:674:13
[INFO] [stdout]   15:     0x5e28d8096f89 - std::sys::backtrace::__rust_end_short_backtrace::h6208cedc1922feda
[INFO] [stdout]                                at /rustc/90b35a6239c3d8bdabc530a6a0816f7ff89a0aaf/library/std/src/sys/backtrace.rs:170:18
[INFO] [stdout]   16:     0x5e28d8097ffc - rust_begin_unwind
[INFO] [stdout]                                at /rustc/90b35a6239c3d8bdabc530a6a0816f7ff89a0aaf/library/std/src/panicking.rs:665:5
[INFO] [stdout]   17:     0x5e28d800aa50 - core::panicking::panic_fmt::h0c3082644d1bf418
[INFO] [stdout]                                at /rustc/90b35a6239c3d8bdabc530a6a0816f7ff89a0aaf/library/core/src/panicking.rs:74:14
[INFO] [stdout]   18:     0x5e28d800ae1b - core::panicking::assert_failed_inner::h2ddf1fcc067fa858
[INFO] [stdout]   19:     0x5e28d80287d2 - core::panicking::assert_failed::he08d569f3592ffa5
[INFO] [stdout]                                at /rustc/90b35a6239c3d8bdabc530a6a0816f7ff89a0aaf/library/core/src/panicking.rs:367:5
[INFO] [stdout]   20:     0x5e28d802b2ee - b2x::bit_group::spaced::tests::from_u8_binary_to_decimal::h7e1e1b45c102f51c
[INFO] [stdout]                                at /opt/rustwide/workdir/src/bit_group/spaced.rs:107:9
[INFO] [stdout]   21:     0x5e28d802b197 - b2x::bit_group::spaced::tests::from_u8_binary_to_decimal::{{closure}}::h13454a134d23f525
[INFO] [stdout]                                at /opt/rustwide/workdir/src/bit_group/spaced.rs:104:35
[INFO] [stdout]   22:     0x5e28d8026f36 - core::ops::function::FnOnce::call_once::h6e9c73936e735f24
[INFO] [stdout]                                at /rustc/90b35a6239c3d8bdabc530a6a0816f7ff89a0aaf/library/core/src/ops/function.rs:250:5
[INFO] [stdout]   23:     0x5e28d8067fbb - core::ops::function::FnOnce::call_once::h109cf8051a59b34e
[INFO] [stdout]                                at /rustc/90b35a6239c3d8bdabc530a6a0816f7ff89a0aaf/library/core/src/ops/function.rs:250:5
[INFO] [stdout]   24:     0x5e28d8067fbb - test::__rust_begin_short_backtrace::hf4fff89d377446ba
[INFO] [stdout]                                at /rustc/90b35a6239c3d8bdabc530a6a0816f7ff89a0aaf/library/test/src/lib.rs:621:18
[INFO] [stdout]   25:     0x5e28d80677f7 - test::run_test_in_process::{{closure}}::h0e39181dd7ee5a43
[INFO] [stdout]                                at /rustc/90b35a6239c3d8bdabc530a6a0816f7ff89a0aaf/library/test/src/lib.rs:644:60
[INFO] [stdout]   26:     0x5e28d80677f7 - <core::panic::unwind_safe::AssertUnwindSafe<F> as core::ops::function::FnOnce<()>>::call_once::hc5a66a30f0bdfd1f
[INFO] [stdout]                                at /rustc/90b35a6239c3d8bdabc530a6a0816f7ff89a0aaf/library/core/src/panic/unwind_safe.rs:272:9
[INFO] [stdout]   27:     0x5e28d80677f7 - std::panicking::try::do_call::h873b7cf639554a5e
[INFO] [stdout]                                at /rustc/90b35a6239c3d8bdabc530a6a0816f7ff89a0aaf/library/std/src/panicking.rs:557:40
[INFO] [stdout]   28:     0x5e28d80677f7 - std::panicking::try::hdb19862fad9c8bd1
[INFO] [stdout]                                at /rustc/90b35a6239c3d8bdabc530a6a0816f7ff89a0aaf/library/std/src/panicking.rs:520:19
[INFO] [stdout]   29:     0x5e28d80677f7 - std::panic::catch_unwind::h281fe732d236d260
[INFO] [stdout]                                at /rustc/90b35a6239c3d8bdabc530a6a0816f7ff89a0aaf/library/std/src/panic.rs:358:14
[INFO] [stdout]   30:     0x5e28d80677f7 - test::run_test_in_process::h949b6df8457ed338
[INFO] [stdout]                                at /rustc/90b35a6239c3d8bdabc530a6a0816f7ff89a0aaf/library/test/src/lib.rs:644:27
[INFO] [stdout]   31:     0x5e28d80677f7 - test::run_test::{{closure}}::h52c556a6d4740e10
[INFO] [stdout]                                at /rustc/90b35a6239c3d8bdabc530a6a0816f7ff89a0aaf/library/test/src/lib.rs:565:43
[INFO] [stdout]   32:     0x5e28d802cad4 - test::run_test::{{closure}}::h4237f6381c45ccb9
[INFO] [stdout]                                at /rustc/90b35a6239c3d8bdabc530a6a0816f7ff89a0aaf/library/test/src/lib.rs:595:41
[INFO] [stdout]   33:     0x5e28d802cad4 - std::sys::backtrace::__rust_begin_short_backtrace::h505c97a579eca628
[INFO] [stdout]                                at /rustc/90b35a6239c3d8bdabc530a6a0816f7ff89a0aaf/library/std/src/sys/backtrace.rs:154:18
[INFO] [stdout]   34:     0x5e28d803019e - std::thread::Builder::spawn_unchecked_::{{closure}}::{{closure}}::h9e86b2e2bc107ea3
[INFO] [stdout]                                at /rustc/90b35a6239c3d8bdabc530a6a0816f7ff89a0aaf/library/std/src/thread/mod.rs:538:17
[INFO] [stdout]   35:     0x5e28d803019e - <core::panic::unwind_safe::AssertUnwindSafe<F> as core::ops::function::FnOnce<()>>::call_once::h8b06ddb275ff4a25
[INFO] [stdout]                                at /rustc/90b35a6239c3d8bdabc530a6a0816f7ff89a0aaf/library/core/src/panic/unwind_safe.rs:272:9
[INFO] [stdout]   36:     0x5e28d803019e - std::panicking::try::do_call::hb26ecd7cd9a9355d
[INFO] [stdout]                                at /rustc/90b35a6239c3d8bdabc530a6a0816f7ff89a0aaf/library/std/src/panicking.rs:557:40
[INFO] [stdout]   37:     0x5e28d803019e - std::panicking::try::h8ddeca9d705f9069
[INFO] [stdout]                                at /rustc/90b35a6239c3d8bdabc530a6a0816f7ff89a0aaf/library/std/src/panicking.rs:520:19
[INFO] [stdout]   38:     0x5e28d803019e - std::panic::catch_unwind::h49e1c33078844c46
[INFO] [stdout]                                at /rustc/90b35a6239c3d8bdabc530a6a0816f7ff89a0aaf/library/std/src/panic.rs:358:14
[INFO] [stdout]   39:     0x5e28d803019e - std::thread::Builder::spawn_unchecked_::{{closure}}::h6073db6ff56ad35d
[INFO] [stdout]                                at /rustc/90b35a6239c3d8bdabc530a6a0816f7ff89a0aaf/library/std/src/thread/mod.rs:537:30
[INFO] [stdout]   40:     0x5e28d803019e - core::ops::function::FnOnce::call_once{{vtable.shim}}::h2c5a5f3779c774f1
[INFO] [stdout]                                at /rustc/90b35a6239c3d8bdabc530a6a0816f7ff89a0aaf/library/core/src/ops/function.rs:250:5
[INFO] [stdout]   41:     0x5e28d809c2fb - <alloc::boxed::Box<F,A> as core::ops::function::FnOnce<Args>>::call_once::hf75717d9f28faebf
[INFO] [stdout]                                at /rustc/90b35a6239c3d8bdabc530a6a0816f7ff89a0aaf/library/alloc/src/boxed.rs:2454:9
[INFO] [stdout]   42:     0x5e28d809c2fb - <alloc::boxed::Box<F,A> as core::ops::function::FnOnce<Args>>::call_once::h7bd883a5f3c5f3c1
[INFO] [stdout]                                at /rustc/90b35a6239c3d8bdabc530a6a0816f7ff89a0aaf/library/alloc/src/boxed.rs:2454:9
[INFO] [stdout]   43:     0x5e28d809c2fb - std::sys::pal::unix::thread::Thread::new::thread_start::hcc78f3943333fa94
[INFO] [stdout]                                at /rustc/90b35a6239c3d8bdabc530a6a0816f7ff89a0aaf/library/std/src/sys/pal/unix/thread.rs:105:17
[INFO] [stdout]   44:     0x7bc3a3f0aac3 - <unknown>
[INFO] [stdout]   45:     0x7bc3a3f9ba04 - clone
[INFO] [stdout]   46:                0x0 - <unknown>
[INFO] [stdout] 
[INFO] [stdout] 
[INFO] [stdout] failures:
[INFO] [stdout]     bit_group::spaced::tests::from_u8_binary_to_decimal
[INFO] [stdout] 
[INFO] [stdout] test result: FAILED. 10 passed; 1 failed; 0 ignored; 0 measured; 0 filtered out; finished in 0.02s
[INFO] [stdout] 
[INFO] [stderr] error: test failed, to rerun pass `--lib`
[INFO] running `Command { std: "docker" "inspect" "c834b2c56891fed94eced2c24b7fe94cd0d3f1f8018155509db78f8dd06d0f30", kill_on_drop: false }`
[INFO] running `Command { std: "docker" "rm" "-f" "c834b2c56891fed94eced2c24b7fe94cd0d3f1f8018155509db78f8dd06d0f30", kill_on_drop: false }`
[INFO] [stdout] c834b2c56891fed94eced2c24b7fe94cd0d3f1f8018155509db78f8dd06d0f30
