[INFO] cloning repository https://github.com/ezntek/smbuilder
[INFO] running `Command { std: "git" "-c" "credential.helper=" "-c" "credential.helper=/workspace/cargo-home/bin/git-credential-null" "clone" "--bare" "https://github.com/ezntek/smbuilder" "/workspace/cache/git-repos/https%3A%2F%2Fgithub.com%2Fezntek%2Fsmbuilder", kill_on_drop: false }`
[INFO] [stderr] Cloning into bare repository '/workspace/cache/git-repos/https%3A%2F%2Fgithub.com%2Fezntek%2Fsmbuilder'...
[INFO] running `Command { std: "git" "rev-parse" "HEAD", kill_on_drop: false }`
[INFO] [stdout] d2ecdbedc10267c2721602d820f472eb0fd2c389
[INFO] testing ezntek/smbuilder against beta-2024-12-08 for beta-1.84.0-4-retry
[INFO] running `Command { std: "git" "clone" "/workspace/cache/git-repos/https%3A%2F%2Fgithub.com%2Fezntek%2Fsmbuilder" "/workspace/builds/worker-5-tc2/source", kill_on_drop: false }`
[INFO] [stderr] Cloning into '/workspace/builds/worker-5-tc2/source'...
[INFO] [stderr] done.
[INFO] validating manifest of git repo https://github.com/ezntek/smbuilder on toolchain beta-2024-12-08
[INFO] running `Command { std: CARGO_HOME="/workspace/cargo-home" RUSTUP_HOME="/workspace/rustup-home" "/workspace/cargo-home/bin/cargo" "+beta-2024-12-08" "metadata" "--manifest-path" "Cargo.toml" "--no-deps", kill_on_drop: false }`
[INFO] started tweaking git repo https://github.com/ezntek/smbuilder
[INFO] finished tweaking git repo https://github.com/ezntek/smbuilder
[INFO] tweaked toml for git repo https://github.com/ezntek/smbuilder written to /workspace/builds/worker-5-tc2/source/Cargo.toml
[INFO] crate git repo https://github.com/ezntek/smbuilder already has a lockfile, it will not be regenerated
[INFO] running `Command { std: CARGO_HOME="/workspace/cargo-home" RUSTUP_HOME="/workspace/rustup-home" "/workspace/cargo-home/bin/cargo" "+beta-2024-12-08" "fetch" "--manifest-path" "Cargo.toml", kill_on_drop: false }`
[INFO] [stderr] warning: virtual workspace defaulting to `resolver = "1"` despite one or more workspace members being on edition 2021 which implies `resolver = "2"`
[INFO] [stderr] note: to keep the current resolver, specify `workspace.resolver = "1"` in the workspace root's manifest
[INFO] [stderr] note: to use the edition 2021 resolver, specify `workspace.resolver = "2"` in the workspace root's manifest
[INFO] [stderr] note: for more details see https://doc.rust-lang.org/cargo/reference/resolver.html#resolver-versions
[INFO] [stderr]     Updating crates.io index
[INFO] [stderr]      Locking 240 packages to latest compatible versions
[INFO] [stderr]       Adding accesskit v0.11.2
[INFO] [stderr]       Adding accesskit_consumer v0.15.2
[INFO] [stderr]       Adding accesskit_macos v0.9.0
[INFO] [stderr]       Adding accesskit_unix v0.5.2
[INFO] [stderr]       Adding accesskit_windows v0.14.3
[INFO] [stderr]       Adding accesskit_winit v0.14.4
[INFO] [stderr]       Adding adler2 v2.0.0
[INFO] [stderr]       Adding aho-corasick v1.1.3
[INFO] [stderr]       Adding android-activity v0.4.3
[INFO] [stderr]       Adding android-properties v0.2.2
[INFO] [stderr]       Adding arboard v3.4.1
[INFO] [stderr]       Adding arrayref v0.3.9
[INFO] [stderr]       Adding arrayvec v0.7.6
[INFO] [stderr]       Adding async-broadcast v0.5.1
[INFO] [stderr]       Adding async-channel v1.9.0
[INFO] [stderr]       Adding async-executor v1.13.1
[INFO] [stderr]       Adding async-fs v1.6.0
[INFO] [stderr]       Adding async-io v1.13.0
[INFO] [stderr]       Adding async-lock v2.8.0
[INFO] [stderr]       Adding async-process v1.7.0 (available: v1.8.1)
[INFO] [stderr]       Adding async-recursion v1.1.1
[INFO] [stderr]       Adding async-task v4.7.1
[INFO] [stderr]       Adding async-trait v0.1.83
[INFO] [stderr]       Adding atomic-waker v1.1.2
[INFO] [stderr]       Adding atspi v0.10.1
[INFO] [stderr]       Adding atspi-macros v0.2.0
[INFO] [stderr]     Updating bitflags v2.4.0 -> v2.6.0
[INFO] [stderr]       Adding block v0.1.6
[INFO] [stderr]       Adding block-buffer v0.10.4
[INFO] [stderr]       Adding block-sys v0.1.0-beta.1 (available: v0.1.0-beta.2)
[INFO] [stderr]       Adding block2 v0.2.0-alpha.6 (available: v0.2.0)
[INFO] [stderr]       Adding block2 v0.5.1
[INFO] [stderr]       Adding blocking v1.4.1 (available: v1.6.1)
[INFO] [stderr]       Adding bumpalo v3.16.0
[INFO] [stderr]       Adding bytemuck v1.20.0
[INFO] [stderr]       Adding bytemuck_derive v1.8.0
[INFO] [stderr]       Adding byteorder v1.5.0
[INFO] [stderr]       Adding bytes v1.9.0
[INFO] [stderr]       Adding calloop v0.10.6
[INFO] [stderr]       Adding cesu8 v1.1.0
[INFO] [stderr]       Adding cfg_aliases v0.1.1
[INFO] [stderr]       Adding cgl v0.3.2
[INFO] [stderr]       Adding clipboard-win v5.4.0
[INFO] [stderr]       Adding cocoa v0.24.1
[INFO] [stderr]       Adding cocoa-foundation v0.1.2
[INFO] [stderr]       Adding color_quant v1.1.0
[INFO] [stderr]       Adding combine v4.6.7
[INFO] [stderr]       Adding concurrent-queue v2.5.0
[INFO] [stderr]       Adding core-foundation v0.9.4
[INFO] [stderr]       Adding core-foundation-sys v0.8.7
[INFO] [stderr]       Adding core-graphics v0.22.3
[INFO] [stderr]       Adding core-graphics-types v0.1.3
[INFO] [stderr]       Adding cpufeatures v0.2.16
[INFO] [stderr]       Adding crc32fast v1.4.2
[INFO] [stderr]       Adding crossbeam-utils v0.8.20
[INFO] [stderr]       Adding crypto-common v0.1.6
[INFO] [stderr]       Adding derivative v2.2.0
[INFO] [stderr]       Adding digest v0.10.7
[INFO] [stderr]       Adding dispatch v0.2.0
[INFO] [stderr]       Adding dlib v0.5.2
[INFO] [stderr]       Adding downcast-rs v1.2.1
[INFO] [stderr]       Adding eframe v0.22.0 (available: v0.29.1)
[INFO] [stderr]       Adding egui-winit v0.22.0
[INFO] [stderr]       Adding egui_glow v0.22.0
[INFO] [stderr]       Adding enumflags2 v0.7.10
[INFO] [stderr]       Adding enumflags2_derive v0.7.10
[INFO] [stderr]     Updating errno v0.3.1 -> v0.3.10
[INFO] [stderr]       Adding error-code v3.3.1
[INFO] [stderr]       Adding event-listener v2.5.3
[INFO] [stderr]       Adding fastrand v1.9.0
[INFO] [stderr]       Adding fastrand v2.3.0
[INFO] [stderr]       Adding fdeflate v0.3.7
[INFO] [stderr]       Adding flate2 v1.0.35
[INFO] [stderr]       Adding foreign-types v0.3.2
[INFO] [stderr]       Adding foreign-types-shared v0.1.1
[INFO] [stderr]       Adding futures-core v0.3.31
[INFO] [stderr]       Adding futures-io v0.3.31
[INFO] [stderr]       Adding futures-lite v1.13.0
[INFO] [stderr]       Adding futures-lite v2.5.0
[INFO] [stderr]       Adding futures-sink v0.3.31
[INFO] [stderr]       Adding futures-task v0.3.31
[INFO] [stderr]       Adding futures-util v0.3.31
[INFO] [stderr]       Adding generic-array v0.14.7
[INFO] [stderr]       Adding gethostname v0.4.3
[INFO] [stderr]       Adding getrandom v0.2.15
[INFO] [stderr]       Adding gl_generator v0.14.0
[INFO] [stderr]       Adding glow v0.12.3
[INFO] [stderr]       Adding glutin v0.30.10
[INFO] [stderr]       Adding glutin-winit v0.3.0
[INFO] [stderr]       Adding glutin_egl_sys v0.5.1
[INFO] [stderr]       Adding glutin_glx_sys v0.4.0
[INFO] [stderr]       Adding glutin_wgl_sys v0.4.0
[INFO] [stderr]       Adding hex v0.4.3
[INFO] [stderr]       Adding home v0.5.9
[INFO] [stderr]       Adding image v0.24.9
[INFO] [stderr]       Adding instant v0.1.13
[INFO] [stderr]       Adding jni v0.21.1
[INFO] [stderr]       Adding jni-sys v0.3.0
[INFO] [stderr]       Adding js-sys v0.3.76
[INFO] [stderr]       Adding khronos_api v3.1.0
[INFO] [stderr]     Updating libc v0.2.146 -> v0.2.168
[INFO] [stderr]       Adding libloading v0.7.4
[INFO] [stderr]       Adding libloading v0.8.6
[INFO] [stderr]       Adding libredox v0.1.3
[INFO] [stderr]       Adding linux-raw-sys v0.4.14
[INFO] [stderr]       Adding malloc_buf v0.0.6
[INFO] [stderr]       Adding memmap2 v0.5.10
[INFO] [stderr]       Adding memoffset v0.6.5
[INFO] [stderr]       Adding memoffset v0.7.1
[INFO] [stderr]       Adding memoffset v0.9.1
[INFO] [stderr]       Adding miniz_oxide v0.8.0
[INFO] [stderr]       Adding mio v0.8.11
[INFO] [stderr]       Adding ndk v0.7.0
[INFO] [stderr]       Adding ndk-context v0.1.1
[INFO] [stderr]       Adding ndk-sys v0.4.1+23.1.7779620
[INFO] [stderr]       Adding nix v0.24.3
[INFO] [stderr]       Adding nix v0.25.1
[INFO] [stderr]       Adding num-traits v0.2.19
[INFO] [stderr]       Adding num_enum v0.5.11
[INFO] [stderr]       Adding num_enum v0.6.1
[INFO] [stderr]       Adding num_enum_derive v0.5.11
[INFO] [stderr]       Adding num_enum_derive v0.6.1
[INFO] [stderr]       Adding objc v0.2.7
[INFO] [stderr]       Adding objc-sys v0.2.0-beta.2 (available: v0.2.0-beta.3)
[INFO] [stderr]       Adding objc-sys v0.3.5
[INFO] [stderr]       Adding objc2 v0.3.0-beta.3.patch-leaks.3 (available: v0.3.0-beta.5)
[INFO] [stderr]       Adding objc2 v0.5.2
[INFO] [stderr]       Adding objc2-app-kit v0.2.2
[INFO] [stderr]       Adding objc2-core-data v0.2.2
[INFO] [stderr]       Adding objc2-core-image v0.2.2
[INFO] [stderr]       Adding objc2-encode v2.0.0-pre.2 (available: v2.0.0)
[INFO] [stderr]       Adding objc2-encode v4.0.3
[INFO] [stderr]       Adding objc2-foundation v0.2.2
[INFO] [stderr]       Adding objc2-metal v0.2.2
[INFO] [stderr]       Adding objc2-quartz-core v0.2.2
[INFO] [stderr]       Adding orbclient v0.3.48
[INFO] [stderr]       Adding ordered-stream v0.2.0
[INFO] [stderr]       Adding parking v2.2.1
[INFO] [stderr]       Adding paste v1.0.15
[INFO] [stderr]       Adding pin-utils v0.1.0
[INFO] [stderr]       Adding piper v0.2.4
[INFO] [stderr]       Adding png v0.17.15
[INFO] [stderr]       Adding polling v2.8.0
[INFO] [stderr]       Adding ppv-lite86 v0.2.20
[INFO] [stderr]       Adding proc-macro-crate v1.3.1
[INFO] [stderr]     Updating proc-macro2 v1.0.63 -> v1.0.92
[INFO] [stderr]     Updating quote v1.0.28 -> v1.0.37
[INFO] [stderr]       Adding rand v0.8.5
[INFO] [stderr]       Adding rand_chacha v0.3.1
[INFO] [stderr]       Adding rand_core v0.6.4
[INFO] [stderr]       Adding raw-window-handle v0.5.2
[INFO] [stderr]       Adding redox_syscall v0.5.8
[INFO] [stderr]       Adding regex v1.9.4 (available: v1.11.1)
[INFO] [stderr]       Adding regex-automata v0.3.7 (available: v0.3.9)
[INFO] [stderr]       Adding regex-syntax v0.7.5
[INFO] [stderr]       Adding rustix v0.38.42
[INFO] [stderr]       Adding same-file v1.0.6
[INFO] [stderr]       Adding scoped-tls v1.0.1
[INFO] [stderr]       Adding sctk-adwaita v0.5.4
[INFO] [stderr]       Adding serde_repr v0.1.19
[INFO] [stderr]       Adding sha1 v0.10.6
[INFO] [stderr]       Adding signal-hook v0.3.17
[INFO] [stderr]       Adding signal-hook-registry v1.4.2
[INFO] [stderr]       Adding simd-adler32 v0.3.7
[INFO] [stderr]       Adding slab v0.4.9
[INFO] [stderr]       Adding slotmap v1.0.7
[INFO] [stderr]       Adding smithay-client-toolkit v0.16.1
[INFO] [stderr]       Adding smithay-clipboard v0.6.6
[INFO] [stderr]       Adding socket2 v0.4.10
[INFO] [stderr]       Adding strict-num v0.1.1
[INFO] [stderr]     Updating syn v2.0.22 -> v2.0.90
[INFO] [stderr]       Adding tempfile v3.10.1 (available: v3.14.0)
[INFO] [stderr]       Adding thiserror v1.0.69
[INFO] [stderr]       Adding thiserror-impl v1.0.69
[INFO] [stderr]       Adding tiny-skia v0.8.4
[INFO] [stderr]       Adding tiny-skia-path v0.8.4
[INFO] [stderr]       Adding toml_datetime v0.6.8
[INFO] [stderr]       Adding toml_edit v0.19.15
[INFO] [stderr]       Adding tracing-attributes v0.1.28
[INFO] [stderr]       Adding typenum v1.17.0
[INFO] [stderr]       Adding uds_windows v1.1.0
[INFO] [stderr]       Adding vec_map v0.8.2
[INFO] [stderr]       Adding waker-fn v1.2.0
[INFO] [stderr]       Adding walkdir v2.5.0
[INFO] [stderr]       Adding wasi v0.11.0+wasi-snapshot-preview1
[INFO] [stderr]       Adding wasm-bindgen v0.2.99
[INFO] [stderr]       Adding wasm-bindgen-backend v0.2.99
[INFO] [stderr]       Adding wasm-bindgen-futures v0.4.49
[INFO] [stderr]       Adding wasm-bindgen-macro v0.2.99
[INFO] [stderr]       Adding wasm-bindgen-macro-support v0.2.99
[INFO] [stderr]       Adding wasm-bindgen-shared v0.2.99
[INFO] [stderr]       Adding wayland-client v0.29.5
[INFO] [stderr]       Adding wayland-commons v0.29.5
[INFO] [stderr]       Adding wayland-cursor v0.29.5
[INFO] [stderr]       Adding wayland-protocols v0.29.5
[INFO] [stderr]       Adding wayland-scanner v0.29.5
[INFO] [stderr]       Adding wayland-sys v0.29.5
[INFO] [stderr]       Adding wayland-sys v0.30.1
[INFO] [stderr]       Adding web-sys v0.3.76
[INFO] [stderr]       Adding webbrowser v0.8.15
[INFO] [stderr]       Adding winapi-util v0.1.9
[INFO] [stderr]       Adding windows v0.48.0
[INFO] [stderr]       Adding windows-implement v0.48.0
[INFO] [stderr]       Adding windows-interface v0.48.0
[INFO] [stderr]       Adding windows-sys v0.45.0
[INFO] [stderr]       Adding windows-sys v0.52.0
[INFO] [stderr]       Adding windows-sys v0.59.0
[INFO] [stderr]       Adding windows-targets v0.42.2
[INFO] [stderr]       Adding windows-targets v0.52.6
[INFO] [stderr]       Adding windows_aarch64_gnullvm v0.42.2
[INFO] [stderr]       Adding windows_aarch64_gnullvm v0.52.6
[INFO] [stderr]       Adding windows_aarch64_msvc v0.42.2
[INFO] [stderr]       Adding windows_aarch64_msvc v0.52.6
[INFO] [stderr]       Adding windows_i686_gnu v0.42.2
[INFO] [stderr]       Adding windows_i686_gnu v0.52.6
[INFO] [stderr]       Adding windows_i686_gnullvm v0.52.6
[INFO] [stderr]       Adding windows_i686_msvc v0.42.2
[INFO] [stderr]       Adding windows_i686_msvc v0.52.6
[INFO] [stderr]       Adding windows_x86_64_gnu v0.42.2
[INFO] [stderr]       Adding windows_x86_64_gnu v0.52.6
[INFO] [stderr]       Adding windows_x86_64_gnullvm v0.42.2
[INFO] [stderr]       Adding windows_x86_64_gnullvm v0.52.6
[INFO] [stderr]       Adding windows_x86_64_msvc v0.42.2
[INFO] [stderr]       Adding windows_x86_64_msvc v0.52.6
[INFO] [stderr]       Adding winit v0.28.7
[INFO] [stderr]       Adding winnow v0.5.40
[INFO] [stderr]       Adding x11-dl v2.21.0
[INFO] [stderr]       Adding x11rb v0.13.1
[INFO] [stderr]       Adding x11rb-protocol v0.13.1
[INFO] [stderr]       Adding xcursor v0.3.8
[INFO] [stderr]       Adding xdg-home v1.3.0
[INFO] [stderr]       Adding xml-rs v0.8.24
[INFO] [stderr]       Adding zbus v3.15.2
[INFO] [stderr]       Adding zbus_macros v3.15.2
[INFO] [stderr]       Adding zbus_names v2.6.1
[INFO] [stderr]       Adding zerocopy v0.7.35
[INFO] [stderr]       Adding zerocopy-derive v0.7.35
[INFO] [stderr]       Adding zvariant v3.15.2
[INFO] [stderr]       Adding zvariant_derive v3.15.2
[INFO] [stderr]       Adding zvariant_utils v1.0.1 (available: v1.1.1)
[INFO] running `Command { std: "docker" "create" "-v" "/var/lib/crater-agent-workspace/builds/worker-5-tc2/target:/opt/rustwide/target:rw,Z" "-v" "/var/lib/crater-agent-workspace/builds/worker-5-tc2/source:/opt/rustwide/workdir:ro,Z" "-v" "/var/lib/crater-agent-workspace/cargo-home:/opt/rustwide/cargo-home:ro,Z" "-v" "/var/lib/crater-agent-workspace/rustup-home:/opt/rustwide/rustup-home:ro,Z" "-e" "SOURCE_DIR=/opt/rustwide/workdir" "-e" "CARGO_TARGET_DIR=/opt/rustwide/target" "-e" "CARGO_HOME=/opt/rustwide/cargo-home" "-e" "RUSTUP_HOME=/opt/rustwide/rustup-home" "-w" "/opt/rustwide/workdir" "-m" "1610612736" "--user" "0:0" "--network" "none" "ghcr.io/rust-lang/crates-build-env/linux@sha256:f3a9d4ad9d972b27faf3965f35b62e55ba32bbce8f20bc8fe909558a86702fde" "/opt/rustwide/cargo-home/bin/cargo" "+beta-2024-12-08" "metadata" "--no-deps" "--format-version=1", kill_on_drop: false }`
[INFO] [stdout] 6c321e8300b2399ca9a48f468ca84f334a5fbb1b253f0f55fcf87d247ce08103
[INFO] running `Command { std: "docker" "start" "-a" "6c321e8300b2399ca9a48f468ca84f334a5fbb1b253f0f55fcf87d247ce08103", kill_on_drop: false }`
[INFO] running `Command { std: "docker" "inspect" "6c321e8300b2399ca9a48f468ca84f334a5fbb1b253f0f55fcf87d247ce08103", kill_on_drop: false }`
[INFO] running `Command { std: "docker" "rm" "-f" "6c321e8300b2399ca9a48f468ca84f334a5fbb1b253f0f55fcf87d247ce08103", kill_on_drop: false }`
[INFO] [stdout] 6c321e8300b2399ca9a48f468ca84f334a5fbb1b253f0f55fcf87d247ce08103
[INFO] running `Command { std: "docker" "create" "-v" "/var/lib/crater-agent-workspace/builds/worker-5-tc2/target:/opt/rustwide/target:rw,Z" "-v" "/var/lib/crater-agent-workspace/builds/worker-5-tc2/source:/opt/rustwide/workdir:ro,Z" "-v" "/var/lib/crater-agent-workspace/cargo-home:/opt/rustwide/cargo-home:ro,Z" "-v" "/var/lib/crater-agent-workspace/rustup-home:/opt/rustwide/rustup-home:ro,Z" "-e" "SOURCE_DIR=/opt/rustwide/workdir" "-e" "CARGO_TARGET_DIR=/opt/rustwide/target" "-e" "CARGO_INCREMENTAL=0" "-e" "RUST_BACKTRACE=full" "-e" "RUSTFLAGS=--cap-lints=warn" "-e" "RUSTDOCFLAGS=--cap-lints=warn" "-e" "CARGO_HOME=/opt/rustwide/cargo-home" "-e" "RUSTUP_HOME=/opt/rustwide/rustup-home" "-w" "/opt/rustwide/workdir" "-m" "1610612736" "--user" "0:0" "--network" "none" "ghcr.io/rust-lang/crates-build-env/linux@sha256:f3a9d4ad9d972b27faf3965f35b62e55ba32bbce8f20bc8fe909558a86702fde" "/opt/rustwide/cargo-home/bin/cargo" "+beta-2024-12-08" "build" "--frozen" "--message-format=json", kill_on_drop: false }`
[INFO] [stdout] 7114caca79291abadff38931f845c4d153b649e9067de3126b54d5edb9f7f918
[INFO] running `Command { std: "docker" "start" "-a" "7114caca79291abadff38931f845c4d153b649e9067de3126b54d5edb9f7f918", kill_on_drop: false }`
[INFO] [stderr] warning: virtual workspace defaulting to `resolver = "1"` despite one or more workspace members being on edition 2021 which implies `resolver = "2"`
[INFO] [stderr] note: to keep the current resolver, specify `workspace.resolver = "1"` in the workspace root's manifest
[INFO] [stderr] note: to use the edition 2021 resolver, specify `workspace.resolver = "2"` in the workspace root's manifest
[INFO] [stderr] note: for more details see https://doc.rust-lang.org/cargo/reference/resolver.html#resolver-versions
[INFO] [stderr]    Compiling proc-macro2 v1.0.92
[INFO] [stderr]    Compiling libc v0.2.168
[INFO] [stderr]    Compiling unicode-ident v1.0.9
[INFO] [stderr]    Compiling once_cell v1.18.0
[INFO] [stderr]    Compiling pkg-config v0.3.27
[INFO] [stderr]    Compiling log v0.4.19
[INFO] [stderr]    Compiling xml-rs v0.8.24
[INFO] [stderr]    Compiling syn v1.0.109
[INFO] [stderr]    Compiling pin-project-lite v0.2.9
[INFO] [stderr]    Compiling smallvec v1.11.1
[INFO] [stderr]    Compiling io-lifetimes v1.0.11
[INFO] [stderr]    Compiling equivalent v1.0.0
[INFO] [stderr]    Compiling rustix v0.37.20
[INFO] [stderr]    Compiling hashbrown v0.14.0
[INFO] [stderr]    Compiling libloading v0.8.6
[INFO] [stderr]    Compiling serde v1.0.164
[INFO] [stderr]    Compiling futures-core v0.3.31
[INFO] [stderr]    Compiling linux-raw-sys v0.3.8
[INFO] [stderr]    Compiling indexmap v2.0.0
[INFO] [stderr]    Compiling dlib v0.5.2
[INFO] [stderr]    Compiling tracing-core v0.1.31
[INFO] [stderr]    Compiling wayland-sys v0.29.5
[INFO] [stderr]    Compiling crossbeam-utils v0.8.20
[INFO] [stderr]    Compiling quote v1.0.37
[INFO] [stderr]    Compiling futures-io v0.3.31
[INFO] [stderr]    Compiling memoffset v0.7.1
[INFO] [stderr]    Compiling static_assertions v1.1.0
[INFO] [stderr]    Compiling typenum v1.17.0
[INFO] [stderr]    Compiling byteorder v1.5.0
[INFO] [stderr]    Compiling syn v2.0.90
[INFO] [stderr]    Compiling wayland-scanner v0.29.5
[INFO] [stderr]    Compiling generic-array v0.14.7
[INFO] [stderr]    Compiling khronos_api v3.1.0
[INFO] [stderr]    Compiling percent-encoding v2.3.0
[INFO] [stderr]    Compiling cfg_aliases v0.1.1
[INFO] [stderr]    Compiling simd-adler32 v0.3.7
[INFO] [stderr]    Compiling winnow v0.5.40
[INFO] [stderr]    Compiling event-listener v2.5.3
[INFO] [stderr]    Compiling parking v2.2.1
[INFO] [stderr]    Compiling toml_datetime v0.6.8
[INFO] [stderr]    Compiling concurrent-queue v2.5.0
[INFO] [stderr]    Compiling jobserver v0.1.26
[INFO] [stderr]    Compiling nix v0.24.3
[INFO] [stderr]    Compiling cc v1.0.79
[INFO] [stderr]    Compiling wayland-client v0.29.5
[INFO] [stderr]    Compiling slotmap v1.0.7
[INFO] [stderr]    Compiling slab v0.4.9
[INFO] [stderr]    Compiling adler2 v2.0.0
[INFO] [stderr]    Compiling tinyvec_macros v0.1.1
[INFO] [stderr]    Compiling ttf-parser v0.19.2
[INFO] [stderr]    Compiling wayland-commons v0.29.5
[INFO] [stderr]    Compiling toml_edit v0.19.15
[INFO] [stderr]    Compiling downcast-rs v1.2.1
[INFO] [stderr]    Compiling scoped-tls v1.0.1
[INFO] [stderr]    Compiling fastrand v2.3.0
[INFO] [stderr]    Compiling thiserror v1.0.69
[INFO] [stderr]    Compiling tinyvec v1.6.0
[INFO] [stderr]    Compiling miniz_oxide v0.8.0
[INFO] [stderr]    Compiling nix v0.26.2
[INFO] [stderr]    Compiling zvariant_utils v1.0.1
[INFO] [stderr]    Compiling owned_ttf_parser v0.19.0
[INFO] [stderr]    Compiling wayland-protocols v0.29.5
[INFO] [stderr]    Compiling crc32fast v1.4.2
[INFO] [stderr]    Compiling waker-fn v1.2.0
[INFO] [stderr]    Compiling fastrand v1.9.0
[INFO] [stderr]    Compiling proc-macro-crate v1.3.1
[INFO] [stderr]    Compiling ab_glyph_rasterizer v0.1.8
[INFO] [stderr]    Compiling strsim v0.10.0
[INFO] [stderr]    Compiling ab_glyph v0.2.21
[INFO] [stderr]    Compiling futures-lite v1.13.0
[INFO] [stderr]    Compiling flate2 v1.0.35
[INFO] [stderr]    Compiling gl_generator v0.14.0
[INFO] [stderr]    Compiling unicode-normalization v0.1.22
[INFO] [stderr]    Compiling nix v0.25.1
[INFO] [stderr]    Compiling serde_derive v1.0.164
[INFO] [stderr]    Compiling bytemuck_derive v1.8.0
[INFO] [stderr]    Compiling tracing-attributes v0.1.28
[INFO] [stderr]    Compiling zerocopy-derive v0.7.35
[INFO] [stderr]    Compiling thiserror-impl v1.0.69
[INFO] [stderr]    Compiling zerocopy v0.7.35
[INFO] [stderr]    Compiling bytemuck v1.20.0
[INFO] [stderr]    Compiling enumflags2_derive v0.7.10
[INFO] [stderr]    Compiling tracing v0.1.37
[INFO] [stderr]    Compiling getrandom v0.2.15
[INFO] [stderr]    Compiling async-lock v2.8.0
[INFO] [stderr]    Compiling fdeflate v0.3.7
[INFO] [stderr]    Compiling smithay-client-toolkit v0.16.1
[INFO] [stderr]    Compiling x11-dl v2.21.0
[INFO] [stderr]    Compiling aho-corasick v1.1.3
[INFO] [stderr]    Compiling lock_api v0.4.10
[INFO] [stderr]    Compiling polling v2.8.0
[INFO] [stderr]    Compiling xcursor v0.3.8
[INFO] [stderr]    Compiling bitflags v2.6.0
[INFO] [stderr]    Compiling atomic-waker v1.1.2
[INFO] [stderr]    Compiling parking_lot_core v0.9.8
[INFO] [stderr]    Compiling regex-syntax v0.7.5
[INFO] [stderr]    Compiling unicode-bidi v0.3.13
[INFO] [stderr]    Compiling async-task v4.7.1
[INFO] [stderr]    Compiling calloop v0.10.6
[INFO] [stderr]    Compiling idna v0.4.0
[INFO] [stderr]    Compiling piper v0.2.4
[INFO] [stderr]    Compiling wayland-cursor v0.29.5
[INFO] [stderr]    Compiling png v0.17.15
[INFO] [stderr]    Compiling ppv-lite86 v0.2.20
[INFO] [stderr]    Compiling rand_core v0.6.4
[INFO] [stderr]    Compiling zvariant_derive v3.15.2
[INFO] [stderr]    Compiling crypto-common v0.1.6
[INFO] [stderr]    Compiling block-buffer v0.10.4
[INFO] [stderr]    Compiling openssl-sys v0.9.90
[INFO] [stderr]    Compiling libz-sys v1.1.9
[INFO] [stderr]    Compiling async-channel v1.9.0
[INFO] [stderr]    Compiling memmap2 v0.5.10
[INFO] [stderr]    Compiling form_urlencoded v1.2.0
[INFO] [stderr]    Compiling async-io v1.13.0
[INFO] [stderr]    Compiling async-fs v1.6.0
[INFO] [stderr]    Compiling strict-num v0.1.1
[INFO] [stderr]    Compiling arrayref v0.3.9
[INFO] [stderr]    Compiling scopeguard v1.2.0
[INFO] [stderr]    Compiling tiny-skia-path v0.8.4
[INFO] [stderr]    Compiling regex-automata v0.3.7
[INFO] [stderr]    Compiling url v2.4.0
[INFO] [stderr]    Compiling blocking v1.4.1
[INFO] [stderr]    Compiling digest v0.10.7
[INFO] [stderr]    Compiling rand_chacha v0.3.1
[INFO] [stderr]    Compiling futures-lite v2.5.0
[INFO] [stderr]    Compiling socket2 v0.4.10
[INFO] [stderr]    Compiling ahash v0.8.3
[INFO] [stderr]    Compiling accesskit v0.11.2
[INFO] [stderr]    Compiling futures-task v0.3.31
[INFO] [stderr]    Compiling futures-sink v0.3.31
[INFO] [stderr]    Compiling cpufeatures v0.2.16
[INFO] [stderr]    Compiling arrayvec v0.7.6
[INFO] [stderr]    Compiling futures-util v0.3.31
[INFO] [stderr]    Compiling tiny-skia v0.8.4
[INFO] [stderr]    Compiling darling_core v0.14.4
[INFO] [stderr]    Compiling async-executor v1.13.1
[INFO] [stderr]    Compiling sha1 v0.10.6
[INFO] [stderr]    Compiling enumflags2 v0.7.10
[INFO] [stderr]    Compiling zvariant v3.15.2
[INFO] [stderr]    Compiling regex v1.9.4
[INFO] [stderr]    Compiling parking_lot v0.12.1
[INFO] [stderr]    Compiling zbus_macros v3.15.2
[INFO] [stderr]    Compiling rand v0.8.5
[INFO] [stderr]    Compiling serde_repr v0.1.19
[INFO] [stderr]    Compiling zbus_names v2.6.1
[INFO] [stderr]    Compiling async-trait v0.1.83
[INFO] [stderr]    Compiling async-recursion v1.1.1
[INFO] [stderr]    Compiling derivative v2.2.0
[INFO] [stderr]    Compiling libssh2-sys v0.3.0
[INFO] [stderr]    Compiling winit v0.28.7
[INFO] [stderr]    Compiling xdg-home v1.3.0
[INFO] [stderr]    Compiling async-broadcast v0.5.1
[INFO] [stderr]    Compiling ordered-stream v0.2.0
[INFO] [stderr]    Compiling raw-window-handle v0.5.2
[INFO] [stderr]    Compiling utf8parse v0.2.1
[INFO] [stderr]    Compiling rustix v0.38.42
[INFO] [stderr]    Compiling anstyle-parse v0.2.1
[INFO] [stderr]    Compiling darling_macro v0.14.4
[INFO] [stderr]    Compiling ecolor v0.22.0
[INFO] [stderr]    Compiling emath v0.22.0
[INFO] [stderr]    Compiling glutin_glx_sys v0.4.0
[INFO] [stderr]    Compiling glutin_egl_sys v0.5.1
[INFO] [stderr]    Compiling atspi-macros v0.2.0
[INFO] [stderr]    Compiling is-terminal v0.4.7
[INFO] [stderr]    Compiling mio v0.8.11
[INFO] [stderr]    Compiling wayland-sys v0.30.1
[INFO] [stderr]    Compiling instant v0.1.13
[INFO] [stderr]    Compiling colorchoice v1.0.0
[INFO] [stderr]    Compiling anstyle v1.0.1
[INFO] [stderr]    Compiling linux-raw-sys v0.4.14
[INFO] [stderr]    Compiling anstyle-query v1.0.0
[INFO] [stderr]    Compiling nohash-hasher v0.2.0
[INFO] [stderr]    Compiling epaint v0.22.0
[INFO] [stderr]    Compiling anstream v0.3.2
[INFO] [stderr]    Compiling darling v0.14.4
[INFO] [stderr]    Compiling accesskit_consumer v0.15.2
[INFO] [stderr]    Compiling libgit2-sys v0.16.1+1.7.1
[INFO] [stderr]    Compiling glutin v0.30.10
[INFO] [stderr]    Compiling zbus v3.15.2
[INFO] [stderr]    Compiling thread_local v1.1.7
[INFO] [stderr]    Compiling sharded-slab v0.1.4
[INFO] [stderr]    Compiling num-traits v0.2.19
[INFO] [stderr]    Compiling x11rb-protocol v0.13.1
[INFO] [stderr]    Compiling clap_lex v0.5.0
[INFO] [stderr]    Compiling heck v0.4.1
[INFO] [stderr]    Compiling tracing-subscriber v0.3.17
[INFO] [stderr]    Compiling clap_derive v4.3.2
[INFO] [stderr]    Compiling clap_builder v4.3.8
[INFO] [stderr]    Compiling egui v0.22.0
[INFO] [stderr]    Compiling derive_builder_core v0.12.0
[INFO] [stderr]    Compiling backtrace v0.3.67
[INFO] [stderr]    Compiling atty v0.2.14
[INFO] [stderr]    Compiling glutin-winit v0.3.0
[INFO] [stderr]    Compiling libloading v0.7.4
[INFO] [stderr]    Compiling gimli v0.27.3
[INFO] [stderr]    Compiling home v0.5.9
[INFO] [stderr]    Compiling eyre v0.6.8
[INFO] [stderr]    Compiling adler v1.0.2
[INFO] [stderr]    Compiling miniz_oxide v0.6.2
[INFO] [stderr]    Compiling webbrowser v0.8.15
[INFO] [stderr]    Compiling x11rb v0.13.1
[INFO] [stderr]    Compiling addr2line v0.19.0
[INFO] [stderr]    Compiling colored v2.0.0
[INFO] [stderr]    Compiling atspi v0.10.1
[INFO] [stderr]    Compiling arboard v3.4.1
[INFO] [stderr]    Compiling derive_builder_macro v0.12.0
[INFO] [stderr]    Compiling clap v4.3.8
[INFO] [stderr]    Compiling tracing-error v0.2.0
[INFO] [stderr]    Compiling os_pipe v1.1.4
[INFO] [stderr]    Compiling shared_child v1.0.0
[INFO] [stderr]    Compiling object v0.30.4
[INFO] [stderr]    Compiling indenter v0.3.3
[INFO] [stderr]    Compiling owo-colors v3.5.0
[INFO] [stderr]    Compiling itoa v1.0.6
[INFO] [stderr]    Compiling unsafe-libyaml v0.2.8
[INFO] [stderr]    Compiling ryu v1.0.13
[INFO] [stderr]    Compiling rustc-demangle v0.1.23
[INFO] [stderr]    Compiling color_quant v1.1.0
[INFO] [stderr]    Compiling glow v0.12.3
[INFO] [stderr]    Compiling image v0.24.9
[INFO] [stderr]    Compiling color-spantrace v0.2.0
[INFO] [stderr]    Compiling serde_yaml v0.9.22
[INFO] [stderr]    Compiling egui_glow v0.22.0
[INFO] [stderr]    Compiling duct v0.13.6
[INFO] [stderr]    Compiling derive_builder v0.12.0
[INFO] [stderr]    Compiling n64romconvert v1.0.2
[INFO] [stderr]    Compiling ctrlc v3.4.0
[INFO] [stderr]    Compiling fs_extra v1.3.0
[INFO] [stderr]    Compiling color-eyre v0.6.2
[INFO] [stderr]    Compiling accesskit_unix v0.5.2
[INFO] [stderr]    Compiling git2 v0.18.0
[INFO] [stderr]    Compiling smbuilder v0.1.0 (/opt/rustwide/workdir/smbuilder)
[INFO] [stdout] warning: missing documentation for a macro
[INFO] [stdout]  --> smbuilder/src/util.rs:5:1
[INFO] [stdout]   |
[INFO] [stdout] 5 | macro_rules! try_or_return {
[INFO] [stdout]   | ^^^^^^^^^^^^^^^^^^^^^^^^^^
[INFO] [stdout]   |
[INFO] [stdout] note: the lint level is defined here
[INFO] [stdout]  --> smbuilder/src/lib.rs:1:9
[INFO] [stdout]   |
[INFO] [stdout] 1 | #![warn(missing_docs)]
[INFO] [stdout]   |         ^^^^^^^^^^^^
[INFO] [stdout] 
[INFO] [stdout] 
[INFO] [stderr]    Compiling smbuilder-cli v0.1.0 (/opt/rustwide/workdir/smbuilder-cli)
[INFO] [stdout] warning: unused import: `colored::Colorize`
[INFO] [stdout]  --> smbuilder-cli/src/lib.rs:1:5
[INFO] [stdout]   |
[INFO] [stdout] 1 | use colored::Colorize;
[INFO] [stdout]   |     ^^^^^^^^^^^^^^^^^
[INFO] [stdout]   |
[INFO] [stdout]   = note: `#[warn(unused_imports)]` on by default
[INFO] [stdout] 
[INFO] [stdout] 
[INFO] [stdout] warning: unused import: `fmt::format`
[INFO] [stdout]  --> smbuilder-cli/src/main.rs:4:11
[INFO] [stdout]   |
[INFO] [stdout] 4 | use std::{fmt::format, path::PathBuf, thread};
[INFO] [stdout]   |           ^^^^^^^^^^^
[INFO] [stdout]   |
[INFO] [stdout]   = note: `#[warn(unused_imports)]` on by default
[INFO] [stdout] 
[INFO] [stdout] 
[INFO] [stderr]    Compiling sctk-adwaita v0.5.4
[INFO] [stderr]    Compiling smithay-clipboard v0.6.6
[INFO] [stderr]    Compiling accesskit_winit v0.14.4
[INFO] [stderr]    Compiling egui-winit v0.22.0
[INFO] [stderr]    Compiling eframe v0.22.0
[INFO] [stderr]    Compiling smbuilder-gui v0.1.0 (/opt/rustwide/workdir/smbuilder-gui)
[INFO] [stderr]     Finished `dev` profile [unoptimized + debuginfo] target(s) in 6m 38s
[INFO] running `Command { std: "docker" "inspect" "7114caca79291abadff38931f845c4d153b649e9067de3126b54d5edb9f7f918", kill_on_drop: false }`
[INFO] running `Command { std: "docker" "rm" "-f" "7114caca79291abadff38931f845c4d153b649e9067de3126b54d5edb9f7f918", kill_on_drop: false }`
[INFO] [stdout] 7114caca79291abadff38931f845c4d153b649e9067de3126b54d5edb9f7f918
[INFO] running `Command { std: "docker" "create" "-v" "/var/lib/crater-agent-workspace/builds/worker-5-tc2/target:/opt/rustwide/target:rw,Z" "-v" "/var/lib/crater-agent-workspace/builds/worker-5-tc2/source:/opt/rustwide/workdir:ro,Z" "-v" "/var/lib/crater-agent-workspace/cargo-home:/opt/rustwide/cargo-home:ro,Z" "-v" "/var/lib/crater-agent-workspace/rustup-home:/opt/rustwide/rustup-home:ro,Z" "-e" "SOURCE_DIR=/opt/rustwide/workdir" "-e" "CARGO_TARGET_DIR=/opt/rustwide/target" "-e" "CARGO_INCREMENTAL=0" "-e" "RUST_BACKTRACE=full" "-e" "RUSTFLAGS=--cap-lints=warn" "-e" "RUSTDOCFLAGS=--cap-lints=warn" "-e" "CARGO_HOME=/opt/rustwide/cargo-home" "-e" "RUSTUP_HOME=/opt/rustwide/rustup-home" "-w" "/opt/rustwide/workdir" "-m" "1610612736" "--user" "0:0" "--network" "none" "ghcr.io/rust-lang/crates-build-env/linux@sha256:f3a9d4ad9d972b27faf3965f35b62e55ba32bbce8f20bc8fe909558a86702fde" "/opt/rustwide/cargo-home/bin/cargo" "+beta-2024-12-08" "test" "--frozen" "--no-run" "--message-format=json", kill_on_drop: false }`
[INFO] [stdout] 39ad6c57a9e1a6130027b3553f7096cb0b74297d969dc82c343902ed2d142d38
[INFO] running `Command { std: "docker" "start" "-a" "39ad6c57a9e1a6130027b3553f7096cb0b74297d969dc82c343902ed2d142d38", kill_on_drop: false }`
[INFO] [stderr] warning: virtual workspace defaulting to `resolver = "1"` despite one or more workspace members being on edition 2021 which implies `resolver = "2"`
[INFO] [stderr] note: to keep the current resolver, specify `workspace.resolver = "1"` in the workspace root's manifest
[INFO] [stderr] note: to use the edition 2021 resolver, specify `workspace.resolver = "2"` in the workspace root's manifest
[INFO] [stderr] note: for more details see https://doc.rust-lang.org/cargo/reference/resolver.html#resolver-versions
[INFO] [stderr]    Compiling smbuilder v0.1.0 (/opt/rustwide/workdir/smbuilder)
[INFO] [stderr]    Compiling smbuilder-gui v0.1.0 (/opt/rustwide/workdir/smbuilder-gui)
[INFO] [stderr]    Compiling smbuilder-cli v0.1.0 (/opt/rustwide/workdir/smbuilder-cli)
[INFO] [stdout] warning: missing documentation for a macro
[INFO] [stdout]  --> smbuilder/src/util.rs:5:1
[INFO] [stdout]   |
[INFO] [stdout] 5 | macro_rules! try_or_return {
[INFO] [stdout]   | ^^^^^^^^^^^^^^^^^^^^^^^^^^
[INFO] [stdout]   |
[INFO] [stdout] note: the lint level is defined here
[INFO] [stdout]  --> smbuilder/src/lib.rs:1:9
[INFO] [stdout]   |
[INFO] [stdout] 1 | #![warn(missing_docs)]
[INFO] [stdout]   |         ^^^^^^^^^^^^
[INFO] [stdout] 
[INFO] [stdout] 
[INFO] [stdout] warning: unused import: `colored::Colorize`
[INFO] [stdout]  --> smbuilder-cli/src/lib.rs:1:5
[INFO] [stdout]   |
[INFO] [stdout] 1 | use colored::Colorize;
[INFO] [stdout]   |     ^^^^^^^^^^^^^^^^^
[INFO] [stdout]   |
[INFO] [stdout]   = note: `#[warn(unused_imports)]` on by default
[INFO] [stdout] 
[INFO] [stdout] 
[INFO] [stdout] warning: unused import: `colored::Colorize`
[INFO] [stdout]  --> smbuilder-cli/src/lib.rs:1:5
[INFO] [stdout]   |
[INFO] [stdout] 1 | use colored::Colorize;
[INFO] [stdout]   |     ^^^^^^^^^^^^^^^^^
[INFO] [stdout]   |
[INFO] [stdout]   = note: `#[warn(unused_imports)]` on by default
[INFO] [stdout] 
[INFO] [stdout] 
[INFO] [stdout] warning: unused import: `fmt::format`
[INFO] [stdout]  --> smbuilder-cli/src/main.rs:4:11
[INFO] [stdout]   |
[INFO] [stdout] 4 | use std::{fmt::format, path::PathBuf, thread};
[INFO] [stdout]   |           ^^^^^^^^^^^
[INFO] [stdout]   |
[INFO] [stdout]   = note: `#[warn(unused_imports)]` on by default
[INFO] [stdout] 
[INFO] [stdout] 
[INFO] [stdout] warning: missing documentation for a macro
[INFO] [stdout]  --> smbuilder/src/util.rs:5:1
[INFO] [stdout]   |
[INFO] [stdout] 5 | macro_rules! try_or_return {
[INFO] [stdout]   | ^^^^^^^^^^^^^^^^^^^^^^^^^^
[INFO] [stdout]   |
[INFO] [stdout] note: the lint level is defined here
[INFO] [stdout]  --> smbuilder/src/lib.rs:1:9
[INFO] [stdout]   |
[INFO] [stdout] 1 | #![warn(missing_docs)]
[INFO] [stdout]   |         ^^^^^^^^^^^^
[INFO] [stdout] 
[INFO] [stdout] 
[INFO] [stderr]     Finished `test` profile [unoptimized + debuginfo] target(s) in 2.80s
[INFO] running `Command { std: "docker" "inspect" "39ad6c57a9e1a6130027b3553f7096cb0b74297d969dc82c343902ed2d142d38", kill_on_drop: false }`
[INFO] running `Command { std: "docker" "rm" "-f" "39ad6c57a9e1a6130027b3553f7096cb0b74297d969dc82c343902ed2d142d38", kill_on_drop: false }`
[INFO] [stdout] 39ad6c57a9e1a6130027b3553f7096cb0b74297d969dc82c343902ed2d142d38
[INFO] running `Command { std: "docker" "create" "-v" "/var/lib/crater-agent-workspace/builds/worker-5-tc2/target:/opt/rustwide/target:rw,Z" "-v" "/var/lib/crater-agent-workspace/builds/worker-5-tc2/source:/opt/rustwide/workdir:ro,Z" "-v" "/var/lib/crater-agent-workspace/cargo-home:/opt/rustwide/cargo-home:ro,Z" "-v" "/var/lib/crater-agent-workspace/rustup-home:/opt/rustwide/rustup-home:ro,Z" "-e" "SOURCE_DIR=/opt/rustwide/workdir" "-e" "CARGO_TARGET_DIR=/opt/rustwide/target" "-e" "CARGO_INCREMENTAL=0" "-e" "RUST_BACKTRACE=full" "-e" "RUSTFLAGS=--cap-lints=warn" "-e" "RUSTDOCFLAGS=--cap-lints=warn" "-e" "CARGO_HOME=/opt/rustwide/cargo-home" "-e" "RUSTUP_HOME=/opt/rustwide/rustup-home" "-w" "/opt/rustwide/workdir" "-m" "1610612736" "--user" "0:0" "--network" "none" "ghcr.io/rust-lang/crates-build-env/linux@sha256:f3a9d4ad9d972b27faf3965f35b62e55ba32bbce8f20bc8fe909558a86702fde" "/opt/rustwide/cargo-home/bin/cargo" "+beta-2024-12-08" "test" "--frozen", kill_on_drop: false }`
[INFO] [stdout] 3c1923a883d45bf4f3b0a90a650bc68cca2a7636eb5d9807719735b3ad676ddf
[INFO] running `Command { std: "docker" "start" "-a" "3c1923a883d45bf4f3b0a90a650bc68cca2a7636eb5d9807719735b3ad676ddf", kill_on_drop: false }`
[INFO] [stderr] warning: virtual workspace defaulting to `resolver = "1"` despite one or more workspace members being on edition 2021 which implies `resolver = "2"`
[INFO] [stderr] note: to keep the current resolver, specify `workspace.resolver = "1"` in the workspace root's manifest
[INFO] [stderr] note: to use the edition 2021 resolver, specify `workspace.resolver = "2"` in the workspace root's manifest
[INFO] [stderr] note: for more details see https://doc.rust-lang.org/cargo/reference/resolver.html#resolver-versions
[INFO] [stderr] warning: missing documentation for a macro
[INFO] [stderr]  --> smbuilder/src/util.rs:5:1
[INFO] [stderr]   |
[INFO] [stderr] 5 | macro_rules! try_or_return {
[INFO] [stderr]   | ^^^^^^^^^^^^^^^^^^^^^^^^^^
[INFO] [stderr]   |
[INFO] [stderr] note: the lint level is defined here
[INFO] [stderr]  --> smbuilder/src/lib.rs:1:9
[INFO] [stderr]   |
[INFO] [stderr] 1 | #![warn(missing_docs)]
[INFO] [stderr]   |         ^^^^^^^^^^^^
[INFO] [stderr] 
[INFO] [stderr] warning: `smbuilder` (lib) generated 1 warning
[INFO] [stderr] warning: `smbuilder` (lib test) generated 1 warning (1 duplicate)
[INFO] [stderr] warning: unused import: `colored::Colorize`
[INFO] [stderr]  --> smbuilder-cli/src/lib.rs:1:5
[INFO] [stderr]   |
[INFO] [stderr] 1 | use colored::Colorize;
[INFO] [stderr]   |     ^^^^^^^^^^^^^^^^^
[INFO] [stderr]   |
[INFO] [stderr]   = note: `#[warn(unused_imports)]` on by default
[INFO] [stderr] 
[INFO] [stderr] warning: `smbuilder-cli` (lib) generated 1 warning (run `cargo fix --lib -p smbuilder-cli` to apply 1 suggestion)
[INFO] [stderr] warning: `smbuilder-cli` (lib test) generated 1 warning (1 duplicate)
[INFO] [stderr] warning: unused import: `fmt::format`
[INFO] [stderr]  --> smbuilder-cli/src/main.rs:4:11
[INFO] [stderr]   |
[INFO] [stderr] 4 | use std::{fmt::format, path::PathBuf, thread};
[INFO] [stderr]   |           ^^^^^^^^^^^
[INFO] [stderr]   |
[INFO] [stderr]   = note: `#[warn(unused_imports)]` on by default
[INFO] [stderr] 
[INFO] [stderr] warning: `smbuilder-cli` (bin "smbuilder-cli" test) generated 1 warning (run `cargo fix --bin "smbuilder-cli" --tests` to apply 1 suggestion)
[INFO] [stderr]     Finished `test` profile [unoptimized + debuginfo] target(s) in 0.38s
[INFO] [stderr]      Running unittests src/lib.rs (/opt/rustwide/target/debug/deps/smbuilder-ce2c422b63f39e6a)
[INFO] [stdout] 
[INFO] [stdout] running 0 tests
[INFO] [stdout] 
[INFO] [stderr]      Running unittests src/lib.rs (/opt/rustwide/target/debug/deps/smbuilder_cli-5d365cc35d1f6848)
[INFO] [stdout] test result: ok. 0 passed; 0 failed; 0 ignored; 0 measured; 0 filtered out; finished in 0.00s
[INFO] [stdout] 
[INFO] [stdout] 
[INFO] [stdout] running 0 tests
[INFO] [stdout] 
[INFO] [stdout] test result: ok. 0 passed; 0 failed; 0 ignored; 0 measured; 0 filtered out; finished in 0.00s
[INFO] [stderr]      Running unittests src/main.rs (/opt/rustwide/target/debug/deps/smbuilder_cli-d2eb31cee012f2f3)
[INFO] [stdout] 
[INFO] [stdout] 
[INFO] [stdout] running 0 tests
[INFO] [stdout] 
[INFO] [stdout] test result: ok. 0 passed; 0 failed; 0 ignored; 0 measured; 0 filtered out; finished in 0.00s
[INFO] [stdout] 
[INFO] [stderr]      Running unittests src/lib.rs (/opt/rustwide/target/debug/deps/smbuilder_gui-e2cb11e91210569e)
[INFO] [stdout] 
[INFO] [stdout] running 0 tests
[INFO] [stdout] 
[INFO] [stderr]      Running unittests src/bin/smbuilder/main.rs (/opt/rustwide/target/debug/deps/smbuilder-9d14954c1333d05f)
[INFO] [stdout] test result: ok. 0 passed; 0 failed; 0 ignored; 0 measured; 0 filtered out; finished in 0.00s
[INFO] [stdout] 
[INFO] [stdout] 
[INFO] [stdout] running 0 tests
[INFO] [stdout] 
[INFO] [stdout] test result: ok. 0 passed; 0 failed; 0 ignored; 0 measured; 0 filtered out; finished in 0.00s
[INFO] [stdout] 
[INFO] [stderr]    Doc-tests smbuilder
[INFO] [stdout] 
[INFO] [stdout] running 3 tests
[INFO] [stdout] test smbuilder/src/builder/builder.rs - builder::builder::Builder<'a>::build (line 391) - compile ... FAILED
[INFO] [stdout] test smbuilder/src/builder/builder.rs - builder::builder::Builder<'a>::new (line 71) - compile ... FAILED
[INFO] [stdout] test smbuilder/src/builder/builder.rs - builder::builder::Builder (line 35) ... FAILED
[INFO] [stdout] 
[INFO] [stdout] failures:
[INFO] [stdout] 
[INFO] [stdout] ---- smbuilder/src/builder/builder.rs - builder::builder::Builder<'a>::build (line 391) stdout ----
[INFO] [stdout] error[E0433]: failed to resolve: use of undeclared type `Builder`
[INFO] [stdout]  --> smbuilder/src/builder/builder.rs:392:19
[INFO] [stdout]   |
[INFO] [stdout] 3 | let mut builder = Builder::new(my_spec, my_base_dir, my_callbacks);
[INFO] [stdout]   |                   ^^^^^^^ use of undeclared type `Builder`
[INFO] [stdout]   |
[INFO] [stdout] help: consider importing one of these structs
[INFO] [stdout]   |
[INFO] [stdout] 2 + use std::thread::Builder;
[INFO] [stdout]   |
[INFO] [stdout] 2 + use smbuilder::prelude::Builder;
[INFO] [stdout]   |
[INFO] [stdout] 
[INFO] [stdout] error[E0425]: cannot find value `my_spec` in this scope
[INFO] [stdout]  --> smbuilder/src/builder/builder.rs:392:32
[INFO] [stdout]   |
[INFO] [stdout] 3 | let mut builder = Builder::new(my_spec, my_base_dir, my_callbacks);
[INFO] [stdout]   |                                ^^^^^^^ not found in this scope
[INFO] [stdout] 
[INFO] [stdout] error[E0425]: cannot find value `my_base_dir` in this scope
[INFO] [stdout]  --> smbuilder/src/builder/builder.rs:392:41
[INFO] [stdout]   |
[INFO] [stdout] 3 | let mut builder = Builder::new(my_spec, my_base_dir, my_callbacks);
[INFO] [stdout]   |                                         ^^^^^^^^^^^ not found in this scope
[INFO] [stdout] 
[INFO] [stdout] error[E0425]: cannot find value `my_callbacks` in this scope
[INFO] [stdout]  --> smbuilder/src/builder/builder.rs:392:54
[INFO] [stdout]   |
[INFO] [stdout] 3 | let mut builder = Builder::new(my_spec, my_base_dir, my_callbacks);
[INFO] [stdout]   |                                                      ^^^^^^^^^^^^ not found in this scope
[INFO] [stdout] 
[INFO] [stdout] error: aborting due to 4 previous errors
[INFO] [stdout] 
[INFO] [stdout] Some errors have detailed explanations: E0425, E0433.
[INFO] [stdout] For more information about an error, try `rustc --explain E0425`.
[INFO] [stdout] Couldn't compile the test.
[INFO] [stdout] ---- smbuilder/src/builder/builder.rs - builder::builder::Builder<'a>::new (line 71) stdout ----
[INFO] [stdout] error: expected `;`, found `}`
[INFO] [stdout]  --> smbuilder/src/builder/builder.rs:73:67
[INFO] [stdout]   |
[INFO] [stdout] 3 | let mut builder = Builder::new(my_spec, my_base_dir, my_callbacks)
[INFO] [stdout]   |                                                                   ^ help: add `;` here
[INFO] [stdout] 4 | // you must have your spec, base dir and callbacks set up beforehand!
[INFO] [stdout] 5 | }
[INFO] [stdout]   | - unexpected token
[INFO] [stdout] 
[INFO] [stdout] error[E0433]: failed to resolve: use of undeclared type `Builder`
[INFO] [stdout]  --> smbuilder/src/builder/builder.rs:73:19
[INFO] [stdout]   |
[INFO] [stdout] 3 | let mut builder = Builder::new(my_spec, my_base_dir, my_callbacks)
[INFO] [stdout]   |                   ^^^^^^^ use of undeclared type `Builder`
[INFO] [stdout]   |
[INFO] [stdout] help: consider importing one of these structs
[INFO] [stdout]   |
[INFO] [stdout] 2 + use std::thread::Builder;
[INFO] [stdout]   |
[INFO] [stdout] 2 + use smbuilder::prelude::Builder;
[INFO] [stdout]   |
[INFO] [stdout] 
[INFO] [stdout] error[E0425]: cannot find value `my_spec` in this scope
[INFO] [stdout]  --> smbuilder/src/builder/builder.rs:73:32
[INFO] [stdout]   |
[INFO] [stdout] 3 | let mut builder = Builder::new(my_spec, my_base_dir, my_callbacks)
[INFO] [stdout]   |                                ^^^^^^^ not found in this scope
[INFO] [stdout] 
[INFO] [stdout] error[E0425]: cannot find value `my_base_dir` in this scope
[INFO] [stdout]  --> smbuilder/src/builder/builder.rs:73:41
[INFO] [stdout]   |
[INFO] [stdout] 3 | let mut builder = Builder::new(my_spec, my_base_dir, my_callbacks)
[INFO] [stdout]   |                                         ^^^^^^^^^^^ not found in this scope
[INFO] [stdout] 
[INFO] [stdout] error[E0425]: cannot find value `my_callbacks` in this scope
[INFO] [stdout]  --> smbuilder/src/builder/builder.rs:73:54
[INFO] [stdout]   |
[INFO] [stdout] 3 | let mut builder = Builder::new(my_spec, my_base_dir, my_callbacks)
[INFO] [stdout]   |                                                      ^^^^^^^^^^^^ not found in this scope
[INFO] [stdout] 
[INFO] [stdout] error: aborting due to 5 previous errors
[INFO] [stdout] 
[INFO] [stdout] Some errors have detailed explanations: E0425, E0433.
[INFO] [stdout] For more information about an error, try `rustc --explain E0425`.
[INFO] [stdout] Couldn't compile the test.
[INFO] [stdout] ---- smbuilder/src/builder/builder.rs - builder::builder::Builder (line 35) stdout ----
[INFO] [stdout] error: expected `;`, found keyword `let`
[INFO] [stdout]   --> smbuilder/src/builder/builder.rs:43:59
[INFO] [stdout]    |
[INFO] [stdout] 11 | let my_spec = Spec::from_file("path/to/my/smbuilder.yaml")
[INFO] [stdout]    |                                                           ^ help: add `;` here
[INFO] [stdout] ...
[INFO] [stdout] 14 | let mut builder = Builder::new(my_spec, "path/to/the/base/dir", mut callbacks);
[INFO] [stdout]    | --- unexpected token
[INFO] [stdout] 
[INFO] [stdout] error: expected expression, found keyword `mut`
[INFO] [stdout]   --> smbuilder/src/builder/builder.rs:46:65
[INFO] [stdout]    |
[INFO] [stdout] 14 | let mut builder = Builder::new(my_spec, "path/to/the/base/dir", mut callbacks);
[INFO] [stdout]    |                                                                 ^^^ expected expression
[INFO] [stdout] 
[INFO] [stdout] error[E0599]: no function or associated item named `empty` found for struct `smbuilder::prelude::Callbacks` in the current scope
[INFO] [stdout]   --> smbuilder/src/builder/builder.rs:40:32
[INFO] [stdout]    |
[INFO] [stdout] 8  | let mut callbacks = Callbacks::empty();
[INFO] [stdout]    |                                ^^^^^ function or associated item not found in `Callbacks<'_>`
[INFO] [stdout]    |
[INFO] [stdout] note: if you're trying to build a new `smbuilder::prelude::Callbacks<'_>`, consider using `smbuilder::prelude::Callbacks::<'cb>::new` which returns `smbuilder::prelude::Callbacks<'_>`
[INFO] [stdout]   --> /opt/rustwide/workdir/smbuilder/src/callbacks/mod.rs:54:5
[INFO] [stdout]    |
[INFO] [stdout] 54 |     pub fn new() -> Self {
[INFO] [stdout]    |     ^^^^^^^^^^^^^^^^^^^^
[INFO] [stdout] 
[INFO] [stdout] error: aborting due to 3 previous errors
[INFO] [stdout] 
[INFO] [stdout] For more information about this error, try `rustc --explain E0599`.
[INFO] [stdout] Couldn't compile the test.
[INFO] [stdout] 
[INFO] [stdout] failures:
[INFO] [stdout]     smbuilder/src/builder/builder.rs - builder::builder::Builder (line 35)
[INFO] [stdout]     smbuilder/src/builder/builder.rs - builder::builder::Builder<'a>::build (line 391)
[INFO] [stdout]     smbuilder/src/builder/builder.rs - builder::builder::Builder<'a>::new (line 71)
[INFO] [stdout] 
[INFO] [stdout] test result: FAILED. 0 passed; 3 failed; 0 ignored; 0 measured; 0 filtered out; finished in 0.33s
[INFO] [stdout] 
[INFO] [stderr] error: doctest failed, to rerun pass `-p smbuilder --doc`
[INFO] running `Command { std: "docker" "inspect" "3c1923a883d45bf4f3b0a90a650bc68cca2a7636eb5d9807719735b3ad676ddf", kill_on_drop: false }`
[INFO] running `Command { std: "docker" "rm" "-f" "3c1923a883d45bf4f3b0a90a650bc68cca2a7636eb5d9807719735b3ad676ddf", kill_on_drop: false }`
[INFO] [stdout] 3c1923a883d45bf4f3b0a90a650bc68cca2a7636eb5d9807719735b3ad676ddf
