[INFO] cloning repository https://github.com/etnad101/Gameboy-Emulator
[INFO] running `Command { std: "git" "-c" "credential.helper=" "-c" "credential.helper=/workspace/cargo-home/bin/git-credential-null" "clone" "--bare" "https://github.com/etnad101/Gameboy-Emulator" "/workspace/cache/git-repos/https%3A%2F%2Fgithub.com%2Fetnad101%2FGameboy-Emulator", kill_on_drop: false }`
[INFO] [stderr] Cloning into bare repository '/workspace/cache/git-repos/https%3A%2F%2Fgithub.com%2Fetnad101%2FGameboy-Emulator'...
[INFO] running `Command { std: "git" "rev-parse" "HEAD", kill_on_drop: false }`
[INFO] [stdout] 947397b0c9ee0399b18331305f5606e2d946b8ab
[INFO] testing etnad101/Gameboy-Emulator against 1.83.0 for beta-1.84.0-4-retry
[INFO] running `Command { std: "git" "clone" "/workspace/cache/git-repos/https%3A%2F%2Fgithub.com%2Fetnad101%2FGameboy-Emulator" "/workspace/builds/worker-1-tc1/source", kill_on_drop: false }`
[INFO] [stderr] Cloning into '/workspace/builds/worker-1-tc1/source'...
[INFO] [stderr] done.
[INFO] [stderr] Updating files:  93% (712/759)
Updating files:  94% (714/759)
Updating files:  95% (722/759)
Updating files:  96% (729/759)
Updating files:  97% (737/759)
Updating files:  98% (744/759)
Updating files:  99% (752/759)
Updating files: 100% (759/759)
Updating files: 100% (759/759), done.
[INFO] validating manifest of git repo https://github.com/etnad101/Gameboy-Emulator on toolchain 1.83.0
[INFO] running `Command { std: CARGO_HOME="/workspace/cargo-home" RUSTUP_HOME="/workspace/rustup-home" "/workspace/cargo-home/bin/cargo" "+1.83.0" "metadata" "--manifest-path" "Cargo.toml" "--no-deps", kill_on_drop: false }`
[INFO] started tweaking git repo https://github.com/etnad101/Gameboy-Emulator
[INFO] finished tweaking git repo https://github.com/etnad101/Gameboy-Emulator
[INFO] tweaked toml for git repo https://github.com/etnad101/Gameboy-Emulator written to /workspace/builds/worker-1-tc1/source/Cargo.toml
[INFO] crate git repo https://github.com/etnad101/Gameboy-Emulator already has a lockfile, it will not be regenerated
[INFO] running `Command { std: CARGO_HOME="/workspace/cargo-home" RUSTUP_HOME="/workspace/rustup-home" "/workspace/cargo-home/bin/cargo" "+1.83.0" "fetch" "--manifest-path" "Cargo.toml", kill_on_drop: false }`
[INFO] [stderr]     Updating git repository `https://github.com/etnad101/simple-graphics-rs`
[INFO] [stderr]  Downloading crates ...
[INFO] [stderr]   Downloaded once_cell v1.20.0
[INFO] [stderr]   Downloaded minifb v0.25.0
[INFO] [stderr]   Downloaded cc v1.1.19
[INFO] running `Command { std: "docker" "create" "-v" "/var/lib/crater-agent-workspace/builds/worker-1-tc1/target:/opt/rustwide/target:rw,Z" "-v" "/var/lib/crater-agent-workspace/builds/worker-1-tc1/source:/opt/rustwide/workdir:ro,Z" "-v" "/var/lib/crater-agent-workspace/cargo-home:/opt/rustwide/cargo-home:ro,Z" "-v" "/var/lib/crater-agent-workspace/rustup-home:/opt/rustwide/rustup-home:ro,Z" "-e" "SOURCE_DIR=/opt/rustwide/workdir" "-e" "CARGO_TARGET_DIR=/opt/rustwide/target" "-e" "CARGO_HOME=/opt/rustwide/cargo-home" "-e" "RUSTUP_HOME=/opt/rustwide/rustup-home" "-w" "/opt/rustwide/workdir" "-m" "1610612736" "--user" "0:0" "--network" "none" "ghcr.io/rust-lang/crates-build-env/linux@sha256:f3a9d4ad9d972b27faf3965f35b62e55ba32bbce8f20bc8fe909558a86702fde" "/opt/rustwide/cargo-home/bin/cargo" "+1.83.0" "metadata" "--no-deps" "--format-version=1", kill_on_drop: false }`
[INFO] [stdout] c2e09435efa7d431c61d225ec158eec236a72827150aade7b906bcca7de1ebf3
[INFO] running `Command { std: "docker" "start" "-a" "c2e09435efa7d431c61d225ec158eec236a72827150aade7b906bcca7de1ebf3", kill_on_drop: false }`
[INFO] running `Command { std: "docker" "inspect" "c2e09435efa7d431c61d225ec158eec236a72827150aade7b906bcca7de1ebf3", kill_on_drop: false }`
[INFO] running `Command { std: "docker" "rm" "-f" "c2e09435efa7d431c61d225ec158eec236a72827150aade7b906bcca7de1ebf3", kill_on_drop: false }`
[INFO] [stdout] c2e09435efa7d431c61d225ec158eec236a72827150aade7b906bcca7de1ebf3
[INFO] running `Command { std: "docker" "create" "-v" "/var/lib/crater-agent-workspace/builds/worker-1-tc1/target:/opt/rustwide/target:rw,Z" "-v" "/var/lib/crater-agent-workspace/builds/worker-1-tc1/source:/opt/rustwide/workdir:ro,Z" "-v" "/var/lib/crater-agent-workspace/cargo-home:/opt/rustwide/cargo-home:ro,Z" "-v" "/var/lib/crater-agent-workspace/rustup-home:/opt/rustwide/rustup-home:ro,Z" "-e" "SOURCE_DIR=/opt/rustwide/workdir" "-e" "CARGO_TARGET_DIR=/opt/rustwide/target" "-e" "CARGO_INCREMENTAL=0" "-e" "RUST_BACKTRACE=full" "-e" "RUSTFLAGS=--cap-lints=warn" "-e" "RUSTDOCFLAGS=--cap-lints=warn" "-e" "CARGO_HOME=/opt/rustwide/cargo-home" "-e" "RUSTUP_HOME=/opt/rustwide/rustup-home" "-w" "/opt/rustwide/workdir" "-m" "1610612736" "--user" "0:0" "--network" "none" "ghcr.io/rust-lang/crates-build-env/linux@sha256:f3a9d4ad9d972b27faf3965f35b62e55ba32bbce8f20bc8fe909558a86702fde" "/opt/rustwide/cargo-home/bin/cargo" "+1.83.0" "build" "--frozen" "--message-format=json", kill_on_drop: false }`
[INFO] [stdout] 0e83230cdcbb33ac5453ee05135cf0708d9020b5c6bdff8da94812bb564bd289
[INFO] running `Command { std: "docker" "start" "-a" "0e83230cdcbb33ac5453ee05135cf0708d9020b5c6bdff8da94812bb564bd289", kill_on_drop: false }`
[INFO] [stderr]    Compiling proc-macro2 v1.0.86
[INFO] [stderr]    Compiling unicode-ident v1.0.13
[INFO] [stderr]    Compiling autocfg v1.3.0
[INFO] [stderr]    Compiling pkg-config v0.3.30
[INFO] [stderr]    Compiling cfg-if v1.0.0
[INFO] [stderr]    Compiling xml-rs v0.8.22
[INFO] [stderr]    Compiling libc v0.2.158
[INFO] [stderr]    Compiling once_cell v1.20.0
[INFO] [stderr]    Compiling libloading v0.8.5
[INFO] [stderr]    Compiling lazy_static v1.5.0
[INFO] [stderr]    Compiling bitflags v1.3.2
[INFO] [stderr]    Compiling dlib v0.5.2
[INFO] [stderr]    Compiling smallvec v1.13.2
[INFO] [stderr]    Compiling memoffset v0.6.5
[INFO] [stderr]    Compiling downcast-rs v1.2.1
[INFO] [stderr]    Compiling scoped-tls v1.0.1
[INFO] [stderr]    Compiling shlex v1.3.0
[INFO] [stderr]    Compiling rustix v0.38.37
[INFO] [stderr]    Compiling linux-raw-sys v0.4.14
[INFO] [stderr]    Compiling cc v1.1.19
[INFO] [stderr]    Compiling bitflags v2.6.0
[INFO] [stderr]    Compiling num-traits v0.2.19
[INFO] [stderr]    Compiling quote v1.0.37
[INFO] [stderr]    Compiling wayland-scanner v0.29.5
[INFO] [stderr]    Compiling wayland-sys v0.29.5
[INFO] [stderr]    Compiling x11-dl v2.21.0
[INFO] [stderr]    Compiling syn v2.0.77
[INFO] [stderr]    Compiling cty v0.2.2
[INFO] [stderr]    Compiling xcursor v0.3.8
[INFO] [stderr]    Compiling fastrand v2.1.1
[INFO] [stderr]    Compiling serde v1.0.210
[INFO] [stderr]    Compiling raw-window-handle v0.4.3
[INFO] [stderr]    Compiling serde_json v1.0.128
[INFO] [stderr]    Compiling memchr v2.7.4
[INFO] [stderr]    Compiling iana-time-zone v0.1.60
[INFO] [stderr]    Compiling nix v0.24.3
[INFO] [stderr]    Compiling minifb v0.25.0
[INFO] [stderr]    Compiling wayland-client v0.29.5
[INFO] [stderr]    Compiling wayland-protocols v0.29.5
[INFO] [stderr]    Compiling ryu v1.0.18
[INFO] [stderr]    Compiling tempfile v3.12.0
[INFO] [stderr]    Compiling itoa v1.0.11
[INFO] [stderr]    Compiling chrono v0.4.38
[INFO] [stderr]    Compiling serde_derive v1.0.210
[INFO] [stderr]    Compiling wayland-commons v0.29.5
[INFO] [stderr]    Compiling wayland-cursor v0.29.5
[INFO] [stderr]    Compiling simple_graphics v0.1.0 (https://github.com/etnad101/simple-graphics-rs#2d8d2b2f)
[INFO] [stderr]    Compiling gameboy-emulator v0.1.0 (/opt/rustwide/workdir)
[INFO] [stdout] warning: unused import: `borrow::BorrowMut`
[INFO] [stdout]  --> src/emulator/debugger.rs:2:11
[INFO] [stdout]   |
[INFO] [stdout] 2 | use std::{borrow::BorrowMut, cell::RefCell, collections::VecDeque, fs, path::Path, rc::Rc};
[INFO] [stdout]   |           ^^^^^^^^^^^^^^^^^
[INFO] [stdout]   |
[INFO] [stdout]   = note: `#[warn(unused_imports)]` on by default
[INFO] [stdout] 
[INFO] [stdout] 
[INFO] [stdout] warning: unused import: `error::Error`
[INFO] [stdout]  --> src/emulator/memory.rs:1:11
[INFO] [stdout]   |
[INFO] [stdout] 1 | use std::{error::Error, fs, ops::Range};
[INFO] [stdout]   |           ^^^^^^^^^^^^
[INFO] [stdout] 
[INFO] [stdout] 
[INFO] [stdout] warning: unused import: `EmulatorError`
[INFO] [stdout]  --> src/emulator/memory.rs:5:14
[INFO] [stdout]   |
[INFO] [stdout] 5 |     errors::{EmulatorError, MemError},
[INFO] [stdout]   |              ^^^^^^^^^^^^^
[INFO] [stdout] 
[INFO] [stdout] 
[INFO] [stdout] warning: unused import: `BLACK`
[INFO] [stdout]  --> src/emulator/ppu.rs:9:39
[INFO] [stdout]   |
[INFO] [stdout] 9 | use simple_graphics::display::{Color, BLACK, WHITE};
[INFO] [stdout]   |                                       ^^^^^
[INFO] [stdout] 
[INFO] [stdout] 
[INFO] [stdout] warning: constant `GREEN_PALETTE` is never used
[INFO] [stdout]   --> src/main.rs:26:7
[INFO] [stdout]    |
[INFO] [stdout] 26 | const GREEN_PALETTE: Palette = (0x009BBC0F, 0x008BAC0F, 0x00306230, 0x000F380F);
[INFO] [stdout]    |       ^^^^^^^^^^^^^
[INFO] [stdout]    |
[INFO] [stdout]    = note: `#[warn(dead_code)]` on by default
[INFO] [stdout] 
[INFO] [stdout] 
[INFO] [stdout] warning: variants `STAT`, `LYC`, `DMA`, `BGP`, `OBP0`, and `OBP1` are never constructed
[INFO] [stdout]   --> src/emulator/mod.rs:30:5
[INFO] [stdout]    |
[INFO] [stdout] 28 | pub enum LCDRegister {
[INFO] [stdout]    |          ----------- variants in this enum
[INFO] [stdout] 29 |     LCDC = 0xFF40,
[INFO] [stdout] 30 |     STAT = 0xff41,
[INFO] [stdout]    |     ^^^^
[INFO] [stdout] ...
[INFO] [stdout] 34 |     LYC = 0xff45,
[INFO] [stdout]    |     ^^^
[INFO] [stdout] 35 |     DMA = 0xff46,
[INFO] [stdout]    |     ^^^
[INFO] [stdout] 36 |     BGP = 0xff47,
[INFO] [stdout]    |     ^^^
[INFO] [stdout] 37 |     OBP0 = 0xff48,
[INFO] [stdout]    |     ^^^^
[INFO] [stdout] 38 |     OBP1 = 0xff49,
[INFO] [stdout]    |     ^^^^
[INFO] [stdout] 
[INFO] [stdout] 
[INFO] [stdout] warning: variants `TIMA`, `TMA`, and `TAC` are never constructed
[INFO] [stdout]   --> src/emulator/mod.rs:43:5
[INFO] [stdout]    |
[INFO] [stdout] 41 | enum Timer {
[INFO] [stdout]    |      ----- variants in this enum
[INFO] [stdout] 42 |     DIV = 0xFF04,
[INFO] [stdout] 43 |     TIMA = 0xFF05,
[INFO] [stdout]    |     ^^^^
[INFO] [stdout] 44 |     TMA = 0xFF06,
[INFO] [stdout]    |     ^^^
[INFO] [stdout] 45 |     TAC = 0xFF07,
[INFO] [stdout]    |     ^^^
[INFO] [stdout] 
[INFO] [stdout] 
[INFO] [stdout] warning: field `paused` is never read
[INFO] [stdout]   --> src/emulator/mod.rs:56:5
[INFO] [stdout]    |
[INFO] [stdout] 48 | pub struct Emulator<'a> {
[INFO] [stdout]    |            -------- field in this struct
[INFO] [stdout] ...
[INFO] [stdout] 56 |     paused: bool,
[INFO] [stdout]    |     ^^^^^^
[INFO] [stdout] 
[INFO] [stdout] 
[INFO] [stdout] warning: method `do_interrupts` is never used
[INFO] [stdout]    --> src/emulator/mod.rs:112:8
[INFO] [stdout]     |
[INFO] [stdout] 59  | impl<'a> Emulator<'a> {
[INFO] [stdout]     | --------------------- method in this implementation
[INFO] [stdout] ...
[INFO] [stdout] 112 |     fn do_interrupts(&self) {
[INFO] [stdout]     |        ^^^^^^^^^^^^^
[INFO] [stdout] 
[INFO] [stdout] 
[INFO] [stdout] warning: methods `activate` and `deactivate` are never used
[INFO] [stdout]    --> src/emulator/debugger.rs:100:12
[INFO] [stdout]     |
[INFO] [stdout] 76  | impl<'a> Debugger<'a> {
[INFO] [stdout]     | --------------------- methods in this implementation
[INFO] [stdout] ...
[INFO] [stdout] 100 |     pub fn activate(&mut self) {
[INFO] [stdout]     |            ^^^^^^^^
[INFO] [stdout] ...
[INFO] [stdout] 104 |     pub fn deactivate(&mut self) {
[INFO] [stdout]     |            ^^^^^^^^^^
[INFO] [stdout] 
[INFO] [stdout] 
[INFO] [stdout] warning: variants `IntentionalCrash` and `OpcodeError` are never constructed
[INFO] [stdout]   --> src/emulator/errors.rs:22:5
[INFO] [stdout]    |
[INFO] [stdout] 19 | pub enum CpuError {
[INFO] [stdout]    |          -------- variants in this enum
[INFO] [stdout] ...
[INFO] [stdout] 22 |     IntentionalCrash,
[INFO] [stdout]    |     ^^^^^^^^^^^^^^^^
[INFO] [stdout] 23 |     OpcodeError(String),
[INFO] [stdout]    |     ^^^^^^^^^^^
[INFO] [stdout]    |
[INFO] [stdout]    = note: `CpuError` has a derived impl for the trait `Debug`, but this is intentionally ignored during dead code analysis
[INFO] [stdout] 
[INFO] [stdout] 
[INFO] [stdout] warning: variant `NoProgramRom` is never constructed
[INFO] [stdout]   --> src/emulator/errors.rs:70:5
[INFO] [stdout]    |
[INFO] [stdout] 68 | pub enum EmulatorError {
[INFO] [stdout]    |          ------------- variant in this enum
[INFO] [stdout] 69 |     IncompatibleRom,
[INFO] [stdout] 70 |     NoProgramRom,
[INFO] [stdout]    |     ^^^^^^^^^^^^
[INFO] [stdout]    |
[INFO] [stdout]    = note: `EmulatorError` has a derived impl for the trait `Debug`, but this is intentionally ignored during dead code analysis
[INFO] [stdout] 
[INFO] [stdout] 
[INFO] [stdout] warning: field `ram_banks` is never read
[INFO] [stdout]   --> src/emulator/memory.rs:22:5
[INFO] [stdout]    |
[INFO] [stdout] 8  | pub struct MemoryBus {
[INFO] [stdout]    |            --------- field in this struct
[INFO] [stdout] ...
[INFO] [stdout] 22 |     ram_banks: Vec<Vec<u8>>,
[INFO] [stdout]    |     ^^^^^^^^^
[INFO] [stdout] 
[INFO] [stdout] 
[INFO] [stdout] warning: variant `Sleep` is never constructed
[INFO] [stdout]   --> src/emulator/ppu.rs:24:5
[INFO] [stdout]    |
[INFO] [stdout] 20 | enum FetcherMode {
[INFO] [stdout]    |      ----------- variant in this enum
[INFO] [stdout] ...
[INFO] [stdout] 24 |     Sleep,
[INFO] [stdout]    |     ^^^^^
[INFO] [stdout] 
[INFO] [stdout] 
[INFO] [stdout] warning: method `clear` is never used
[INFO] [stdout]   --> src/emulator/ppu.rs:57:12
[INFO] [stdout]    |
[INFO] [stdout] 33 | impl Fifo {
[INFO] [stdout]    | --------- method in this implementation
[INFO] [stdout] ...
[INFO] [stdout] 57 |     pub fn clear(&mut self) {
[INFO] [stdout]    |            ^^^^^
[INFO] [stdout] 
[INFO] [stdout] 
[INFO] [stdout] warning: fields `debugger` and `object_fifo` are never read
[INFO] [stdout]   --> src/emulator/ppu.rs:64:5
[INFO] [stdout]    |
[INFO] [stdout] 62 | pub struct Ppu<'a> {
[INFO] [stdout]    |            --- fields in this struct
[INFO] [stdout] 63 |     memory: Rc<RefCell<MemoryBus>>,
[INFO] [stdout] 64 |     debugger: Rc<RefCell<Debugger<'a>>>,
[INFO] [stdout]    |     ^^^^^^^^
[INFO] [stdout] ...
[INFO] [stdout] 76 |     object_fifo: Fifo,
[INFO] [stdout]    |     ^^^^^^^^^^^
[INFO] [stdout] 
[INFO] [stdout] 
[INFO] [stdout] warning: variants `MBC7` and `M161` are never constructed
[INFO] [stdout]   --> src/emulator/cartridge.rs:10:5
[INFO] [stdout]    |
[INFO] [stdout] 4  | pub(super) enum MBC {
[INFO] [stdout]    |                 --- variants in this enum
[INFO] [stdout] ...
[INFO] [stdout] 10 |     MBC7,
[INFO] [stdout]    |     ^^^^
[INFO] [stdout] 11 |     MMM01,
[INFO] [stdout] 12 |     M161,
[INFO] [stdout]    |     ^^^^
[INFO] [stdout]    |
[INFO] [stdout]    = note: `MBC` has derived impls for the traits `Clone` and `Debug`, but these are intentionally ignored during dead code analysis
[INFO] [stdout] 
[INFO] [stdout] 
[INFO] [stdout] warning: fields `ram`, `battery`, and `timer` are never read
[INFO] [stdout]   --> src/emulator/cartridge.rs:23:5
[INFO] [stdout]    |
[INFO] [stdout] 17 | pub struct Cartridge {
[INFO] [stdout]    |            --------- fields in this struct
[INFO] [stdout] ...
[INFO] [stdout] 23 |     ram: bool,
[INFO] [stdout]    |     ^^^
[INFO] [stdout] 24 |     battery: bool,
[INFO] [stdout]    |     ^^^^^^^
[INFO] [stdout] 25 |     timer: bool,
[INFO] [stdout]    |     ^^^^^
[INFO] [stdout] 
[INFO] [stdout] 
[INFO] [stdout] warning: multiple fields are never read
[INFO] [stdout]   --> src/emulator/test/mod.rs:5:9
[INFO] [stdout]    |
[INFO] [stdout] 4  | pub struct State {
[INFO] [stdout]    |            ----- fields in this struct
[INFO] [stdout] 5  |     pub a: u8,
[INFO] [stdout]    |         ^
[INFO] [stdout] 6  |     pub b: u8,
[INFO] [stdout]    |         ^
[INFO] [stdout] 7  |     pub c: u8,
[INFO] [stdout]    |         ^
[INFO] [stdout] 8  |     pub d: u8,
[INFO] [stdout]    |         ^
[INFO] [stdout] 9  |     pub e: u8,
[INFO] [stdout]    |         ^
[INFO] [stdout] 10 |     pub f: u8,
[INFO] [stdout]    |         ^
[INFO] [stdout] 11 |     pub h: u8,
[INFO] [stdout]    |         ^
[INFO] [stdout] 12 |     pub l: u8,
[INFO] [stdout]    |         ^
[INFO] [stdout] 13 |     pub pc: u16,
[INFO] [stdout]    |         ^^
[INFO] [stdout] 14 |     pub sp: u16,
[INFO] [stdout]    |         ^^
[INFO] [stdout] 15 |     pub ram: Vec<Vec<u16>>,
[INFO] [stdout]    |         ^^^
[INFO] [stdout]    |
[INFO] [stdout]    = note: `State` has a derived impl for the trait `Debug`, but this is intentionally ignored during dead code analysis
[INFO] [stdout] 
[INFO] [stdout] 
[INFO] [stdout] warning: fields `name`, `initial`, and `final_name` are never read
[INFO] [stdout]   --> src/emulator/test/mod.rs:20:9
[INFO] [stdout]    |
[INFO] [stdout] 19 | pub struct TestData {
[INFO] [stdout]    |            -------- fields in this struct
[INFO] [stdout] 20 |     pub name: String,
[INFO] [stdout]    |         ^^^^
[INFO] [stdout] 21 |     pub initial: State,
[INFO] [stdout]    |         ^^^^^^^
[INFO] [stdout] 22 |     #[serde(rename = "final")]
[INFO] [stdout] 23 |     pub final_name: State,
[INFO] [stdout]    |         ^^^^^^^^^^
[INFO] [stdout]    |
[INFO] [stdout]    = note: `TestData` has a derived impl for the trait `Debug`, but this is intentionally ignored during dead code analysis
[INFO] [stdout] 
[INFO] [stdout] 
[INFO] [stderr]     Finished `dev` profile [unoptimized + debuginfo] target(s) in 1m 59s
[INFO] running `Command { std: "docker" "inspect" "0e83230cdcbb33ac5453ee05135cf0708d9020b5c6bdff8da94812bb564bd289", kill_on_drop: false }`
[INFO] running `Command { std: "docker" "rm" "-f" "0e83230cdcbb33ac5453ee05135cf0708d9020b5c6bdff8da94812bb564bd289", kill_on_drop: false }`
[INFO] [stdout] 0e83230cdcbb33ac5453ee05135cf0708d9020b5c6bdff8da94812bb564bd289
[INFO] running `Command { std: "docker" "create" "-v" "/var/lib/crater-agent-workspace/builds/worker-1-tc1/target:/opt/rustwide/target:rw,Z" "-v" "/var/lib/crater-agent-workspace/builds/worker-1-tc1/source:/opt/rustwide/workdir:ro,Z" "-v" "/var/lib/crater-agent-workspace/cargo-home:/opt/rustwide/cargo-home:ro,Z" "-v" "/var/lib/crater-agent-workspace/rustup-home:/opt/rustwide/rustup-home:ro,Z" "-e" "SOURCE_DIR=/opt/rustwide/workdir" "-e" "CARGO_TARGET_DIR=/opt/rustwide/target" "-e" "CARGO_INCREMENTAL=0" "-e" "RUST_BACKTRACE=full" "-e" "RUSTFLAGS=--cap-lints=warn" "-e" "RUSTDOCFLAGS=--cap-lints=warn" "-e" "CARGO_HOME=/opt/rustwide/cargo-home" "-e" "RUSTUP_HOME=/opt/rustwide/rustup-home" "-w" "/opt/rustwide/workdir" "-m" "1610612736" "--user" "0:0" "--network" "none" "ghcr.io/rust-lang/crates-build-env/linux@sha256:f3a9d4ad9d972b27faf3965f35b62e55ba32bbce8f20bc8fe909558a86702fde" "/opt/rustwide/cargo-home/bin/cargo" "+1.83.0" "test" "--frozen" "--no-run" "--message-format=json", kill_on_drop: false }`
[INFO] [stdout] 7157e108876f250706c14c96b320a75c14089c575fa947a43b59120360080ade
[INFO] running `Command { std: "docker" "start" "-a" "7157e108876f250706c14c96b320a75c14089c575fa947a43b59120360080ade", kill_on_drop: false }`
[INFO] [stderr]    Compiling gameboy-emulator v0.1.0 (/opt/rustwide/workdir)
[INFO] [stdout] warning: unused import: `borrow::BorrowMut`
[INFO] [stdout]  --> src/emulator/debugger.rs:2:11
[INFO] [stdout]   |
[INFO] [stdout] 2 | use std::{borrow::BorrowMut, cell::RefCell, collections::VecDeque, fs, path::Path, rc::Rc};
[INFO] [stdout]   |           ^^^^^^^^^^^^^^^^^
[INFO] [stdout]   |
[INFO] [stdout]   = note: `#[warn(unused_imports)]` on by default
[INFO] [stdout] 
[INFO] [stdout] 
[INFO] [stdout] warning: unused import: `error::Error`
[INFO] [stdout]  --> src/emulator/memory.rs:1:11
[INFO] [stdout]   |
[INFO] [stdout] 1 | use std::{error::Error, fs, ops::Range};
[INFO] [stdout]   |           ^^^^^^^^^^^^
[INFO] [stdout] 
[INFO] [stdout] 
[INFO] [stdout] warning: unused import: `EmulatorError`
[INFO] [stdout]  --> src/emulator/memory.rs:5:14
[INFO] [stdout]   |
[INFO] [stdout] 5 |     errors::{EmulatorError, MemError},
[INFO] [stdout]   |              ^^^^^^^^^^^^^
[INFO] [stdout] 
[INFO] [stdout] 
[INFO] [stdout] warning: unused import: `BLACK`
[INFO] [stdout]  --> src/emulator/ppu.rs:9:39
[INFO] [stdout]   |
[INFO] [stdout] 9 | use simple_graphics::display::{Color, BLACK, WHITE};
[INFO] [stdout]   |                                       ^^^^^
[INFO] [stdout] 
[INFO] [stdout] 
[INFO] [stdout] warning: constant `GREEN_PALETTE` is never used
[INFO] [stdout]   --> src/main.rs:26:7
[INFO] [stdout]    |
[INFO] [stdout] 26 | const GREEN_PALETTE: Palette = (0x009BBC0F, 0x008BAC0F, 0x00306230, 0x000F380F);
[INFO] [stdout]    |       ^^^^^^^^^^^^^
[INFO] [stdout]    |
[INFO] [stdout]    = note: `#[warn(dead_code)]` on by default
[INFO] [stdout] 
[INFO] [stdout] 
[INFO] [stdout] warning: variants `STAT`, `LYC`, `DMA`, `BGP`, `OBP0`, and `OBP1` are never constructed
[INFO] [stdout]   --> src/emulator/mod.rs:30:5
[INFO] [stdout]    |
[INFO] [stdout] 28 | pub enum LCDRegister {
[INFO] [stdout]    |          ----------- variants in this enum
[INFO] [stdout] 29 |     LCDC = 0xFF40,
[INFO] [stdout] 30 |     STAT = 0xff41,
[INFO] [stdout]    |     ^^^^
[INFO] [stdout] ...
[INFO] [stdout] 34 |     LYC = 0xff45,
[INFO] [stdout]    |     ^^^
[INFO] [stdout] 35 |     DMA = 0xff46,
[INFO] [stdout]    |     ^^^
[INFO] [stdout] 36 |     BGP = 0xff47,
[INFO] [stdout]    |     ^^^
[INFO] [stdout] 37 |     OBP0 = 0xff48,
[INFO] [stdout]    |     ^^^^
[INFO] [stdout] 38 |     OBP1 = 0xff49,
[INFO] [stdout]    |     ^^^^
[INFO] [stdout] 
[INFO] [stdout] 
[INFO] [stdout] warning: variants `TIMA`, `TMA`, and `TAC` are never constructed
[INFO] [stdout]   --> src/emulator/mod.rs:43:5
[INFO] [stdout]    |
[INFO] [stdout] 41 | enum Timer {
[INFO] [stdout]    |      ----- variants in this enum
[INFO] [stdout] 42 |     DIV = 0xFF04,
[INFO] [stdout] 43 |     TIMA = 0xFF05,
[INFO] [stdout]    |     ^^^^
[INFO] [stdout] 44 |     TMA = 0xFF06,
[INFO] [stdout]    |     ^^^
[INFO] [stdout] 45 |     TAC = 0xFF07,
[INFO] [stdout]    |     ^^^
[INFO] [stdout] 
[INFO] [stdout] 
[INFO] [stdout] warning: field `paused` is never read
[INFO] [stdout]   --> src/emulator/mod.rs:56:5
[INFO] [stdout]    |
[INFO] [stdout] 48 | pub struct Emulator<'a> {
[INFO] [stdout]    |            -------- field in this struct
[INFO] [stdout] ...
[INFO] [stdout] 56 |     paused: bool,
[INFO] [stdout]    |     ^^^^^^
[INFO] [stdout] 
[INFO] [stdout] 
[INFO] [stdout] warning: method `do_interrupts` is never used
[INFO] [stdout]    --> src/emulator/mod.rs:112:8
[INFO] [stdout]     |
[INFO] [stdout] 59  | impl<'a> Emulator<'a> {
[INFO] [stdout]     | --------------------- method in this implementation
[INFO] [stdout] ...
[INFO] [stdout] 112 |     fn do_interrupts(&self) {
[INFO] [stdout]     |        ^^^^^^^^^^^^^
[INFO] [stdout] 
[INFO] [stdout] 
[INFO] [stdout] warning: methods `activate` and `deactivate` are never used
[INFO] [stdout]    --> src/emulator/debugger.rs:100:12
[INFO] [stdout]     |
[INFO] [stdout] 76  | impl<'a> Debugger<'a> {
[INFO] [stdout]     | --------------------- methods in this implementation
[INFO] [stdout] ...
[INFO] [stdout] 100 |     pub fn activate(&mut self) {
[INFO] [stdout]     |            ^^^^^^^^
[INFO] [stdout] ...
[INFO] [stdout] 104 |     pub fn deactivate(&mut self) {
[INFO] [stdout]     |            ^^^^^^^^^^
[INFO] [stdout] 
[INFO] [stdout] 
[INFO] [stdout] warning: variants `IntentionalCrash` and `OpcodeError` are never constructed
[INFO] [stdout]   --> src/emulator/errors.rs:22:5
[INFO] [stdout]    |
[INFO] [stdout] 19 | pub enum CpuError {
[INFO] [stdout]    |          -------- variants in this enum
[INFO] [stdout] ...
[INFO] [stdout] 22 |     IntentionalCrash,
[INFO] [stdout]    |     ^^^^^^^^^^^^^^^^
[INFO] [stdout] 23 |     OpcodeError(String),
[INFO] [stdout]    |     ^^^^^^^^^^^
[INFO] [stdout]    |
[INFO] [stdout]    = note: `CpuError` has a derived impl for the trait `Debug`, but this is intentionally ignored during dead code analysis
[INFO] [stdout] 
[INFO] [stdout] 
[INFO] [stdout] warning: variant `NoProgramRom` is never constructed
[INFO] [stdout]   --> src/emulator/errors.rs:70:5
[INFO] [stdout]    |
[INFO] [stdout] 68 | pub enum EmulatorError {
[INFO] [stdout]    |          ------------- variant in this enum
[INFO] [stdout] 69 |     IncompatibleRom,
[INFO] [stdout] 70 |     NoProgramRom,
[INFO] [stdout]    |     ^^^^^^^^^^^^
[INFO] [stdout]    |
[INFO] [stdout]    = note: `EmulatorError` has a derived impl for the trait `Debug`, but this is intentionally ignored during dead code analysis
[INFO] [stdout] 
[INFO] [stdout] 
[INFO] [stdout] warning: variant `Sleep` is never constructed
[INFO] [stdout]   --> src/emulator/ppu.rs:24:5
[INFO] [stdout]    |
[INFO] [stdout] 20 | enum FetcherMode {
[INFO] [stdout]    |      ----------- variant in this enum
[INFO] [stdout] ...
[INFO] [stdout] 24 |     Sleep,
[INFO] [stdout]    |     ^^^^^
[INFO] [stdout] 
[INFO] [stdout] 
[INFO] [stdout] warning: method `clear` is never used
[INFO] [stdout]   --> src/emulator/ppu.rs:57:12
[INFO] [stdout]    |
[INFO] [stdout] 33 | impl Fifo {
[INFO] [stdout]    | --------- method in this implementation
[INFO] [stdout] ...
[INFO] [stdout] 57 |     pub fn clear(&mut self) {
[INFO] [stdout]    |            ^^^^^
[INFO] [stdout] 
[INFO] [stdout] 
[INFO] [stdout] warning: fields `debugger` and `object_fifo` are never read
[INFO] [stdout]   --> src/emulator/ppu.rs:64:5
[INFO] [stdout]    |
[INFO] [stdout] 62 | pub struct Ppu<'a> {
[INFO] [stdout]    |            --- fields in this struct
[INFO] [stdout] 63 |     memory: Rc<RefCell<MemoryBus>>,
[INFO] [stdout] 64 |     debugger: Rc<RefCell<Debugger<'a>>>,
[INFO] [stdout]    |     ^^^^^^^^
[INFO] [stdout] ...
[INFO] [stdout] 76 |     object_fifo: Fifo,
[INFO] [stdout]    |     ^^^^^^^^^^^
[INFO] [stdout] 
[INFO] [stdout] 
[INFO] [stdout] warning: variants `MBC7` and `M161` are never constructed
[INFO] [stdout]   --> src/emulator/cartridge.rs:10:5
[INFO] [stdout]    |
[INFO] [stdout] 4  | pub(super) enum MBC {
[INFO] [stdout]    |                 --- variants in this enum
[INFO] [stdout] ...
[INFO] [stdout] 10 |     MBC7,
[INFO] [stdout]    |     ^^^^
[INFO] [stdout] 11 |     MMM01,
[INFO] [stdout] 12 |     M161,
[INFO] [stdout]    |     ^^^^
[INFO] [stdout]    |
[INFO] [stdout]    = note: `MBC` has derived impls for the traits `Clone` and `Debug`, but these are intentionally ignored during dead code analysis
[INFO] [stdout] 
[INFO] [stdout] 
[INFO] [stdout] warning: fields `ram`, `battery`, and `timer` are never read
[INFO] [stdout]   --> src/emulator/cartridge.rs:23:5
[INFO] [stdout]    |
[INFO] [stdout] 17 | pub struct Cartridge {
[INFO] [stdout]    |            --------- fields in this struct
[INFO] [stdout] ...
[INFO] [stdout] 23 |     ram: bool,
[INFO] [stdout]    |     ^^^
[INFO] [stdout] 24 |     battery: bool,
[INFO] [stdout]    |     ^^^^^^^
[INFO] [stdout] 25 |     timer: bool,
[INFO] [stdout]    |     ^^^^^
[INFO] [stdout] 
[INFO] [stdout] 
[INFO] [stderr]     Finished `test` profile [unoptimized + debuginfo] target(s) in 2.80s
[INFO] running `Command { std: "docker" "inspect" "7157e108876f250706c14c96b320a75c14089c575fa947a43b59120360080ade", kill_on_drop: false }`
[INFO] running `Command { std: "docker" "rm" "-f" "7157e108876f250706c14c96b320a75c14089c575fa947a43b59120360080ade", kill_on_drop: false }`
[INFO] [stdout] 7157e108876f250706c14c96b320a75c14089c575fa947a43b59120360080ade
[INFO] running `Command { std: "docker" "create" "-v" "/var/lib/crater-agent-workspace/builds/worker-1-tc1/target:/opt/rustwide/target:rw,Z" "-v" "/var/lib/crater-agent-workspace/builds/worker-1-tc1/source:/opt/rustwide/workdir:ro,Z" "-v" "/var/lib/crater-agent-workspace/cargo-home:/opt/rustwide/cargo-home:ro,Z" "-v" "/var/lib/crater-agent-workspace/rustup-home:/opt/rustwide/rustup-home:ro,Z" "-e" "SOURCE_DIR=/opt/rustwide/workdir" "-e" "CARGO_TARGET_DIR=/opt/rustwide/target" "-e" "CARGO_INCREMENTAL=0" "-e" "RUST_BACKTRACE=full" "-e" "RUSTFLAGS=--cap-lints=warn" "-e" "RUSTDOCFLAGS=--cap-lints=warn" "-e" "CARGO_HOME=/opt/rustwide/cargo-home" "-e" "RUSTUP_HOME=/opt/rustwide/rustup-home" "-w" "/opt/rustwide/workdir" "-m" "1610612736" "--user" "0:0" "--network" "none" "ghcr.io/rust-lang/crates-build-env/linux@sha256:f3a9d4ad9d972b27faf3965f35b62e55ba32bbce8f20bc8fe909558a86702fde" "/opt/rustwide/cargo-home/bin/cargo" "+1.83.0" "test" "--frozen", kill_on_drop: false }`
[INFO] [stdout] 5bcde402fc3d9d35c988ef1fef5098f32e72e08ac006b41a869a477b05f936a3
[INFO] running `Command { std: "docker" "start" "-a" "5bcde402fc3d9d35c988ef1fef5098f32e72e08ac006b41a869a477b05f936a3", kill_on_drop: false }`
[INFO] [stderr] warning: unused import: `borrow::BorrowMut`
[INFO] [stderr]  --> src/emulator/debugger.rs:2:11
[INFO] [stderr]   |
[INFO] [stderr] 2 | use std::{borrow::BorrowMut, cell::RefCell, collections::VecDeque, fs, path::Path, rc::Rc};
[INFO] [stderr]   |           ^^^^^^^^^^^^^^^^^
[INFO] [stderr]   |
[INFO] [stderr]   = note: `#[warn(unused_imports)]` on by default
[INFO] [stderr] 
[INFO] [stderr] warning: unused import: `error::Error`
[INFO] [stderr]  --> src/emulator/memory.rs:1:11
[INFO] [stderr]   |
[INFO] [stderr] 1 | use std::{error::Error, fs, ops::Range};
[INFO] [stderr]   |           ^^^^^^^^^^^^
[INFO] [stderr] 
[INFO] [stderr] warning: unused import: `EmulatorError`
[INFO] [stderr]  --> src/emulator/memory.rs:5:14
[INFO] [stderr]   |
[INFO] [stderr] 5 |     errors::{EmulatorError, MemError},
[INFO] [stderr]   |              ^^^^^^^^^^^^^
[INFO] [stderr] 
[INFO] [stderr] warning: unused import: `BLACK`
[INFO] [stderr]  --> src/emulator/ppu.rs:9:39
[INFO] [stderr]   |
[INFO] [stderr] 9 | use simple_graphics::display::{Color, BLACK, WHITE};
[INFO] [stderr]   |                                       ^^^^^
[INFO] [stderr] 
[INFO] [stderr] warning: constant `GREEN_PALETTE` is never used
[INFO] [stderr]   --> src/main.rs:26:7
[INFO] [stderr]    |
[INFO] [stderr] 26 | const GREEN_PALETTE: Palette = (0x009BBC0F, 0x008BAC0F, 0x00306230, 0x000F380F);
[INFO] [stderr]    |       ^^^^^^^^^^^^^
[INFO] [stderr]    |
[INFO] [stderr]    = note: `#[warn(dead_code)]` on by default
[INFO] [stderr] 
[INFO] [stderr] warning: variants `STAT`, `LYC`, `DMA`, `BGP`, `OBP0`, and `OBP1` are never constructed
[INFO] [stderr]   --> src/emulator/mod.rs:30:5
[INFO] [stderr]    |
[INFO] [stderr] 28 | pub enum LCDRegister {
[INFO] [stderr]    |          ----------- variants in this enum
[INFO] [stderr] 29 |     LCDC = 0xFF40,
[INFO] [stderr] 30 |     STAT = 0xff41,
[INFO] [stderr]    |     ^^^^
[INFO] [stderr] ...
[INFO] [stderr] 34 |     LYC = 0xff45,
[INFO] [stderr]    |     ^^^
[INFO] [stderr] 35 |     DMA = 0xff46,
[INFO] [stderr]    |     ^^^
[INFO] [stderr] 36 |     BGP = 0xff47,
[INFO] [stderr]    |     ^^^
[INFO] [stderr] 37 |     OBP0 = 0xff48,
[INFO] [stderr]    |     ^^^^
[INFO] [stderr] 38 |     OBP1 = 0xff49,
[INFO] [stderr]    |     ^^^^
[INFO] [stderr] 
[INFO] [stderr] warning: variants `TIMA`, `TMA`, and `TAC` are never constructed
[INFO] [stderr]   --> src/emulator/mod.rs:43:5
[INFO] [stderr]    |
[INFO] [stderr] 41 | enum Timer {
[INFO] [stderr]    |      ----- variants in this enum
[INFO] [stderr] 42 |     DIV = 0xFF04,
[INFO] [stderr] 43 |     TIMA = 0xFF05,
[INFO] [stderr]    |     ^^^^
[INFO] [stderr] 44 |     TMA = 0xFF06,
[INFO] [stderr]    |     ^^^
[INFO] [stderr] 45 |     TAC = 0xFF07,
[INFO] [stderr]    |     ^^^
[INFO] [stderr] 
[INFO] [stderr] warning: field `paused` is never read
[INFO] [stderr]   --> src/emulator/mod.rs:56:5
[INFO] [stderr]    |
[INFO] [stderr] 48 | pub struct Emulator<'a> {
[INFO] [stderr]    |            -------- field in this struct
[INFO] [stderr] ...
[INFO] [stderr] 56 |     paused: bool,
[INFO] [stderr]    |     ^^^^^^
[INFO] [stderr] 
[INFO] [stderr] warning: method `do_interrupts` is never used
[INFO] [stderr]    --> src/emulator/mod.rs:112:8
[INFO] [stderr]     |
[INFO] [stderr] 59  | impl<'a> Emulator<'a> {
[INFO] [stderr]     | --------------------- method in this implementation
[INFO] [stderr] ...
[INFO] [stderr] 112 |     fn do_interrupts(&self) {
[INFO] [stderr]     |        ^^^^^^^^^^^^^
[INFO] [stderr] 
[INFO] [stderr] warning: methods `activate` and `deactivate` are never used
[INFO] [stderr]    --> src/emulator/debugger.rs:100:12
[INFO] [stderr]     |
[INFO] [stderr] 76  | impl<'a> Debugger<'a> {
[INFO] [stderr]     | --------------------- methods in this implementation
[INFO] [stderr] ...
[INFO] [stderr] 100 |     pub fn activate(&mut self) {
[INFO] [stderr]     |            ^^^^^^^^
[INFO] [stderr] ...
[INFO] [stderr] 104 |     pub fn deactivate(&mut self) {
[INFO] [stderr]     |            ^^^^^^^^^^
[INFO] [stderr] 
[INFO] [stderr] warning: variants `IntentionalCrash` and `OpcodeError` are never constructed
[INFO] [stderr]   --> src/emulator/errors.rs:22:5
[INFO] [stderr]    |
[INFO] [stderr] 19 | pub enum CpuError {
[INFO] [stderr]    |          -------- variants in this enum
[INFO] [stderr] ...
[INFO] [stderr] 22 |     IntentionalCrash,
[INFO] [stderr]    |     ^^^^^^^^^^^^^^^^
[INFO] [stderr] 23 |     OpcodeError(String),
[INFO] [stderr]    |     ^^^^^^^^^^^
[INFO] [stderr]    |
[INFO] [stderr]    = note: `CpuError` has a derived impl for the trait `Debug`, but this is intentionally ignored during dead code analysis
[INFO] [stderr] 
[INFO] [stderr] warning: variant `NoProgramRom` is never constructed
[INFO] [stderr]   --> src/emulator/errors.rs:70:5
[INFO] [stderr]    |
[INFO] [stderr] 68 | pub enum EmulatorError {
[INFO] [stderr]    |          ------------- variant in this enum
[INFO] [stderr] 69 |     IncompatibleRom,
[INFO] [stderr] 70 |     NoProgramRom,
[INFO] [stderr]    |     ^^^^^^^^^^^^
[INFO] [stderr]    |
[INFO] [stderr]    = note: `EmulatorError` has a derived impl for the trait `Debug`, but this is intentionally ignored during dead code analysis
[INFO] [stderr] 
[INFO] [stderr] warning: variant `Sleep` is never constructed
[INFO] [stderr]   --> src/emulator/ppu.rs:24:5
[INFO] [stderr]    |
[INFO] [stderr] 20 | enum FetcherMode {
[INFO] [stderr]    |      ----------- variant in this enum
[INFO] [stderr] ...
[INFO] [stderr] 24 |     Sleep,
[INFO] [stderr]    |     ^^^^^
[INFO] [stderr] 
[INFO] [stderr] warning: method `clear` is never used
[INFO] [stderr]   --> src/emulator/ppu.rs:57:12
[INFO] [stderr]    |
[INFO] [stderr] 33 | impl Fifo {
[INFO] [stderr]    | --------- method in this implementation
[INFO] [stderr] ...
[INFO] [stderr] 57 |     pub fn clear(&mut self) {
[INFO] [stderr]    |            ^^^^^
[INFO] [stderr] 
[INFO] [stderr] warning: fields `debugger` and `object_fifo` are never read
[INFO] [stderr]   --> src/emulator/ppu.rs:64:5
[INFO] [stderr]    |
[INFO] [stderr] 62 | pub struct Ppu<'a> {
[INFO] [stderr]    |            --- fields in this struct
[INFO] [stderr] 63 |     memory: Rc<RefCell<MemoryBus>>,
[INFO] [stderr] 64 |     debugger: Rc<RefCell<Debugger<'a>>>,
[INFO] [stderr]    |     ^^^^^^^^
[INFO] [stderr] ...
[INFO] [stderr] 76 |     object_fifo: Fifo,
[INFO] [stderr]    |     ^^^^^^^^^^^
[INFO] [stderr] 
[INFO] [stderr] warning: variants `MBC7` and `M161` are never constructed
[INFO] [stderr]   --> src/emulator/cartridge.rs:10:5
[INFO] [stderr]    |
[INFO] [stderr] 4  | pub(super) enum MBC {
[INFO] [stderr]    |                 --- variants in this enum
[INFO] [stderr] ...
[INFO] [stderr] 10 |     MBC7,
[INFO] [stderr]    |     ^^^^
[INFO] [stderr] 11 |     MMM01,
[INFO] [stderr] 12 |     M161,
[INFO] [stderr]    |     ^^^^
[INFO] [stderr]    |
[INFO] [stderr]    = note: `MBC` has derived impls for the traits `Clone` and `Debug`, but these are intentionally ignored during dead code analysis
[INFO] [stderr] 
[INFO] [stderr] warning: fields `ram`, `battery`, and `timer` are never read
[INFO] [stderr]   --> src/emulator/cartridge.rs:23:5
[INFO] [stderr]    |
[INFO] [stderr] 17 | pub struct Cartridge {
[INFO] [stderr]    |            --------- fields in this struct
[INFO] [stderr] ...
[INFO] [stderr] 23 |     ram: bool,
[INFO] [stderr]    |     ^^^
[INFO] [stderr] 24 |     battery: bool,
[INFO] [stderr]    |     ^^^^^^^
[INFO] [stderr] 25 |     timer: bool,
[INFO] [stderr]    |     ^^^^^
[INFO] [stderr] 
[INFO] [stderr] warning: `gameboy-emulator` (bin "gameboy-emulator" test) generated 17 warnings (run `cargo fix --bin "gameboy-emulator" --tests` to apply 4 suggestions)
[INFO] [stderr]     Finished `test` profile [unoptimized + debuginfo] target(s) in 0.09s
[INFO] [stderr]      Running unittests src/main.rs (/opt/rustwide/target/debug/deps/gameboy_emulator-4ccb4a0273f06b96)
[INFO] [stdout] 
[INFO] [stdout] running 1 test
[INFO] [stdout] test tests::test_opcodes ... FAILED
[INFO] [stdout] 
[INFO] [stdout] failures:
[INFO] [stdout] 
[INFO] [stdout] ---- tests::test_opcodes stdout ----
[INFO] [stdout] boot rom size 256
[INFO] [stdout] ----------
[INFO] [stdout] Testing CB 1C 0000
[INFO] [stdout] thread 'tests::test_opcodes' panicked at src/emulator/memory.rs:162:18:
[INFO] [stdout] Tried writing to illegal address 0x6d52
[INFO] [stdout] stack backtrace:
[INFO] [stdout]    0:     0x56fc70e99eba - std::backtrace_rs::backtrace::libunwind::trace::h5a5b8284f2d0c266
[INFO] [stdout]                                at /rustc/90b35a6239c3d8bdabc530a6a0816f7ff89a0aaf/library/std/src/../../backtrace/src/backtrace/libunwind.rs:116:5
[INFO] [stdout]    1:     0x56fc70e99eba - std::backtrace_rs::backtrace::trace_unsynchronized::h76d4f1c9b0b875e3
[INFO] [stdout]                                at /rustc/90b35a6239c3d8bdabc530a6a0816f7ff89a0aaf/library/std/src/../../backtrace/src/backtrace/mod.rs:66:5
[INFO] [stdout]    2:     0x56fc70e99eba - std::sys::backtrace::_print_fmt::hc4546b8364a537c6
[INFO] [stdout]                                at /rustc/90b35a6239c3d8bdabc530a6a0816f7ff89a0aaf/library/std/src/sys/backtrace.rs:66:9
[INFO] [stdout]    3:     0x56fc70e99eba - <std::sys::backtrace::BacktraceLock::print::DisplayBacktrace as core::fmt::Display>::fmt::h5b6bd5631a6d1f6b
[INFO] [stdout]                                at /rustc/90b35a6239c3d8bdabc530a6a0816f7ff89a0aaf/library/std/src/sys/backtrace.rs:39:26
[INFO] [stdout]    4:     0x56fc70ebfc73 - core::fmt::rt::Argument::fmt::h270f6602a2b96f62
[INFO] [stdout]                                at /rustc/90b35a6239c3d8bdabc530a6a0816f7ff89a0aaf/library/core/src/fmt/rt.rs:177:76
[INFO] [stdout]    5:     0x56fc70ebfc73 - core::fmt::write::h7550c97b06c86515
[INFO] [stdout]                                at /rustc/90b35a6239c3d8bdabc530a6a0816f7ff89a0aaf/library/core/src/fmt/mod.rs:1186:21
[INFO] [stdout]    6:     0x56fc70e96ec3 - std::io::Write::write_fmt::h509ff860e5956e5e
[INFO] [stdout]                                at /rustc/90b35a6239c3d8bdabc530a6a0816f7ff89a0aaf/library/std/src/io/mod.rs:1839:15
[INFO] [stdout]    7:     0x56fc70e99d02 - std::sys::backtrace::BacktraceLock::print::h2395ccd2c84ba3aa
[INFO] [stdout]                                at /rustc/90b35a6239c3d8bdabc530a6a0816f7ff89a0aaf/library/std/src/sys/backtrace.rs:42:9
[INFO] [stdout]    8:     0x56fc70e9b31a - std::panicking::default_hook::{{closure}}::he19d4c7230e07961
[INFO] [stdout]                                at /rustc/90b35a6239c3d8bdabc530a6a0816f7ff89a0aaf/library/std/src/panicking.rs:268:22
[INFO] [stdout]    9:     0x56fc70e9b124 - std::panicking::default_hook::hf614597d3c67bbdb
[INFO] [stdout]                                at /rustc/90b35a6239c3d8bdabc530a6a0816f7ff89a0aaf/library/std/src/panicking.rs:292:9
[INFO] [stdout]   10:     0x56fc70e27639 - <alloc::boxed::Box<F,A> as core::ops::function::Fn<Args>>::call::h39b51ce4599c23d1
[INFO] [stdout]                                at /rustc/90b35a6239c3d8bdabc530a6a0816f7ff89a0aaf/library/alloc/src/boxed.rs:2468:9
[INFO] [stdout]   11:     0x56fc70e27639 - test::test_main::{{closure}}::he977ae839a582784
[INFO] [stdout]                                at /rustc/90b35a6239c3d8bdabc530a6a0816f7ff89a0aaf/library/test/src/lib.rs:133:21
[INFO] [stdout]   12:     0x56fc70e9b9b8 - <alloc::boxed::Box<F,A> as core::ops::function::Fn<Args>>::call::h9455091b6b06f9fb
[INFO] [stdout]                                at /rustc/90b35a6239c3d8bdabc530a6a0816f7ff89a0aaf/library/alloc/src/boxed.rs:2468:9
[INFO] [stdout]   13:     0x56fc70e9b9b8 - std::panicking::rust_panic_with_hook::h8942133a8b252070
[INFO] [stdout]                                at /rustc/90b35a6239c3d8bdabc530a6a0816f7ff89a0aaf/library/std/src/panicking.rs:809:13
[INFO] [stdout]   14:     0x56fc70e9b77a - std::panicking::begin_panic_handler::{{closure}}::hb5f5963570096b29
[INFO] [stdout]                                at /rustc/90b35a6239c3d8bdabc530a6a0816f7ff89a0aaf/library/std/src/panicking.rs:674:13
[INFO] [stdout]   15:     0x56fc70e9a399 - std::sys::backtrace::__rust_end_short_backtrace::h6208cedc1922feda
[INFO] [stdout]                                at /rustc/90b35a6239c3d8bdabc530a6a0816f7ff89a0aaf/library/std/src/sys/backtrace.rs:170:18
[INFO] [stdout]   16:     0x56fc70e9b40c - rust_begin_unwind
[INFO] [stdout]                                at /rustc/90b35a6239c3d8bdabc530a6a0816f7ff89a0aaf/library/std/src/panicking.rs:665:5
[INFO] [stdout]   17:     0x56fc70d8d230 - core::panicking::panic_fmt::h0c3082644d1bf418
[INFO] [stdout]                                at /rustc/90b35a6239c3d8bdabc530a6a0816f7ff89a0aaf/library/core/src/panicking.rs:74:14
[INFO] [stdout]   18:     0x56fc70dc9507 - gameboy_emulator::emulator::memory::MemoryBus::write_u8::h1458d8368557d24e
[INFO] [stdout]                                at /opt/rustwide/workdir/src/emulator/memory.rs:162:18
[INFO] [stdout]   19:     0x56fc70dc9ee1 - gameboy_emulator::emulator::Emulator::_load_state::hccb0bdf0767eb046
[INFO] [stdout]                                at /opt/rustwide/workdir/src/emulator/mod.rs:155:13
[INFO] [stdout]   20:     0x56fc70dce10b - gameboy_emulator::emulator::Emulator::_run_opcode_tests::h73d491769424b0e8
[INFO] [stdout]                                at /opt/rustwide/workdir/src/emulator/mod.rs:241:17
[INFO] [stdout]   21:     0x56fc70dbd3fc - gameboy_emulator::tests::test_opcodes::h68d7d8f5872f2226
[INFO] [stdout]                                at /opt/rustwide/workdir/src/main.rs:102:17
[INFO] [stdout]   22:     0x56fc70dbd337 - gameboy_emulator::tests::test_opcodes::{{closure}}::hfab3be5085ca91d1
[INFO] [stdout]                                at /opt/rustwide/workdir/src/main.rs:100:22
[INFO] [stdout]   23:     0x56fc70dbdf16 - core::ops::function::FnOnce::call_once::h1bddd64d86013588
[INFO] [stdout]                                at /rustc/90b35a6239c3d8bdabc530a6a0816f7ff89a0aaf/library/core/src/ops/function.rs:250:5
[INFO] [stdout]   24:     0x56fc70e2bffb - core::ops::function::FnOnce::call_once::h109cf8051a59b34e
[INFO] [stdout]                                at /rustc/90b35a6239c3d8bdabc530a6a0816f7ff89a0aaf/library/core/src/ops/function.rs:250:5
[INFO] [stdout]   25:     0x56fc70e2bffb - test::__rust_begin_short_backtrace::hf4fff89d377446ba
[INFO] [stdout]                                at /rustc/90b35a6239c3d8bdabc530a6a0816f7ff89a0aaf/library/test/src/lib.rs:621:18
[INFO] [stdout]   26:     0x56fc70e2b837 - test::run_test_in_process::{{closure}}::h0e39181dd7ee5a43
[INFO] [stdout]                                at /rustc/90b35a6239c3d8bdabc530a6a0816f7ff89a0aaf/library/test/src/lib.rs:644:60
[INFO] [stdout]   27:     0x56fc70e2b837 - <core::panic::unwind_safe::AssertUnwindSafe<F> as core::ops::function::FnOnce<()>>::call_once::hc5a66a30f0bdfd1f
[INFO] [stdout]                                at /rustc/90b35a6239c3d8bdabc530a6a0816f7ff89a0aaf/library/core/src/panic/unwind_safe.rs:272:9
[INFO] [stdout]   28:     0x56fc70e2b837 - std::panicking::try::do_call::h873b7cf639554a5e
[INFO] [stdout]                                at /rustc/90b35a6239c3d8bdabc530a6a0816f7ff89a0aaf/library/std/src/panicking.rs:557:40
[INFO] [stdout]   29:     0x56fc70e2b837 - std::panicking::try::hdb19862fad9c8bd1
[INFO] [stdout]                                at /rustc/90b35a6239c3d8bdabc530a6a0816f7ff89a0aaf/library/std/src/panicking.rs:520:19
[INFO] [stdout]   30:     0x56fc70e2b837 - std::panic::catch_unwind::h281fe732d236d260
[INFO] [stdout]                                at /rustc/90b35a6239c3d8bdabc530a6a0816f7ff89a0aaf/library/std/src/panic.rs:358:14
[INFO] [stdout]   31:     0x56fc70e2b837 - test::run_test_in_process::h949b6df8457ed338
[INFO] [stdout]                                at /rustc/90b35a6239c3d8bdabc530a6a0816f7ff89a0aaf/library/test/src/lib.rs:644:27
[INFO] [stdout]   32:     0x56fc70e2b837 - test::run_test::{{closure}}::h52c556a6d4740e10
[INFO] [stdout]                                at /rustc/90b35a6239c3d8bdabc530a6a0816f7ff89a0aaf/library/test/src/lib.rs:565:43
[INFO] [stdout]   33:     0x56fc70df0b14 - test::run_test::{{closure}}::h4237f6381c45ccb9
[INFO] [stdout]                                at /rustc/90b35a6239c3d8bdabc530a6a0816f7ff89a0aaf/library/test/src/lib.rs:595:41
[INFO] [stdout]   34:     0x56fc70df0b14 - std::sys::backtrace::__rust_begin_short_backtrace::h505c97a579eca628
[INFO] [stdout]                                at /rustc/90b35a6239c3d8bdabc530a6a0816f7ff89a0aaf/library/std/src/sys/backtrace.rs:154:18
[INFO] [stdout]   35:     0x56fc70df41de - std::thread::Builder::spawn_unchecked_::{{closure}}::{{closure}}::h9e86b2e2bc107ea3
[INFO] [stdout]                                at /rustc/90b35a6239c3d8bdabc530a6a0816f7ff89a0aaf/library/std/src/thread/mod.rs:538:17
[INFO] [stdout]   36:     0x56fc70df41de - <core::panic::unwind_safe::AssertUnwindSafe<F> as core::ops::function::FnOnce<()>>::call_once::h8b06ddb275ff4a25
[INFO] [stdout]                                at /rustc/90b35a6239c3d8bdabc530a6a0816f7ff89a0aaf/library/core/src/panic/unwind_safe.rs:272:9
[INFO] [stdout]   37:     0x56fc70df41de - std::panicking::try::do_call::hb26ecd7cd9a9355d
[INFO] [stdout]                                at /rustc/90b35a6239c3d8bdabc530a6a0816f7ff89a0aaf/library/std/src/panicking.rs:557:40
[INFO] [stdout]   38:     0x56fc70df41de - std::panicking::try::h8ddeca9d705f9069
[INFO] [stdout]                                at /rustc/90b35a6239c3d8bdabc530a6a0816f7ff89a0aaf/library/std/src/panicking.rs:520:19
[INFO] [stdout]   39:     0x56fc70df41de - std::panic::catch_unwind::h49e1c33078844c46
[INFO] [stdout]                                at /rustc/90b35a6239c3d8bdabc530a6a0816f7ff89a0aaf/library/std/src/panic.rs:358:14
[INFO] [stdout]   40:     0x56fc70df41de - std::thread::Builder::spawn_unchecked_::{{closure}}::h6073db6ff56ad35d
[INFO] [stdout]                                at /rustc/90b35a6239c3d8bdabc530a6a0816f7ff89a0aaf/library/std/src/thread/mod.rs:537:30
[INFO] [stdout]   41:     0x56fc70df41de - core::ops::function::FnOnce::call_once{{vtable.shim}}::h2c5a5f3779c774f1
[INFO] [stdout]                                at /rustc/90b35a6239c3d8bdabc530a6a0816f7ff89a0aaf/library/core/src/ops/function.rs:250:5
[INFO] [stdout]   42:     0x56fc70e9fe5b - <alloc::boxed::Box<F,A> as core::ops::function::FnOnce<Args>>::call_once::hf75717d9f28faebf
[INFO] [stdout]                                at /rustc/90b35a6239c3d8bdabc530a6a0816f7ff89a0aaf/library/alloc/src/boxed.rs:2454:9
[INFO] [stdout]   43:     0x56fc70e9fe5b - <alloc::boxed::Box<F,A> as core::ops::function::FnOnce<Args>>::call_once::h7bd883a5f3c5f3c1
[INFO] [stdout]                                at /rustc/90b35a6239c3d8bdabc530a6a0816f7ff89a0aaf/library/alloc/src/boxed.rs:2454:9
[INFO] [stdout]   44:     0x56fc70e9fe5b - std::sys::pal::unix::thread::Thread::new::thread_start::hcc78f3943333fa94
[INFO] [stdout]                                at /rustc/90b35a6239c3d8bdabc530a6a0816f7ff89a0aaf/library/std/src/sys/pal/unix/thread.rs:105:17
[INFO] [stdout]   45:     0x7be32fbd5ac3 - <unknown>
[INFO] [stdout]   46:     0x7be32fc66a04 - clone
[INFO] [stdout]   47:                0x0 - <unknown>
[INFO] [stdout] 
[INFO] [stdout] 
[INFO] [stdout] failures:
[INFO] [stdout]     tests::test_opcodes
[INFO] [stdout] 
[INFO] [stdout] test result: FAILED. 0 passed; 1 failed; 0 ignored; 0 measured; 0 filtered out; finished in 0.16s
[INFO] [stdout] 
[INFO] [stderr] error: test failed, to rerun pass `--bin gameboy-emulator`
[INFO] running `Command { std: "docker" "inspect" "5bcde402fc3d9d35c988ef1fef5098f32e72e08ac006b41a869a477b05f936a3", kill_on_drop: false }`
[INFO] running `Command { std: "docker" "rm" "-f" "5bcde402fc3d9d35c988ef1fef5098f32e72e08ac006b41a869a477b05f936a3", kill_on_drop: false }`
[INFO] [stdout] 5bcde402fc3d9d35c988ef1fef5098f32e72e08ac006b41a869a477b05f936a3
